The Swift Package Index logo.Swift Package Index

Build Information

Failed to build Ignite, reference main (1921a1), with Swift 6.3 for Wasm on 13 Oct 2026 16:46:39 UTC.

Build Command

bash -c docker run --pull=always --rm -v "checkouts-53886768-1":/host -w "$PWD" -e JAVA_HOME="/root/.sdkman/candidates/java/current" -e SPI_BUILD="1" -e SPI_PROCESSING="1" registry.gitlab.com/saguaro1/spi-images:wasm-6.3-latest swift build --swift-sdk swift-6.3.2-RELEASE_wasm 2>&1

Build Log

========================================
RunAll
========================================
Builder version: 5.1.2
Interrupt handler set up.
========================================
Checkout
========================================
Clone URL: https://github.com/twostraws/Ignite.git
Reference: main
Initialized empty Git repository in /host/spi-builder-workspace/.git/
hint: Using 'master' as the name for the initial branch. This default branch name
hint: is subject to change. To configure the initial branch name to use in all
hint: of your new repositories, which will suppress this warning, call:
hint:
hint: 	git config --global init.defaultBranch <name>
hint:
hint: Names commonly chosen instead of 'master' are 'main', 'trunk' and
hint: 'development'. The just-created branch can be renamed via this command:
hint:
hint: 	git branch -m <name>
From https://github.com/twostraws/Ignite
 * branch            main       -> FETCH_HEAD
 * [new branch]      main       -> origin/main
HEAD is now at 1921a13 Fix local link URLs, Markdown list numbering, and text and image attribute escaping.
Cloned https://github.com/twostraws/Ignite.git
Revision (git rev-parse @):
1921a135c9c0a69d48f6a8bebbd00bc730a1ea24
SUCCESS checkout https://github.com/twostraws/Ignite.git at main
========================================
Build
========================================
Selected platform:         wasm
Swift version:             6.3
Building package at path:  $PWD
https://github.com/twostraws/Ignite.git
Running build ...
bash -c docker run --pull=always --rm -v "checkouts-53886768-1":/host -w "$PWD" -e JAVA_HOME="/root/.sdkman/candidates/java/current" -e SPI_BUILD="1" -e SPI_PROCESSING="1" registry.gitlab.com/saguaro1/spi-images:wasm-6.3-latest swift build --swift-sdk swift-6.3.2-RELEASE_wasm 2>&1
wasm-6.3-latest: Pulling from saguaro1/spi-images
Digest: sha256:df2e9038ff906af397ec7b7e13902ccb183f8867606bc33419e44453a9abdb4b
Status: Image is up to date for registry.gitlab.com/saguaro1/spi-images:wasm-6.3-latest
Fetching https://github.com/swiftlang/swift-markdown.git
Fetching https://github.com/scinfu/SwiftSoup.git
Fetching https://github.com/apple/swift-collections.git
Fetching https://github.com/apple/swift-argument-parser.git
[1/7101] Fetching swiftsoup
[783/26215] Fetching swiftsoup, swift-argument-parser
Fetched https://github.com/scinfu/SwiftSoup.git from cache (0.76s)
[1/7767] Fetching swift-markdown
[7768/36511] Fetching swift-markdown, swift-collections
Fetched https://github.com/swiftlang/swift-markdown.git from cache (1.90s)
Fetched https://github.com/apple/swift-argument-parser.git from cache (1.90s)
Fetched https://github.com/apple/swift-collections.git from cache (1.91s)
Computing version for https://github.com/swiftlang/swift-markdown.git
Computed https://github.com/swiftlang/swift-markdown.git at 0.9.0 (2.84s)
Fetching https://github.com/swiftlang/swift-cmark.git
[1/18643] Fetching swift-cmark
Fetched https://github.com/swiftlang/swift-cmark.git from cache (2.70s)
Computing version for https://github.com/swiftlang/swift-cmark.git
Computed https://github.com/swiftlang/swift-cmark.git at 0.9.0 (3.60s)
Computing version for https://github.com/apple/swift-argument-parser.git
Computed https://github.com/apple/swift-argument-parser.git at 1.8.2 (0.16s)
Computing version for https://github.com/apple/swift-collections.git
Computed https://github.com/apple/swift-collections.git at 1.7.3 (0.23s)
Computing version for https://github.com/scinfu/SwiftSoup.git
Computed https://github.com/scinfu/SwiftSoup.git at 2.14.2 (0.14s)
Creating working copy for https://github.com/apple/swift-argument-parser.git
Working copy of https://github.com/apple/swift-argument-parser.git resolved at 1.8.2
Creating working copy for https://github.com/apple/swift-collections.git
Working copy of https://github.com/apple/swift-collections.git resolved at 1.7.3
Creating working copy for https://github.com/swiftlang/swift-markdown.git
Working copy of https://github.com/swiftlang/swift-markdown.git resolved at 0.9.0
Creating working copy for https://github.com/scinfu/SwiftSoup.git
Working copy of https://github.com/scinfu/SwiftSoup.git resolved at 2.14.2
Creating working copy for https://github.com/swiftlang/swift-cmark.git
Working copy of https://github.com/swiftlang/swift-cmark.git resolved at 0.9.0
[1/1] Compiling plugin GenerateManual
[2/2] Compiling plugin GenerateDoccReference
Building for debugging...
[2/59] Write sources
[6/59] Compiling cmark-gfm houdini_html_e.c
[7/59] Compiling cmark-gfm-extensions tagfilter.c
[8/59] Compiling cmark-gfm-extensions tasklist.c
[9/59] Compiling cmark-gfm-extensions strikethrough.c
[10/59] Compiling cmark-gfm-extensions ext_scanners.c
[11/59] Compiling cmark-gfm-extensions core-extensions.c
[12/59] Compiling cmark-gfm arena.c
[13/59] Write swift-version-24593BA9C3E375BF.txt
[14/59] Compiling cmark-gfm xml.c
[15/59] Compiling cmark-gfm-extensions table.c
[16/59] Compiling cmark-gfm-extensions autolink.c
[17/59] Compiling cmark-gfm syntax_extension.c
[18/59] Compiling cmark-gfm render.c
[19/59] Compiling cmark-gfm plugin.c
[20/59] Compiling cmark-gfm references.c
[21/59] Compiling cmark-gfm registry.c
[22/59] Compiling cmark-gfm plaintext.c
[23/59] Compiling cmark-gfm linked_list.c
[24/60] Compiling cmark-gfm map.c
[25/60] Compiling cmark-gfm man.c
[26/60] Compiling cmark-gfm node.c
[27/60] Compiling cmark-gfm latex.c
[28/100] Compiling cmark-gfm houdini_href_e.c
[29/115] Compiling cmark-gfm iterator.c
[30/115] Compiling cmark-gfm html.c
[31/115] Compiling cmark-gfm cmark_ctype.c
[32/115] Compiling cmark-gfm footnotes.c
[33/115] Compiling cmark-gfm cmark.c
[34/115] Compiling cmark-gfm commonmark.c
[35/115] Write sources
[36/115] Compiling cmark-gfm houdini_html_u.c
[37/115] Compiling cmark-gfm inlines.c
[38/115] Write sources
[39/115] Copying Resources
[39/115] Write sources
[41/115] Compiling cmark-gfm buffer.c
[42/115] Write sources
[50/115] Compiling CAtomic CAtomic.c
[51/118] Compiling cmark-gfm blocks.c
[52/145] Compiling cmark-gfm scanners.c
[53/145] Compiling cmark-gfm utf8.c
[55/208] Emitting module InternalCollectionsUtilities
[56/211] Emitting module Markdown
[57/219] Compiling Markdown ChildIndexPath.swift
[58/219] Compiling Markdown DirectiveArgument.swift
[59/219] Compiling Markdown Document.swift
[60/219] Compiling Markdown LiteralMarkup.swift
[61/219] Compiling InternalCollectionsUtilities UnsafeRawBufferPointer+Extras.swift
[62/219] Compiling InternalCollectionsUtilities _SortedCollection.swift
[63/219] Compiling InternalCollectionsUtilities _UniqueCollection.swift
[64/219] Compiling Markdown OrderedList.swift
[65/219] Compiling Markdown UnorderedList.swift
[66/219] Compiling Markdown Paragraph.swift
[67/219] Compiling Markdown CodeBlock.swift
[68/219] Compiling Markdown HTMLBlock.swift
[69/219] Compiling Markdown Heading.swift
[70/219] Compiling Markdown ThematicBreak.swift
[71/219] Compiling Markdown Table.swift
[72/219] Compiling Markdown TableBody.swift
[73/219] Compiling Markdown BlockDirectiveParser.swift
[74/219] Compiling Markdown CommonMarkConverter.swift
[75/219] Compiling Markdown LazySplitLines.swift
[76/219] Compiling Markdown ParseOptions.swift
[77/219] Compiling Markdown RangeAdjuster.swift
[78/219] Compiling Markdown RangerTracker.swift
[79/219] Compiling Markdown MarkupRewriter.swift
[83/219] Compiling Markdown BlockMarkup.swift
[84/219] Compiling Markdown InlineContainer.swift
[85/219] Compiling Markdown InlineMarkup.swift
[86/219] Compiling Markdown ListItemContainer.swift
[87/219] Compiling Markdown AtomicCounter.swift
[92/219] Compiling Markdown Markup.swift
[93/219] Compiling Markdown MarkupChildren.swift
[94/219] Compiling Markdown MarkupData.swift
[95/219] Compiling Markdown PlainTextConvertibleMarkup.swift
[96/219] Compiling Markdown RawMarkup.swift
[102/219] Compiling Markdown Text.swift
[103/219] Compiling Markdown Aside.swift
[105/240] Compiling SpanPreview OutputSpan+InputSpanHelpers.swift
[106/240] Emitting module SpanPreview
[107/251] Compiling SpanPreview InputSpan.swift
[108/254] Compiling SpanPreview MutableSpan+InputSpanHelpers.swift
[109/348] Compiling HeapModule Heap+Testing.swift
[110/348] Compiling HeapModule Heap+Invariants.swift
[111/364] Compiling HeapModule Heap+ExpressibleByArrayLiteral.swift
[113/436] Compiling HeapModule Heap+Descriptions.swift
[114/436] Emitting module ArgumentParserToolInfo
[115/436] Compiling ArgumentParserToolInfo ToolInfo.swift
[117/491] Compiling HeapModule Heap.swift
[118/491] Compiling HeapModule _HeapNode.swift
[119/533] Compiling HeapModule Heap+UnsafeHandle.swift
[120/533] Emitting module HeapModule
[122/540] Compiling _RopeModule Rope+Extract.swift
[123/540] Compiling _RopeModule Rope+Find.swift
[124/540] Compiling _RopeModule Rope+ForEachWhile.swift
[125/540] Compiling _RopeModule Rope+Insert.swift
[126/540] Compiling HashTreeCollections TreeSet+SetAlgebra basics.swift
[127/540] Compiling HashTreeCollections TreeSet+SetAlgebra formIntersection.swift
[128/540] Compiling HashTreeCollections TreeSet+SetAlgebra formSymmetricDifference.swift
[129/540] Compiling HashTreeCollections TreeSet+SetAlgebra formUnion.swift
[130/540] Compiling HashTreeCollections TreeSet+SetAlgebra intersection.swift
[131/540] Compiling HashTreeCollections TreeSet+SetAlgebra isDisjoint.swift
[132/591] Compiling ArgumentParser MessageInfo.swift
[133/591] Compiling ArgumentParser UsageGenerator.swift
[134/591] Compiling ArgumentParser CollectionExtensions.swift
[135/591] Compiling ArgumentParser Foundation.swift
[136/591] Compiling ArgumentParser Name.swift
[137/591] Compiling ArgumentParser Parsed.swift
[138/596] Compiling ArgumentParser ArgumentSet.swift
[139/596] Compiling ArgumentParser CommandParser.swift
[140/596] Compiling ArgumentParser InputKey.swift
[141/596] Compiling ArgumentParser InputOrigin.swift
[142/596] Compiling ArgumentParser HelpCommand.swift
[143/596] Compiling ArgumentParser HelpGenerator.swift
[146/603] Compiling ArgumentParser CommandConfiguration.swift
[147/603] Compiling ArgumentParser CommandGroup.swift
[148/603] Compiling ArgumentParser EnumerableFlag.swift
[149/603] Compiling ArgumentParser ExpressibleByArgument.swift
[150/603] Compiling ArgumentParser ParsableArguments.swift
[151/603] Compiling ArgumentParser ParsableCommand.swift
[152/603] Compiling ArgumentParser ArgumentDecoder.swift
[153/603] Compiling ArgumentParser ArgumentDefinition.swift
[154/603] Compiling ArgumentParser ArgumentHelp.swift
[155/603] Compiling ArgumentParser ArgumentVisibility.swift
[156/603] Compiling ArgumentParser CompletionKind.swift
[157/603] Compiling ArgumentParser Errors.swift
[158/603] Compiling ArgumentParser Flag.swift
[159/603] Compiling ArgumentParser NameSpecification.swift
[164/603] Compiling ArgumentParser ParsedValues.swift
[165/603] Compiling ArgumentParser ParserError.swift
[166/603] Compiling ArgumentParser SplitArguments.swift
[174/603] Compiling ArgumentParser DumpHelpGenerator.swift
[175/603] Compiling ArgumentParser Mutex.swift
[176/603] Compiling DequeModule UniqueDeque+Replacements.swift
[177/603] Compiling DequeModule UniqueDeque.swift
[178/603] Compiling DequeModule _DequeSlot.swift
[179/603] Compiling DequeModule _UnsafeDequeHandle.swift
[180/603] Compiling DequeModule _UnsafeDequeSegments.swift
[181/603] Compiling BitCollections BitSet+SetAlgebra isSuperset.swift
[182/603] Compiling BitCollections BitSet+SetAlgebra subtract.swift
[191/610] Compiling ArgumentParser Option.swift
[192/610] Compiling ArgumentParser OptionGroup.swift
[193/610] Compiling ArgumentParser ParentCommand.swift
[194/610] Compiling ArgumentParser AsyncParsableCommand.swift
[197/610] Compiling BitCollections BitSet.swift
[198/610] Compiling OrderedCollections OrderedSet+Sendable.swift
[199/610] Compiling OrderedCollections OrderedSet+SubSequence.swift
[200/610] Compiling OrderedCollections OrderedSet+Testing.swift
[201/610] Compiling OrderedCollections OrderedSet+UnorderedView.swift
[202/610] Compiling OrderedCollections OrderedSet+UnstableInternals.swift
[203/610] Compiling OrderedCollections OrderedSet.swift
[204/610] Compiling OrderedCollections _UnsafeBitset.swift
[205/610] Compiling _RopeModule Rope+Sequence.swift
[206/610] Compiling _RopeModule Rope+Append.swift
[211/610] Compiling BitCollections BitSet+SetAlgebra subtracting.swift
[212/610] Compiling BitCollections BitSet+SetAlgebra symmetricDifference.swift
[213/610] Compiling BitCollections BitSet+SetAlgebra union.swift
[214/610] Compiling BitCollections BitSet+Sorted Collection APIs.swift
[215/610] Compiling BitCollections BitSet.Counted.swift
[216/610] Compiling BitCollections BitSet.Index.swift
[217/610] Compiling BitCollections BitSet._UnsafeHandle.swift
[218/610] Compiling ArgumentParser BashCompletionsGenerator.swift
[219/610] Compiling ArgumentParser CompletionsGenerator.swift
[220/610] Compiling ArgumentParser FishCompletionsGenerator.swift
[221/610] Compiling ArgumentParser ZshCompletionsGenerator.swift
[222/610] Compiling ArgumentParser Argument.swift
[223/610] Compiling ArgumentParser ArgumentDiscussion.swift
[226/610] Emitting module BitCollections
/host/spi-builder-workspace/.build/checkouts/SwiftSoup/Sources/Mutex.swift:82:9: error: cannot find 'pthread_mutex_init' in scope
80 |
81 |     init() {
82 |         pthread_mutex_init(&mutex, nil)
   |         `- error: cannot find 'pthread_mutex_init' in scope
83 |     }
84 |
/host/spi-builder-workspace/.build/checkouts/SwiftSoup/Sources/Mutex.swift:82:36: error: 'nil' requires a contextual type
80 |
81 |     init() {
82 |         pthread_mutex_init(&mutex, nil)
   |                                    `- error: 'nil' requires a contextual type
83 |     }
84 |
/host/spi-builder-workspace/.build/checkouts/SwiftSoup/Sources/Mutex.swift:86:9: error: cannot find 'pthread_mutex_destroy' in scope
84 |
85 |     deinit {
86 |         pthread_mutex_destroy(&mutex)
   |         `- error: cannot find 'pthread_mutex_destroy' in scope
87 |     }
88 |
/host/spi-builder-workspace/.build/checkouts/SwiftSoup/Sources/Mutex.swift:90:9: error: cannot find 'pthread_mutex_lock' in scope
88 |
89 |     func lock() {
90 |         pthread_mutex_lock(&mutex)
   |         `- error: cannot find 'pthread_mutex_lock' in scope
91 |     }
92 |
/host/spi-builder-workspace/.build/checkouts/SwiftSoup/Sources/Mutex.swift:94:9: error: cannot find 'pthread_mutex_unlock' in scope
92 |
93 |     func unlock() {
94 |         pthread_mutex_unlock(&mutex)
   |         `- error: cannot find 'pthread_mutex_unlock' in scope
95 |     }
96 | #endif
/host/spi-builder-workspace/.build/checkouts/SwiftSoup/Sources/Mutex.swift:82:9: error: cannot find 'pthread_mutex_init' in scope
80 |
81 |     init() {
82 |         pthread_mutex_init(&mutex, nil)
   |         `- error: cannot find 'pthread_mutex_init' in scope
83 |     }
84 |
/host/spi-builder-workspace/.build/checkouts/SwiftSoup/Sources/Mutex.swift:82:36: error: 'nil' requires a contextual type
80 |
81 |     init() {
82 |         pthread_mutex_init(&mutex, nil)
   |                                    `- error: 'nil' requires a contextual type
83 |     }
84 |
/host/spi-builder-workspace/.build/checkouts/SwiftSoup/Sources/Mutex.swift:86:9: error: cannot find 'pthread_mutex_destroy' in scope
84 |
85 |     deinit {
86 |         pthread_mutex_destroy(&mutex)
   |         `- error: cannot find 'pthread_mutex_destroy' in scope
87 |     }
88 |
/host/spi-builder-workspace/.build/checkouts/SwiftSoup/Sources/Mutex.swift:90:9: error: cannot find 'pthread_mutex_lock' in scope
88 |
89 |     func lock() {
90 |         pthread_mutex_lock(&mutex)
   |         `- error: cannot find 'pthread_mutex_lock' in scope
91 |     }
92 |
/host/spi-builder-workspace/.build/checkouts/SwiftSoup/Sources/Mutex.swift:94:9: error: cannot find 'pthread_mutex_unlock' in scope
92 |
93 |     func unlock() {
94 |         pthread_mutex_unlock(&mutex)
   |         `- error: cannot find 'pthread_mutex_unlock' in scope
95 |     }
96 | #endif
/host/spi-builder-workspace/.build/checkouts/SwiftSoup/Sources/Mutex.swift:82:9: error: cannot find 'pthread_mutex_init' in scope
80 |
81 |     init() {
82 |         pthread_mutex_init(&mutex, nil)
   |         `- error: cannot find 'pthread_mutex_init' in scope
83 |     }
84 |
/host/spi-builder-workspace/.build/checkouts/SwiftSoup/Sources/Mutex.swift:82:36: error: 'nil' requires a contextual type
80 |
81 |     init() {
82 |         pthread_mutex_init(&mutex, nil)
   |                                    `- error: 'nil' requires a contextual type
83 |     }
84 |
/host/spi-builder-workspace/.build/checkouts/SwiftSoup/Sources/Mutex.swift:86:9: error: cannot find 'pthread_mutex_destroy' in scope
84 |
85 |     deinit {
86 |         pthread_mutex_destroy(&mutex)
   |         `- error: cannot find 'pthread_mutex_destroy' in scope
87 |     }
88 |
/host/spi-builder-workspace/.build/checkouts/SwiftSoup/Sources/Mutex.swift:90:9: error: cannot find 'pthread_mutex_lock' in scope
88 |
89 |     func lock() {
90 |         pthread_mutex_lock(&mutex)
   |         `- error: cannot find 'pthread_mutex_lock' in scope
91 |     }
92 |
/host/spi-builder-workspace/.build/checkouts/SwiftSoup/Sources/Mutex.swift:94:9: error: cannot find 'pthread_mutex_unlock' in scope
92 |
93 |     func unlock() {
94 |         pthread_mutex_unlock(&mutex)
   |         `- error: cannot find 'pthread_mutex_unlock' in scope
95 |     }
96 | #endif
/host/spi-builder-workspace/.build/checkouts/SwiftSoup/Sources/Mutex.swift:82:9: error: cannot find 'pthread_mutex_init' in scope
80 |
81 |     init() {
82 |         pthread_mutex_init(&mutex, nil)
   |         `- error: cannot find 'pthread_mutex_init' in scope
83 |     }
84 |
/host/spi-builder-workspace/.build/checkouts/SwiftSoup/Sources/Mutex.swift:82:36: error: 'nil' requires a contextual type
80 |
81 |     init() {
82 |         pthread_mutex_init(&mutex, nil)
   |                                    `- error: 'nil' requires a contextual type
83 |     }
84 |
/host/spi-builder-workspace/.build/checkouts/SwiftSoup/Sources/Mutex.swift:86:9: error: cannot find 'pthread_mutex_destroy' in scope
84 |
85 |     deinit {
86 |         pthread_mutex_destroy(&mutex)
   |         `- error: cannot find 'pthread_mutex_destroy' in scope
87 |     }
88 |
/host/spi-builder-workspace/.build/checkouts/SwiftSoup/Sources/Mutex.swift:90:9: error: cannot find 'pthread_mutex_lock' in scope
88 |
89 |     func lock() {
90 |         pthread_mutex_lock(&mutex)
   |         `- error: cannot find 'pthread_mutex_lock' in scope
91 |     }
92 |
/host/spi-builder-workspace/.build/checkouts/SwiftSoup/Sources/Mutex.swift:94:9: error: cannot find 'pthread_mutex_unlock' in scope
92 |
93 |     func unlock() {
94 |         pthread_mutex_unlock(&mutex)
   |         `- error: cannot find 'pthread_mutex_unlock' in scope
95 |     }
96 | #endif
/host/spi-builder-workspace/.build/checkouts/SwiftSoup/Sources/Mutex.swift:82:9: error: cannot find 'pthread_mutex_init' in scope
80 |
81 |     init() {
82 |         pthread_mutex_init(&mutex, nil)
   |         `- error: cannot find 'pthread_mutex_init' in scope
83 |     }
84 |
/host/spi-builder-workspace/.build/checkouts/SwiftSoup/Sources/Mutex.swift:82:36: error: 'nil' requires a contextual type
80 |
81 |     init() {
82 |         pthread_mutex_init(&mutex, nil)
   |                                    `- error: 'nil' requires a contextual type
83 |     }
84 |
/host/spi-builder-workspace/.build/checkouts/SwiftSoup/Sources/Mutex.swift:86:9: error: cannot find 'pthread_mutex_destroy' in scope
84 |
85 |     deinit {
86 |         pthread_mutex_destroy(&mutex)
   |         `- error: cannot find 'pthread_mutex_destroy' in scope
87 |     }
88 |
/host/spi-builder-workspace/.build/checkouts/SwiftSoup/Sources/Mutex.swift:90:9: error: cannot find 'pthread_mutex_lock' in scope
88 |
89 |     func lock() {
90 |         pthread_mutex_lock(&mutex)
   |         `- error: cannot find 'pthread_mutex_lock' in scope
91 |     }
92 |
/host/spi-builder-workspace/.build/checkouts/SwiftSoup/Sources/Mutex.swift:94:9: error: cannot find 'pthread_mutex_unlock' in scope
92 |
93 |     func unlock() {
94 |         pthread_mutex_unlock(&mutex)
   |         `- error: cannot find 'pthread_mutex_unlock' in scope
95 |     }
96 | #endif
/host/spi-builder-workspace/.build/checkouts/SwiftSoup/Sources/Mutex.swift:82:9: error: cannot find 'pthread_mutex_init' in scope
80 |
81 |     init() {
82 |         pthread_mutex_init(&mutex, nil)
   |         `- error: cannot find 'pthread_mutex_init' in scope
83 |     }
84 |
/host/spi-builder-workspace/.build/checkouts/SwiftSoup/Sources/Mutex.swift:82:36: error: 'nil' requires a contextual type
80 |
81 |     init() {
82 |         pthread_mutex_init(&mutex, nil)
   |                                    `- error: 'nil' requires a contextual type
83 |     }
84 |
/host/spi-builder-workspace/.build/checkouts/SwiftSoup/Sources/Mutex.swift:86:9: error: cannot find 'pthread_mutex_destroy' in scope
84 |
85 |     deinit {
86 |         pthread_mutex_destroy(&mutex)
   |         `- error: cannot find 'pthread_mutex_destroy' in scope
87 |     }
88 |
/host/spi-builder-workspace/.build/checkouts/SwiftSoup/Sources/Mutex.swift:90:9: error: cannot find 'pthread_mutex_lock' in scope
88 |
89 |     func lock() {
90 |         pthread_mutex_lock(&mutex)
   |         `- error: cannot find 'pthread_mutex_lock' in scope
91 |     }
92 |
/host/spi-builder-workspace/.build/checkouts/SwiftSoup/Sources/Mutex.swift:94:9: error: cannot find 'pthread_mutex_unlock' in scope
92 |
93 |     func unlock() {
94 |         pthread_mutex_unlock(&mutex)
   |         `- error: cannot find 'pthread_mutex_unlock' in scope
95 |     }
96 | #endif
/host/spi-builder-workspace/.build/checkouts/SwiftSoup/Sources/Mutex.swift:82:9: error: cannot find 'pthread_mutex_init' in scope
80 |
81 |     init() {
82 |         pthread_mutex_init(&mutex, nil)
   |         `- error: cannot find 'pthread_mutex_init' in scope
83 |     }
84 |
/host/spi-builder-workspace/.build/checkouts/SwiftSoup/Sources/Mutex.swift:82:36: error: 'nil' requires a contextual type
80 |
81 |     init() {
82 |         pthread_mutex_init(&mutex, nil)
   |                                    `- error: 'nil' requires a contextual type
83 |     }
84 |
/host/spi-builder-workspace/.build/checkouts/SwiftSoup/Sources/Mutex.swift:86:9: error: cannot find 'pthread_mutex_destroy' in scope
84 |
85 |     deinit {
86 |         pthread_mutex_destroy(&mutex)
   |         `- error: cannot find 'pthread_mutex_destroy' in scope
87 |     }
88 |
/host/spi-builder-workspace/.build/checkouts/SwiftSoup/Sources/Mutex.swift:90:9: error: cannot find 'pthread_mutex_lock' in scope
88 |
89 |     func lock() {
90 |         pthread_mutex_lock(&mutex)
   |         `- error: cannot find 'pthread_mutex_lock' in scope
91 |     }
92 |
/host/spi-builder-workspace/.build/checkouts/SwiftSoup/Sources/Mutex.swift:94:9: error: cannot find 'pthread_mutex_unlock' in scope
92 |
93 |     func unlock() {
94 |         pthread_mutex_unlock(&mutex)
   |         `- error: cannot find 'pthread_mutex_unlock' in scope
95 |     }
96 | #endif
/host/spi-builder-workspace/.build/checkouts/SwiftSoup/Sources/Mutex.swift:82:9: error: cannot find 'pthread_mutex_init' in scope
80 |
81 |     init() {
82 |         pthread_mutex_init(&mutex, nil)
   |         `- error: cannot find 'pthread_mutex_init' in scope
83 |     }
84 |
/host/spi-builder-workspace/.build/checkouts/SwiftSoup/Sources/Mutex.swift:82:36: error: 'nil' requires a contextual type
80 |
81 |     init() {
82 |         pthread_mutex_init(&mutex, nil)
   |                                    `- error: 'nil' requires a contextual type
83 |     }
84 |
/host/spi-builder-workspace/.build/checkouts/SwiftSoup/Sources/Mutex.swift:86:9: error: cannot find 'pthread_mutex_destroy' in scope
84 |
85 |     deinit {
86 |         pthread_mutex_destroy(&mutex)
   |         `- error: cannot find 'pthread_mutex_destroy' in scope
87 |     }
88 |
/host/spi-builder-workspace/.build/checkouts/SwiftSoup/Sources/Mutex.swift:90:9: error: cannot find 'pthread_mutex_lock' in scope
88 |
89 |     func lock() {
90 |         pthread_mutex_lock(&mutex)
   |         `- error: cannot find 'pthread_mutex_lock' in scope
91 |     }
92 |
/host/spi-builder-workspace/.build/checkouts/SwiftSoup/Sources/Mutex.swift:94:9: error: cannot find 'pthread_mutex_unlock' in scope
92 |
93 |     func unlock() {
94 |         pthread_mutex_unlock(&mutex)
   |         `- error: cannot find 'pthread_mutex_unlock' in scope
95 |     }
96 | #endif
[308/617] Compiling HashTreeCollections TreeSet+SetAlgebra isEqualSet.swift
[309/617] Compiling HashTreeCollections TreeSet+SetAlgebra isStrictSubset.swift
[310/617] Compiling HashTreeCollections TreeSet+SetAlgebra isStrictSuperset.swift
[311/617] Compiling HashTreeCollections TreeSet+SetAlgebra isSubset.swift
[312/617] Compiling HashTreeCollections TreeSet+SetAlgebra isSuperset.swift
[313/617] Compiling HashTreeCollections TreeSet+SetAlgebra subtract.swift
[314/617] Compiling HashTreeCollections TreeSet+SetAlgebra subtracting.swift
[315/617] Compiling HashTreeCollections TreeSet+SetAlgebra symmetricDifference.swift
[316/617] Compiling HashTreeCollections TreeSet+SetAlgebra union.swift
[317/617] Compiling HashTreeCollections TreeSet.swift
[331/623] Compiling ArgumentParser NonsenseFlagsValidator.swift
[332/623] Compiling ArgumentParser ParsableArgumentsValidation.swift
[333/623] Compiling ArgumentParser PositionalArgumentsValidator.swift
[334/623] Compiling ArgumentParser UniqueNamesValidator.swift
[338/623] Compiling SwiftSoup TreeBuilder.swift
[353/623] Emitting module ArgumentParser
[407/632] Compiling SwiftSoup UTF8Arrays.swift
[408/632] Compiling SwiftSoup UnicodeScalar.swift
[409/632] Compiling SwiftSoup Validate.swift
[410/632] Compiling SwiftSoup Whitelist.swift
[430/632] Compiling SwiftSoup XmlDeclaration.swift
[431/632] Compiling SwiftSoup XmlTreeBuilder.swift
[476/633] Emitting module SwiftSoup
[476/633] Wrapping AST for ArgumentParserToolInfo for debugging
[505/634] Compiling ArgumentParser AsyncCompletionsValidator.swift
[506/634] Compiling ArgumentParser CodingKeyValidator.swift
[518/634] Emitting module _RopeModule
[544/634] Emitting module OrderedCollections
[545/635] Emitting module HashTreeCollections
[582/636] Emitting module DequeModule
[583/636] Compiling _RopeModule Rope+Join.swift
[584/636] Compiling _RopeModule Rope+MutatingForEach.swift
[585/636] Compiling _RopeModule Rope+Remove.swift
[586/636] Compiling _RopeModule Rope+RemoveSubrange.swift
[587/636] Compiling _RopeModule Rope+Split.swift
[588/636] Compiling _RopeModule Optional Utilities.swift
[589/636] Compiling _RopeModule String Utilities.swift
[590/636] Compiling _RopeModule String.Index+ABI.swift
[591/636] Compiling _RopeModule _CharacterRecognizer.swift
[621/641] Compiling Collections Collections.swift
[622/641] Emitting module Collections
[622/641] Wrapping AST for ArgumentParser for debugging
[625/652] Compiling IgniteCLI QRCodeError.swift
error: emit-module command failed with exit code 1 (use -v to see invocation)
[626/653] Emitting module IgniteCLI
/host/spi-builder-workspace/Sources/IgniteCLI/Process-Execute.swift:18:11: error: cannot find type 'Process' in scope
16 | /// which allows us to `kill` a specific process ID belonging
17 | /// to the user.
18 | extension Process {
   |           `- error: cannot find type 'Process' in scope
19 |     /// Runs a command, optionally followed by a second command.
20 |     /// - Parameters:
[627/653] Compiling IgniteCLI BoolMatrix.swift
[628/653] Compiling IgniteCLI ErrorCorrection.swift
[629/653] Compiling IgniteCLI QRCode.swift
[630/653] Compiling IgniteCLI Array2D.swift
[631/653] Compiling IgniteCLI NewCommand.swift
/host/spi-builder-workspace/Sources/IgniteCLI/NewCommand.swift:41:26: error: cannot find 'Process' in scope
39 |         // Clone from remote Git repository
40 |         print("⚙️  Creating a new Ignite site in '\(name)'...")
41 |         let result = try Process.execute(command: "git clone \(template) \(name)")
   |                          `- error: cannot find 'Process' in scope
42 |
43 |         if result.error.contains("fatal") {
/host/spi-builder-workspace/Sources/IgniteCLI/NewCommand.swift:49:17: error: cannot find 'Process' in scope
47 |             // If everything worked, remove the Git history
48 |             // for the IgniteStarter repo to avoid confusion.
49 |             try Process.execute(command: "rm -rf \(name)/.git")
   |                 `- error: cannot find 'Process' in scope
50 |             print("✅ Success!")
51 |
/host/spi-builder-workspace/Sources/IgniteCLI/Process-Execute.swift:18:11: error: cannot find type 'Process' in scope
16 | /// which allows us to `kill` a specific process ID belonging
17 | /// to the user.
18 | extension Process {
   |           `- error: cannot find type 'Process' in scope
19 |     /// Runs a command, optionally followed by a second command.
20 |     /// - Parameters:
[632/653] Compiling IgniteCLI Process-Execute.swift
/host/spi-builder-workspace/Sources/IgniteCLI/NewCommand.swift:41:26: error: cannot find 'Process' in scope
39 |         // Clone from remote Git repository
40 |         print("⚙️  Creating a new Ignite site in '\(name)'...")
41 |         let result = try Process.execute(command: "git clone \(template) \(name)")
   |                          `- error: cannot find 'Process' in scope
42 |
43 |         if result.error.contains("fatal") {
/host/spi-builder-workspace/Sources/IgniteCLI/NewCommand.swift:49:17: error: cannot find 'Process' in scope
47 |             // If everything worked, remove the Git history
48 |             // for the IgniteStarter repo to avoid confusion.
49 |             try Process.execute(command: "rm -rf \(name)/.git")
   |                 `- error: cannot find 'Process' in scope
50 |             print("✅ Success!")
51 |
/host/spi-builder-workspace/Sources/IgniteCLI/Process-Execute.swift:18:11: error: cannot find type 'Process' in scope
16 | /// which allows us to `kill` a specific process ID belonging
17 | /// to the user.
18 | extension Process {
   |           `- error: cannot find type 'Process' in scope
19 |     /// Runs a command, optionally followed by a second command.
20 |     /// - Parameters:
[633/653] Compiling IgniteCLI BuildCommand.swift
/host/spi-builder-workspace/Sources/IgniteCLI/BuildCommand.swift:30:30: error: cannot find 'Process' in scope
28 |
29 |         // Build executable and report errors & earnings
30 |         let (_, error) = try Process.execute(command: "swift build")
   |                              `- error: cannot find 'Process' in scope
31 |
32 |         // If something went wrong, print a message then
/host/spi-builder-workspace/Sources/IgniteCLI/BuildCommand.swift:47:38: error: cannot find 'Process' in scope
45 |
46 |         // Execute site generation with output, and report errors & earnings
47 |         let (output, runError) = try Process.execute(command: "swift run")
   |                                      `- error: cannot find 'Process' in scope
48 |         print(output)
49 |
[634/653] Compiling IgniteCLI IgniteCLI.swift
/host/spi-builder-workspace/Sources/IgniteCLI/BuildCommand.swift:30:30: error: cannot find 'Process' in scope
28 |
29 |         // Build executable and report errors & earnings
30 |         let (_, error) = try Process.execute(command: "swift build")
   |                              `- error: cannot find 'Process' in scope
31 |
32 |         // If something went wrong, print a message then
/host/spi-builder-workspace/Sources/IgniteCLI/BuildCommand.swift:47:38: error: cannot find 'Process' in scope
45 |
46 |         // Execute site generation with output, and report errors & earnings
47 |         let (output, runError) = try Process.execute(command: "swift run")
   |                                      `- error: cannot find 'Process' in scope
48 |         print(output)
49 |
[635/653] Compiling IgniteCLI RunCommand.swift
/host/spi-builder-workspace/Sources/IgniteCLI/RunCommand.swift:86:13: error: cannot find 'Process' in scope
 84 |
 85 |         let subsiteArgument = subsite.isEmpty ? "" : "-s \(subsite)"
 86 |         try Process.execute(
    |             `- error: cannot find 'Process' in scope
 87 |             command: "python3 \(serverScriptURL.path) -d \(directory) \(subsiteArgument) \(currentPort)",
 88 |             then: previewCommand
/host/spi-builder-workspace/Sources/IgniteCLI/RunCommand.swift:94:26: error: cannot find 'Process' in scope
 92 |     /// Returns true if there is a server running on the specified port.
 93 |     private func isServerRunning(on port: Int) throws -> Bool {
 94 |         let result = try Process.execute(command: "lsof -t -i tcp:\(port)")
    |                          `- error: cannot find 'Process' in scope
 95 |         return !result.output.isEmpty
 96 |     }
/host/spi-builder-workspace/Sources/IgniteCLI/RunCommand.swift:125:75: error: cannot find 'NI_MAXHOST' in scope
123 |                 if addressFamily == UInt8(AF_INET) {
124 |                     let interfaceName = String(cString: networkInterface.ifa_name)
125 |                     var hostNameBuffer = [CChar](repeating: 0, count: Int(NI_MAXHOST))
    |                                                                           `- error: cannot find 'NI_MAXHOST' in scope
126 |                     // Use sizeof(sockaddr_in) for IPv4 addresses
127 |                     getnameinfo(networkInterface.ifa_addr, socklen_t(MemoryLayout<sockaddr_in>.size),
/host/spi-builder-workspace/Sources/IgniteCLI/RunCommand.swift:127:21: error: cannot find 'getnameinfo' in scope
125 |                     var hostNameBuffer = [CChar](repeating: 0, count: Int(NI_MAXHOST))
126 |                     // Use sizeof(sockaddr_in) for IPv4 addresses
127 |                     getnameinfo(networkInterface.ifa_addr, socklen_t(MemoryLayout<sockaddr_in>.size),
    |                     `- error: cannot find 'getnameinfo' in scope
128 |                                 &hostNameBuffer, socklen_t(hostNameBuffer.count),
129 |                                 nil, socklen_t(0), NI_NUMERICHOST)
/host/spi-builder-workspace/Sources/IgniteCLI/RunCommand.swift:129:52: error: cannot find 'NI_NUMERICHOST' in scope
127 |                     getnameinfo(networkInterface.ifa_addr, socklen_t(MemoryLayout<sockaddr_in>.size),
128 |                                 &hostNameBuffer, socklen_t(hostNameBuffer.count),
129 |                                 nil, socklen_t(0), NI_NUMERICHOST)
    |                                                    `- error: cannot find 'NI_NUMERICHOST' in scope
130 |
131 |                     let ipAddressBytes = hostNameBuffer.prefix { $0 != 0 }.map { UInt8(bitPattern: $0) }
/host/spi-builder-workspace/Sources/IgniteCLI/RunCommand.swift:129:33: error: 'nil' requires a contextual type
127 |                     getnameinfo(networkInterface.ifa_addr, socklen_t(MemoryLayout<sockaddr_in>.size),
128 |                                 &hostNameBuffer, socklen_t(hostNameBuffer.count),
129 |                                 nil, socklen_t(0), NI_NUMERICHOST)
    |                                 `- error: 'nil' requires a contextual type
130 |
131 |                     let ipAddressBytes = hostNameBuffer.prefix { $0 != 0 }.map { UInt8(bitPattern: $0) }
BUILD FAILURE 6.3 wasm