Build Information
Failed to build PasscodeKit, reference main (241651), with Swift 6.1 for macOS (SPM) on 16 Sep 2026 13:46:01 UTC.
Build Command
env DEVELOPER_DIR=/Applications/Xcode-16.3.0.app xcrun swift build --arch arm64Build Log
========================================
RunAll
========================================
Builder version: 5.1.0
Interrupt handler set up.
========================================
Checkout
========================================
Clone URL: https://github.com/relatedcode/PasscodeKit.git
Reference: main
Initialized empty Git repository in /Users/admin/builder/spi-builder-workspace/.git/
From https://github.com/relatedcode/PasscodeKit
* branch main -> FETCH_HEAD
* [new branch] main -> origin/main
HEAD is now at 2416514 1.0.8
Cloned https://github.com/relatedcode/PasscodeKit.git
Revision (git rev-parse @):
241651482a004c6651d527e651560036d5d2dd50
SUCCESS checkout https://github.com/relatedcode/PasscodeKit.git at main
========================================
Build
========================================
Selected platform: macosSpm
Swift version: 6.1
Building package at path: $PWD
https://github.com/relatedcode/PasscodeKit.git
https://github.com/relatedcode/PasscodeKit.git
{
"dependencies" : [
],
"manifest_display_name" : "PasscodeKit",
"name" : "PasscodeKit",
"path" : "/Users/admin/builder/spi-builder-workspace",
"platforms" : [
{
"name" : "ios",
"version" : "13.0"
}
],
"products" : [
{
"name" : "PasscodeKit",
"targets" : [
"PasscodeKit"
],
"type" : {
"library" : [
"static"
]
}
}
],
"targets" : [
{
"c99name" : "PasscodeKitTests",
"module_type" : "SwiftTarget",
"name" : "PasscodeKitTests",
"path" : "Tests",
"sources" : [
"PasscodeKitTests.swift"
],
"target_dependencies" : [
"PasscodeKit"
],
"type" : "test"
},
{
"c99name" : "PasscodeKit",
"module_type" : "SwiftTarget",
"name" : "PasscodeKit",
"path" : "PasscodeKit/Sources",
"product_memberships" : [
"PasscodeKit"
],
"sources" : [
"PasscodeKit.swift",
"PasscodeKitChange.swift",
"PasscodeKitCreate.swift",
"PasscodeKitEntry.swift",
"PasscodeKitKeypad.swift",
"PasscodeKitRemove.swift",
"PasscodeKitStore.swift",
"PasscodeKitText.swift",
"PasscodeKitVerify.swift"
],
"type" : "library"
}
],
"tools_version" : "5.1"
}
Running build ...
env DEVELOPER_DIR=/Applications/Xcode-16.3.0.app xcrun swift build --arch arm64 -Xswiftc -Xfrontend -Xswiftc -stats-output-dir -Xswiftc -Xfrontend -Xswiftc .stats -Xswiftc -strict-concurrency=complete -Xswiftc -enable-upcoming-feature -Xswiftc StrictConcurrency -Xswiftc -enable-upcoming-feature -Xswiftc DisableOutwardActorInference -Xswiftc -enable-upcoming-feature -Xswiftc GlobalActorIsolatedTypesUsability -Xswiftc -enable-upcoming-feature -Xswiftc InferSendableFromCaptures
Building for debugging...
[0/4] Write sources
[1/4] Write swift-version-2F0A5646E1D333AE.txt
[3/14] Compiling PasscodeKit PasscodeKitVerify.swift
/Users/admin/builder/spi-builder-workspace/PasscodeKit/Sources/PasscodeKit.swift:12:8: error: no such module 'UIKit'
10 | // THE SOFTWARE.
11 |
12 | import UIKit
| `- error: no such module 'UIKit'
13 |
14 | // MARK: - PasscodeKitDelegate
error: emit-module command failed with exit code 1 (use -v to see invocation)
[4/14] Compiling PasscodeKit PasscodeKitStore.swift
/Users/admin/builder/spi-builder-workspace/PasscodeKit/Sources/PasscodeKit.swift:12:8: error: no such module 'UIKit'
10 | // THE SOFTWARE.
11 |
12 | import UIKit
| `- error: no such module 'UIKit'
13 |
14 | // MARK: - PasscodeKitDelegate
[5/14] Emitting module PasscodeKit
/Users/admin/builder/spi-builder-workspace/PasscodeKit/Sources/PasscodeKit.swift:12:8: error: no such module 'UIKit'
10 | // THE SOFTWARE.
11 |
12 | import UIKit
| `- error: no such module 'UIKit'
13 |
14 | // MARK: - PasscodeKitDelegate
[6/14] Compiling PasscodeKit PasscodeKitText.swift
/Users/admin/builder/spi-builder-workspace/PasscodeKit/Sources/PasscodeKit.swift:12:8: error: no such module 'UIKit'
10 | // THE SOFTWARE.
11 |
12 | import UIKit
| `- error: no such module 'UIKit'
13 |
14 | // MARK: - PasscodeKitDelegate
[7/14] Compiling PasscodeKit PasscodeKitKeypad.swift
/Users/admin/builder/spi-builder-workspace/PasscodeKit/Sources/PasscodeKit.swift:12:8: error: no such module 'UIKit'
10 | // THE SOFTWARE.
11 |
12 | import UIKit
| `- error: no such module 'UIKit'
13 |
14 | // MARK: - PasscodeKitDelegate
[8/14] Compiling PasscodeKit PasscodeKitRemove.swift
/Users/admin/builder/spi-builder-workspace/PasscodeKit/Sources/PasscodeKit.swift:12:8: error: no such module 'UIKit'
10 | // THE SOFTWARE.
11 |
12 | import UIKit
| `- error: no such module 'UIKit'
13 |
14 | // MARK: - PasscodeKitDelegate
[9/14] Compiling PasscodeKit PasscodeKitEntry.swift
/Users/admin/builder/spi-builder-workspace/PasscodeKit/Sources/PasscodeKit.swift:12:8: error: no such module 'UIKit'
10 | // THE SOFTWARE.
11 |
12 | import UIKit
| `- error: no such module 'UIKit'
13 |
14 | // MARK: - PasscodeKitDelegate
[10/14] Compiling PasscodeKit PasscodeKit.swift
/Users/admin/builder/spi-builder-workspace/PasscodeKit/Sources/PasscodeKit.swift:12:8: error: no such module 'UIKit'
10 | // THE SOFTWARE.
11 |
12 | import UIKit
| `- error: no such module 'UIKit'
13 |
14 | // MARK: - PasscodeKitDelegate
[11/14] Compiling PasscodeKit PasscodeKitChange.swift
/Users/admin/builder/spi-builder-workspace/PasscodeKit/Sources/PasscodeKit.swift:12:8: error: no such module 'UIKit'
10 | // THE SOFTWARE.
11 |
12 | import UIKit
| `- error: no such module 'UIKit'
13 |
14 | // MARK: - PasscodeKitDelegate
[12/14] Compiling PasscodeKit PasscodeKitCreate.swift
/Users/admin/builder/spi-builder-workspace/PasscodeKit/Sources/PasscodeKit.swift:12:8: error: no such module 'UIKit'
10 | // THE SOFTWARE.
11 |
12 | import UIKit
| `- error: no such module 'UIKit'
13 |
14 | // MARK: - PasscodeKitDelegate
Running build ...
env DEVELOPER_DIR=/Applications/Xcode-16.3.0.app xcrun swift build --arch arm64
[0/1] Planning build
Building for debugging...
[0/3] Write swift-version-2F0A5646E1D333AE.txt
[2/13] Compiling PasscodeKit PasscodeKitVerify.swift
/Users/admin/builder/spi-builder-workspace/PasscodeKit/Sources/PasscodeKit.swift:12:8: error: no such module 'UIKit'
10 | // THE SOFTWARE.
11 |
12 | import UIKit
| `- error: no such module 'UIKit'
13 |
14 | // MARK: - PasscodeKitDelegate
error: emit-module command failed with exit code 1 (use -v to see invocation)
[3/13] Emitting module PasscodeKit
/Users/admin/builder/spi-builder-workspace/PasscodeKit/Sources/PasscodeKit.swift:12:8: error: no such module 'UIKit'
10 | // THE SOFTWARE.
11 |
12 | import UIKit
| `- error: no such module 'UIKit'
13 |
14 | // MARK: - PasscodeKitDelegate
[4/13] Compiling PasscodeKit PasscodeKitChange.swift
/Users/admin/builder/spi-builder-workspace/PasscodeKit/Sources/PasscodeKit.swift:12:8: error: no such module 'UIKit'
10 | // THE SOFTWARE.
11 |
12 | import UIKit
| `- error: no such module 'UIKit'
13 |
14 | // MARK: - PasscodeKitDelegate
[5/13] Compiling PasscodeKit PasscodeKit.swift
/Users/admin/builder/spi-builder-workspace/PasscodeKit/Sources/PasscodeKit.swift:12:8: error: no such module 'UIKit'
10 | // THE SOFTWARE.
11 |
12 | import UIKit
| `- error: no such module 'UIKit'
13 |
14 | // MARK: - PasscodeKitDelegate
[6/13] Compiling PasscodeKit PasscodeKitRemove.swift
/Users/admin/builder/spi-builder-workspace/PasscodeKit/Sources/PasscodeKit.swift:12:8: error: no such module 'UIKit'
10 | // THE SOFTWARE.
11 |
12 | import UIKit
| `- error: no such module 'UIKit'
13 |
14 | // MARK: - PasscodeKitDelegate
[7/13] Compiling PasscodeKit PasscodeKitEntry.swift
/Users/admin/builder/spi-builder-workspace/PasscodeKit/Sources/PasscodeKit.swift:12:8: error: no such module 'UIKit'
10 | // THE SOFTWARE.
11 |
12 | import UIKit
| `- error: no such module 'UIKit'
13 |
14 | // MARK: - PasscodeKitDelegate
[8/13] Compiling PasscodeKit PasscodeKitStore.swift
/Users/admin/builder/spi-builder-workspace/PasscodeKit/Sources/PasscodeKit.swift:12:8: error: no such module 'UIKit'
10 | // THE SOFTWARE.
11 |
12 | import UIKit
| `- error: no such module 'UIKit'
13 |
14 | // MARK: - PasscodeKitDelegate
[9/13] Compiling PasscodeKit PasscodeKitText.swift
/Users/admin/builder/spi-builder-workspace/PasscodeKit/Sources/PasscodeKit.swift:12:8: error: no such module 'UIKit'
10 | // THE SOFTWARE.
11 |
12 | import UIKit
| `- error: no such module 'UIKit'
13 |
14 | // MARK: - PasscodeKitDelegate
[10/13] Compiling PasscodeKit PasscodeKitKeypad.swift
/Users/admin/builder/spi-builder-workspace/PasscodeKit/Sources/PasscodeKit.swift:12:8: error: no such module 'UIKit'
10 | // THE SOFTWARE.
11 |
12 | import UIKit
| `- error: no such module 'UIKit'
13 |
14 | // MARK: - PasscodeKitDelegate
[11/13] Compiling PasscodeKit PasscodeKitCreate.swift
/Users/admin/builder/spi-builder-workspace/PasscodeKit/Sources/PasscodeKit.swift:12:8: error: no such module 'UIKit'
10 | // THE SOFTWARE.
11 |
12 | import UIKit
| `- error: no such module 'UIKit'
13 |
14 | // MARK: - PasscodeKitDelegate
BUILD FAILURE 6.1 macosSpm