The Swift Package Index logo.Swift Package Index

Build Information

Failed to build SimpleAnalytics, reference master (c03e6f), with Swift 6.4 for visionOS using Xcode 27.0 on 19 Sep 2026 10:39:21 UTC.

Build Command

env DEVELOPER_DIR=/Applications/Xcode-27.0.0-Release.Candidate.app xcrun xcodebuild -IDEClonedSourcePackagesDirPathOverride=$PWD/.dependencies -skipMacroValidation -skipPackagePluginValidation -derivedDataPath $PWD/.derivedData build -scheme SimpleAnalytics -destination generic/platform=xrOS

Build Log

========================================
RunAll
========================================
Builder version: 5.1.0
Interrupt handler set up.
========================================
Checkout
========================================
Clone URL: https://github.com/dennisbirch/simple-analytics.git
Reference: master
Initialized empty Git repository in /Users/admin/builder/spi-builder-workspace/.git/
From https://github.com/dennisbirch/simple-analytics
 * branch            master     -> FETCH_HEAD
 * [new branch]      master     -> origin/master
HEAD is now at c03e6f0 Updated SmpleAnalytics Reader screenshot image
Cloned https://github.com/dennisbirch/simple-analytics.git
Revision (git rev-parse @):
c03e6f0e37f85f6dd1e4acdf089f7779b61c6f04
SUCCESS checkout https://github.com/dennisbirch/simple-analytics.git at master
========================================
Build
========================================
Selected platform:         visionOS
Swift version:             6.4
Building package at path:  $PWD
https://github.com/dennisbirch/simple-analytics.git
Command line invocation:
    /Applications/Xcode-27.0.0-Release.Candidate.app/Contents/Developer/usr/bin/xcodebuild -IDEClonedSourcePackagesDirPathOverride=/Users/admin/builder/spi-builder-workspace/.dependencies -resolvePackageDependencies
resolved source packages:
{
  "dependencies" : [
  ],
  "manifest_display_name" : "SimpleAnalytics",
  "name" : "SimpleAnalytics",
  "path" : "/Users/admin/builder/spi-builder-workspace",
  "platforms" : [
    {
      "name" : "ios",
      "version" : "10.0"
    },
    {
      "name" : "macos",
      "version" : "10.12"
    }
  ],
  "products" : [
    {
      "name" : "SimpleAnalytics",
      "targets" : [
        "SimpleAnalytics"
      ],
      "type" : {
        "library" : [
          "automatic"
        ]
      }
    }
  ],
  "targets" : [
    {
      "c99name" : "SimpleAnalyticsTests",
      "module_type" : "SwiftTarget",
      "name" : "SimpleAnalyticsTests",
      "path" : "Tests/SimpleAnalyticsTests",
      "sources" : [
        "SimpleAnalyticsTests.swift",
        "SubmissionTests.swift"
      ],
      "target_dependencies" : [
        "SimpleAnalytics"
      ],
      "type" : "test"
    },
    {
      "c99name" : "SimpleAnalytics",
      "module_type" : "SwiftTarget",
      "name" : "SimpleAnalytics",
      "path" : "Sources/SimpleAnalytics",
      "product_memberships" : [
        "SimpleAnalytics"
      ],
      "sources" : [
        "AnalyticsCount.swift",
        "AnalyticsItem.swift",
        "AnalyticsSubmitter.swift",
        "AppAnalytics.swift",
        "SimpleAnalytics.swift"
      ],
      "type" : "library"
    }
  ],
  "tools_version" : "5.2"
}
{
  "workspace" : {
    "name" : "Simple Analytics",
    "schemes" : [
    ]
  }
}
{
  "workspace" : {
    "name" : "SimpleAnalytics",
    "schemes" : [
      "SimpleAnalytics"
    ]
  }
}
2026-09-19 06:39:09.847 xcodebuild[621:3927] [MT] IDERunDestination: Supported platforms for the buildables in the current scheme is empty.
Running build ...
env DEVELOPER_DIR=/Applications/Xcode-27.0.0-Release.Candidate.app xcrun xcodebuild -IDEClonedSourcePackagesDirPathOverride=$PWD/.dependencies -skipMacroValidation -skipPackagePluginValidation -derivedDataPath $PWD/.derivedData build -scheme SimpleAnalytics -destination generic/platform=xrOS
Command line invocation:
    /Applications/Xcode-27.0.0-Release.Candidate.app/Contents/Developer/usr/bin/xcodebuild -IDEClonedSourcePackagesDirPathOverride=/Users/admin/builder/spi-builder-workspace/.dependencies -skipMacroValidation -skipPackagePluginValidation -derivedDataPath /Users/admin/builder/spi-builder-workspace/.derivedData build -scheme SimpleAnalytics -destination generic/platform=xrOS
Resolve Package Graph
Resolved source packages:
  SimpleAnalytics: /Users/admin/builder/spi-builder-workspace
ComputePackagePrebuildTargetDependencyGraph
Prepare packages
CreateBuildRequest
SendProjectDescription
CreateBuildOperation
ComputeTargetDependencyGraph
note: Building targets in dependency order
note: Target dependency graph (2 targets)
    Target 'SimpleAnalytics-product' in project 'SimpleAnalytics'
        ➜ Explicit dependency on target 'SimpleAnalytics' in project 'SimpleAnalytics'
    Target 'SimpleAnalytics' in project 'SimpleAnalytics' (no dependencies)
GatherProvisioningInputs
CreateBuildDescription
ExecuteExternalTool /Applications/Xcode-27.0.0-Release.Candidate.app/Contents/Developer/Toolchains/XcodeDefault.xctoolchain/usr/bin/clang -v -E -dM -isysroot /Applications/Xcode-27.0.0-Release.Candidate.app/Contents/Developer/Platforms/XROS.platform/Developer/SDKs/XROS27.0.sdk -x c -c /dev/null
ExecuteExternalTool /Applications/Xcode-27.0.0-Release.Candidate.app/Contents/Developer/Toolchains/XcodeDefault.xctoolchain/usr/bin/swiftc --version
ExecuteExternalTool /Applications/Xcode-27.0.0-Release.Candidate.app/Contents/Developer/Toolchains/XcodeDefault.xctoolchain/usr/bin/ld -version_details
Build description signature: 1385e59caf237f3597a09abd69b8cc83
Build description path: /Users/admin/builder/spi-builder-workspace/.derivedData/Build/Intermediates.noindex/XCBuildData/1385e59caf237f3597a09abd69b8cc83.xcbuilddata
CreateBuildDirectory /Users/admin/builder/spi-builder-workspace/.derivedData/SDKExplicitPrecompiledModules
    cd /Users/admin/builder/spi-builder-workspace/.swiftpm/xcode
    builtin-create-build-directory /Users/admin/builder/spi-builder-workspace/.derivedData/SDKExplicitPrecompiledModules
CreateBuildDirectory /Users/admin/builder/spi-builder-workspace/.derivedData/CompilationCache.noindex
    cd /Users/admin/builder/spi-builder-workspace/.swiftpm/xcode
    builtin-create-build-directory /Users/admin/builder/spi-builder-workspace/.derivedData/CompilationCache.noindex
CreateBuildDirectory /Users/admin/builder/spi-builder-workspace/.derivedData/ModuleCache.noindex
    cd /Users/admin/builder/spi-builder-workspace/.swiftpm/xcode
    builtin-create-build-directory /Users/admin/builder/spi-builder-workspace/.derivedData/ModuleCache.noindex
CreateBuildDirectory /Users/admin/builder/spi-builder-workspace/.derivedData/Build/Intermediates.noindex
    cd /Users/admin/builder/spi-builder-workspace/.swiftpm/xcode
    builtin-create-build-directory /Users/admin/builder/spi-builder-workspace/.derivedData/Build/Intermediates.noindex
CreateBuildDirectory /Users/admin/builder/spi-builder-workspace/.derivedData/Build/Products
    cd /Users/admin/builder/spi-builder-workspace/.swiftpm/xcode
    builtin-create-build-directory /Users/admin/builder/spi-builder-workspace/.derivedData/Build/Products
ClangStatCache /Applications/Xcode-27.0.0-Release.Candidate.app/Contents/Developer/Toolchains/XcodeDefault.xctoolchain/usr/bin/clang-stat-cache /Applications/Xcode-27.0.0-Release.Candidate.app/Contents/Developer/Platforms/XROS.platform/Developer/SDKs/XROS27.0.sdk /Users/admin/builder/spi-builder-workspace/.derivedData/SDKStatCaches.noindex/xros27.0-24M361-e829b21a6f8c9b70876ba0858053c044735bd543db762f57723cac368afd1ce4.sdkstatcache
    cd /Users/admin/builder/spi-builder-workspace/.swiftpm/xcode
    /Applications/Xcode-27.0.0-Release.Candidate.app/Contents/Developer/Toolchains/XcodeDefault.xctoolchain/usr/bin/clang-stat-cache /Applications/Xcode-27.0.0-Release.Candidate.app/Contents/Developer/Platforms/XROS.platform/Developer/SDKs/XROS27.0.sdk -o /Users/admin/builder/spi-builder-workspace/.derivedData/SDKStatCaches.noindex/xros27.0-24M361-e829b21a6f8c9b70876ba0858053c044735bd543db762f57723cac368afd1ce4.sdkstatcache
CreateBuildDirectory /Users/admin/builder/spi-builder-workspace/.derivedData/Build/Intermediates.noindex/SwiftExplicitPrecompiledModules
    cd /Users/admin/builder/spi-builder-workspace/.swiftpm/xcode
    builtin-create-build-directory /Users/admin/builder/spi-builder-workspace/.derivedData/Build/Intermediates.noindex/SwiftExplicitPrecompiledModules
CreateBuildDirectory /Users/admin/builder/spi-builder-workspace/.derivedData/Build/Intermediates.noindex/PrecompiledHeaders
    cd /Users/admin/builder/spi-builder-workspace/.swiftpm/xcode
    builtin-create-build-directory /Users/admin/builder/spi-builder-workspace/.derivedData/Build/Intermediates.noindex/PrecompiledHeaders
CreateBuildDirectory /Users/admin/builder/spi-builder-workspace/.derivedData/Build/Intermediates.noindex/ExplicitPrecompiledModules
    cd /Users/admin/builder/spi-builder-workspace/.swiftpm/xcode
    builtin-create-build-directory /Users/admin/builder/spi-builder-workspace/.derivedData/Build/Intermediates.noindex/ExplicitPrecompiledModules
CreateBuildDirectory /Users/admin/builder/spi-builder-workspace/.derivedData/Build/Intermediates.noindex/EagerLinkingTBDs/Debug-xros
    cd /Users/admin/builder/spi-builder-workspace/.swiftpm/xcode
    builtin-create-build-directory /Users/admin/builder/spi-builder-workspace/.derivedData/Build/Intermediates.noindex/EagerLinkingTBDs/Debug-xros
CreateBuildDirectory /Users/admin/builder/spi-builder-workspace/.derivedData/Build/Products/Debug-xros
    cd /Users/admin/builder/spi-builder-workspace/.swiftpm/xcode
    builtin-create-build-directory /Users/admin/builder/spi-builder-workspace/.derivedData/Build/Products/Debug-xros
CreateBuildDirectory /Users/admin/builder/spi-builder-workspace/.derivedData/Build/Products/Debug-xros/PackageFrameworks
    cd /Users/admin/builder/spi-builder-workspace/.swiftpm/xcode
    builtin-create-build-directory /Users/admin/builder/spi-builder-workspace/.derivedData/Build/Products/Debug-xros/PackageFrameworks
WriteAuxiliaryFile /Users/admin/builder/spi-builder-workspace/.derivedData/Build/Intermediates.noindex/SimpleAnalytics.build/Debug-xros/SimpleAnalytics-t.build/SimpleAnalytics.DependencyStaticMetadataFileList (in target 'SimpleAnalytics' from project 'SimpleAnalytics')
    cd /Users/admin/builder/spi-builder-workspace
    write-file /Users/admin/builder/spi-builder-workspace/.derivedData/Build/Intermediates.noindex/SimpleAnalytics.build/Debug-xros/SimpleAnalytics-t.build/SimpleAnalytics.DependencyStaticMetadataFileList
WriteAuxiliaryFile /Users/admin/builder/spi-builder-workspace/.derivedData/Build/Intermediates.noindex/SimpleAnalytics.build/Debug-xros/SimpleAnalytics-t.build/SimpleAnalytics.modulemap (in target 'SimpleAnalytics' from project 'SimpleAnalytics')
    cd /Users/admin/builder/spi-builder-workspace
    write-file /Users/admin/builder/spi-builder-workspace/.derivedData/Build/Intermediates.noindex/SimpleAnalytics.build/Debug-xros/SimpleAnalytics-t.build/SimpleAnalytics.modulemap
WriteAuxiliaryFile /Users/admin/builder/spi-builder-workspace/.derivedData/Build/Intermediates.noindex/SimpleAnalytics.build/Debug-xros/SimpleAnalytics-t.build/SimpleAnalytics.DependencyMetadataFileList (in target 'SimpleAnalytics' from project 'SimpleAnalytics')
    cd /Users/admin/builder/spi-builder-workspace
    write-file /Users/admin/builder/spi-builder-workspace/.derivedData/Build/Intermediates.noindex/SimpleAnalytics.build/Debug-xros/SimpleAnalytics-t.build/SimpleAnalytics.DependencyMetadataFileList
WriteAuxiliaryFile /Users/admin/builder/spi-builder-workspace/.derivedData/Build/Intermediates.noindex/SimpleAnalytics.build/Debug-xros/SimpleAnalytics-t.build/Objects-normal/arm64/SimpleAnalytics-OutputFileMap.json (in target 'SimpleAnalytics' from project 'SimpleAnalytics')
    cd /Users/admin/builder/spi-builder-workspace
    write-file /Users/admin/builder/spi-builder-workspace/.derivedData/Build/Intermediates.noindex/SimpleAnalytics.build/Debug-xros/SimpleAnalytics-t.build/Objects-normal/arm64/SimpleAnalytics-OutputFileMap.json
WriteAuxiliaryFile /Users/admin/builder/spi-builder-workspace/.derivedData/Build/Intermediates.noindex/SimpleAnalytics.build/Debug-xros/SimpleAnalytics-t.build/Objects-normal/arm64/SimpleAnalytics.SwiftConstValuesFileList (in target 'SimpleAnalytics' from project 'SimpleAnalytics')
    cd /Users/admin/builder/spi-builder-workspace
    write-file /Users/admin/builder/spi-builder-workspace/.derivedData/Build/Intermediates.noindex/SimpleAnalytics.build/Debug-xros/SimpleAnalytics-t.build/Objects-normal/arm64/SimpleAnalytics.SwiftConstValuesFileList
WriteAuxiliaryFile /Users/admin/builder/spi-builder-workspace/.derivedData/Build/Intermediates.noindex/SimpleAnalytics.build/Debug-xros/SimpleAnalytics-t.build/Objects-normal/arm64/SimpleAnalytics.SwiftFileList (in target 'SimpleAnalytics' from project 'SimpleAnalytics')
    cd /Users/admin/builder/spi-builder-workspace
    write-file /Users/admin/builder/spi-builder-workspace/.derivedData/Build/Intermediates.noindex/SimpleAnalytics.build/Debug-xros/SimpleAnalytics-t.build/Objects-normal/arm64/SimpleAnalytics.SwiftFileList
WriteAuxiliaryFile /Users/admin/builder/spi-builder-workspace/.derivedData/Build/Intermediates.noindex/SimpleAnalytics.build/Debug-xros/SimpleAnalytics-t.build/Objects-normal/arm64/SimpleAnalytics_const_extract_protocols.json (in target 'SimpleAnalytics' from project 'SimpleAnalytics')
    cd /Users/admin/builder/spi-builder-workspace
    write-file /Users/admin/builder/spi-builder-workspace/.derivedData/Build/Intermediates.noindex/SimpleAnalytics.build/Debug-xros/SimpleAnalytics-t.build/Objects-normal/arm64/SimpleAnalytics_const_extract_protocols.json
WriteAuxiliaryFile /Users/admin/builder/spi-builder-workspace/.derivedData/Build/Intermediates.noindex/SimpleAnalytics.build/Debug-xros/SimpleAnalytics-t.build/Objects-normal/arm64/SimpleAnalytics.LinkFileList (in target 'SimpleAnalytics' from project 'SimpleAnalytics')
    cd /Users/admin/builder/spi-builder-workspace
    write-file /Users/admin/builder/spi-builder-workspace/.derivedData/Build/Intermediates.noindex/SimpleAnalytics.build/Debug-xros/SimpleAnalytics-t.build/Objects-normal/arm64/SimpleAnalytics.LinkFileList
Copy /Users/admin/builder/spi-builder-workspace/.derivedData/Build/Intermediates.noindex/GeneratedModuleMaps-xros/SimpleAnalytics.modulemap /Users/admin/builder/spi-builder-workspace/.derivedData/Build/Intermediates.noindex/SimpleAnalytics.build/Debug-xros/SimpleAnalytics-t.build/SimpleAnalytics.modulemap (in target 'SimpleAnalytics' from project 'SimpleAnalytics')
    cd /Users/admin/builder/spi-builder-workspace
    builtin-copy -exclude .DS_Store -exclude CVS -exclude .svn -exclude .git -exclude .hg -resolve-src-symlinks /Users/admin/builder/spi-builder-workspace/.derivedData/Build/Intermediates.noindex/SimpleAnalytics.build/Debug-xros/SimpleAnalytics-t.build/SimpleAnalytics.modulemap /Users/admin/builder/spi-builder-workspace/.derivedData/Build/Intermediates.noindex/GeneratedModuleMaps-xros
SwiftDriver SimpleAnalytics normal arm64 com.apple.xcode.tools.swift.compiler (in target 'SimpleAnalytics' from project 'SimpleAnalytics')
    cd /Users/admin/builder/spi-builder-workspace/.swiftpm/xcode
    builtin-SwiftDriver -- /Applications/Xcode-27.0.0-Release.Candidate.app/Contents/Developer/Toolchains/XcodeDefault.xctoolchain/usr/bin/swiftc -parse-as-library -module-name SimpleAnalytics -Onone @/Users/admin/builder/spi-builder-workspace/.derivedData/Build/Intermediates.noindex/SimpleAnalytics.build/Debug-xros/SimpleAnalytics-t.build/Objects-normal/arm64/SimpleAnalytics.SwiftFileList -DSWIFT_PACKAGE -DDEBUG -DSWIFT_MODULE_RESOURCE_BUNDLE_UNAVAILABLE -DXcode -plugin-path /Applications/Xcode-27.0.0-Release.Candidate.app/Contents/Developer/Toolchains/XcodeDefault.xctoolchain/usr/lib/swift/host/plugins/testing -enable-experimental-feature DebugDescriptionMacro -sdk /Applications/Xcode-27.0.0-Release.Candidate.app/Contents/Developer/Platforms/XROS.platform/Developer/SDKs/XROS27.0.sdk -target arm64-apple-xros1.0 -g -module-cache-path /Users/admin/builder/spi-builder-workspace/.derivedData/ModuleCache.noindex -Xfrontend -serialize-debugging-options -profile-coverage-mapping -profile-generate -enable-testing -index-store-path /Users/admin/builder/spi-builder-workspace/.derivedData/Index.noindex/DataStore -Xcc -D_LIBCPP_HARDENING_MODE\=_LIBCPP_HARDENING_MODE_DEBUG -swift-version 5 -I /Users/admin/builder/spi-builder-workspace/.derivedData/Build/Products/Debug-xros -Isystem /Applications/Xcode-27.0.0-Release.Candidate.app/Contents/Developer/Platforms/XROS.platform/Developer/usr/lib -F /Users/admin/builder/spi-builder-workspace/.derivedData/Build/Products/Debug-xros -F /Applications/Xcode-27.0.0-Release.Candidate.app/Contents/Developer/Platforms/XROS.platform/Developer/Library/Frameworks -F /Applications/Xcode-27.0.0-Release.Candidate.app/Contents/Developer/Platforms/XROS.platform/Developer/SDKs/XROS27.0.sdk/Developer/Library/Frameworks -c -j10 -enable-batch-mode -incremental -Xcc -ivfsstatcache -Xcc /Users/admin/builder/spi-builder-workspace/.derivedData/SDKStatCaches.noindex/xros27.0-24M361-e829b21a6f8c9b70876ba0858053c044735bd543db762f57723cac368afd1ce4.sdkstatcache -output-file-map /Users/admin/builder/spi-builder-workspace/.derivedData/Build/Intermediates.noindex/SimpleAnalytics.build/Debug-xros/SimpleAnalytics-t.build/Objects-normal/arm64/SimpleAnalytics-OutputFileMap.json -save-temps -no-color-diagnostics -explicit-module-build -module-cache-path /Users/admin/builder/spi-builder-workspace/.derivedData/Build/Intermediates.noindex/SwiftExplicitPrecompiledModules -clang-scanner-module-cache-path /Users/admin/builder/spi-builder-workspace/.derivedData/ModuleCache.noindex -sdk-module-cache-path /Users/admin/builder/spi-builder-workspace/.derivedData/SDKExplicitPrecompiledModules -emit-dependencies -emit-module -emit-module-path /Users/admin/builder/spi-builder-workspace/.derivedData/Build/Intermediates.noindex/SimpleAnalytics.build/Debug-xros/SimpleAnalytics-t.build/Objects-normal/arm64/SimpleAnalytics.swiftmodule -serialize-diagnostics -dependency-scan-serialize-diagnostics-path /Users/admin/builder/spi-builder-workspace/.derivedData/Build/Intermediates.noindex/SimpleAnalytics.build/Debug-xros/SimpleAnalytics-t.build/Objects-normal/arm64/SimpleAnalytics-dependency-scan.dia -validate-clang-modules-once -clang-build-session-file /Users/admin/builder/spi-builder-workspace/.derivedData/ModuleCache.noindex/Session.modulevalidation -Xcc -fmodules-prune-interval\=86400 -Xcc -fmodules-prune-after\=345600 -emit-const-values -const-gather-protocols-list /Users/admin/builder/spi-builder-workspace/.derivedData/Build/Intermediates.noindex/SimpleAnalytics.build/Debug-xros/SimpleAnalytics-t.build/Objects-normal/arm64/SimpleAnalytics_const_extract_protocols.json -Xcc -I/Users/admin/builder/spi-builder-workspace/.derivedData/Build/Products/Debug-xros/include -Xcc -I/Users/admin/builder/spi-builder-workspace/.derivedData/Build/Intermediates.noindex/SimpleAnalytics.build/Debug-xros/SimpleAnalytics-t.build/DerivedSources-normal/arm64 -Xcc -I/Users/admin/builder/spi-builder-workspace/.derivedData/Build/Intermediates.noindex/SimpleAnalytics.build/Debug-xros/SimpleAnalytics-t.build/DerivedSources/arm64 -Xcc -I/Users/admin/builder/spi-builder-workspace/.derivedData/Build/Intermediates.noindex/SimpleAnalytics.build/Debug-xros/SimpleAnalytics-t.build/DerivedSources -Xcc -DSWIFT_PACKAGE -Xcc -DDEBUG\=1 -emit-objc-header -emit-objc-header-path /Users/admin/builder/spi-builder-workspace/.derivedData/Build/Intermediates.noindex/SimpleAnalytics.build/Debug-xros/SimpleAnalytics-t.build/Objects-normal/arm64/SimpleAnalytics-Swift.h -working-directory /Users/admin/builder/spi-builder-workspace/.swiftpm/xcode -experimental-emit-module-separately -disable-cmo
/Users/admin/builder/spi-builder-workspace/Sources/SimpleAnalytics/AppAnalytics.swift:86:15: warning: Extraneous whitespace between attribute name and '('; this is an error in the Swift 6 language mode (in target 'SimpleAnalytics' from project 'SimpleAnalytics')
SwiftExplicitDependencyGeneratePcm arm64 /Users/admin/builder/spi-builder-workspace/.derivedData/SDKExplicitPrecompiledModules/ptrauth-1WBA714DZSVUL5JQDJ08CLKZ.pcm
SwiftExplicitDependencyGeneratePcm arm64 /Users/admin/builder/spi-builder-workspace/.derivedData/SDKExplicitPrecompiledModules/_SwiftConcurrencyShims-C8XHKSHX96D5YYALNM4W70Z0O.pcm
SwiftExplicitDependencyGeneratePcm arm64 /Users/admin/builder/spi-builder-workspace/.derivedData/SDKExplicitPrecompiledModules/ptrcheck-BXA97MNLI4BB0HF5I8MJE403D.pcm
SwiftExplicitDependencyGeneratePcm arm64 /Users/admin/builder/spi-builder-workspace/.derivedData/SDKExplicitPrecompiledModules/_Builtin_float-6WKHNW5S40U2QGHXXGETUDIRA.pcm
SwiftExplicitDependencyGeneratePcm arm64 /Users/admin/builder/spi-builder-workspace/.derivedData/SDKExplicitPrecompiledModules/_Builtin_stdarg-CDA349K2K4US766844K8E0PVA.pcm
SwiftExplicitDependencyGeneratePcm arm64 /Users/admin/builder/spi-builder-workspace/.derivedData/SDKExplicitPrecompiledModules/_Builtin_stdbool-5BU2ADS7JXQMYENKQHW9X8XOU.pcm
SwiftExplicitDependencyGeneratePcm arm64 /Users/admin/builder/spi-builder-workspace/.derivedData/SDKExplicitPrecompiledModules/_AvailabilityInternal-1Q8IQP6M38UWSGZ95UCEY2M44.pcm
SwiftExplicitDependencyGeneratePcm arm64 /Users/admin/builder/spi-builder-workspace/.derivedData/SDKExplicitPrecompiledModules/_Builtin_stddef-5NQ9Z1GV07GBSRQGAQCGXGVRI.pcm
SwiftExplicitDependencyGeneratePcm arm64 /Users/admin/builder/spi-builder-workspace/.derivedData/SDKExplicitPrecompiledModules/SwiftShims-CI4H5RO9IYFFWQ2COB512Q2S9.pcm
SwiftExplicitDependencyGeneratePcm arm64 /Users/admin/builder/spi-builder-workspace/.derivedData/SDKExplicitPrecompiledModules/_DarwinFoundation1-5RGRVV2TZ6WC4WZW5IXF8NQ04.pcm
SwiftExplicitDependencyGeneratePcm arm64 /Users/admin/builder/spi-builder-workspace/.derivedData/SDKExplicitPrecompiledModules/_Builtin_limits-425JDMN5HPM3D0UEI8LEHP6NM.pcm
SwiftExplicitDependencyGeneratePcm arm64 /Users/admin/builder/spi-builder-workspace/.derivedData/SDKExplicitPrecompiledModules/_DarwinFoundation2-ENTECK156YEWITZRRBTOCE4KR.pcm
SwiftExplicitDependencyGeneratePcm arm64 /Users/admin/builder/spi-builder-workspace/.derivedData/SDKExplicitPrecompiledModules/string_h-2GT67HHHHK5CF1V1S31LH0PU2.pcm
SwiftExplicitDependencyGeneratePcm arm64 /Users/admin/builder/spi-builder-workspace/.derivedData/SDKExplicitPrecompiledModules/_Builtin_stdint-8OR6T47OOYJA90ZBO3N1USDE.pcm
SwiftExplicitDependencyGeneratePcm arm64 /Users/admin/builder/spi-builder-workspace/.derivedData/SDKExplicitPrecompiledModules/sys_types-AYM0BHR77VKMWZCO2T0XGV2HF.pcm
SwiftExplicitDependencyGeneratePcm arm64 /Users/admin/builder/spi-builder-workspace/.derivedData/SDKExplicitPrecompiledModules/_DarwinFoundation3-9ZHN6JKBS40BBA81RQMV8H0IC.pcm
SwiftExplicitDependencyGeneratePcm arm64 /Users/admin/builder/spi-builder-workspace/.derivedData/SDKExplicitPrecompiledModules/_Builtin_stdatomic-1VUZPM79PNCAHXVBERD53WRSF.pcm
SwiftExplicitDependencyGeneratePcm arm64 /Users/admin/builder/spi-builder-workspace/.derivedData/SDKExplicitPrecompiledModules/_Builtin_inttypes-11B64KJD36B3YOHBR1BBXBJY8.pcm
SwiftExplicitDependencyGeneratePcm arm64 /Users/admin/builder/spi-builder-workspace/.derivedData/SDKExplicitPrecompiledModules/Darwin-60P5LVNQO3ESRRM5DCJ05PFNK.pcm
SwiftExplicitDependencyGeneratePcm arm64 /Users/admin/builder/spi-builder-workspace/.derivedData/SDKExplicitPrecompiledModules/ObjectiveC-26TIBFYCEJZVP216ZZAU1X8KN.pcm
SwiftExplicitDependencyGeneratePcm arm64 /Users/admin/builder/spi-builder-workspace/.derivedData/SDKExplicitPrecompiledModules/MachO-3XTHY7HWV6RF3KXKYQVHUBUXK.pcm
SwiftExplicitDependencyGeneratePcm arm64 /Users/admin/builder/spi-builder-workspace/.derivedData/SDKExplicitPrecompiledModules/os_object-692CJ8BG6RE5H04487EJJOVXW.pcm
SwiftExplicitDependencyGeneratePcm arm64 /Users/admin/builder/spi-builder-workspace/.derivedData/SDKExplicitPrecompiledModules/os_workgroup-4U1VXMWIZD80E7PRUQF2G7P9X.pcm
SwiftExplicitDependencyGeneratePcm arm64 /Users/admin/builder/spi-builder-workspace/.derivedData/SDKExplicitPrecompiledModules/Dispatch-CLT3466HKC22GCKAWSCNG0H7T.pcm
SwiftExplicitDependencyGeneratePcm arm64 /Users/admin/builder/spi-builder-workspace/.derivedData/SDKExplicitPrecompiledModules/XPC-EP5EU7FNGP4VOA3EDM18P1KHO.pcm
SwiftExplicitDependencyGeneratePcm arm64 /Users/admin/builder/spi-builder-workspace/.derivedData/SDKExplicitPrecompiledModules/CoreFoundation-AVLTZVCXBU2TO75JCN4AGU8XJ.pcm
SwiftExplicitDependencyGeneratePcm arm64 /Users/admin/builder/spi-builder-workspace/.derivedData/SDKExplicitPrecompiledModules/os-1004XEJ3IXOOAU0KL58SM3D0K.pcm
SwiftExplicitDependencyGeneratePcm arm64 /Users/admin/builder/spi-builder-workspace/.derivedData/SDKExplicitPrecompiledModules/CFNetwork-5MI70N1VLDQSWTX4COWLMSIRO.pcm
SwiftExplicitDependencyGeneratePcm arm64 /Users/admin/builder/spi-builder-workspace/.derivedData/SDKExplicitPrecompiledModules/Security-8TH2M8WJIQMET4SADWX0N8372.pcm
SwiftExplicitDependencyGeneratePcm arm64 /Users/admin/builder/spi-builder-workspace/.derivedData/SDKExplicitPrecompiledModules/Foundation-8GON1KVEKRN3NOQI8RETBRWJP.pcm
SwiftEmitModule normal arm64 Emitting\ module\ for\ SimpleAnalytics (in target 'SimpleAnalytics' from project 'SimpleAnalytics')
SwiftCompile normal arm64 (in target 'SimpleAnalytics' from project 'SimpleAnalytics')
    cd /Users/admin/builder/spi-builder-workspace/.swiftpm/xcode

/Users/admin/builder/spi-builder-workspace/Sources/SimpleAnalytics/AppAnalytics.swift:86:15: warning: extraneous whitespace between attribute name and '('; this is an error in the Swift 6 language mode
 84 |     ///
 85 |     /// This method is required for configuring the framework on macOS.
 86 |     @available (iOS, deprecated: 13.0, message: "Please use the setEndpoint(_:, sharedApp:) method")
    |               `- warning: extraneous whitespace between attribute name and '('; this is an error in the Swift 6 language mode
 87 |     @objc public static func setEndpoint(_ urlString: String, deviceID: String, submissionCompletionCallback: (() -> Void)? = nil) {
 88 |         shared.endpoint = urlString
SwiftCompile normal arm64 Compiling\ AnalyticsCount.swift /Users/admin/builder/spi-builder-workspace/Sources/SimpleAnalytics/AnalyticsCount.swift (in target 'SimpleAnalytics' from project 'SimpleAnalytics')
SwiftCompile normal arm64 /Users/admin/builder/spi-builder-workspace/Sources/SimpleAnalytics/AnalyticsCount.swift (in target 'SimpleAnalytics' from project 'SimpleAnalytics')
    cd /Users/admin/builder/spi-builder-workspace/.swiftpm/xcode
    builtin-SwiftPerFileCompile AnalyticsCount.swift
SwiftCompile normal arm64 Compiling\ AnalyticsSubmitter.swift /Users/admin/builder/spi-builder-workspace/Sources/SimpleAnalytics/AnalyticsSubmitter.swift (in target 'SimpleAnalytics' from project 'SimpleAnalytics')
SwiftCompile normal arm64 /Users/admin/builder/spi-builder-workspace/Sources/SimpleAnalytics/AnalyticsSubmitter.swift (in target 'SimpleAnalytics' from project 'SimpleAnalytics')
    cd /Users/admin/builder/spi-builder-workspace/.swiftpm/xcode
    builtin-SwiftPerFileCompile AnalyticsSubmitter.swift
SwiftCompile normal arm64 Compiling\ AppAnalytics.swift /Users/admin/builder/spi-builder-workspace/Sources/SimpleAnalytics/AppAnalytics.swift (in target 'SimpleAnalytics' from project 'SimpleAnalytics')
/Users/admin/builder/spi-builder-workspace/Sources/SimpleAnalytics/AppAnalytics.swift:86:15: warning: extraneous whitespace between attribute name and '('; this is an error in the Swift 6 language mode
 84 |     ///
 85 |     /// This method is required for configuring the framework on macOS.
 86 |     @available (iOS, deprecated: 13.0, message: "Please use the setEndpoint(_:, sharedApp:) method")
    |               `- warning: extraneous whitespace between attribute name and '('; this is an error in the Swift 6 language mode
 87 |     @objc public static func setEndpoint(_ urlString: String, deviceID: String, submissionCompletionCallback: (() -> Void)? = nil) {
 88 |         shared.endpoint = urlString
/Users/admin/builder/spi-builder-workspace/Sources/SimpleAnalytics/AppAnalytics.swift:204:5: error: property 'self.platform' not initialized at implicitly generated super.init call
202 |     // MARK: -
203 |
204 |     init(deviceID: String, endpoint: String = "", appName: String = "", applicationVersion: String = "") {
    |     `- error: property 'self.platform' not initialized at implicitly generated super.init call
205 |         self.endpoint = endpoint
206 |
Failed frontend command:
/Applications/Xcode-27.0.0-Release.Candidate.app/Contents/Developer/Toolchains/XcodeDefault.xctoolchain/usr/bin/swift-frontend -frontend -c /Users/admin/builder/spi-builder-workspace/Sources/SimpleAnalytics/AnalyticsCount.swift /Users/admin/builder/spi-builder-workspace/Sources/SimpleAnalytics/AnalyticsItem.swift /Users/admin/builder/spi-builder-workspace/Sources/SimpleAnalytics/AnalyticsSubmitter.swift -primary-file /Users/admin/builder/spi-builder-workspace/Sources/SimpleAnalytics/AppAnalytics.swift /Users/admin/builder/spi-builder-workspace/Sources/SimpleAnalytics/SimpleAnalytics.swift -emit-dependencies-path /Users/admin/builder/spi-builder-workspace/.derivedData/Build/Intermediates.noindex/SimpleAnalytics.build/Debug-xros/SimpleAnalytics-t.build/Objects-normal/arm64/AppAnalytics.d -emit-const-values-path /Users/admin/builder/spi-builder-workspace/.derivedData/Build/Intermediates.noindex/SimpleAnalytics.build/Debug-xros/SimpleAnalytics-t.build/Objects-normal/arm64/AppAnalytics.swiftconstvalues -emit-reference-dependencies-path /Users/admin/builder/spi-builder-workspace/.derivedData/Build/Intermediates.noindex/SimpleAnalytics.build/Debug-xros/SimpleAnalytics-t.build/Objects-normal/arm64/AppAnalytics.swiftdeps -serialize-diagnostics-path /Users/admin/builder/spi-builder-workspace/.derivedData/Build/Intermediates.noindex/SimpleAnalytics.build/Debug-xros/SimpleAnalytics-t.build/Objects-normal/arm64/AppAnalytics.dia -target arm64-apple-xros1.0 -disable-cross-import-overlay-search -load-resolved-plugin /Applications/Xcode-27.0.0-Release.Candidate.app/Contents/Developer/Platforms/XROS.platform/Developer/usr/lib/swift/host/plugins/libFoundationMacros.dylib\#/Applications/Xcode-27.0.0-Release.Candidate.app/Contents/Developer/Platforms/XROS.platform/Developer/usr/bin/swift-plugin-server\#FoundationMacros -load-resolved-plugin /Applications/Xcode-27.0.0-Release.Candidate.app/Contents/Developer/Platforms/XROS.platform/Developer/usr/lib/swift/host/plugins/libObservationMacros.dylib\#/Applications/Xcode-27.0.0-Release.Candidate.app/Contents/Developer/Platforms/XROS.platform/Developer/usr/bin/swift-plugin-server\#ObservationMacros -load-resolved-plugin /Applications/Xcode-27.0.0-Release.Candidate.app/Contents/Developer/Platforms/XROS.platform/Developer/usr/lib/swift/host/plugins/libSwiftMacros.dylib\#/Applications/Xcode-27.0.0-Release.Candidate.app/Contents/Developer/Platforms/XROS.platform/Developer/usr/bin/swift-plugin-server\#SwiftMacros -disable-implicit-swift-modules -Xcc -fno-implicit-modules -Xcc -fno-implicit-module-maps -explicit-swift-module-map-file /Users/admin/builder/spi-builder-workspace/.derivedData/Build/Intermediates.noindex/SimpleAnalytics.build/Debug-xros/SimpleAnalytics-t.build/Objects-normal/arm64/SimpleAnalytics-dependencies-1.json -Xllvm -aarch64-use-tbi -enable-objc-interop -stack-check -sdk /Applications/Xcode-27.0.0-Release.Candidate.app/Contents/Developer/Platforms/XROS.platform/Developer/SDKs/XROS27.0.sdk -I /Users/admin/builder/spi-builder-workspace/.derivedData/Build/Products/Debug-xros -Isystem /Applications/Xcode-27.0.0-Release.Candidate.app/Contents/Developer/Platforms/XROS.platform/Developer/usr/lib -F /Users/admin/builder/spi-builder-workspace/.derivedData/Build/Products/Debug-xros -F /Applications/Xcode-27.0.0-Release.Candidate.app/Contents/Developer/Platforms/XROS.platform/Developer/Library/Frameworks -F /Applications/Xcode-27.0.0-Release.Candidate.app/Contents/Developer/Platforms/XROS.platform/Developer/SDKs/XROS27.0.sdk/Developer/Library/Frameworks -module-cache-path /Users/admin/builder/spi-builder-workspace/.derivedData/Build/Intermediates.noindex/SwiftExplicitPrecompiledModules -no-color-diagnostics -Xcc -fno-color-diagnostics -enable-testing -g -debug-info-format\=dwarf -dwarf-version\=4 -profile-generate -profile-coverage-mapping -swift-version 5 -Onone -D SWIFT_PACKAGE -D DEBUG -D SWIFT_MODULE_RESOURCE_BUNDLE_UNAVAILABLE -D Xcode -serialize-debugging-options -enable-experimental-feature DebugDescriptionMacro -empty-abi-descriptor -validate-clang-modules-once -clang-build-session-file /Users/admin/builder/spi-builder-workspace/.derivedData/ModuleCache.noindex/Session.modulevalidation -Xcc -working-directory -Xcc /Users/admin/builder/spi-builder-workspace/.swiftpm/xcode -enable-anonymous-context-mangled-names -file-compilation-dir /Users/admin/builder/spi-builder-workspace/.swiftpm/xcode -Xcc -D_LIBCPP_HARDENING_MODE\=_LIBCPP_HARDENING_MODE_DEBUG -Xcc -ivfsstatcache -Xcc /Users/admin/builder/spi-builder-workspace/.derivedData/SDKStatCaches.noindex/xros27.0-24M361-e829b21a6f8c9b70876ba0858053c044735bd543db762f57723cac368afd1ce4.sdkstatcache -Xcc -fmodules-prune-interval\=86400 -Xcc -fmodules-prune-after\=345600 -Xcc -I/Users/admin/builder/spi-builder-workspace/.derivedData/Build/Products/Debug-xros/include -Xcc -I/Users/admin/builder/spi-builder-workspace/.derivedData/Build/Intermediates.noindex/SimpleAnalytics.build/Debug-xros/SimpleAnalytics-t.build/DerivedSources-normal/arm64 -Xcc -I/Users/admin/builder/spi-builder-workspace/.derivedData/Build/Intermediates.noindex/SimpleAnalytics.build/Debug-xros/SimpleAnalytics-t.build/DerivedSources/arm64 -Xcc -I/Users/admin/builder/spi-builder-workspace/.derivedData/Build/Intermediates.noindex/SimpleAnalytics.build/Debug-xros/SimpleAnalytics-t.build/DerivedSources -Xcc -DSWIFT_PACKAGE -Xcc -DDEBUG\=1 -no-auto-bridging-header-chaining -module-name SimpleAnalytics -const-gather-protocols-file /Users/admin/builder/spi-builder-workspace/.derivedData/Build/Intermediates.noindex/SimpleAnalytics.build/Debug-xros/SimpleAnalytics-t.build/Objects-normal/arm64/SimpleAnalytics_const_extract_protocols.json -disable-clang-spi -clang-target arm64-apple-xros27.0 -target-sdk-version 27.0 -target-sdk-name xros27.0 -in-process-plugin-server-path /Applications/Xcode-27.0.0-Release.Candidate.app/Contents/Developer/Toolchains/XcodeDefault.xctoolchain/usr/lib/swift/host/libSwiftInProcPluginServer.dylib -parse-as-library -o /Users/admin/builder/spi-builder-workspace/.derivedData/Build/Intermediates.noindex/SimpleAnalytics.build/Debug-xros/SimpleAnalytics-t.build/Objects-normal/arm64/AppAnalytics.o -debug-module-path /Users/admin/builder/spi-builder-workspace/.derivedData/Build/Intermediates.noindex/SimpleAnalytics.build/Debug-xros/SimpleAnalytics-t.build/Objects-normal/arm64/SimpleAnalytics.swiftmodule -index-unit-output-path /SimpleAnalytics.build/Debug-xros/SimpleAnalytics-t.build/Objects-normal/arm64/AppAnalytics.o -index-store-path /Users/admin/builder/spi-builder-workspace/.derivedData/Index.noindex/DataStore -index-system-modules
SwiftCompile normal arm64 /Users/admin/builder/spi-builder-workspace/Sources/SimpleAnalytics/AppAnalytics.swift (in target 'SimpleAnalytics' from project 'SimpleAnalytics')
    cd /Users/admin/builder/spi-builder-workspace/.swiftpm/xcode
    builtin-SwiftPerFileCompile AppAnalytics.swift
SwiftCompile normal arm64 Compiling\ AnalyticsItem.swift /Users/admin/builder/spi-builder-workspace/Sources/SimpleAnalytics/AnalyticsItem.swift (in target 'SimpleAnalytics' from project 'SimpleAnalytics')
SwiftCompile normal arm64 /Users/admin/builder/spi-builder-workspace/Sources/SimpleAnalytics/AnalyticsItem.swift (in target 'SimpleAnalytics' from project 'SimpleAnalytics')
    cd /Users/admin/builder/spi-builder-workspace/.swiftpm/xcode
    builtin-SwiftPerFileCompile AnalyticsItem.swift
SwiftCompile normal arm64 Compiling\ SimpleAnalytics.swift /Users/admin/builder/spi-builder-workspace/Sources/SimpleAnalytics/SimpleAnalytics.swift (in target 'SimpleAnalytics' from project 'SimpleAnalytics')
SwiftCompile normal arm64 /Users/admin/builder/spi-builder-workspace/Sources/SimpleAnalytics/SimpleAnalytics.swift (in target 'SimpleAnalytics' from project 'SimpleAnalytics')
    cd /Users/admin/builder/spi-builder-workspace/.swiftpm/xcode
    builtin-SwiftPerFileCompile SimpleAnalytics.swift
SwiftDriverJobDiscovery normal arm64 Emitting module for SimpleAnalytics (in target 'SimpleAnalytics' from project 'SimpleAnalytics')
SwiftDriver\ Compilation\ Requirements SimpleAnalytics normal arm64 com.apple.xcode.tools.swift.compiler (in target 'SimpleAnalytics' from project 'SimpleAnalytics')
    cd /Users/admin/builder/spi-builder-workspace/.swiftpm/xcode
    builtin-Swift-Compilation-Requirements -- /Applications/Xcode-27.0.0-Release.Candidate.app/Contents/Developer/Toolchains/XcodeDefault.xctoolchain/usr/bin/swiftc -parse-as-library -module-name SimpleAnalytics -Onone @/Users/admin/builder/spi-builder-workspace/.derivedData/Build/Intermediates.noindex/SimpleAnalytics.build/Debug-xros/SimpleAnalytics-t.build/Objects-normal/arm64/SimpleAnalytics.SwiftFileList -DSWIFT_PACKAGE -DDEBUG -DSWIFT_MODULE_RESOURCE_BUNDLE_UNAVAILABLE -DXcode -plugin-path /Applications/Xcode-27.0.0-Release.Candidate.app/Contents/Developer/Toolchains/XcodeDefault.xctoolchain/usr/lib/swift/host/plugins/testing -enable-experimental-feature DebugDescriptionMacro -sdk /Applications/Xcode-27.0.0-Release.Candidate.app/Contents/Developer/Platforms/XROS.platform/Developer/SDKs/XROS27.0.sdk -target arm64-apple-xros1.0 -g -module-cache-path /Users/admin/builder/spi-builder-workspace/.derivedData/ModuleCache.noindex -Xfrontend -serialize-debugging-options -profile-coverage-mapping -profile-generate -enable-testing -index-store-path /Users/admin/builder/spi-builder-workspace/.derivedData/Index.noindex/DataStore -Xcc -D_LIBCPP_HARDENING_MODE\=_LIBCPP_HARDENING_MODE_DEBUG -swift-version 5 -I /Users/admin/builder/spi-builder-workspace/.derivedData/Build/Products/Debug-xros -Isystem /Applications/Xcode-27.0.0-Release.Candidate.app/Contents/Developer/Platforms/XROS.platform/Developer/usr/lib -F /Users/admin/builder/spi-builder-workspace/.derivedData/Build/Products/Debug-xros -F /Applications/Xcode-27.0.0-Release.Candidate.app/Contents/Developer/Platforms/XROS.platform/Developer/Library/Frameworks -F /Applications/Xcode-27.0.0-Release.Candidate.app/Contents/Developer/Platforms/XROS.platform/Developer/SDKs/XROS27.0.sdk/Developer/Library/Frameworks -c -j10 -enable-batch-mode -incremental -Xcc -ivfsstatcache -Xcc /Users/admin/builder/spi-builder-workspace/.derivedData/SDKStatCaches.noindex/xros27.0-24M361-e829b21a6f8c9b70876ba0858053c044735bd543db762f57723cac368afd1ce4.sdkstatcache -output-file-map /Users/admin/builder/spi-builder-workspace/.derivedData/Build/Intermediates.noindex/SimpleAnalytics.build/Debug-xros/SimpleAnalytics-t.build/Objects-normal/arm64/SimpleAnalytics-OutputFileMap.json -save-temps -no-color-diagnostics -explicit-module-build -module-cache-path /Users/admin/builder/spi-builder-workspace/.derivedData/Build/Intermediates.noindex/SwiftExplicitPrecompiledModules -clang-scanner-module-cache-path /Users/admin/builder/spi-builder-workspace/.derivedData/ModuleCache.noindex -sdk-module-cache-path /Users/admin/builder/spi-builder-workspace/.derivedData/SDKExplicitPrecompiledModules -emit-dependencies -emit-module -emit-module-path /Users/admin/builder/spi-builder-workspace/.derivedData/Build/Intermediates.noindex/SimpleAnalytics.build/Debug-xros/SimpleAnalytics-t.build/Objects-normal/arm64/SimpleAnalytics.swiftmodule -serialize-diagnostics -dependency-scan-serialize-diagnostics-path /Users/admin/builder/spi-builder-workspace/.derivedData/Build/Intermediates.noindex/SimpleAnalytics.build/Debug-xros/SimpleAnalytics-t.build/Objects-normal/arm64/SimpleAnalytics-dependency-scan.dia -validate-clang-modules-once -clang-build-session-file /Users/admin/builder/spi-builder-workspace/.derivedData/ModuleCache.noindex/Session.modulevalidation -Xcc -fmodules-prune-interval\=86400 -Xcc -fmodules-prune-after\=345600 -emit-const-values -const-gather-protocols-list /Users/admin/builder/spi-builder-workspace/.derivedData/Build/Intermediates.noindex/SimpleAnalytics.build/Debug-xros/SimpleAnalytics-t.build/Objects-normal/arm64/SimpleAnalytics_const_extract_protocols.json -Xcc -I/Users/admin/builder/spi-builder-workspace/.derivedData/Build/Products/Debug-xros/include -Xcc -I/Users/admin/builder/spi-builder-workspace/.derivedData/Build/Intermediates.noindex/SimpleAnalytics.build/Debug-xros/SimpleAnalytics-t.build/DerivedSources-normal/arm64 -Xcc -I/Users/admin/builder/spi-builder-workspace/.derivedData/Build/Intermediates.noindex/SimpleAnalytics.build/Debug-xros/SimpleAnalytics-t.build/DerivedSources/arm64 -Xcc -I/Users/admin/builder/spi-builder-workspace/.derivedData/Build/Intermediates.noindex/SimpleAnalytics.build/Debug-xros/SimpleAnalytics-t.build/DerivedSources -Xcc -DSWIFT_PACKAGE -Xcc -DDEBUG\=1 -emit-objc-header -emit-objc-header-path /Users/admin/builder/spi-builder-workspace/.derivedData/Build/Intermediates.noindex/SimpleAnalytics.build/Debug-xros/SimpleAnalytics-t.build/Objects-normal/arm64/SimpleAnalytics-Swift.h -working-directory /Users/admin/builder/spi-builder-workspace/.swiftpm/xcode -experimental-emit-module-separately -disable-cmo
SwiftMergeGeneratedHeaders /Users/admin/builder/spi-builder-workspace/.derivedData/Build/Intermediates.noindex/GeneratedModuleMaps-xros/SimpleAnalytics-Swift.h /Users/admin/builder/spi-builder-workspace/.derivedData/Build/Intermediates.noindex/SimpleAnalytics.build/Debug-xros/SimpleAnalytics-t.build/Objects-normal/arm64/SimpleAnalytics-Swift.h (in target 'SimpleAnalytics' from project 'SimpleAnalytics')
    cd /Users/admin/builder/spi-builder-workspace
    builtin-swiftHeaderTool -arch arm64 /Users/admin/builder/spi-builder-workspace/.derivedData/Build/Intermediates.noindex/SimpleAnalytics.build/Debug-xros/SimpleAnalytics-t.build/Objects-normal/arm64/SimpleAnalytics-Swift.h -o /Users/admin/builder/spi-builder-workspace/.derivedData/Build/Intermediates.noindex/GeneratedModuleMaps-xros/SimpleAnalytics-Swift.h
Copy /Users/admin/builder/spi-builder-workspace/.derivedData/Build/Products/Debug-xros/SimpleAnalytics.swiftmodule/arm64-apple-xros.swiftmodule /Users/admin/builder/spi-builder-workspace/.derivedData/Build/Intermediates.noindex/SimpleAnalytics.build/Debug-xros/SimpleAnalytics-t.build/Objects-normal/arm64/SimpleAnalytics.swiftmodule (in target 'SimpleAnalytics' from project 'SimpleAnalytics')
    cd /Users/admin/builder/spi-builder-workspace
    builtin-copy -exclude .DS_Store -exclude CVS -exclude .svn -exclude .git -exclude .hg -resolve-src-symlinks -rename /Users/admin/builder/spi-builder-workspace/.derivedData/Build/Intermediates.noindex/SimpleAnalytics.build/Debug-xros/SimpleAnalytics-t.build/Objects-normal/arm64/SimpleAnalytics.swiftmodule /Users/admin/builder/spi-builder-workspace/.derivedData/Build/Products/Debug-xros/SimpleAnalytics.swiftmodule/arm64-apple-xros.swiftmodule
Copy /Users/admin/builder/spi-builder-workspace/.derivedData/Build/Products/Debug-xros/SimpleAnalytics.swiftmodule/arm64-apple-xros.swiftdoc /Users/admin/builder/spi-builder-workspace/.derivedData/Build/Intermediates.noindex/SimpleAnalytics.build/Debug-xros/SimpleAnalytics-t.build/Objects-normal/arm64/SimpleAnalytics.swiftdoc (in target 'SimpleAnalytics' from project 'SimpleAnalytics')
    cd /Users/admin/builder/spi-builder-workspace
    builtin-copy -exclude .DS_Store -exclude CVS -exclude .svn -exclude .git -exclude .hg -resolve-src-symlinks -rename /Users/admin/builder/spi-builder-workspace/.derivedData/Build/Intermediates.noindex/SimpleAnalytics.build/Debug-xros/SimpleAnalytics-t.build/Objects-normal/arm64/SimpleAnalytics.swiftdoc /Users/admin/builder/spi-builder-workspace/.derivedData/Build/Products/Debug-xros/SimpleAnalytics.swiftmodule/arm64-apple-xros.swiftdoc
Copy /Users/admin/builder/spi-builder-workspace/.derivedData/Build/Products/Debug-xros/SimpleAnalytics.swiftmodule/arm64-apple-xros.abi.json /Users/admin/builder/spi-builder-workspace/.derivedData/Build/Intermediates.noindex/SimpleAnalytics.build/Debug-xros/SimpleAnalytics-t.build/Objects-normal/arm64/SimpleAnalytics.abi.json (in target 'SimpleAnalytics' from project 'SimpleAnalytics')
    cd /Users/admin/builder/spi-builder-workspace
    builtin-copy -exclude .DS_Store -exclude CVS -exclude .svn -exclude .git -exclude .hg -resolve-src-symlinks -rename /Users/admin/builder/spi-builder-workspace/.derivedData/Build/Intermediates.noindex/SimpleAnalytics.build/Debug-xros/SimpleAnalytics-t.build/Objects-normal/arm64/SimpleAnalytics.abi.json /Users/admin/builder/spi-builder-workspace/.derivedData/Build/Products/Debug-xros/SimpleAnalytics.swiftmodule/arm64-apple-xros.abi.json
Copy /Users/admin/builder/spi-builder-workspace/.derivedData/Build/Products/Debug-xros/SimpleAnalytics.swiftmodule/Project/arm64-apple-xros.swiftsourceinfo /Users/admin/builder/spi-builder-workspace/.derivedData/Build/Intermediates.noindex/SimpleAnalytics.build/Debug-xros/SimpleAnalytics-t.build/Objects-normal/arm64/SimpleAnalytics.swiftsourceinfo (in target 'SimpleAnalytics' from project 'SimpleAnalytics')
    cd /Users/admin/builder/spi-builder-workspace
    builtin-copy -exclude .DS_Store -exclude CVS -exclude .svn -exclude .git -exclude .hg -resolve-src-symlinks -rename /Users/admin/builder/spi-builder-workspace/.derivedData/Build/Intermediates.noindex/SimpleAnalytics.build/Debug-xros/SimpleAnalytics-t.build/Objects-normal/arm64/SimpleAnalytics.swiftsourceinfo /Users/admin/builder/spi-builder-workspace/.derivedData/Build/Products/Debug-xros/SimpleAnalytics.swiftmodule/Project/arm64-apple-xros.swiftsourceinfo
SwiftDriverJobDiscovery normal arm64 Compiling SimpleAnalytics.swift (in target 'SimpleAnalytics' from project 'SimpleAnalytics')
PruneExplicitPrecompiledModules /Users/admin/builder/spi-builder-workspace/.derivedData/Build/Intermediates.noindex/ExplicitPrecompiledModules
PruneExplicitPrecompiledModules /Users/admin/builder/spi-builder-workspace/.derivedData/SDKExplicitPrecompiledModules
PruneExplicitPrecompiledModules /Users/admin/builder/spi-builder-workspace/.derivedData/Build/Intermediates.noindex/SwiftExplicitPrecompiledModules
2026-09-19 06:39:11.540 xcodebuild[664:4326] [MT] IDERunDestination: Supported platforms for the buildables in the current scheme is empty.
** BUILD FAILED **
The following build commands failed:
	SwiftCompile normal arm64 Compiling\ AppAnalytics.swift /Users/admin/builder/spi-builder-workspace/Sources/SimpleAnalytics/AppAnalytics.swift (in target 'SimpleAnalytics' from project 'SimpleAnalytics')
	SwiftCompile normal arm64 /Users/admin/builder/spi-builder-workspace/Sources/SimpleAnalytics/AppAnalytics.swift (in target 'SimpleAnalytics' from project 'SimpleAnalytics')
	Building workspace SimpleAnalytics with scheme SimpleAnalytics
(3 failures)
Command line invocation:
    /Applications/Xcode-27.0.0-Release.Candidate.app/Contents/Developer/usr/bin/xcodebuild -IDEClonedSourcePackagesDirPathOverride=/Users/admin/builder/spi-builder-workspace/.dependencies -resolvePackageDependencies
Resolve Package Graph
Resolved source packages:
  SimpleAnalytics: /Users/admin/builder/spi-builder-workspace
resolved source packages: SimpleAnalytics
2026-09-19 06:39:18.045 xcodebuild[724:4625] [MT] IDERunDestination: Supported platforms for the buildables in the current scheme is empty.
{
  "dependencies" : [
  ],
  "manifest_display_name" : "SimpleAnalytics",
  "name" : "SimpleAnalytics",
  "path" : "/Users/admin/builder/spi-builder-workspace",
  "platforms" : [
    {
      "name" : "ios",
      "version" : "10.0"
    },
    {
      "name" : "macos",
      "version" : "10.12"
    }
  ],
  "products" : [
    {
      "name" : "SimpleAnalytics",
      "targets" : [
        "SimpleAnalytics"
      ],
      "type" : {
        "library" : [
          "automatic"
        ]
      }
    }
  ],
  "targets" : [
    {
      "c99name" : "SimpleAnalyticsTests",
      "module_type" : "SwiftTarget",
      "name" : "SimpleAnalyticsTests",
      "path" : "Tests/SimpleAnalyticsTests",
      "sources" : [
        "SimpleAnalyticsTests.swift",
        "SubmissionTests.swift"
      ],
      "target_dependencies" : [
        "SimpleAnalytics"
      ],
      "type" : "test"
    },
    {
      "c99name" : "SimpleAnalytics",
      "module_type" : "SwiftTarget",
      "name" : "SimpleAnalytics",
      "path" : "Sources/SimpleAnalytics",
      "product_memberships" : [
        "SimpleAnalytics"
      ],
      "sources" : [
        "AnalyticsCount.swift",
        "AnalyticsItem.swift",
        "AnalyticsSubmitter.swift",
        "AppAnalytics.swift",
        "SimpleAnalytics.swift"
      ],
      "type" : "library"
    }
  ],
  "tools_version" : "5.2"
}
{
  "workspace" : {
    "name" : "SimpleAnalytics",
    "schemes" : [
      "SimpleAnalytics"
    ]
  }
}
2026-09-19 06:39:19.220 xcodebuild[732:4694] [MT] IDERunDestination: Supported platforms for the buildables in the current scheme is empty.
Running build ...
env DEVELOPER_DIR=/Applications/Xcode-27.0.0-Release.Candidate.app xcrun xcodebuild -IDEClonedSourcePackagesDirPathOverride=$PWD/.dependencies -skipMacroValidation -skipPackagePluginValidation -derivedDataPath $PWD/.derivedData build -scheme SimpleAnalytics -destination generic/platform=xrOS
Command line invocation:
    /Applications/Xcode-27.0.0-Release.Candidate.app/Contents/Developer/usr/bin/xcodebuild -IDEClonedSourcePackagesDirPathOverride=/Users/admin/builder/spi-builder-workspace/.dependencies -skipMacroValidation -skipPackagePluginValidation -derivedDataPath /Users/admin/builder/spi-builder-workspace/.derivedData build -scheme SimpleAnalytics -destination generic/platform=xrOS
Resolve Package Graph
Resolved source packages:
  SimpleAnalytics: /Users/admin/builder/spi-builder-workspace
ComputePackagePrebuildTargetDependencyGraph
Prepare packages
CreateBuildRequest
SendProjectDescription
CreateBuildOperation
ComputeTargetDependencyGraph
note: Building targets in dependency order
note: Target dependency graph (2 targets)
    Target 'SimpleAnalytics-product' in project 'SimpleAnalytics'
        ➜ Explicit dependency on target 'SimpleAnalytics' in project 'SimpleAnalytics'
    Target 'SimpleAnalytics' in project 'SimpleAnalytics' (no dependencies)
GatherProvisioningInputs
CreateBuildDescription
ClangStatCache /Applications/Xcode-27.0.0-Release.Candidate.app/Contents/Developer/Toolchains/XcodeDefault.xctoolchain/usr/bin/clang-stat-cache /Applications/Xcode-27.0.0-Release.Candidate.app/Contents/Developer/Platforms/XROS.platform/Developer/SDKs/XROS27.0.sdk /Users/admin/builder/spi-builder-workspace/.derivedData/SDKStatCaches.noindex/xros27.0-24M361-e829b21a6f8c9b70876ba0858053c044735bd543db762f57723cac368afd1ce4.sdkstatcache
    cd /Users/admin/builder/spi-builder-workspace/.swiftpm/xcode
    /Applications/Xcode-27.0.0-Release.Candidate.app/Contents/Developer/Toolchains/XcodeDefault.xctoolchain/usr/bin/clang-stat-cache /Applications/Xcode-27.0.0-Release.Candidate.app/Contents/Developer/Platforms/XROS.platform/Developer/SDKs/XROS27.0.sdk -o /Users/admin/builder/spi-builder-workspace/.derivedData/SDKStatCaches.noindex/xros27.0-24M361-e829b21a6f8c9b70876ba0858053c044735bd543db762f57723cac368afd1ce4.sdkstatcache
SwiftDriver SimpleAnalytics normal arm64 com.apple.xcode.tools.swift.compiler (in target 'SimpleAnalytics' from project 'SimpleAnalytics')
    cd /Users/admin/builder/spi-builder-workspace/.swiftpm/xcode
    builtin-SwiftDriver -- /Applications/Xcode-27.0.0-Release.Candidate.app/Contents/Developer/Toolchains/XcodeDefault.xctoolchain/usr/bin/swiftc -parse-as-library -module-name SimpleAnalytics -Onone @/Users/admin/builder/spi-builder-workspace/.derivedData/Build/Intermediates.noindex/SimpleAnalytics.build/Debug-xros/SimpleAnalytics-t.build/Objects-normal/arm64/SimpleAnalytics.SwiftFileList -DSWIFT_PACKAGE -DDEBUG -DSWIFT_MODULE_RESOURCE_BUNDLE_UNAVAILABLE -DXcode -plugin-path /Applications/Xcode-27.0.0-Release.Candidate.app/Contents/Developer/Toolchains/XcodeDefault.xctoolchain/usr/lib/swift/host/plugins/testing -enable-experimental-feature DebugDescriptionMacro -sdk /Applications/Xcode-27.0.0-Release.Candidate.app/Contents/Developer/Platforms/XROS.platform/Developer/SDKs/XROS27.0.sdk -target arm64-apple-xros1.0 -g -module-cache-path /Users/admin/builder/spi-builder-workspace/.derivedData/ModuleCache.noindex -Xfrontend -serialize-debugging-options -profile-coverage-mapping -profile-generate -enable-testing -index-store-path /Users/admin/builder/spi-builder-workspace/.derivedData/Index.noindex/DataStore -Xcc -D_LIBCPP_HARDENING_MODE\=_LIBCPP_HARDENING_MODE_DEBUG -swift-version 5 -I /Users/admin/builder/spi-builder-workspace/.derivedData/Build/Products/Debug-xros -Isystem /Applications/Xcode-27.0.0-Release.Candidate.app/Contents/Developer/Platforms/XROS.platform/Developer/usr/lib -F /Users/admin/builder/spi-builder-workspace/.derivedData/Build/Products/Debug-xros -F /Applications/Xcode-27.0.0-Release.Candidate.app/Contents/Developer/Platforms/XROS.platform/Developer/Library/Frameworks -F /Applications/Xcode-27.0.0-Release.Candidate.app/Contents/Developer/Platforms/XROS.platform/Developer/SDKs/XROS27.0.sdk/Developer/Library/Frameworks -c -j10 -enable-batch-mode -incremental -Xcc -ivfsstatcache -Xcc /Users/admin/builder/spi-builder-workspace/.derivedData/SDKStatCaches.noindex/xros27.0-24M361-e829b21a6f8c9b70876ba0858053c044735bd543db762f57723cac368afd1ce4.sdkstatcache -output-file-map /Users/admin/builder/spi-builder-workspace/.derivedData/Build/Intermediates.noindex/SimpleAnalytics.build/Debug-xros/SimpleAnalytics-t.build/Objects-normal/arm64/SimpleAnalytics-OutputFileMap.json -save-temps -no-color-diagnostics -explicit-module-build -module-cache-path /Users/admin/builder/spi-builder-workspace/.derivedData/Build/Intermediates.noindex/SwiftExplicitPrecompiledModules -clang-scanner-module-cache-path /Users/admin/builder/spi-builder-workspace/.derivedData/ModuleCache.noindex -sdk-module-cache-path /Users/admin/builder/spi-builder-workspace/.derivedData/SDKExplicitPrecompiledModules -emit-dependencies -emit-module -emit-module-path /Users/admin/builder/spi-builder-workspace/.derivedData/Build/Intermediates.noindex/SimpleAnalytics.build/Debug-xros/SimpleAnalytics-t.build/Objects-normal/arm64/SimpleAnalytics.swiftmodule -serialize-diagnostics -dependency-scan-serialize-diagnostics-path /Users/admin/builder/spi-builder-workspace/.derivedData/Build/Intermediates.noindex/SimpleAnalytics.build/Debug-xros/SimpleAnalytics-t.build/Objects-normal/arm64/SimpleAnalytics-dependency-scan.dia -validate-clang-modules-once -clang-build-session-file /Users/admin/builder/spi-builder-workspace/.derivedData/ModuleCache.noindex/Session.modulevalidation -Xcc -fmodules-prune-interval\=86400 -Xcc -fmodules-prune-after\=345600 -emit-const-values -const-gather-protocols-list /Users/admin/builder/spi-builder-workspace/.derivedData/Build/Intermediates.noindex/SimpleAnalytics.build/Debug-xros/SimpleAnalytics-t.build/Objects-normal/arm64/SimpleAnalytics_const_extract_protocols.json -Xcc -I/Users/admin/builder/spi-builder-workspace/.derivedData/Build/Products/Debug-xros/include -Xcc -I/Users/admin/builder/spi-builder-workspace/.derivedData/Build/Intermediates.noindex/SimpleAnalytics.build/Debug-xros/SimpleAnalytics-t.build/DerivedSources-normal/arm64 -Xcc -I/Users/admin/builder/spi-builder-workspace/.derivedData/Build/Intermediates.noindex/SimpleAnalytics.build/Debug-xros/SimpleAnalytics-t.build/DerivedSources/arm64 -Xcc -I/Users/admin/builder/spi-builder-workspace/.derivedData/Build/Intermediates.noindex/SimpleAnalytics.build/Debug-xros/SimpleAnalytics-t.build/DerivedSources -Xcc -DSWIFT_PACKAGE -Xcc -DDEBUG\=1 -emit-objc-header -emit-objc-header-path /Users/admin/builder/spi-builder-workspace/.derivedData/Build/Intermediates.noindex/SimpleAnalytics.build/Debug-xros/SimpleAnalytics-t.build/Objects-normal/arm64/SimpleAnalytics-Swift.h -working-directory /Users/admin/builder/spi-builder-workspace/.swiftpm/xcode -experimental-emit-module-separately -disable-cmo
/Users/admin/builder/spi-builder-workspace/Sources/SimpleAnalytics/AppAnalytics.swift:86:15: warning: Extraneous whitespace between attribute name and '('; this is an error in the Swift 6 language mode (in target 'SimpleAnalytics' from project 'SimpleAnalytics')
SwiftCompile normal arm64 Compiling\ AnalyticsSubmitter.swift /Users/admin/builder/spi-builder-workspace/Sources/SimpleAnalytics/AnalyticsSubmitter.swift (in target 'SimpleAnalytics' from project 'SimpleAnalytics')
SwiftCompile normal arm64 /Users/admin/builder/spi-builder-workspace/Sources/SimpleAnalytics/AnalyticsSubmitter.swift (in target 'SimpleAnalytics' from project 'SimpleAnalytics')
    cd /Users/admin/builder/spi-builder-workspace/.swiftpm/xcode
    builtin-SwiftPerFileCompile AnalyticsSubmitter.swift
SwiftEmitModule normal arm64 Emitting\ module\ for\ SimpleAnalytics (in target 'SimpleAnalytics' from project 'SimpleAnalytics')
/Users/admin/builder/spi-builder-workspace/Sources/SimpleAnalytics/AppAnalytics.swift:86:15: warning: extraneous whitespace between attribute name and '('; this is an error in the Swift 6 language mode
 84 |     ///
 85 |     /// This method is required for configuring the framework on macOS.
 86 |     @available (iOS, deprecated: 13.0, message: "Please use the setEndpoint(_:, sharedApp:) method")
    |               `- warning: extraneous whitespace between attribute name and '('; this is an error in the Swift 6 language mode
 87 |     @objc public static func setEndpoint(_ urlString: String, deviceID: String, submissionCompletionCallback: (() -> Void)? = nil) {
 88 |         shared.endpoint = urlString
SwiftCompile normal arm64 (in target 'SimpleAnalytics' from project 'SimpleAnalytics')
    cd /Users/admin/builder/spi-builder-workspace/.swiftpm/xcode

SwiftCompile normal arm64 Compiling\ AppAnalytics.swift /Users/admin/builder/spi-builder-workspace/Sources/SimpleAnalytics/AppAnalytics.swift (in target 'SimpleAnalytics' from project 'SimpleAnalytics')
/Users/admin/builder/spi-builder-workspace/Sources/SimpleAnalytics/AppAnalytics.swift:86:15: warning: extraneous whitespace between attribute name and '('; this is an error in the Swift 6 language mode
 84 |     ///
 85 |     /// This method is required for configuring the framework on macOS.
 86 |     @available (iOS, deprecated: 13.0, message: "Please use the setEndpoint(_:, sharedApp:) method")
    |               `- warning: extraneous whitespace between attribute name and '('; this is an error in the Swift 6 language mode
 87 |     @objc public static func setEndpoint(_ urlString: String, deviceID: String, submissionCompletionCallback: (() -> Void)? = nil) {
 88 |         shared.endpoint = urlString
/Users/admin/builder/spi-builder-workspace/Sources/SimpleAnalytics/AppAnalytics.swift:204:5: error: property 'self.platform' not initialized at implicitly generated super.init call
202 |     // MARK: -
203 |
204 |     init(deviceID: String, endpoint: String = "", appName: String = "", applicationVersion: String = "") {
    |     `- error: property 'self.platform' not initialized at implicitly generated super.init call
205 |         self.endpoint = endpoint
206 |
Failed frontend command:
/Applications/Xcode-27.0.0-Release.Candidate.app/Contents/Developer/Toolchains/XcodeDefault.xctoolchain/usr/bin/swift-frontend -frontend -c /Users/admin/builder/spi-builder-workspace/Sources/SimpleAnalytics/AnalyticsCount.swift /Users/admin/builder/spi-builder-workspace/Sources/SimpleAnalytics/AnalyticsItem.swift /Users/admin/builder/spi-builder-workspace/Sources/SimpleAnalytics/AnalyticsSubmitter.swift -primary-file /Users/admin/builder/spi-builder-workspace/Sources/SimpleAnalytics/AppAnalytics.swift /Users/admin/builder/spi-builder-workspace/Sources/SimpleAnalytics/SimpleAnalytics.swift -emit-dependencies-path /Users/admin/builder/spi-builder-workspace/.derivedData/Build/Intermediates.noindex/SimpleAnalytics.build/Debug-xros/SimpleAnalytics-t.build/Objects-normal/arm64/AppAnalytics.d -emit-const-values-path /Users/admin/builder/spi-builder-workspace/.derivedData/Build/Intermediates.noindex/SimpleAnalytics.build/Debug-xros/SimpleAnalytics-t.build/Objects-normal/arm64/AppAnalytics.swiftconstvalues -emit-reference-dependencies-path /Users/admin/builder/spi-builder-workspace/.derivedData/Build/Intermediates.noindex/SimpleAnalytics.build/Debug-xros/SimpleAnalytics-t.build/Objects-normal/arm64/AppAnalytics.swiftdeps -serialize-diagnostics-path /Users/admin/builder/spi-builder-workspace/.derivedData/Build/Intermediates.noindex/SimpleAnalytics.build/Debug-xros/SimpleAnalytics-t.build/Objects-normal/arm64/AppAnalytics.dia -target arm64-apple-xros1.0 -disable-cross-import-overlay-search -load-resolved-plugin /Applications/Xcode-27.0.0-Release.Candidate.app/Contents/Developer/Platforms/XROS.platform/Developer/usr/lib/swift/host/plugins/libFoundationMacros.dylib\#/Applications/Xcode-27.0.0-Release.Candidate.app/Contents/Developer/Platforms/XROS.platform/Developer/usr/bin/swift-plugin-server\#FoundationMacros -load-resolved-plugin /Applications/Xcode-27.0.0-Release.Candidate.app/Contents/Developer/Platforms/XROS.platform/Developer/usr/lib/swift/host/plugins/libObservationMacros.dylib\#/Applications/Xcode-27.0.0-Release.Candidate.app/Contents/Developer/Platforms/XROS.platform/Developer/usr/bin/swift-plugin-server\#ObservationMacros -load-resolved-plugin /Applications/Xcode-27.0.0-Release.Candidate.app/Contents/Developer/Platforms/XROS.platform/Developer/usr/lib/swift/host/plugins/libSwiftMacros.dylib\#/Applications/Xcode-27.0.0-Release.Candidate.app/Contents/Developer/Platforms/XROS.platform/Developer/usr/bin/swift-plugin-server\#SwiftMacros -disable-implicit-swift-modules -Xcc -fno-implicit-modules -Xcc -fno-implicit-module-maps -explicit-swift-module-map-file /Users/admin/builder/spi-builder-workspace/.derivedData/Build/Intermediates.noindex/SimpleAnalytics.build/Debug-xros/SimpleAnalytics-t.build/Objects-normal/arm64/SimpleAnalytics-dependencies-1.json -Xllvm -aarch64-use-tbi -enable-objc-interop -stack-check -sdk /Applications/Xcode-27.0.0-Release.Candidate.app/Contents/Developer/Platforms/XROS.platform/Developer/SDKs/XROS27.0.sdk -I /Users/admin/builder/spi-builder-workspace/.derivedData/Build/Products/Debug-xros -Isystem /Applications/Xcode-27.0.0-Release.Candidate.app/Contents/Developer/Platforms/XROS.platform/Developer/usr/lib -F /Users/admin/builder/spi-builder-workspace/.derivedData/Build/Products/Debug-xros -F /Applications/Xcode-27.0.0-Release.Candidate.app/Contents/Developer/Platforms/XROS.platform/Developer/Library/Frameworks -F /Applications/Xcode-27.0.0-Release.Candidate.app/Contents/Developer/Platforms/XROS.platform/Developer/SDKs/XROS27.0.sdk/Developer/Library/Frameworks -module-cache-path /Users/admin/builder/spi-builder-workspace/.derivedData/Build/Intermediates.noindex/SwiftExplicitPrecompiledModules -no-color-diagnostics -Xcc -fno-color-diagnostics -enable-testing -g -debug-info-format\=dwarf -dwarf-version\=4 -profile-generate -profile-coverage-mapping -swift-version 5 -Onone -D SWIFT_PACKAGE -D DEBUG -D SWIFT_MODULE_RESOURCE_BUNDLE_UNAVAILABLE -D Xcode -serialize-debugging-options -enable-experimental-feature DebugDescriptionMacro -empty-abi-descriptor -validate-clang-modules-once -clang-build-session-file /Users/admin/builder/spi-builder-workspace/.derivedData/ModuleCache.noindex/Session.modulevalidation -Xcc -working-directory -Xcc /Users/admin/builder/spi-builder-workspace/.swiftpm/xcode -enable-anonymous-context-mangled-names -file-compilation-dir /Users/admin/builder/spi-builder-workspace/.swiftpm/xcode -Xcc -D_LIBCPP_HARDENING_MODE\=_LIBCPP_HARDENING_MODE_DEBUG -Xcc -ivfsstatcache -Xcc /Users/admin/builder/spi-builder-workspace/.derivedData/SDKStatCaches.noindex/xros27.0-24M361-e829b21a6f8c9b70876ba0858053c044735bd543db762f57723cac368afd1ce4.sdkstatcache -Xcc -fmodules-prune-interval\=86400 -Xcc -fmodules-prune-after\=345600 -Xcc -I/Users/admin/builder/spi-builder-workspace/.derivedData/Build/Products/Debug-xros/include -Xcc -I/Users/admin/builder/spi-builder-workspace/.derivedData/Build/Intermediates.noindex/SimpleAnalytics.build/Debug-xros/SimpleAnalytics-t.build/DerivedSources-normal/arm64 -Xcc -I/Users/admin/builder/spi-builder-workspace/.derivedData/Build/Intermediates.noindex/SimpleAnalytics.build/Debug-xros/SimpleAnalytics-t.build/DerivedSources/arm64 -Xcc -I/Users/admin/builder/spi-builder-workspace/.derivedData/Build/Intermediates.noindex/SimpleAnalytics.build/Debug-xros/SimpleAnalytics-t.build/DerivedSources -Xcc -DSWIFT_PACKAGE -Xcc -DDEBUG\=1 -no-auto-bridging-header-chaining -module-name SimpleAnalytics -const-gather-protocols-file /Users/admin/builder/spi-builder-workspace/.derivedData/Build/Intermediates.noindex/SimpleAnalytics.build/Debug-xros/SimpleAnalytics-t.build/Objects-normal/arm64/SimpleAnalytics_const_extract_protocols.json -disable-clang-spi -clang-target arm64-apple-xros27.0 -target-sdk-version 27.0 -target-sdk-name xros27.0 -in-process-plugin-server-path /Applications/Xcode-27.0.0-Release.Candidate.app/Contents/Developer/Toolchains/XcodeDefault.xctoolchain/usr/lib/swift/host/libSwiftInProcPluginServer.dylib -parse-as-library -o /Users/admin/builder/spi-builder-workspace/.derivedData/Build/Intermediates.noindex/SimpleAnalytics.build/Debug-xros/SimpleAnalytics-t.build/Objects-normal/arm64/AppAnalytics.o -debug-module-path /Users/admin/builder/spi-builder-workspace/.derivedData/Build/Intermediates.noindex/SimpleAnalytics.build/Debug-xros/SimpleAnalytics-t.build/Objects-normal/arm64/SimpleAnalytics.swiftmodule -index-unit-output-path /SimpleAnalytics.build/Debug-xros/SimpleAnalytics-t.build/Objects-normal/arm64/AppAnalytics.o -index-store-path /Users/admin/builder/spi-builder-workspace/.derivedData/Index.noindex/DataStore -index-system-modules
SwiftCompile normal arm64 /Users/admin/builder/spi-builder-workspace/Sources/SimpleAnalytics/AppAnalytics.swift (in target 'SimpleAnalytics' from project 'SimpleAnalytics')
    cd /Users/admin/builder/spi-builder-workspace/.swiftpm/xcode
    builtin-SwiftPerFileCompile AppAnalytics.swift
SwiftCompile normal arm64 Compiling\ AnalyticsCount.swift /Users/admin/builder/spi-builder-workspace/Sources/SimpleAnalytics/AnalyticsCount.swift (in target 'SimpleAnalytics' from project 'SimpleAnalytics')
SwiftCompile normal arm64 /Users/admin/builder/spi-builder-workspace/Sources/SimpleAnalytics/AnalyticsCount.swift (in target 'SimpleAnalytics' from project 'SimpleAnalytics')
    cd /Users/admin/builder/spi-builder-workspace/.swiftpm/xcode
    builtin-SwiftPerFileCompile AnalyticsCount.swift
SwiftCompile normal arm64 Compiling\ AnalyticsItem.swift /Users/admin/builder/spi-builder-workspace/Sources/SimpleAnalytics/AnalyticsItem.swift (in target 'SimpleAnalytics' from project 'SimpleAnalytics')
SwiftCompile normal arm64 /Users/admin/builder/spi-builder-workspace/Sources/SimpleAnalytics/AnalyticsItem.swift (in target 'SimpleAnalytics' from project 'SimpleAnalytics')
    cd /Users/admin/builder/spi-builder-workspace/.swiftpm/xcode
    builtin-SwiftPerFileCompile AnalyticsItem.swift
SwiftDriverJobDiscovery normal arm64 Compiling AnalyticsCount.swift (in target 'SimpleAnalytics' from project 'SimpleAnalytics')
SwiftDriverJobDiscovery normal arm64 Compiling AnalyticsItem.swift (in target 'SimpleAnalytics' from project 'SimpleAnalytics')
SwiftCompile normal arm64 Compiling\ SimpleAnalytics.swift /Users/admin/builder/spi-builder-workspace/Sources/SimpleAnalytics/SimpleAnalytics.swift (in target 'SimpleAnalytics' from project 'SimpleAnalytics')
SwiftCompile normal arm64 /Users/admin/builder/spi-builder-workspace/Sources/SimpleAnalytics/SimpleAnalytics.swift (in target 'SimpleAnalytics' from project 'SimpleAnalytics')
    cd /Users/admin/builder/spi-builder-workspace/.swiftpm/xcode
    builtin-SwiftPerFileCompile SimpleAnalytics.swift
PruneExplicitPrecompiledModules /Users/admin/builder/spi-builder-workspace/.derivedData/Build/Intermediates.noindex/SwiftExplicitPrecompiledModules
PruneExplicitPrecompiledModules /Users/admin/builder/spi-builder-workspace/.derivedData/SDKExplicitPrecompiledModules
PruneExplicitPrecompiledModules /Users/admin/builder/spi-builder-workspace/.derivedData/Build/Intermediates.noindex/ExplicitPrecompiledModules
2026-09-19 06:39:20.127 xcodebuild[733:4718] [MT] IDERunDestination: Supported platforms for the buildables in the current scheme is empty.
** BUILD FAILED **
The following build commands failed:
	SwiftCompile normal arm64 Compiling\ AppAnalytics.swift /Users/admin/builder/spi-builder-workspace/Sources/SimpleAnalytics/AppAnalytics.swift (in target 'SimpleAnalytics' from project 'SimpleAnalytics')
	SwiftCompile normal arm64 /Users/admin/builder/spi-builder-workspace/Sources/SimpleAnalytics/AppAnalytics.swift (in target 'SimpleAnalytics' from project 'SimpleAnalytics')
	Building workspace SimpleAnalytics with scheme SimpleAnalytics
(3 failures)
BUILD FAILURE 6.4 visionOS