Build Information
Failed to build Hopoate, reference 1.14.0 (b754d6), with Swift 6.4 for visionOS using Xcode 27.0 on 13 Oct 2026 03:35:09 UTC.
Build Command
env DEVELOPER_DIR=/Applications/Xcode-27.0.0-Release.Candidate.app xcrun xcodebuild -IDEClonedSourcePackagesDirPathOverride=$PWD/.dependencies -skipMacroValidation -skipPackagePluginValidation -derivedDataPath $PWD/.derivedData build -scheme Hopoate-Package -destination generic/platform=xrOSBuild Log
========================================
RunAll
========================================
Builder version: 5.1.1
Interrupt handler set up.
========================================
Checkout
========================================
Clone URL: https://github.com/darjeelingsteve/hopoate.git
Reference: 1.14.0
Initialized empty Git repository in /Users/admin/builder/spi-builder-workspace/.git/
From https://github.com/darjeelingsteve/hopoate
* tag 1.14.0 -> FETCH_HEAD
HEAD is now at b754d6d Release 1.14.0
Cloned https://github.com/darjeelingsteve/hopoate.git
Revision (git rev-parse @):
b754d6d78d23b11dde87fdb07b58c5e9e07603b2
SUCCESS checkout https://github.com/darjeelingsteve/hopoate.git at 1.14.0
========================================
Build
========================================
Selected platform: visionOS
Swift version: 6.4
Building package at path: $PWD
https://github.com/darjeelingsteve/hopoate.git
Command line invocation:
/Applications/Xcode-27.0.0.app/Contents/Developer/usr/bin/xcodebuild -IDEClonedSourcePackagesDirPathOverride=/Users/admin/builder/spi-builder-workspace/.dependencies -resolvePackageDependencies
resolved source packages:
{
"dependencies" : [
],
"manifest_display_name" : "Hopoate",
"name" : "Hopoate",
"path" : "/Users/admin/builder/spi-builder-workspace",
"platforms" : [
{
"name" : "ios",
"version" : "13.0"
},
{
"name" : "tvos",
"version" : "13.0"
},
{
"name" : "watchos",
"version" : "6.0"
},
{
"name" : "macos",
"version" : "10.15"
}
],
"products" : [
{
"name" : "Hopoate",
"targets" : [
"Hopoate"
],
"type" : {
"library" : [
"automatic"
]
}
},
{
"name" : "HopoateTestingHelpers",
"targets" : [
"HopoateTestingHelpers"
],
"type" : {
"library" : [
"automatic"
]
}
}
],
"swift_languages_versions" : [
"5"
],
"targets" : [
{
"c99name" : "HopoateTestingHelpers",
"module_type" : "BinaryTarget",
"name" : "HopoateTestingHelpers",
"path" : "remote/archive/HopoateTestingHelpers.xcframework.zip",
"product_memberships" : [
"HopoateTestingHelpers"
],
"sources" : [
],
"type" : "binary"
},
{
"c99name" : "Hopoate",
"module_type" : "BinaryTarget",
"name" : "Hopoate",
"path" : "remote/archive/Hopoate.xcframework.zip",
"product_memberships" : [
"Hopoate"
],
"sources" : [
],
"type" : "binary"
}
],
"tools_version" : "5.9"
}
{
"project" : {
"configurations" : [
"Debug",
"Release"
],
"name" : "Hopoate",
"schemes" : [
"Hopoate",
"HopoateTestingHelpers"
],
"targets" : [
"Hopoate",
"HopoateTests",
"HopoateTestingHelpers"
]
}
}
{
"workspace" : {
"name" : "Hopoate",
"schemes" : [
"Hopoate",
"Hopoate-Package",
"HopoateTestingHelpers"
]
}
}
2026-10-12 23:35:02.793 xcodebuild[620:3778] [MT] IDERunDestination: Supported platforms for the buildables in the current scheme is empty.
Running build ...
env DEVELOPER_DIR=/Applications/Xcode-27.0.0-Release.Candidate.app xcrun xcodebuild -IDEClonedSourcePackagesDirPathOverride=$PWD/.dependencies -skipMacroValidation -skipPackagePluginValidation -derivedDataPath $PWD/.derivedData build -scheme Hopoate-Package -destination generic/platform=xrOS
Command line invocation:
/Applications/Xcode-27.0.0.app/Contents/Developer/usr/bin/xcodebuild -IDEClonedSourcePackagesDirPathOverride=/Users/admin/builder/spi-builder-workspace/.dependencies -skipMacroValidation -skipPackagePluginValidation -derivedDataPath /Users/admin/builder/spi-builder-workspace/.derivedData build -scheme Hopoate-Package -destination generic/platform=xrOS
Resolve Package Graph
Resolved source packages:
Hopoate: /Users/admin/builder/spi-builder-workspace
ComputePackagePrebuildTargetDependencyGraph
Prepare packages
CreateBuildRequest
SendProjectDescription
CreateBuildOperation
ComputeTargetDependencyGraph
note: Building targets in dependency order
note: Target dependency graph (2 targets)
Target 'HopoateTestingHelpers-product' in project 'Hopoate' (no dependencies)
Target 'Hopoate-product' in project 'Hopoate' (no dependencies)
GatherProvisioningInputs
CreateBuildDescription
ExecuteExternalTool /Applications/Xcode-27.0.0.app/Contents/Developer/Toolchains/XcodeDefault.xctoolchain/usr/bin/clang -v -E -dM -isysroot /Applications/Xcode-27.0.0.app/Contents/Developer/Platforms/XROS.platform/Developer/SDKs/XROS27.0.sdk -x c -c /dev/null
Build description signature: 7eed868b2454fc2e2453d43740e2b246
Build description path: /Users/admin/builder/spi-builder-workspace/.derivedData/Build/Intermediates.noindex/XCBuildData/7eed868b2454fc2e2453d43740e2b246.xcbuilddata
/Users/admin/builder/spi-builder-workspace/.dependencies/artifacts/spi-builder-workspace/Hopoate/Hopoate.xcframework:1:1: error: While building for visionOS, no library for this platform was found in '/Users/admin/builder/spi-builder-workspace/.dependencies/artifacts/spi-builder-workspace/Hopoate/Hopoate.xcframework'. (in target 'Hopoate-product' from project 'Hopoate')
/Users/admin/builder/spi-builder-workspace/.dependencies/artifacts/spi-builder-workspace/HopoateTestingHelpers/HopoateTestingHelpers.xcframework:1:1: error: While building for visionOS, no library for this platform was found in '/Users/admin/builder/spi-builder-workspace/.dependencies/artifacts/spi-builder-workspace/HopoateTestingHelpers/HopoateTestingHelpers.xcframework'. (in target 'HopoateTestingHelpers-product' from project 'Hopoate')
2026-10-12 23:35:04.357 xcodebuild[653:3980] [MT] IDERunDestination: Supported platforms for the buildables in the current scheme is empty.
** BUILD FAILED **
The following build commands failed:
Building workspace Hopoate with scheme Hopoate-Package
(1 failure)
Command line invocation:
/Applications/Xcode-27.0.0.app/Contents/Developer/usr/bin/xcodebuild -IDEClonedSourcePackagesDirPathOverride=/Users/admin/builder/spi-builder-workspace/.dependencies -resolvePackageDependencies
Resolve Package Graph
Resolved source packages:
Hopoate: /Users/admin/builder/spi-builder-workspace
resolved source packages: Hopoate
2026-10-12 23:35:05.985 xcodebuild[665:4083] [MT] IDERunDestination: Supported platforms for the buildables in the current scheme is empty.
{
"dependencies" : [
],
"manifest_display_name" : "Hopoate",
"name" : "Hopoate",
"path" : "/Users/admin/builder/spi-builder-workspace",
"platforms" : [
{
"name" : "ios",
"version" : "13.0"
},
{
"name" : "tvos",
"version" : "13.0"
},
{
"name" : "watchos",
"version" : "6.0"
},
{
"name" : "macos",
"version" : "10.15"
}
],
"products" : [
{
"name" : "Hopoate",
"targets" : [
"Hopoate"
],
"type" : {
"library" : [
"automatic"
]
}
},
{
"name" : "HopoateTestingHelpers",
"targets" : [
"HopoateTestingHelpers"
],
"type" : {
"library" : [
"automatic"
]
}
}
],
"swift_languages_versions" : [
"5"
],
"targets" : [
{
"c99name" : "HopoateTestingHelpers",
"module_type" : "BinaryTarget",
"name" : "HopoateTestingHelpers",
"path" : "remote/archive/HopoateTestingHelpers.xcframework.zip",
"product_memberships" : [
"HopoateTestingHelpers"
],
"sources" : [
],
"type" : "binary"
},
{
"c99name" : "Hopoate",
"module_type" : "BinaryTarget",
"name" : "Hopoate",
"path" : "remote/archive/Hopoate.xcframework.zip",
"product_memberships" : [
"Hopoate"
],
"sources" : [
],
"type" : "binary"
}
],
"tools_version" : "5.9"
}
{
"workspace" : {
"name" : "Hopoate",
"schemes" : [
"Hopoate",
"Hopoate-Package",
"HopoateTestingHelpers"
]
}
}
2026-10-12 23:35:07.357 xcodebuild[694:4318] [MT] IDERunDestination: Supported platforms for the buildables in the current scheme is empty.
{
"workspace" : {
"name" : "Hopoate",
"schemes" : [
"Hopoate",
"Hopoate-Package",
"HopoateTestingHelpers"
]
}
}
2026-10-12 23:35:08.359 xcodebuild[697:4357] [MT] IDERunDestination: Supported platforms for the buildables in the current scheme is empty.
Running build ...
env DEVELOPER_DIR=/Applications/Xcode-27.0.0-Release.Candidate.app xcrun xcodebuild -IDEClonedSourcePackagesDirPathOverride=$PWD/.dependencies -skipMacroValidation -skipPackagePluginValidation -derivedDataPath $PWD/.derivedData build -scheme Hopoate-Package -destination generic/platform=xrOS
Command line invocation:
/Applications/Xcode-27.0.0.app/Contents/Developer/usr/bin/xcodebuild -IDEClonedSourcePackagesDirPathOverride=/Users/admin/builder/spi-builder-workspace/.dependencies -skipMacroValidation -skipPackagePluginValidation -derivedDataPath /Users/admin/builder/spi-builder-workspace/.derivedData build -scheme Hopoate-Package -destination generic/platform=xrOS
Resolve Package Graph
Resolved source packages:
Hopoate: /Users/admin/builder/spi-builder-workspace
ComputePackagePrebuildTargetDependencyGraph
Prepare packages
CreateBuildRequest
SendProjectDescription
CreateBuildOperation
ComputeTargetDependencyGraph
note: Building targets in dependency order
note: Target dependency graph (2 targets)
Target 'HopoateTestingHelpers-product' in project 'Hopoate' (no dependencies)
Target 'Hopoate-product' in project 'Hopoate' (no dependencies)
GatherProvisioningInputs
CreateBuildDescription
/Users/admin/builder/spi-builder-workspace/.dependencies/artifacts/spi-builder-workspace/HopoateTestingHelpers/HopoateTestingHelpers.xcframework:1:1: error: While building for visionOS, no library for this platform was found in '/Users/admin/builder/spi-builder-workspace/.dependencies/artifacts/spi-builder-workspace/HopoateTestingHelpers/HopoateTestingHelpers.xcframework'. (in target 'HopoateTestingHelpers-product' from project 'Hopoate')
/Users/admin/builder/spi-builder-workspace/.dependencies/artifacts/spi-builder-workspace/Hopoate/Hopoate.xcframework:1:1: error: While building for visionOS, no library for this platform was found in '/Users/admin/builder/spi-builder-workspace/.dependencies/artifacts/spi-builder-workspace/Hopoate/Hopoate.xcframework'. (in target 'Hopoate-product' from project 'Hopoate')
2026-10-12 23:35:09.414 xcodebuild[698:4382] [MT] IDERunDestination: Supported platforms for the buildables in the current scheme is empty.
** BUILD FAILED **
The following build commands failed:
Building workspace Hopoate with scheme Hopoate-Package
(1 failure)
BUILD FAILURE 6.4 visionOS