Build Information
Failed to build DSFPasscodeView, reference 2.0.0 (4160d4), with Swift 6.4 for tvOS using Xcode 27.0 on 18 Sep 2026 15:13:42 UTC.
Build Command
env DEVELOPER_DIR=/Applications/Xcode-27.0.0-Release.Candidate.app xcrun xcodebuild -IDEClonedSourcePackagesDirPathOverride=$PWD/.dependencies -skipMacroValidation -skipPackagePluginValidation -derivedDataPath $PWD/.derivedData build -scheme DSFPasscodeView -destination generic/platform=tvOSBuild Log
========================================
RunAll
========================================
Builder version: 5.1.0
Interrupt handler set up.
========================================
Checkout
========================================
Clone URL: https://github.com/dagronf/DSFPasscodeView.git
Reference: 2.0.0
Initialized empty Git repository in /Users/admin/builder/spi-builder-workspace/.git/
From https://github.com/dagronf/DSFPasscodeView
* tag 2.0.0 -> FETCH_HEAD
HEAD is now at 4160d4f Update to use DSFAppearanceManager
Cloned https://github.com/dagronf/DSFPasscodeView.git
Revision (git rev-parse @):
4160d4f8e95d3356fc7554691c1f2f203e95142f
SUCCESS checkout https://github.com/dagronf/DSFPasscodeView.git at 2.0.0
========================================
Build
========================================
Selected platform: tvOS
Swift version: 6.4
Building package at path: $PWD
https://github.com/dagronf/DSFPasscodeView.git
Command line invocation:
/Applications/Xcode-27.0.0-Release.Candidate.app/Contents/Developer/usr/bin/xcodebuild -IDEClonedSourcePackagesDirPathOverride=/Users/admin/builder/spi-builder-workspace/.dependencies -resolvePackageDependencies
Resolve Package Graph
Fetching from https://github.com/dagronf/VIViewInvalidating
Fetching from https://github.com/dagronf/DSFAppearanceManager
Creating working copy of package ‘VIViewInvalidating’
Checking out 2.0.2 of package ‘VIViewInvalidating’
Creating working copy of package ‘DSFAppearanceManager’
Checking out 3.7.0 of package ‘DSFAppearanceManager’
Resolve Package Graph
Resolved source packages:
DSFAppearanceManager: https://github.com/dagronf/DSFAppearanceManager @ 3.7.0
DSFPasscodeView: /Users/admin/builder/spi-builder-workspace
VIViewInvalidating: https://github.com/dagronf/VIViewInvalidating @ 2.0.2
resolved source packages: DSFAppearanceManager, DSFPasscodeView, VIViewInvalidating
2026-09-18 11:12:48.438 xcodebuild[524:2997] [MT] IDERunDestination: Supported platforms for the buildables in the current scheme is empty.
{
"dependencies" : [
{
"identity" : "viviewinvalidating",
"requirement" : {
"range" : [
{
"lower_bound" : "2.0.0",
"upper_bound" : "3.0.0"
}
]
},
"type" : "sourceControl",
"url" : "https://github.com/dagronf/VIViewInvalidating"
},
{
"identity" : "dsfappearancemanager",
"requirement" : {
"range" : [
{
"lower_bound" : "3.0.0",
"upper_bound" : "4.0.0"
}
]
},
"type" : "sourceControl",
"url" : "https://github.com/dagronf/DSFAppearanceManager"
}
],
"manifest_display_name" : "DSFPasscodeView",
"name" : "DSFPasscodeView",
"path" : "/Users/admin/builder/spi-builder-workspace",
"platforms" : [
{
"name" : "macos",
"version" : "10.11"
}
],
"products" : [
{
"name" : "DSFPasscodeView",
"targets" : [
"DSFPasscodeView"
],
"type" : {
"library" : [
"automatic"
]
}
}
],
"targets" : [
{
"c99name" : "DSFPasscodeViewTests",
"module_type" : "SwiftTarget",
"name" : "DSFPasscodeViewTests",
"path" : "Tests/DSFPasscodeViewTests",
"sources" : [
"DSFPasscodeViewTests.swift"
],
"target_dependencies" : [
"DSFPasscodeView"
],
"type" : "test"
},
{
"c99name" : "DSFPasscodeView",
"module_type" : "SwiftTarget",
"name" : "DSFPasscodeView",
"path" : "Sources/DSFPasscodeView",
"product_dependencies" : [
"VIViewInvalidating",
"DSFAppearanceManager"
],
"product_memberships" : [
"DSFPasscodeView"
],
"sources" : [
"DSFPasscodeView+Handling.swift",
"DSFPasscodeView.swift",
"private/DSFPasscodeView+Cell.swift",
"private/Localizations.swift",
"private/Utils.swift"
],
"type" : "library"
}
],
"tools_version" : "5.3"
}
{
"workspace" : {
"name" : "DSFPasscodeView",
"schemes" : [
"DSFPasscodeView"
]
}
}
2026-09-18 11:13:30.070 xcodebuild[723:4457] [MT] IDERunDestination: Supported platforms for the buildables in the current scheme is empty.
Running build ...
env DEVELOPER_DIR=/Applications/Xcode-27.0.0-Release.Candidate.app xcrun xcodebuild -IDEClonedSourcePackagesDirPathOverride=$PWD/.dependencies -skipMacroValidation -skipPackagePluginValidation -derivedDataPath $PWD/.derivedData build -scheme DSFPasscodeView -destination generic/platform=tvOS
Command line invocation:
/Applications/Xcode-27.0.0-Release.Candidate.app/Contents/Developer/usr/bin/xcodebuild -IDEClonedSourcePackagesDirPathOverride=/Users/admin/builder/spi-builder-workspace/.dependencies -skipMacroValidation -skipPackagePluginValidation -derivedDataPath /Users/admin/builder/spi-builder-workspace/.derivedData build -scheme DSFPasscodeView -destination generic/platform=tvOS
Resolve Package Graph
Resolve Package Graph
Resolved source packages:
DSFAppearanceManager: https://github.com/dagronf/DSFAppearanceManager @ 3.7.0
VIViewInvalidating: https://github.com/dagronf/VIViewInvalidating @ 2.0.2
DSFPasscodeView: /Users/admin/builder/spi-builder-workspace
ComputePackagePrebuildTargetDependencyGraph
Prepare packages
CreateBuildRequest
SendProjectDescription
CreateBuildOperation
ComputeTargetDependencyGraph
note: Building targets in dependency order
note: Target dependency graph (7 targets)
Target 'DSFPasscodeView-product' in project 'DSFPasscodeView'
➜ Explicit dependency on target 'DSFPasscodeView' in project 'DSFPasscodeView'
➜ Explicit dependency on target 'VIViewInvalidating-product' in project 'VIViewInvalidating'
➜ Explicit dependency on target 'DSFAppearanceManager-product' in project 'DSFAppearanceManager'
Target 'DSFPasscodeView' in project 'DSFPasscodeView'
➜ Explicit dependency on target 'VIViewInvalidating-product' in project 'VIViewInvalidating'
➜ Explicit dependency on target 'DSFAppearanceManager-product' in project 'DSFAppearanceManager'
Target 'DSFAppearanceManager-product' in project 'DSFAppearanceManager'
➜ Explicit dependency on target 'DSFAppearanceManager' in project 'DSFAppearanceManager'
➜ Explicit dependency on target 'DSFAppearanceManager_DSFAppearanceManager' in project 'DSFAppearanceManager'
Target 'DSFAppearanceManager' in project 'DSFAppearanceManager'
➜ Explicit dependency on target 'DSFAppearanceManager_DSFAppearanceManager' in project 'DSFAppearanceManager'
Target 'DSFAppearanceManager_DSFAppearanceManager' in project 'DSFAppearanceManager' (no dependencies)
Target 'VIViewInvalidating-product' in project 'VIViewInvalidating'
➜ Explicit dependency on target 'VIViewInvalidating' in project 'VIViewInvalidating'
Target 'VIViewInvalidating' in project 'VIViewInvalidating' (no dependencies)
GatherProvisioningInputs
CreateBuildDescription
ExecuteExternalTool /Applications/Xcode-27.0.0-Release.Candidate.app/Contents/Developer/Toolchains/XcodeDefault.xctoolchain/usr/bin/swiftc --version
ExecuteExternalTool /Applications/Xcode-27.0.0-Release.Candidate.app/Contents/Developer/Toolchains/XcodeDefault.xctoolchain/usr/bin/clang -v -E -dM -isysroot /Applications/Xcode-27.0.0-Release.Candidate.app/Contents/Developer/Platforms/AppleTVOS.platform/Developer/SDKs/AppleTVOS27.0.sdk -x c -c /dev/null
ExecuteExternalTool /Applications/Xcode-27.0.0-Release.Candidate.app/Contents/Developer/Toolchains/XcodeDefault.xctoolchain/usr/bin/ld -version_details
Build description signature: 673675d8a5193f84c17d6d823c1394e9
Build description path: /Users/admin/builder/spi-builder-workspace/.derivedData/Build/Intermediates.noindex/XCBuildData/673675d8a5193f84c17d6d823c1394e9.xcbuilddata
CreateBuildDirectory /Users/admin/builder/spi-builder-workspace/.derivedData/ModuleCache.noindex
cd /Users/admin/builder/spi-builder-workspace/.swiftpm/xcode
builtin-create-build-directory /Users/admin/builder/spi-builder-workspace/.derivedData/ModuleCache.noindex
CreateBuildDirectory /Users/admin/builder/spi-builder-workspace/.derivedData/CompilationCache.noindex
cd /Users/admin/builder/spi-builder-workspace/.swiftpm/xcode
builtin-create-build-directory /Users/admin/builder/spi-builder-workspace/.derivedData/CompilationCache.noindex
CreateBuildDirectory /Users/admin/builder/spi-builder-workspace/.derivedData/SDKExplicitPrecompiledModules
cd /Users/admin/builder/spi-builder-workspace/.swiftpm/xcode
builtin-create-build-directory /Users/admin/builder/spi-builder-workspace/.derivedData/SDKExplicitPrecompiledModules
ClangStatCache /Applications/Xcode-27.0.0-Release.Candidate.app/Contents/Developer/Toolchains/XcodeDefault.xctoolchain/usr/bin/clang-stat-cache /Applications/Xcode-27.0.0-Release.Candidate.app/Contents/Developer/Platforms/AppleTVOS.platform/Developer/SDKs/AppleTVOS27.0.sdk /Users/admin/builder/spi-builder-workspace/.derivedData/SDKStatCaches.noindex/appletvos27.0-24J360-e829b21a6f8c9b70876ba0858053c044b32bfd8d43560033f8d89884cdb90028.sdkstatcache
cd /Users/admin/builder/spi-builder-workspace/.swiftpm/xcode
/Applications/Xcode-27.0.0-Release.Candidate.app/Contents/Developer/Toolchains/XcodeDefault.xctoolchain/usr/bin/clang-stat-cache /Applications/Xcode-27.0.0-Release.Candidate.app/Contents/Developer/Platforms/AppleTVOS.platform/Developer/SDKs/AppleTVOS27.0.sdk -o /Users/admin/builder/spi-builder-workspace/.derivedData/SDKStatCaches.noindex/appletvos27.0-24J360-e829b21a6f8c9b70876ba0858053c044b32bfd8d43560033f8d89884cdb90028.sdkstatcache
CreateBuildDirectory /Users/admin/builder/spi-builder-workspace/.derivedData/Build/Intermediates.noindex
cd /Users/admin/builder/spi-builder-workspace/.swiftpm/xcode
builtin-create-build-directory /Users/admin/builder/spi-builder-workspace/.derivedData/Build/Intermediates.noindex
CreateBuildDirectory /Users/admin/builder/spi-builder-workspace/.derivedData/Build/Products
cd /Users/admin/builder/spi-builder-workspace/.swiftpm/xcode
builtin-create-build-directory /Users/admin/builder/spi-builder-workspace/.derivedData/Build/Products
CreateBuildDirectory /Users/admin/builder/spi-builder-workspace/.derivedData/Build/Intermediates.noindex/SwiftExplicitPrecompiledModules
cd /Users/admin/builder/spi-builder-workspace/.swiftpm/xcode
builtin-create-build-directory /Users/admin/builder/spi-builder-workspace/.derivedData/Build/Intermediates.noindex/SwiftExplicitPrecompiledModules
CreateBuildDirectory /Users/admin/builder/spi-builder-workspace/.derivedData/Build/Intermediates.noindex/PrecompiledHeaders
cd /Users/admin/builder/spi-builder-workspace/.swiftpm/xcode
builtin-create-build-directory /Users/admin/builder/spi-builder-workspace/.derivedData/Build/Intermediates.noindex/PrecompiledHeaders
CreateBuildDirectory /Users/admin/builder/spi-builder-workspace/.derivedData/Build/Intermediates.noindex/ExplicitPrecompiledModules
cd /Users/admin/builder/spi-builder-workspace/.swiftpm/xcode
builtin-create-build-directory /Users/admin/builder/spi-builder-workspace/.derivedData/Build/Intermediates.noindex/ExplicitPrecompiledModules
CreateBuildDirectory /Users/admin/builder/spi-builder-workspace/.derivedData/Build/Intermediates.noindex/EagerLinkingTBDs/Debug-appletvos
cd /Users/admin/builder/spi-builder-workspace/.swiftpm/xcode
builtin-create-build-directory /Users/admin/builder/spi-builder-workspace/.derivedData/Build/Intermediates.noindex/EagerLinkingTBDs/Debug-appletvos
CreateBuildDirectory /Users/admin/builder/spi-builder-workspace/.derivedData/Build/Products/Debug-appletvos
cd /Users/admin/builder/spi-builder-workspace/.swiftpm/xcode
builtin-create-build-directory /Users/admin/builder/spi-builder-workspace/.derivedData/Build/Products/Debug-appletvos
CreateBuildDirectory /Users/admin/builder/spi-builder-workspace/.derivedData/Build/Products/Debug-appletvos/PackageFrameworks
cd /Users/admin/builder/spi-builder-workspace/.swiftpm/xcode
builtin-create-build-directory /Users/admin/builder/spi-builder-workspace/.derivedData/Build/Products/Debug-appletvos/PackageFrameworks
WriteAuxiliaryFile /Users/admin/builder/spi-builder-workspace/.derivedData/Build/Intermediates.noindex/VIViewInvalidating.build/Debug-appletvos/VIViewInvalidating-t.build/VIViewInvalidating.modulemap (in target 'VIViewInvalidating' from project 'VIViewInvalidating')
cd /Users/admin/builder/spi-builder-workspace/.dependencies/checkouts/VIViewInvalidating
write-file /Users/admin/builder/spi-builder-workspace/.derivedData/Build/Intermediates.noindex/VIViewInvalidating.build/Debug-appletvos/VIViewInvalidating-t.build/VIViewInvalidating.modulemap
WriteAuxiliaryFile /Users/admin/builder/spi-builder-workspace/.derivedData/Build/Intermediates.noindex/VIViewInvalidating.build/Debug-appletvos/VIViewInvalidating-t.build/VIViewInvalidating.DependencyMetadataFileList (in target 'VIViewInvalidating' from project 'VIViewInvalidating')
cd /Users/admin/builder/spi-builder-workspace/.dependencies/checkouts/VIViewInvalidating
write-file /Users/admin/builder/spi-builder-workspace/.derivedData/Build/Intermediates.noindex/VIViewInvalidating.build/Debug-appletvos/VIViewInvalidating-t.build/VIViewInvalidating.DependencyMetadataFileList
WriteAuxiliaryFile /Users/admin/builder/spi-builder-workspace/.derivedData/Build/Intermediates.noindex/VIViewInvalidating.build/Debug-appletvos/VIViewInvalidating-t.build/VIViewInvalidating.DependencyStaticMetadataFileList (in target 'VIViewInvalidating' from project 'VIViewInvalidating')
cd /Users/admin/builder/spi-builder-workspace/.dependencies/checkouts/VIViewInvalidating
write-file /Users/admin/builder/spi-builder-workspace/.derivedData/Build/Intermediates.noindex/VIViewInvalidating.build/Debug-appletvos/VIViewInvalidating-t.build/VIViewInvalidating.DependencyStaticMetadataFileList
WriteAuxiliaryFile /Users/admin/builder/spi-builder-workspace/.derivedData/Build/Intermediates.noindex/VIViewInvalidating.build/Debug-appletvos/VIViewInvalidating-t.build/Objects-normal/arm64/VIViewInvalidating.SwiftConstValuesFileList (in target 'VIViewInvalidating' from project 'VIViewInvalidating')
cd /Users/admin/builder/spi-builder-workspace/.dependencies/checkouts/VIViewInvalidating
write-file /Users/admin/builder/spi-builder-workspace/.derivedData/Build/Intermediates.noindex/VIViewInvalidating.build/Debug-appletvos/VIViewInvalidating-t.build/Objects-normal/arm64/VIViewInvalidating.SwiftConstValuesFileList
WriteAuxiliaryFile /Users/admin/builder/spi-builder-workspace/.derivedData/Build/Intermediates.noindex/VIViewInvalidating.build/Debug-appletvos/VIViewInvalidating-t.build/Objects-normal/arm64/VIViewInvalidating_const_extract_protocols.json (in target 'VIViewInvalidating' from project 'VIViewInvalidating')
cd /Users/admin/builder/spi-builder-workspace/.dependencies/checkouts/VIViewInvalidating
write-file /Users/admin/builder/spi-builder-workspace/.derivedData/Build/Intermediates.noindex/VIViewInvalidating.build/Debug-appletvos/VIViewInvalidating-t.build/Objects-normal/arm64/VIViewInvalidating_const_extract_protocols.json
WriteAuxiliaryFile /Users/admin/builder/spi-builder-workspace/.derivedData/Build/Intermediates.noindex/VIViewInvalidating.build/Debug-appletvos/VIViewInvalidating-t.build/Objects-normal/arm64/VIViewInvalidating-OutputFileMap.json (in target 'VIViewInvalidating' from project 'VIViewInvalidating')
cd /Users/admin/builder/spi-builder-workspace/.dependencies/checkouts/VIViewInvalidating
write-file /Users/admin/builder/spi-builder-workspace/.derivedData/Build/Intermediates.noindex/VIViewInvalidating.build/Debug-appletvos/VIViewInvalidating-t.build/Objects-normal/arm64/VIViewInvalidating-OutputFileMap.json
WriteAuxiliaryFile /Users/admin/builder/spi-builder-workspace/.derivedData/Build/Intermediates.noindex/VIViewInvalidating.build/Debug-appletvos/VIViewInvalidating-t.build/Objects-normal/arm64/VIViewInvalidating.LinkFileList (in target 'VIViewInvalidating' from project 'VIViewInvalidating')
cd /Users/admin/builder/spi-builder-workspace/.dependencies/checkouts/VIViewInvalidating
write-file /Users/admin/builder/spi-builder-workspace/.derivedData/Build/Intermediates.noindex/VIViewInvalidating.build/Debug-appletvos/VIViewInvalidating-t.build/Objects-normal/arm64/VIViewInvalidating.LinkFileList
WriteAuxiliaryFile /Users/admin/builder/spi-builder-workspace/.derivedData/Build/Intermediates.noindex/VIViewInvalidating.build/Debug-appletvos/VIViewInvalidating-t.build/Objects-normal/arm64/VIViewInvalidating.SwiftFileList (in target 'VIViewInvalidating' from project 'VIViewInvalidating')
cd /Users/admin/builder/spi-builder-workspace/.dependencies/checkouts/VIViewInvalidating
write-file /Users/admin/builder/spi-builder-workspace/.derivedData/Build/Intermediates.noindex/VIViewInvalidating.build/Debug-appletvos/VIViewInvalidating-t.build/Objects-normal/arm64/VIViewInvalidating.SwiftFileList
WriteAuxiliaryFile /Users/admin/builder/spi-builder-workspace/.derivedData/Build/Intermediates.noindex/DSFPasscodeView.build/Debug-appletvos/DSFPasscodeView-t.build/Objects-normal/arm64/DSFPasscodeView_const_extract_protocols.json (in target 'DSFPasscodeView' from project 'DSFPasscodeView')
cd /Users/admin/builder/spi-builder-workspace
write-file /Users/admin/builder/spi-builder-workspace/.derivedData/Build/Intermediates.noindex/DSFPasscodeView.build/Debug-appletvos/DSFPasscodeView-t.build/Objects-normal/arm64/DSFPasscodeView_const_extract_protocols.json
WriteAuxiliaryFile /Users/admin/builder/spi-builder-workspace/.derivedData/Build/Intermediates.noindex/DSFPasscodeView.build/Debug-appletvos/DSFPasscodeView-t.build/Objects-normal/arm64/DSFPasscodeView.SwiftFileList (in target 'DSFPasscodeView' from project 'DSFPasscodeView')
cd /Users/admin/builder/spi-builder-workspace
write-file /Users/admin/builder/spi-builder-workspace/.derivedData/Build/Intermediates.noindex/DSFPasscodeView.build/Debug-appletvos/DSFPasscodeView-t.build/Objects-normal/arm64/DSFPasscodeView.SwiftFileList
WriteAuxiliaryFile /Users/admin/builder/spi-builder-workspace/.derivedData/Build/Intermediates.noindex/DSFPasscodeView.build/Debug-appletvos/DSFPasscodeView-t.build/Objects-normal/arm64/DSFPasscodeView.SwiftConstValuesFileList (in target 'DSFPasscodeView' from project 'DSFPasscodeView')
cd /Users/admin/builder/spi-builder-workspace
write-file /Users/admin/builder/spi-builder-workspace/.derivedData/Build/Intermediates.noindex/DSFPasscodeView.build/Debug-appletvos/DSFPasscodeView-t.build/Objects-normal/arm64/DSFPasscodeView.SwiftConstValuesFileList
WriteAuxiliaryFile /Users/admin/builder/spi-builder-workspace/.derivedData/Build/Intermediates.noindex/DSFPasscodeView.build/Debug-appletvos/DSFPasscodeView-t.build/Objects-normal/arm64/DSFPasscodeView.LinkFileList (in target 'DSFPasscodeView' from project 'DSFPasscodeView')
cd /Users/admin/builder/spi-builder-workspace
write-file /Users/admin/builder/spi-builder-workspace/.derivedData/Build/Intermediates.noindex/DSFPasscodeView.build/Debug-appletvos/DSFPasscodeView-t.build/Objects-normal/arm64/DSFPasscodeView.LinkFileList
WriteAuxiliaryFile /Users/admin/builder/spi-builder-workspace/.derivedData/Build/Intermediates.noindex/DSFPasscodeView.build/Debug-appletvos/DSFPasscodeView-t.build/Objects-normal/arm64/DSFPasscodeView-OutputFileMap.json (in target 'DSFPasscodeView' from project 'DSFPasscodeView')
cd /Users/admin/builder/spi-builder-workspace
write-file /Users/admin/builder/spi-builder-workspace/.derivedData/Build/Intermediates.noindex/DSFPasscodeView.build/Debug-appletvos/DSFPasscodeView-t.build/Objects-normal/arm64/DSFPasscodeView-OutputFileMap.json
WriteAuxiliaryFile /Users/admin/builder/spi-builder-workspace/.derivedData/Build/Intermediates.noindex/DSFPasscodeView.build/Debug-appletvos/DSFPasscodeView-t.build/DSFPasscodeView.modulemap (in target 'DSFPasscodeView' from project 'DSFPasscodeView')
cd /Users/admin/builder/spi-builder-workspace
write-file /Users/admin/builder/spi-builder-workspace/.derivedData/Build/Intermediates.noindex/DSFPasscodeView.build/Debug-appletvos/DSFPasscodeView-t.build/DSFPasscodeView.modulemap
Copy /Users/admin/builder/spi-builder-workspace/.derivedData/Build/Intermediates.noindex/GeneratedModuleMaps-appletvos/VIViewInvalidating.modulemap /Users/admin/builder/spi-builder-workspace/.derivedData/Build/Intermediates.noindex/VIViewInvalidating.build/Debug-appletvos/VIViewInvalidating-t.build/VIViewInvalidating.modulemap (in target 'VIViewInvalidating' from project 'VIViewInvalidating')
cd /Users/admin/builder/spi-builder-workspace/.dependencies/checkouts/VIViewInvalidating
builtin-copy -exclude .DS_Store -exclude CVS -exclude .svn -exclude .git -exclude .hg -resolve-src-symlinks /Users/admin/builder/spi-builder-workspace/.derivedData/Build/Intermediates.noindex/VIViewInvalidating.build/Debug-appletvos/VIViewInvalidating-t.build/VIViewInvalidating.modulemap /Users/admin/builder/spi-builder-workspace/.derivedData/Build/Intermediates.noindex/GeneratedModuleMaps-appletvos
WriteAuxiliaryFile /Users/admin/builder/spi-builder-workspace/.derivedData/Build/Intermediates.noindex/DSFPasscodeView.build/Debug-appletvos/DSFPasscodeView-t.build/DSFPasscodeView.DependencyStaticMetadataFileList (in target 'DSFPasscodeView' from project 'DSFPasscodeView')
cd /Users/admin/builder/spi-builder-workspace
write-file /Users/admin/builder/spi-builder-workspace/.derivedData/Build/Intermediates.noindex/DSFPasscodeView.build/Debug-appletvos/DSFPasscodeView-t.build/DSFPasscodeView.DependencyStaticMetadataFileList
WriteAuxiliaryFile /Users/admin/builder/spi-builder-workspace/.derivedData/Build/Intermediates.noindex/DSFPasscodeView.build/Debug-appletvos/DSFPasscodeView-t.build/DSFPasscodeView.DependencyMetadataFileList (in target 'DSFPasscodeView' from project 'DSFPasscodeView')
cd /Users/admin/builder/spi-builder-workspace
write-file /Users/admin/builder/spi-builder-workspace/.derivedData/Build/Intermediates.noindex/DSFPasscodeView.build/Debug-appletvos/DSFPasscodeView-t.build/DSFPasscodeView.DependencyMetadataFileList
WriteAuxiliaryFile /Users/admin/builder/spi-builder-workspace/.derivedData/Build/Intermediates.noindex/DSFAppearanceManager.build/Debug-appletvos/DSFAppearanceManager_DSFAppearanceManager-b.build/DSFAppearanceManager_DSFAppearanceManager.DependencyStaticMetadataFileList (in target 'DSFAppearanceManager_DSFAppearanceManager' from project 'DSFAppearanceManager')
cd /Users/admin/builder/spi-builder-workspace/.dependencies/checkouts/DSFAppearanceManager
write-file /Users/admin/builder/spi-builder-workspace/.derivedData/Build/Intermediates.noindex/DSFAppearanceManager.build/Debug-appletvos/DSFAppearanceManager_DSFAppearanceManager-b.build/DSFAppearanceManager_DSFAppearanceManager.DependencyStaticMetadataFileList
WriteAuxiliaryFile /Users/admin/builder/spi-builder-workspace/.derivedData/Build/Intermediates.noindex/DSFAppearanceManager.build/Debug-appletvos/DSFAppearanceManager_DSFAppearanceManager-b.build/empty-DSFAppearanceManager_DSFAppearanceManager.plist (in target 'DSFAppearanceManager_DSFAppearanceManager' from project 'DSFAppearanceManager')
cd /Users/admin/builder/spi-builder-workspace/.dependencies/checkouts/DSFAppearanceManager
write-file /Users/admin/builder/spi-builder-workspace/.derivedData/Build/Intermediates.noindex/DSFAppearanceManager.build/Debug-appletvos/DSFAppearanceManager_DSFAppearanceManager-b.build/empty-DSFAppearanceManager_DSFAppearanceManager.plist
WriteAuxiliaryFile /Users/admin/builder/spi-builder-workspace/.derivedData/Build/Intermediates.noindex/DSFAppearanceManager.build/Debug-appletvos/DSFAppearanceManager_DSFAppearanceManager-b.build/DSFAppearanceManager_DSFAppearanceManager.DependencyMetadataFileList (in target 'DSFAppearanceManager_DSFAppearanceManager' from project 'DSFAppearanceManager')
cd /Users/admin/builder/spi-builder-workspace/.dependencies/checkouts/DSFAppearanceManager
write-file /Users/admin/builder/spi-builder-workspace/.derivedData/Build/Intermediates.noindex/DSFAppearanceManager.build/Debug-appletvos/DSFAppearanceManager_DSFAppearanceManager-b.build/DSFAppearanceManager_DSFAppearanceManager.DependencyMetadataFileList
WriteAuxiliaryFile /Users/admin/builder/spi-builder-workspace/.derivedData/Build/Intermediates.noindex/DSFAppearanceManager.build/Debug-appletvos/DSFAppearanceManager-t.build/Objects-normal/arm64/DSFAppearanceManager_const_extract_protocols.json (in target 'DSFAppearanceManager' from project 'DSFAppearanceManager')
cd /Users/admin/builder/spi-builder-workspace/.dependencies/checkouts/DSFAppearanceManager
write-file /Users/admin/builder/spi-builder-workspace/.derivedData/Build/Intermediates.noindex/DSFAppearanceManager.build/Debug-appletvos/DSFAppearanceManager-t.build/Objects-normal/arm64/DSFAppearanceManager_const_extract_protocols.json
WriteAuxiliaryFile /Users/admin/builder/spi-builder-workspace/.derivedData/Build/Intermediates.noindex/DSFAppearanceManager.build/Debug-appletvos/DSFAppearanceManager-t.build/Objects-normal/arm64/DSFAppearanceManager.SwiftFileList (in target 'DSFAppearanceManager' from project 'DSFAppearanceManager')
cd /Users/admin/builder/spi-builder-workspace/.dependencies/checkouts/DSFAppearanceManager
write-file /Users/admin/builder/spi-builder-workspace/.derivedData/Build/Intermediates.noindex/DSFAppearanceManager.build/Debug-appletvos/DSFAppearanceManager-t.build/Objects-normal/arm64/DSFAppearanceManager.SwiftFileList
WriteAuxiliaryFile /Users/admin/builder/spi-builder-workspace/.derivedData/Build/Intermediates.noindex/DSFAppearanceManager.build/Debug-appletvos/DSFAppearanceManager-t.build/Objects-normal/arm64/DSFAppearanceManager.SwiftConstValuesFileList (in target 'DSFAppearanceManager' from project 'DSFAppearanceManager')
cd /Users/admin/builder/spi-builder-workspace/.dependencies/checkouts/DSFAppearanceManager
write-file /Users/admin/builder/spi-builder-workspace/.derivedData/Build/Intermediates.noindex/DSFAppearanceManager.build/Debug-appletvos/DSFAppearanceManager-t.build/Objects-normal/arm64/DSFAppearanceManager.SwiftConstValuesFileList
Copy /Users/admin/builder/spi-builder-workspace/.derivedData/Build/Intermediates.noindex/GeneratedModuleMaps-appletvos/DSFPasscodeView.modulemap /Users/admin/builder/spi-builder-workspace/.derivedData/Build/Intermediates.noindex/DSFPasscodeView.build/Debug-appletvos/DSFPasscodeView-t.build/DSFPasscodeView.modulemap (in target 'DSFPasscodeView' from project 'DSFPasscodeView')
cd /Users/admin/builder/spi-builder-workspace
builtin-copy -exclude .DS_Store -exclude CVS -exclude .svn -exclude .git -exclude .hg -resolve-src-symlinks /Users/admin/builder/spi-builder-workspace/.derivedData/Build/Intermediates.noindex/DSFPasscodeView.build/Debug-appletvos/DSFPasscodeView-t.build/DSFPasscodeView.modulemap /Users/admin/builder/spi-builder-workspace/.derivedData/Build/Intermediates.noindex/GeneratedModuleMaps-appletvos
WriteAuxiliaryFile /Users/admin/builder/spi-builder-workspace/.derivedData/Build/Intermediates.noindex/DSFAppearanceManager.build/Debug-appletvos/DSFAppearanceManager-t.build/Objects-normal/arm64/DSFAppearanceManager.LinkFileList (in target 'DSFAppearanceManager' from project 'DSFAppearanceManager')
cd /Users/admin/builder/spi-builder-workspace/.dependencies/checkouts/DSFAppearanceManager
write-file /Users/admin/builder/spi-builder-workspace/.derivedData/Build/Intermediates.noindex/DSFAppearanceManager.build/Debug-appletvos/DSFAppearanceManager-t.build/Objects-normal/arm64/DSFAppearanceManager.LinkFileList
WriteAuxiliaryFile /Users/admin/builder/spi-builder-workspace/.derivedData/Build/Intermediates.noindex/DSFAppearanceManager.build/Debug-appletvos/DSFAppearanceManager-t.build/Objects-normal/arm64/DSFAppearanceManager-OutputFileMap.json (in target 'DSFAppearanceManager' from project 'DSFAppearanceManager')
cd /Users/admin/builder/spi-builder-workspace/.dependencies/checkouts/DSFAppearanceManager
write-file /Users/admin/builder/spi-builder-workspace/.derivedData/Build/Intermediates.noindex/DSFAppearanceManager.build/Debug-appletvos/DSFAppearanceManager-t.build/Objects-normal/arm64/DSFAppearanceManager-OutputFileMap.json
WriteAuxiliaryFile /Users/admin/builder/spi-builder-workspace/.derivedData/Build/Intermediates.noindex/DSFAppearanceManager.build/Debug-appletvos/DSFAppearanceManager-t.build/DerivedSources/resource_bundle_accessor.swift (in target 'DSFAppearanceManager' from project 'DSFAppearanceManager')
cd /Users/admin/builder/spi-builder-workspace/.dependencies/checkouts/DSFAppearanceManager
write-file /Users/admin/builder/spi-builder-workspace/.derivedData/Build/Intermediates.noindex/DSFAppearanceManager.build/Debug-appletvos/DSFAppearanceManager-t.build/DerivedSources/resource_bundle_accessor.swift
WriteAuxiliaryFile /Users/admin/builder/spi-builder-workspace/.derivedData/Build/Intermediates.noindex/DSFAppearanceManager.build/Debug-appletvos/DSFAppearanceManager-t.build/DSFAppearanceManager.modulemap (in target 'DSFAppearanceManager' from project 'DSFAppearanceManager')
cd /Users/admin/builder/spi-builder-workspace/.dependencies/checkouts/DSFAppearanceManager
write-file /Users/admin/builder/spi-builder-workspace/.derivedData/Build/Intermediates.noindex/DSFAppearanceManager.build/Debug-appletvos/DSFAppearanceManager-t.build/DSFAppearanceManager.modulemap
WriteAuxiliaryFile /Users/admin/builder/spi-builder-workspace/.derivedData/Build/Intermediates.noindex/DSFAppearanceManager.build/Debug-appletvos/DSFAppearanceManager-t.build/DSFAppearanceManager.DependencyStaticMetadataFileList (in target 'DSFAppearanceManager' from project 'DSFAppearanceManager')
cd /Users/admin/builder/spi-builder-workspace/.dependencies/checkouts/DSFAppearanceManager
write-file /Users/admin/builder/spi-builder-workspace/.derivedData/Build/Intermediates.noindex/DSFAppearanceManager.build/Debug-appletvos/DSFAppearanceManager-t.build/DSFAppearanceManager.DependencyStaticMetadataFileList
WriteAuxiliaryFile /Users/admin/builder/spi-builder-workspace/.derivedData/Build/Intermediates.noindex/DSFAppearanceManager.build/Debug-appletvos/DSFAppearanceManager-t.build/DSFAppearanceManager.DependencyMetadataFileList (in target 'DSFAppearanceManager' from project 'DSFAppearanceManager')
cd /Users/admin/builder/spi-builder-workspace/.dependencies/checkouts/DSFAppearanceManager
write-file /Users/admin/builder/spi-builder-workspace/.derivedData/Build/Intermediates.noindex/DSFAppearanceManager.build/Debug-appletvos/DSFAppearanceManager-t.build/DSFAppearanceManager.DependencyMetadataFileList
MkDir /Users/admin/builder/spi-builder-workspace/.derivedData/Build/Products/Debug-appletvos/DSFAppearanceManager_DSFAppearanceManager.bundle (in target 'DSFAppearanceManager_DSFAppearanceManager' from project 'DSFAppearanceManager')
cd /Users/admin/builder/spi-builder-workspace/.dependencies/checkouts/DSFAppearanceManager
/bin/mkdir -p /Users/admin/builder/spi-builder-workspace/.derivedData/Build/Products/Debug-appletvos/DSFAppearanceManager_DSFAppearanceManager.bundle
Copy /Users/admin/builder/spi-builder-workspace/.derivedData/Build/Intermediates.noindex/GeneratedModuleMaps-appletvos/DSFAppearanceManager.modulemap /Users/admin/builder/spi-builder-workspace/.derivedData/Build/Intermediates.noindex/DSFAppearanceManager.build/Debug-appletvos/DSFAppearanceManager-t.build/DSFAppearanceManager.modulemap (in target 'DSFAppearanceManager' from project 'DSFAppearanceManager')
cd /Users/admin/builder/spi-builder-workspace/.dependencies/checkouts/DSFAppearanceManager
builtin-copy -exclude .DS_Store -exclude CVS -exclude .svn -exclude .git -exclude .hg -resolve-src-symlinks /Users/admin/builder/spi-builder-workspace/.derivedData/Build/Intermediates.noindex/DSFAppearanceManager.build/Debug-appletvos/DSFAppearanceManager-t.build/DSFAppearanceManager.modulemap /Users/admin/builder/spi-builder-workspace/.derivedData/Build/Intermediates.noindex/GeneratedModuleMaps-appletvos
ProcessInfoPlistFile /Users/admin/builder/spi-builder-workspace/.derivedData/Build/Products/Debug-appletvos/DSFAppearanceManager_DSFAppearanceManager.bundle/Info.plist /Users/admin/builder/spi-builder-workspace/.derivedData/Build/Intermediates.noindex/DSFAppearanceManager.build/Debug-appletvos/DSFAppearanceManager_DSFAppearanceManager-b.build/empty-DSFAppearanceManager_DSFAppearanceManager.plist (in target 'DSFAppearanceManager_DSFAppearanceManager' from project 'DSFAppearanceManager')
cd /Users/admin/builder/spi-builder-workspace/.dependencies/checkouts/DSFAppearanceManager
builtin-infoPlistUtility /Users/admin/builder/spi-builder-workspace/.derivedData/Build/Intermediates.noindex/DSFAppearanceManager.build/Debug-appletvos/DSFAppearanceManager_DSFAppearanceManager-b.build/empty-DSFAppearanceManager_DSFAppearanceManager.plist -producttype com.apple.product-type.bundle -expandbuildsettings -format binary -platform appletvos -o /Users/admin/builder/spi-builder-workspace/.derivedData/Build/Products/Debug-appletvos/DSFAppearanceManager_DSFAppearanceManager.bundle/Info.plist
CpResource /Users/admin/builder/spi-builder-workspace/.derivedData/Build/Products/Debug-appletvos/DSFAppearanceManager_DSFAppearanceManager.bundle/PrivacyInfo.xcprivacy /Users/admin/builder/spi-builder-workspace/.dependencies/checkouts/DSFAppearanceManager/Sources/DSFAppearanceManager/PrivacyInfo.xcprivacy (in target 'DSFAppearanceManager_DSFAppearanceManager' from project 'DSFAppearanceManager')
cd /Users/admin/builder/spi-builder-workspace/.dependencies/checkouts/DSFAppearanceManager
builtin-copy -exclude .DS_Store -exclude CVS -exclude .svn -exclude .git -exclude .hg -resolve-src-symlinks /Users/admin/builder/spi-builder-workspace/.dependencies/checkouts/DSFAppearanceManager/Sources/DSFAppearanceManager/PrivacyInfo.xcprivacy /Users/admin/builder/spi-builder-workspace/.derivedData/Build/Products/Debug-appletvos/DSFAppearanceManager_DSFAppearanceManager.bundle
RegisterExecutionPolicyException /Users/admin/builder/spi-builder-workspace/.derivedData/Build/Products/Debug-appletvos/DSFAppearanceManager_DSFAppearanceManager.bundle (in target 'DSFAppearanceManager_DSFAppearanceManager' from project 'DSFAppearanceManager')
cd /Users/admin/builder/spi-builder-workspace/.dependencies/checkouts/DSFAppearanceManager
builtin-RegisterExecutionPolicyException /Users/admin/builder/spi-builder-workspace/.derivedData/Build/Products/Debug-appletvos/DSFAppearanceManager_DSFAppearanceManager.bundle
Touch /Users/admin/builder/spi-builder-workspace/.derivedData/Build/Products/Debug-appletvos/DSFAppearanceManager_DSFAppearanceManager.bundle (in target 'DSFAppearanceManager_DSFAppearanceManager' from project 'DSFAppearanceManager')
cd /Users/admin/builder/spi-builder-workspace/.dependencies/checkouts/DSFAppearanceManager
/usr/bin/touch -c /Users/admin/builder/spi-builder-workspace/.derivedData/Build/Products/Debug-appletvos/DSFAppearanceManager_DSFAppearanceManager.bundle
SwiftDriver DSFAppearanceManager normal arm64 com.apple.xcode.tools.swift.compiler (in target 'DSFAppearanceManager' from project 'DSFAppearanceManager')
cd /Users/admin/builder/spi-builder-workspace/.swiftpm/xcode
builtin-SwiftDriver -- /Applications/Xcode-27.0.0-Release.Candidate.app/Contents/Developer/Toolchains/XcodeDefault.xctoolchain/usr/bin/swiftc -parse-as-library -module-name DSFAppearanceManager -Onone @/Users/admin/builder/spi-builder-workspace/.derivedData/Build/Intermediates.noindex/DSFAppearanceManager.build/Debug-appletvos/DSFAppearanceManager-t.build/Objects-normal/arm64/DSFAppearanceManager.SwiftFileList -DSWIFT_PACKAGE -DDEBUG -DSWIFT_MODULE_RESOURCE_BUNDLE_AVAILABLE -DXcode -plugin-path /Applications/Xcode-27.0.0-Release.Candidate.app/Contents/Developer/Toolchains/XcodeDefault.xctoolchain/usr/lib/swift/host/plugins/testing -enable-experimental-feature DebugDescriptionMacro -sdk /Applications/Xcode-27.0.0-Release.Candidate.app/Contents/Developer/Platforms/AppleTVOS.platform/Developer/SDKs/AppleTVOS27.0.sdk -target arm64-apple-tvos15.0 -g -module-cache-path /Users/admin/builder/spi-builder-workspace/.derivedData/ModuleCache.noindex -Xfrontend -serialize-debugging-options -profile-coverage-mapping -profile-generate -enable-testing -suppress-warnings -index-store-path /Users/admin/builder/spi-builder-workspace/.derivedData/Index.noindex/DataStore -Xcc -D_LIBCPP_HARDENING_MODE\=_LIBCPP_HARDENING_MODE_DEBUG -swift-version 5 -I /Users/admin/builder/spi-builder-workspace/.derivedData/Build/Products/Debug-appletvos -Isystem /Applications/Xcode-27.0.0-Release.Candidate.app/Contents/Developer/Platforms/AppleTVOS.platform/Developer/usr/lib -F /Users/admin/builder/spi-builder-workspace/.derivedData/Build/Products/Debug-appletvos -F /Applications/Xcode-27.0.0-Release.Candidate.app/Contents/Developer/Platforms/AppleTVOS.platform/Developer/Library/Frameworks -F /Applications/Xcode-27.0.0-Release.Candidate.app/Contents/Developer/Platforms/AppleTVOS.platform/Developer/SDKs/AppleTVOS27.0.sdk/Developer/Library/Frameworks -c -j10 -enable-batch-mode -incremental -Xcc -ivfsstatcache -Xcc /Users/admin/builder/spi-builder-workspace/.derivedData/SDKStatCaches.noindex/appletvos27.0-24J360-e829b21a6f8c9b70876ba0858053c044b32bfd8d43560033f8d89884cdb90028.sdkstatcache -output-file-map /Users/admin/builder/spi-builder-workspace/.derivedData/Build/Intermediates.noindex/DSFAppearanceManager.build/Debug-appletvos/DSFAppearanceManager-t.build/Objects-normal/arm64/DSFAppearanceManager-OutputFileMap.json -save-temps -no-color-diagnostics -explicit-module-build -module-cache-path /Users/admin/builder/spi-builder-workspace/.derivedData/Build/Intermediates.noindex/SwiftExplicitPrecompiledModules -clang-scanner-module-cache-path /Users/admin/builder/spi-builder-workspace/.derivedData/ModuleCache.noindex -sdk-module-cache-path /Users/admin/builder/spi-builder-workspace/.derivedData/SDKExplicitPrecompiledModules -emit-dependencies -emit-module -emit-module-path /Users/admin/builder/spi-builder-workspace/.derivedData/Build/Intermediates.noindex/DSFAppearanceManager.build/Debug-appletvos/DSFAppearanceManager-t.build/Objects-normal/arm64/DSFAppearanceManager.swiftmodule -serialize-diagnostics -dependency-scan-serialize-diagnostics-path /Users/admin/builder/spi-builder-workspace/.derivedData/Build/Intermediates.noindex/DSFAppearanceManager.build/Debug-appletvos/DSFAppearanceManager-t.build/Objects-normal/arm64/DSFAppearanceManager-dependency-scan.dia -validate-clang-modules-once -clang-build-session-file /Users/admin/builder/spi-builder-workspace/.derivedData/ModuleCache.noindex/Session.modulevalidation -Xcc -fmodules-prune-interval\=86400 -Xcc -fmodules-prune-after\=345600 -emit-const-values -const-gather-protocols-list /Users/admin/builder/spi-builder-workspace/.derivedData/Build/Intermediates.noindex/DSFAppearanceManager.build/Debug-appletvos/DSFAppearanceManager-t.build/Objects-normal/arm64/DSFAppearanceManager_const_extract_protocols.json -Xcc -I/Users/admin/builder/spi-builder-workspace/.derivedData/Build/Products/Debug-appletvos/include -Xcc -I/Users/admin/builder/spi-builder-workspace/.derivedData/Build/Intermediates.noindex/DSFAppearanceManager.build/Debug-appletvos/DSFAppearanceManager-t.build/DerivedSources-normal/arm64 -Xcc -I/Users/admin/builder/spi-builder-workspace/.derivedData/Build/Intermediates.noindex/DSFAppearanceManager.build/Debug-appletvos/DSFAppearanceManager-t.build/DerivedSources/arm64 -Xcc -I/Users/admin/builder/spi-builder-workspace/.derivedData/Build/Intermediates.noindex/DSFAppearanceManager.build/Debug-appletvos/DSFAppearanceManager-t.build/DerivedSources -Xcc -DSWIFT_PACKAGE -Xcc -DDEBUG\=1 -emit-objc-header -emit-objc-header-path /Users/admin/builder/spi-builder-workspace/.derivedData/Build/Intermediates.noindex/DSFAppearanceManager.build/Debug-appletvos/DSFAppearanceManager-t.build/Objects-normal/arm64/DSFAppearanceManager-Swift.h -working-directory /Users/admin/builder/spi-builder-workspace/.swiftpm/xcode -experimental-emit-module-separately -disable-cmo
SwiftDriver VIViewInvalidating normal arm64 com.apple.xcode.tools.swift.compiler (in target 'VIViewInvalidating' from project 'VIViewInvalidating')
cd /Users/admin/builder/spi-builder-workspace/.swiftpm/xcode
builtin-SwiftDriver -- /Applications/Xcode-27.0.0-Release.Candidate.app/Contents/Developer/Toolchains/XcodeDefault.xctoolchain/usr/bin/swiftc -parse-as-library -module-name VIViewInvalidating -Onone @/Users/admin/builder/spi-builder-workspace/.derivedData/Build/Intermediates.noindex/VIViewInvalidating.build/Debug-appletvos/VIViewInvalidating-t.build/Objects-normal/arm64/VIViewInvalidating.SwiftFileList -DSWIFT_PACKAGE -DDEBUG -DSWIFT_MODULE_RESOURCE_BUNDLE_UNAVAILABLE -DXcode -plugin-path /Applications/Xcode-27.0.0-Release.Candidate.app/Contents/Developer/Toolchains/XcodeDefault.xctoolchain/usr/lib/swift/host/plugins/testing -enable-experimental-feature DebugDescriptionMacro -sdk /Applications/Xcode-27.0.0-Release.Candidate.app/Contents/Developer/Platforms/AppleTVOS.platform/Developer/SDKs/AppleTVOS27.0.sdk -target arm64-apple-tvos15.0 -g -module-cache-path /Users/admin/builder/spi-builder-workspace/.derivedData/ModuleCache.noindex -Xfrontend -serialize-debugging-options -profile-coverage-mapping -profile-generate -enable-testing -suppress-warnings -index-store-path /Users/admin/builder/spi-builder-workspace/.derivedData/Index.noindex/DataStore -Xcc -D_LIBCPP_HARDENING_MODE\=_LIBCPP_HARDENING_MODE_DEBUG -swift-version 5 -I /Users/admin/builder/spi-builder-workspace/.derivedData/Build/Products/Debug-appletvos -Isystem /Applications/Xcode-27.0.0-Release.Candidate.app/Contents/Developer/Platforms/AppleTVOS.platform/Developer/usr/lib -F /Users/admin/builder/spi-builder-workspace/.derivedData/Build/Products/Debug-appletvos -F /Applications/Xcode-27.0.0-Release.Candidate.app/Contents/Developer/Platforms/AppleTVOS.platform/Developer/Library/Frameworks -F /Applications/Xcode-27.0.0-Release.Candidate.app/Contents/Developer/Platforms/AppleTVOS.platform/Developer/SDKs/AppleTVOS27.0.sdk/Developer/Library/Frameworks -c -j10 -enable-batch-mode -incremental -Xcc -ivfsstatcache -Xcc /Users/admin/builder/spi-builder-workspace/.derivedData/SDKStatCaches.noindex/appletvos27.0-24J360-e829b21a6f8c9b70876ba0858053c044b32bfd8d43560033f8d89884cdb90028.sdkstatcache -output-file-map /Users/admin/builder/spi-builder-workspace/.derivedData/Build/Intermediates.noindex/VIViewInvalidating.build/Debug-appletvos/VIViewInvalidating-t.build/Objects-normal/arm64/VIViewInvalidating-OutputFileMap.json -save-temps -no-color-diagnostics -explicit-module-build -module-cache-path /Users/admin/builder/spi-builder-workspace/.derivedData/Build/Intermediates.noindex/SwiftExplicitPrecompiledModules -clang-scanner-module-cache-path /Users/admin/builder/spi-builder-workspace/.derivedData/ModuleCache.noindex -sdk-module-cache-path /Users/admin/builder/spi-builder-workspace/.derivedData/SDKExplicitPrecompiledModules -emit-dependencies -emit-module -emit-module-path /Users/admin/builder/spi-builder-workspace/.derivedData/Build/Intermediates.noindex/VIViewInvalidating.build/Debug-appletvos/VIViewInvalidating-t.build/Objects-normal/arm64/VIViewInvalidating.swiftmodule -serialize-diagnostics -dependency-scan-serialize-diagnostics-path /Users/admin/builder/spi-builder-workspace/.derivedData/Build/Intermediates.noindex/VIViewInvalidating.build/Debug-appletvos/VIViewInvalidating-t.build/Objects-normal/arm64/VIViewInvalidating-dependency-scan.dia -validate-clang-modules-once -clang-build-session-file /Users/admin/builder/spi-builder-workspace/.derivedData/ModuleCache.noindex/Session.modulevalidation -Xcc -fmodules-prune-interval\=86400 -Xcc -fmodules-prune-after\=345600 -emit-const-values -const-gather-protocols-list /Users/admin/builder/spi-builder-workspace/.derivedData/Build/Intermediates.noindex/VIViewInvalidating.build/Debug-appletvos/VIViewInvalidating-t.build/Objects-normal/arm64/VIViewInvalidating_const_extract_protocols.json -Xcc -I/Users/admin/builder/spi-builder-workspace/.derivedData/Build/Products/Debug-appletvos/include -Xcc -I/Users/admin/builder/spi-builder-workspace/.derivedData/Build/Intermediates.noindex/VIViewInvalidating.build/Debug-appletvos/VIViewInvalidating-t.build/DerivedSources-normal/arm64 -Xcc -I/Users/admin/builder/spi-builder-workspace/.derivedData/Build/Intermediates.noindex/VIViewInvalidating.build/Debug-appletvos/VIViewInvalidating-t.build/DerivedSources/arm64 -Xcc -I/Users/admin/builder/spi-builder-workspace/.derivedData/Build/Intermediates.noindex/VIViewInvalidating.build/Debug-appletvos/VIViewInvalidating-t.build/DerivedSources -Xcc -DSWIFT_PACKAGE -Xcc -DDEBUG\=1 -emit-objc-header -emit-objc-header-path /Users/admin/builder/spi-builder-workspace/.derivedData/Build/Intermediates.noindex/VIViewInvalidating.build/Debug-appletvos/VIViewInvalidating-t.build/Objects-normal/arm64/VIViewInvalidating-Swift.h -working-directory /Users/admin/builder/spi-builder-workspace/.swiftpm/xcode -experimental-emit-module-separately -disable-cmo
SwiftExplicitDependencyGeneratePcm arm64 /Users/admin/builder/spi-builder-workspace/.derivedData/SDKExplicitPrecompiledModules/_Builtin_float-8ZJAYZ85YBOAOP52Y9H6IUNP3.pcm
SwiftExplicitDependencyGeneratePcm arm64 /Users/admin/builder/spi-builder-workspace/.derivedData/SDKExplicitPrecompiledModules/ptrauth-8X2KEPL7CTRPS40TUB9APHPK6.pcm
SwiftExplicitDependencyGeneratePcm arm64 /Users/admin/builder/spi-builder-workspace/.derivedData/SDKExplicitPrecompiledModules/_SwiftConcurrencyShims-BY5PD8KF1L5KF6F4Q69HE3TJ4.pcm
SwiftExplicitDependencyGeneratePcm arm64 /Users/admin/builder/spi-builder-workspace/.derivedData/SDKExplicitPrecompiledModules/_Builtin_stddef-9ZJZ6FDEZNKTZU8YLPMFT9RAQ.pcm
SwiftExplicitDependencyGeneratePcm arm64 /Users/admin/builder/spi-builder-workspace/.derivedData/SDKExplicitPrecompiledModules/_AvailabilityInternal-BV2EDDP0MI5QJDDPEEV4D9D3V.pcm
SwiftExplicitDependencyGeneratePcm arm64 /Users/admin/builder/spi-builder-workspace/.derivedData/SDKExplicitPrecompiledModules/SwiftShims-8N4EXJ4RUJTR8K9OO3CMOH1EP.pcm
SwiftExplicitDependencyGeneratePcm arm64 /Users/admin/builder/spi-builder-workspace/.derivedData/SDKExplicitPrecompiledModules/ptrcheck-2AZ6B5IBYD3RRRTFWN2ONASY3.pcm
SwiftExplicitDependencyGeneratePcm arm64 /Users/admin/builder/spi-builder-workspace/.derivedData/SDKExplicitPrecompiledModules/_Builtin_stdarg-BO2OCAUYVAXDRVQWQ8ISKGNUQ.pcm
SwiftExplicitDependencyGeneratePcm arm64 /Users/admin/builder/spi-builder-workspace/.derivedData/SDKExplicitPrecompiledModules/_Builtin_stdbool-AHRDH5EKLY6D04C5E42F3VCQI.pcm
SwiftExplicitDependencyGeneratePcm arm64 /Users/admin/builder/spi-builder-workspace/.derivedData/SDKExplicitPrecompiledModules/_DarwinFoundation1-JOTYMOA1YZCIJ2NON6FQ848O.pcm
SwiftExplicitDependencyGeneratePcm arm64 /Users/admin/builder/spi-builder-workspace/.derivedData/SDKExplicitPrecompiledModules/_Builtin_limits-7JU2HP127LIT1X9E2V3D8WZ1.pcm
SwiftExplicitDependencyGeneratePcm arm64 /Users/admin/builder/spi-builder-workspace/.derivedData/SDKExplicitPrecompiledModules/_DarwinFoundation2-AOGAN1O02NKXRJN5V73AV3V3M.pcm
SwiftExplicitDependencyGeneratePcm arm64 /Users/admin/builder/spi-builder-workspace/.derivedData/SDKExplicitPrecompiledModules/sys_types-8GCAV1YMG5UUGHUID3CA20TCH.pcm
SwiftExplicitDependencyGeneratePcm arm64 /Users/admin/builder/spi-builder-workspace/.derivedData/SDKExplicitPrecompiledModules/string_h-6EVHP7A717OUS5DMC78F79HWO.pcm
SwiftExplicitDependencyGeneratePcm arm64 /Users/admin/builder/spi-builder-workspace/.derivedData/SDKExplicitPrecompiledModules/_Builtin_stdint-6NFTB6IBKS143IVPGT1EKB7HO.pcm
SwiftExplicitDependencyGeneratePcm arm64 /Users/admin/builder/spi-builder-workspace/.derivedData/SDKExplicitPrecompiledModules/_Builtin_tgmath-7ULT1EUHDHW4OZPSTT33H6QGE.pcm
SwiftExplicitDependencyGeneratePcm arm64 /Users/admin/builder/spi-builder-workspace/.derivedData/SDKExplicitPrecompiledModules/DeveloperToolsSupport-B1X8RI63V48AJRTH2RK6JAARV.pcm
SwiftExplicitDependencyGeneratePcm arm64 /Users/admin/builder/spi-builder-workspace/.derivedData/SDKExplicitPrecompiledModules/_Builtin_intrinsics-437O2R2NID4WAQVENR63GR82C.pcm
SwiftExplicitDependencyGeneratePcm arm64 /Users/admin/builder/spi-builder-workspace/.derivedData/SDKExplicitPrecompiledModules/_DarwinFoundation3-8SR3855WDFHQPR6G9GHOI2C07.pcm
SwiftExplicitDependencyGeneratePcm arm64 /Users/admin/builder/spi-builder-workspace/.derivedData/SDKExplicitPrecompiledModules/_Builtin_stdatomic-3YXHN678NGYM3NL9POJ2HVEIF.pcm
SwiftExplicitDependencyGeneratePcm arm64 /Users/admin/builder/spi-builder-workspace/.derivedData/SDKExplicitPrecompiledModules/_Builtin_inttypes-6X1IQ3QK9KEVKXOK9Y79EW7J3.pcm
SwiftExplicitDependencyGeneratePcm arm64 /Users/admin/builder/spi-builder-workspace/.derivedData/SDKExplicitPrecompiledModules/Darwin-DBSQAVBBPC3D2OMU5ZI2RXMST.pcm
SwiftExplicitDependencyGeneratePcm arm64 /Users/admin/builder/spi-builder-workspace/.derivedData/SDKExplicitPrecompiledModules/simd-117QUXEUT3Z7UQCUYWV2UA228.pcm
SwiftExplicitDependencyGeneratePcm arm64 /Users/admin/builder/spi-builder-workspace/.derivedData/SDKExplicitPrecompiledModules/MachO-EH3F5PJCIZG05NO51CEFSZYPW.pcm
SwiftExplicitDependencyGeneratePcm arm64 /Users/admin/builder/spi-builder-workspace/.derivedData/SDKExplicitPrecompiledModules/ObjectiveC-5250FDCE56N8508OR6XUYDKZM.pcm
SwiftExplicitDependencyGeneratePcm arm64 /Users/admin/builder/spi-builder-workspace/.derivedData/SDKExplicitPrecompiledModules/os_object-E2DGZ0SX0TULQHULZRPO6OKNW.pcm
SwiftExplicitDependencyGeneratePcm arm64 /Users/admin/builder/spi-builder-workspace/.derivedData/SDKExplicitPrecompiledModules/os_workgroup-DBUFF7811DKMX7VPBOJPGGF1U.pcm
SwiftExplicitDependencyGeneratePcm arm64 /Users/admin/builder/spi-builder-workspace/.derivedData/SDKExplicitPrecompiledModules/Spatial-7U8NLEFXSB8BR7PJQGVMF5A4Q.pcm
SwiftExplicitDependencyGeneratePcm arm64 /Users/admin/builder/spi-builder-workspace/.derivedData/SDKExplicitPrecompiledModules/Dispatch-1QL58A0V50C39KVAIC6C38SHL.pcm
SwiftExplicitDependencyGeneratePcm arm64 /Users/admin/builder/spi-builder-workspace/.derivedData/SDKExplicitPrecompiledModules/XPC-6O2DJFT3QUJ7QKTD3SNUB6PCR.pcm
SwiftExplicitDependencyGeneratePcm arm64 /Users/admin/builder/spi-builder-workspace/.derivedData/SDKExplicitPrecompiledModules/CoreFoundation-7TPJ7ENDC4L1A1ESHYI9TXS0D.pcm
SwiftExplicitDependencyGeneratePcm arm64 /Users/admin/builder/spi-builder-workspace/.derivedData/SDKExplicitPrecompiledModules/os-3GJI8H0BNAEZPQPQ1V0VVY3FY.pcm
SwiftExplicitDependencyGeneratePcm arm64 /Users/admin/builder/spi-builder-workspace/.derivedData/SDKExplicitPrecompiledModules/CoreGraphics-CWSP3J98S2658BYCVL6RP99T3.pcm
SwiftExplicitDependencyGeneratePcm arm64 /Users/admin/builder/spi-builder-workspace/.derivedData/SDKExplicitPrecompiledModules/Security-8VMXEKVDA3MHUH9AOTP905DID.pcm
SwiftExplicitDependencyGeneratePcm arm64 /Users/admin/builder/spi-builder-workspace/.derivedData/SDKExplicitPrecompiledModules/CFNetwork-2CUR2VK9S3S3WPFXPNXNUWYGN.pcm
SwiftExplicitDependencyGeneratePcm arm64 /Users/admin/builder/spi-builder-workspace/.derivedData/SDKExplicitPrecompiledModules/Foundation-BSSIP64DIGUKMAYJOG1WPQ78X.pcm
SwiftExplicitDependencyGeneratePcm arm64 /Users/admin/builder/spi-builder-workspace/.derivedData/SDKExplicitPrecompiledModules/CoreText-59NY7PABM0I4V978161FOC04A.pcm
SwiftExplicitDependencyGeneratePcm arm64 /Users/admin/builder/spi-builder-workspace/.derivedData/SDKExplicitPrecompiledModules/ImageIO-88D4CLEBD4CLWQKT78PZ6H1O8.pcm
SwiftExplicitDependencyGeneratePcm arm64 /Users/admin/builder/spi-builder-workspace/.derivedData/SDKExplicitPrecompiledModules/UIUtilities-6ZFJ1AK4H8IBGEBMYQBWGBYLK.pcm
SwiftExplicitDependencyGeneratePcm arm64 /Users/admin/builder/spi-builder-workspace/.derivedData/SDKExplicitPrecompiledModules/UniformTypeIdentifiers-95CC8U42ZA9STP5K6GP9ZVJS5.pcm
SwiftExplicitDependencyGeneratePcm arm64 /Users/admin/builder/spi-builder-workspace/.derivedData/SDKExplicitPrecompiledModules/Accessibility-B6BODGZ4MQQTY0PBC4SHRP009.pcm
SwiftExplicitDependencyGeneratePcm arm64 /Users/admin/builder/spi-builder-workspace/.derivedData/SDKExplicitPrecompiledModules/Symbols-B5AU9VM9Y7NU79RLMH13Z4IFM.pcm
SwiftExplicitDependencyGeneratePcm arm64 /Users/admin/builder/spi-builder-workspace/.derivedData/SDKExplicitPrecompiledModules/CoreTransferable-7V4O8DATEQ9F7SDNTCW8YWLG3.pcm
SwiftExplicitDependencyGeneratePcm arm64 /Users/admin/builder/spi-builder-workspace/.derivedData/SDKExplicitPrecompiledModules/_LocationEssentials-ETSJ65FELPWR8WH8G49R1DF2E.pcm
SwiftExplicitDependencyGeneratePcm arm64 /Users/admin/builder/spi-builder-workspace/.derivedData/SDKExplicitPrecompiledModules/IOSurface-38FJ1CKX9FV2RD97O64Z7QB17.pcm
SwiftExplicitDependencyGeneratePcm arm64 /Users/admin/builder/spi-builder-workspace/.derivedData/SDKExplicitPrecompiledModules/DataDetection-37JIYZ2GWDA1L166PP1D9JKAF.pcm
SwiftExplicitDependencyGeneratePcm arm64 /Users/admin/builder/spi-builder-workspace/.derivedData/SDKExplicitPrecompiledModules/OSLog-7OT6HHTMY0ZFEQJ095LJZ6NLC.pcm
SwiftExplicitDependencyGeneratePcm arm64 /Users/admin/builder/spi-builder-workspace/.derivedData/SDKExplicitPrecompiledModules/UserNotifications-E9ZW5TH066WIJWH9080RC5NG4.pcm
SwiftEmitModule normal arm64 Emitting\ module\ for\ DSFAppearanceManager (in target 'DSFAppearanceManager' from project 'DSFAppearanceManager')
SwiftCompile normal arm64 (in target 'DSFAppearanceManager' from project 'DSFAppearanceManager')
cd /Users/admin/builder/spi-builder-workspace/.swiftpm/xcode
SwiftCompile normal arm64 Compiling\ DSFSimpleLock.swift /Users/admin/builder/spi-builder-workspace/.dependencies/checkouts/DSFAppearanceManager/Sources/DSFAppearanceManager/private/util/DSFSimpleLock.swift (in target 'DSFAppearanceManager' from project 'DSFAppearanceManager')
SwiftCompile normal arm64 /Users/admin/builder/spi-builder-workspace/.dependencies/checkouts/DSFAppearanceManager/Sources/DSFAppearanceManager/private/util/DSFSimpleLock.swift (in target 'DSFAppearanceManager' from project 'DSFAppearanceManager')
cd /Users/admin/builder/spi-builder-workspace/.swiftpm/xcode
builtin-SwiftPerFileCompile DSFSimpleLock.swift
SwiftCompile normal arm64 Compiling\ DSFDebounce.swift /Users/admin/builder/spi-builder-workspace/.dependencies/checkouts/DSFAppearanceManager/Sources/DSFAppearanceManager/private/util/DSFDebounce.swift (in target 'DSFAppearanceManager' from project 'DSFAppearanceManager')
SwiftCompile normal arm64 /Users/admin/builder/spi-builder-workspace/.dependencies/checkouts/DSFAppearanceManager/Sources/DSFAppearanceManager/private/util/DSFDebounce.swift (in target 'DSFAppearanceManager' from project 'DSFAppearanceManager')
cd /Users/admin/builder/spi-builder-workspace/.swiftpm/xcode
builtin-SwiftPerFileCompile DSFDebounce.swift
SwiftExplicitDependencyGeneratePcm arm64 /Users/admin/builder/spi-builder-workspace/.derivedData/SDKExplicitPrecompiledModules/CoreLocation-YVXXAOMVX0JH2KO1XTTKTY51.pcm
SwiftCompile normal arm64 Compiling\ DSFAppearanceManager.swift,\ NSView+Appearance.swift /Users/admin/builder/spi-builder-workspace/.dependencies/checkouts/DSFAppearanceManager/Sources/DSFAppearanceManager/DSFAppearanceManager.swift /Users/admin/builder/spi-builder-workspace/.dependencies/checkouts/DSFAppearanceManager/Sources/DSFAppearanceManager/NSView+Appearance.swift (in target 'DSFAppearanceManager' from project 'DSFAppearanceManager')
SwiftCompile normal arm64 /Users/admin/builder/spi-builder-workspace/.dependencies/checkouts/DSFAppearanceManager/Sources/DSFAppearanceManager/DSFAppearanceManager.swift (in target 'DSFAppearanceManager' from project 'DSFAppearanceManager')
cd /Users/admin/builder/spi-builder-workspace/.swiftpm/xcode
builtin-SwiftPerFileCompile DSFAppearanceManager.swift
SwiftCompile normal arm64 /Users/admin/builder/spi-builder-workspace/.dependencies/checkouts/DSFAppearanceManager/Sources/DSFAppearanceManager/NSView+Appearance.swift (in target 'DSFAppearanceManager' from project 'DSFAppearanceManager')
cd /Users/admin/builder/spi-builder-workspace/.swiftpm/xcode
builtin-SwiftPerFileCompile NSView+Appearance.swift
SwiftCompile normal arm64 Compiling\ NSWindow+Appearance.swift,\ AutoplayAnimatedImages.swift /Users/admin/builder/spi-builder-workspace/.dependencies/checkouts/DSFAppearanceManager/Sources/DSFAppearanceManager/NSWindow+Appearance.swift /Users/admin/builder/spi-builder-workspace/.dependencies/checkouts/DSFAppearanceManager/Sources/DSFAppearanceManager/private/AutoplayAnimatedImages.swift (in target 'DSFAppearanceManager' from project 'DSFAppearanceManager')
SwiftCompile normal arm64 /Users/admin/builder/spi-builder-workspace/.dependencies/checkouts/DSFAppearanceManager/Sources/DSFAppearanceManager/NSWindow+Appearance.swift (in target 'DSFAppearanceManager' from project 'DSFAppearanceManager')
cd /Users/admin/builder/spi-builder-workspace/.swiftpm/xcode
builtin-SwiftPerFileCompile NSWindow+Appearance.swift
SwiftCompile normal arm64 /Users/admin/builder/spi-builder-workspace/.dependencies/checkouts/DSFAppearanceManager/Sources/DSFAppearanceManager/private/AutoplayAnimatedImages.swift (in target 'DSFAppearanceManager' from project 'DSFAppearanceManager')
cd /Users/admin/builder/spi-builder-workspace/.swiftpm/xcode
builtin-SwiftPerFileCompile AutoplayAnimatedImages.swift
SwiftCompile normal arm64 Compiling\ resource_bundle_accessor.swift,\ DSFAppearanceCache.swift /Users/admin/builder/spi-builder-workspace/.derivedData/Build/Intermediates.noindex/DSFAppearanceManager.build/Debug-appletvos/DSFAppearanceManager-t.build/DerivedSources/resource_bundle_accessor.swift /Users/admin/builder/spi-builder-workspace/.dependencies/checkouts/DSFAppearanceManager/Sources/DSFAppearanceManager/DSFAppearanceCache.swift (in target 'DSFAppearanceManager' from project 'DSFAppearanceManager')
SwiftCompile normal arm64 /Users/admin/builder/spi-builder-workspace/.derivedData/Build/Intermediates.noindex/DSFAppearanceManager.build/Debug-appletvos/DSFAppearanceManager-t.build/DerivedSources/resource_bundle_accessor.swift (in target 'DSFAppearanceManager' from project 'DSFAppearanceManager')
cd /Users/admin/builder/spi-builder-workspace/.swiftpm/xcode
builtin-SwiftPerFileCompile resource_bundle_accessor.swift
SwiftCompile normal arm64 /Users/admin/builder/spi-builder-workspace/.dependencies/checkouts/DSFAppearanceManager/Sources/DSFAppearanceManager/DSFAppearanceCache.swift (in target 'DSFAppearanceManager' from project 'DSFAppearanceManager')
cd /Users/admin/builder/spi-builder-workspace/.swiftpm/xcode
builtin-SwiftPerFileCompile DSFAppearanceCache.swift
SwiftExplicitDependencyGeneratePcm arm64 /Users/admin/builder/spi-builder-workspace/.derivedData/SDKExplicitPrecompiledModules/OpenGLES-4NY99CNDU9WUNUYEIXSS1QFGE.pcm
SwiftExplicitDependencyGeneratePcm arm64 /Users/admin/builder/spi-builder-workspace/.derivedData/SDKExplicitPrecompiledModules/Metal-2KYBS7IML1SD788M91YV7Q0CC.pcm
SwiftCompile normal arm64 Compiling\ DSFAppearanceManager+ChangeDetector.swift,\ DSFAppearanceManager+Hardware.swift /Users/admin/builder/spi-builder-workspace/.dependencies/checkouts/DSFAppearanceManager/Sources/DSFAppearanceManager/DSFAppearanceManager+ChangeDetector.swift /Users/admin/builder/spi-builder-workspace/.dependencies/checkouts/DSFAppearanceManager/Sources/DSFAppearanceManager/DSFAppearanceManager+Hardware.swift (in target 'DSFAppearanceManager' from project 'DSFAppearanceManager')
SwiftCompile normal arm64 /Users/admin/builder/spi-builder-workspace/.dependencies/checkouts/DSFAppearanceManager/Sources/DSFAppearanceManager/DSFAppearanceManager+ChangeDetector.swift (in target 'DSFAppearanceManager' from project 'DSFAppearanceManager')
cd /Users/admin/builder/spi-builder-workspace/.swiftpm/xcode
builtin-SwiftPerFileCompile DSFAppearanceManager+ChangeDetector.swift
SwiftCompile normal arm64 /Users/admin/builder/spi-builder-workspace/.dependencies/checkouts/DSFAppearanceManager/Sources/DSFAppearanceManager/DSFAppearanceManager+Hardware.swift (in target 'DSFAppearanceManager' from project 'DSFAppearanceManager')
cd /Users/admin/builder/spi-builder-workspace/.swiftpm/xcode
builtin-SwiftPerFileCompile DSFAppearanceManager+Hardware.swift
SwiftCompile normal arm64 Compiling\ WeakBag.swift /Users/admin/builder/spi-builder-workspace/.dependencies/checkouts/DSFAppearanceManager/Sources/DSFAppearanceManager/private/weak/WeakBag.swift (in target 'DSFAppearanceManager' from project 'DSFAppearanceManager')
SwiftCompile normal arm64 /Users/admin/builder/spi-builder-workspace/.dependencies/checkouts/DSFAppearanceManager/Sources/DSFAppearanceManager/private/weak/WeakBag.swift (in target 'DSFAppearanceManager' from project 'DSFAppearanceManager')
cd /Users/admin/builder/spi-builder-workspace/.swiftpm/xcode
builtin-SwiftPerFileCompile WeakBag.swift
SwiftCompile normal arm64 Compiling\ DSFAppearanceManager+Listeners.swift /Users/admin/builder/spi-builder-workspace/.dependencies/checkouts/DSFAppearanceManager/Sources/DSFAppearanceManager/private/DSFAppearanceManager+Listeners.swift (in target 'DSFAppearanceManager' from project 'DSFAppearanceManager')
SwiftCompile normal arm64 /Users/admin/builder/spi-builder-workspace/.dependencies/checkouts/DSFAppearanceManager/Sources/DSFAppearanceManager/private/DSFAppearanceManager+Listeners.swift (in target 'DSFAppearanceManager' from project 'DSFAppearanceManager')
cd /Users/admin/builder/spi-builder-workspace/.swiftpm/xcode
builtin-SwiftPerFileCompile DSFAppearanceManager+Listeners.swift
SwiftCompile normal arm64 Compiling\ NSAppearance+extensions.swift /Users/admin/builder/spi-builder-workspace/.dependencies/checkouts/DSFAppearanceManager/Sources/DSFAppearanceManager/private/util/NSAppearance+extensions.swift (in target 'DSFAppearanceManager' from project 'DSFAppearanceManager')
SwiftCompile normal arm64 /Users/admin/builder/spi-builder-workspace/.dependencies/checkouts/DSFAppearanceManager/Sources/DSFAppearanceManager/private/util/NSAppearance+extensions.swift (in target 'DSFAppearanceManager' from project 'DSFAppearanceManager')
cd /Users/admin/builder/spi-builder-workspace/.swiftpm/xcode
builtin-SwiftPerFileCompile NSAppearance+extensions.swift
SwiftDriverJobDiscovery normal arm64 Emitting module for DSFAppearanceManager (in target 'DSFAppearanceManager' from project 'DSFAppearanceManager')
SwiftDriver\ Compilation\ Requirements DSFAppearanceManager normal arm64 com.apple.xcode.tools.swift.compiler (in target 'DSFAppearanceManager' from project 'DSFAppearanceManager')
cd /Users/admin/builder/spi-builder-workspace/.swiftpm/xcode
builtin-Swift-Compilation-Requirements -- /Applications/Xcode-27.0.0-Release.Candidate.app/Contents/Developer/Toolchains/XcodeDefault.xctoolchain/usr/bin/swiftc -parse-as-library -module-name DSFAppearanceManager -Onone @/Users/admin/builder/spi-builder-workspace/.derivedData/Build/Intermediates.noindex/DSFAppearanceManager.build/Debug-appletvos/DSFAppearanceManager-t.build/Objects-normal/arm64/DSFAppearanceManager.SwiftFileList -DSWIFT_PACKAGE -DDEBUG -DSWIFT_MODULE_RESOURCE_BUNDLE_AVAILABLE -DXcode -plugin-path /Applications/Xcode-27.0.0-Release.Candidate.app/Contents/Developer/Toolchains/XcodeDefault.xctoolchain/usr/lib/swift/host/plugins/testing -enable-experimental-feature DebugDescriptionMacro -sdk /Applications/Xcode-27.0.0-Release.Candidate.app/Contents/Developer/Platforms/AppleTVOS.platform/Developer/SDKs/AppleTVOS27.0.sdk -target arm64-apple-tvos15.0 -g -module-cache-path /Users/admin/builder/spi-builder-workspace/.derivedData/ModuleCache.noindex -Xfrontend -serialize-debugging-options -profile-coverage-mapping -profile-generate -enable-testing -suppress-warnings -index-store-path /Users/admin/builder/spi-builder-workspace/.derivedData/Index.noindex/DataStore -Xcc -D_LIBCPP_HARDENING_MODE\=_LIBCPP_HARDENING_MODE_DEBUG -swift-version 5 -I /Users/admin/builder/spi-builder-workspace/.derivedData/Build/Products/Debug-appletvos -Isystem /Applications/Xcode-27.0.0-Release.Candidate.app/Contents/Developer/Platforms/AppleTVOS.platform/Developer/usr/lib -F /Users/admin/builder/spi-builder-workspace/.derivedData/Build/Products/Debug-appletvos -F /Applications/Xcode-27.0.0-Release.Candidate.app/Contents/Developer/Platforms/AppleTVOS.platform/Developer/Library/Frameworks -F /Applications/Xcode-27.0.0-Release.Candidate.app/Contents/Developer/Platforms/AppleTVOS.platform/Developer/SDKs/AppleTVOS27.0.sdk/Developer/Library/Frameworks -c -j10 -enable-batch-mode -incremental -Xcc -ivfsstatcache -Xcc /Users/admin/builder/spi-builder-workspace/.derivedData/SDKStatCaches.noindex/appletvos27.0-24J360-e829b21a6f8c9b70876ba0858053c044b32bfd8d43560033f8d89884cdb90028.sdkstatcache -output-file-map /Users/admin/builder/spi-builder-workspace/.derivedData/Build/Intermediates.noindex/DSFAppearanceManager.build/Debug-appletvos/DSFAppearanceManager-t.build/Objects-normal/arm64/DSFAppearanceManager-OutputFileMap.json -save-temps -no-color-diagnostics -explicit-module-build -module-cache-path /Users/admin/builder/spi-builder-workspace/.derivedData/Build/Intermediates.noindex/SwiftExplicitPrecompiledModules -clang-scanner-module-cache-path /Users/admin/builder/spi-builder-workspace/.derivedData/ModuleCache.noindex -sdk-module-cache-path /Users/admin/builder/spi-builder-workspace/.derivedData/SDKExplicitPrecompiledModules -emit-dependencies -emit-module -emit-module-path /Users/admin/builder/spi-builder-workspace/.derivedData/Build/Intermediates.noindex/DSFAppearanceManager.build/Debug-appletvos/DSFAppearanceManager-t.build/Objects-normal/arm64/DSFAppearanceManager.swiftmodule -serialize-diagnostics -dependency-scan-serialize-diagnostics-path /Users/admin/builder/spi-builder-workspace/.derivedData/Build/Intermediates.noindex/DSFAppearanceManager.build/Debug-appletvos/DSFAppearanceManager-t.build/Objects-normal/arm64/DSFAppearanceManager-dependency-scan.dia -validate-clang-modules-once -clang-build-session-file /Users/admin/builder/spi-builder-workspace/.derivedData/ModuleCache.noindex/Session.modulevalidation -Xcc -fmodules-prune-interval\=86400 -Xcc -fmodules-prune-after\=345600 -emit-const-values -const-gather-protocols-list /Users/admin/builder/spi-builder-workspace/.derivedData/Build/Intermediates.noindex/DSFAppearanceManager.build/Debug-appletvos/DSFAppearanceManager-t.build/Objects-normal/arm64/DSFAppearanceManager_const_extract_protocols.json -Xcc -I/Users/admin/builder/spi-builder-workspace/.derivedData/Build/Products/Debug-appletvos/include -Xcc -I/Users/admin/builder/spi-builder-workspace/.derivedData/Build/Intermediates.noindex/DSFAppearanceManager.build/Debug-appletvos/DSFAppearanceManager-t.build/DerivedSources-normal/arm64 -Xcc -I/Users/admin/builder/spi-builder-workspace/.derivedData/Build/Intermediates.noindex/DSFAppearanceManager.build/Debug-appletvos/DSFAppearanceManager-t.build/DerivedSources/arm64 -Xcc -I/Users/admin/builder/spi-builder-workspace/.derivedData/Build/Intermediates.noindex/DSFAppearanceManager.build/Debug-appletvos/DSFAppearanceManager-t.build/DerivedSources -Xcc -DSWIFT_PACKAGE -Xcc -DDEBUG\=1 -emit-objc-header -emit-objc-header-path /Users/admin/builder/spi-builder-workspace/.derivedData/Build/Intermediates.noindex/DSFAppearanceManager.build/Debug-appletvos/DSFAppearanceManager-t.build/Objects-normal/arm64/DSFAppearanceManager-Swift.h -working-directory /Users/admin/builder/spi-builder-workspace/.swiftpm/xcode -experimental-emit-module-separately -disable-cmo
SwiftExplicitDependencyGeneratePcm arm64 /Users/admin/builder/spi-builder-workspace/.derivedData/SDKExplicitPrecompiledModules/CoreVideo-DPU0PB5X0XLSVA2ETRGI6FJBM.pcm
SwiftMergeGeneratedHeaders /Users/admin/builder/spi-builder-workspace/.derivedData/Build/Intermediates.noindex/GeneratedModuleMaps-appletvos/DSFAppearanceManager-Swift.h /Users/admin/builder/spi-builder-workspace/.derivedData/Build/Intermediates.noindex/DSFAppearanceManager.build/Debug-appletvos/DSFAppearanceManager-t.build/Objects-normal/arm64/DSFAppearanceManager-Swift.h (in target 'DSFAppearanceManager' from project 'DSFAppearanceManager')
cd /Users/admin/builder/spi-builder-workspace/.dependencies/checkouts/DSFAppearanceManager
builtin-swiftHeaderTool -arch arm64 /Users/admin/builder/spi-builder-workspace/.derivedData/Build/Intermediates.noindex/DSFAppearanceManager.build/Debug-appletvos/DSFAppearanceManager-t.build/Objects-normal/arm64/DSFAppearanceManager-Swift.h -o /Users/admin/builder/spi-builder-workspace/.derivedData/Build/Intermediates.noindex/GeneratedModuleMaps-appletvos/DSFAppearanceManager-Swift.h
Copy /Users/admin/builder/spi-builder-workspace/.derivedData/Build/Products/Debug-appletvos/DSFAppearanceManager.swiftmodule/arm64-apple-tvos.swiftmodule /Users/admin/builder/spi-builder-workspace/.derivedData/Build/Intermediates.noindex/DSFAppearanceManager.build/Debug-appletvos/DSFAppearanceManager-t.build/Objects-normal/arm64/DSFAppearanceManager.swiftmodule (in target 'DSFAppearanceManager' from project 'DSFAppearanceManager')
cd /Users/admin/builder/spi-builder-workspace/.dependencies/checkouts/DSFAppearanceManager
builtin-copy -exclude .DS_Store -exclude CVS -exclude .svn -exclude .git -exclude .hg -resolve-src-symlinks -rename /Users/admin/builder/spi-builder-workspace/.derivedData/Build/Intermediates.noindex/DSFAppearanceManager.build/Debug-appletvos/DSFAppearanceManager-t.build/Objects-normal/arm64/DSFAppearanceManager.swiftmodule /Users/admin/builder/spi-builder-workspace/.derivedData/Build/Products/Debug-appletvos/DSFAppearanceManager.swiftmodule/arm64-apple-tvos.swiftmodule
Copy /Users/admin/builder/spi-builder-workspace/.derivedData/Build/Products/Debug-appletvos/DSFAppearanceManager.swiftmodule/arm64-apple-tvos.swiftdoc /Users/admin/builder/spi-builder-workspace/.derivedData/Build/Intermediates.noindex/DSFAppearanceManager.build/Debug-appletvos/DSFAppearanceManager-t.build/Objects-normal/arm64/DSFAppearanceManager.swiftdoc (in target 'DSFAppearanceManager' from project 'DSFAppearanceManager')
cd /Users/admin/builder/spi-builder-workspace/.dependencies/checkouts/DSFAppearanceManager
builtin-copy -exclude .DS_Store -exclude CVS -exclude .svn -exclude .git -exclude .hg -resolve-src-symlinks -rename /Users/admin/builder/spi-builder-workspace/.derivedData/Build/Intermediates.noindex/DSFAppearanceManager.build/Debug-appletvos/DSFAppearanceManager-t.build/Objects-normal/arm64/DSFAppearanceManager.swiftdoc /Users/admin/builder/spi-builder-workspace/.derivedData/Build/Products/Debug-appletvos/DSFAppearanceManager.swiftmodule/arm64-apple-tvos.swiftdoc
Copy /Users/admin/builder/spi-builder-workspace/.derivedData/Build/Products/Debug-appletvos/DSFAppearanceManager.swiftmodule/arm64-apple-tvos.abi.json /Users/admin/builder/spi-builder-workspace/.derivedData/Build/Intermediates.noindex/DSFAppearanceManager.build/Debug-appletvos/DSFAppearanceManager-t.build/Objects-normal/arm64/DSFAppearanceManager.abi.json (in target 'DSFAppearanceManager' from project 'DSFAppearanceManager')
cd /Users/admin/builder/spi-builder-workspace/.dependencies/checkouts/DSFAppearanceManager
builtin-copy -exclude .DS_Store -exclude CVS -exclude .svn -exclude .git -exclude .hg -resolve-src-symlinks -rename /Users/admin/builder/spi-builder-workspace/.derivedData/Build/Intermediates.noindex/DSFAppearanceManager.build/Debug-appletvos/DSFAppearanceManager-t.build/Objects-normal/arm64/DSFAppearanceManager.abi.json /Users/admin/builder/spi-builder-workspace/.derivedData/Build/Products/Debug-appletvos/DSFAppearanceManager.swiftmodule/arm64-apple-tvos.abi.json
Copy /Users/admin/builder/spi-builder-workspace/.derivedData/Build/Products/Debug-appletvos/DSFAppearanceManager.swiftmodule/Project/arm64-apple-tvos.swiftsourceinfo /Users/admin/builder/spi-builder-workspace/.derivedData/Build/Intermediates.noindex/DSFAppearanceManager.build/Debug-appletvos/DSFAppearanceManager-t.build/Objects-normal/arm64/DSFAppearanceManager.swiftsourceinfo (in target 'DSFAppearanceManager' from project 'DSFAppearanceManager')
cd /Users/admin/builder/spi-builder-workspace/.dependencies/checkouts/DSFAppearanceManager
builtin-copy -exclude .DS_Store -exclude CVS -exclude .svn -exclude .git -exclude .hg -resolve-src-symlinks -rename /Users/admin/builder/spi-builder-workspace/.derivedData/Build/Intermediates.noindex/DSFAppearanceManager.build/Debug-appletvos/DSFAppearanceManager-t.build/Objects-normal/arm64/DSFAppearanceManager.swiftsourceinfo /Users/admin/builder/spi-builder-workspace/.derivedData/Build/Products/Debug-appletvos/DSFAppearanceManager.swiftmodule/Project/arm64-apple-tvos.swiftsourceinfo
SwiftExplicitDependencyGeneratePcm arm64 /Users/admin/builder/spi-builder-workspace/.derivedData/SDKExplicitPrecompiledModules/CoreImage-7S2AFJ8EIY3DUFYLEAX1JR1QV.pcm
SwiftExplicitDependencyGeneratePcm arm64 /Users/admin/builder/spi-builder-workspace/.derivedData/SDKExplicitPrecompiledModules/QuartzCore-DJSYAWKXFGVSAK5CQMOB3JSR.pcm
SwiftDriverJobDiscovery normal arm64 Compiling NSWindow+Appearance.swift, AutoplayAnimatedImages.swift (in target 'DSFAppearanceManager' from project 'DSFAppearanceManager')
SwiftCompile normal arm64 Compiling\ WeakBox.swift /Users/admin/builder/spi-builder-workspace/.dependencies/checkouts/DSFAppearanceManager/Sources/DSFAppearanceManager/private/weak/WeakBox.swift (in target 'DSFAppearanceManager' from project 'DSFAppearanceManager')
SwiftCompile normal arm64 /Users/admin/builder/spi-builder-workspace/.dependencies/checkouts/DSFAppearanceManager/Sources/DSFAppearanceManager/private/weak/WeakBox.swift (in target 'DSFAppearanceManager' from project 'DSFAppearanceManager')
cd /Users/admin/builder/spi-builder-workspace/.swiftpm/xcode
builtin-SwiftPerFileCompile WeakBox.swift
SwiftDriverJobDiscovery normal arm64 Compiling DSFAppearanceManager+ChangeDetector.swift, DSFAppearanceManager+Hardware.swift (in target 'DSFAppearanceManager' from project 'DSFAppearanceManager')
SwiftDriverJobDiscovery normal arm64 Compiling DSFAppearanceManager.swift, NSView+Appearance.swift (in target 'DSFAppearanceManager' from project 'DSFAppearanceManager')
SwiftDriverJobDiscovery normal arm64 Compiling DSFAppearanceManager+Listeners.swift (in target 'DSFAppearanceManager' from project 'DSFAppearanceManager')
SwiftDriverJobDiscovery normal arm64 Compiling NSAppearance+extensions.swift (in target 'DSFAppearanceManager' from project 'DSFAppearanceManager')
SwiftExplicitDependencyGeneratePcm arm64 /Users/admin/builder/spi-builder-workspace/.derivedData/SDKExplicitPrecompiledModules/UIKit-1TKWN7VC2X6N3ITMRVA2G0EB2.pcm
SwiftExplicitDependencyGeneratePcm arm64 /Users/admin/builder/spi-builder-workspace/.derivedData/SDKExplicitPrecompiledModules/SwiftUICore-543QU5V2NHKUFCYFJDKUJ7NYG.pcm
SwiftDriverJobDiscovery normal arm64 Compiling WeakBox.swift (in target 'DSFAppearanceManager' from project 'DSFAppearanceManager')
SwiftDriverJobDiscovery normal arm64 Compiling resource_bundle_accessor.swift, DSFAppearanceCache.swift (in target 'DSFAppearanceManager' from project 'DSFAppearanceManager')
SwiftDriverJobDiscovery normal arm64 Compiling DSFSimpleLock.swift (in target 'DSFAppearanceManager' from project 'DSFAppearanceManager')
SwiftDriverJobDiscovery normal arm64 Compiling WeakBag.swift (in target 'DSFAppearanceManager' from project 'DSFAppearanceManager')
SwiftDriverJobDiscovery normal arm64 Compiling DSFDebounce.swift (in target 'DSFAppearanceManager' from project 'DSFAppearanceManager')
SwiftDriver\ Compilation DSFAppearanceManager normal arm64 com.apple.xcode.tools.swift.compiler (in target 'DSFAppearanceManager' from project 'DSFAppearanceManager')
cd /Users/admin/builder/spi-builder-workspace/.swiftpm/xcode
builtin-Swift-Compilation -- /Applications/Xcode-27.0.0-Release.Candidate.app/Contents/Developer/Toolchains/XcodeDefault.xctoolchain/usr/bin/swiftc -parse-as-library -module-name DSFAppearanceManager -Onone @/Users/admin/builder/spi-builder-workspace/.derivedData/Build/Intermediates.noindex/DSFAppearanceManager.build/Debug-appletvos/DSFAppearanceManager-t.build/Objects-normal/arm64/DSFAppearanceManager.SwiftFileList -DSWIFT_PACKAGE -DDEBUG -DSWIFT_MODULE_RESOURCE_BUNDLE_AVAILABLE -DXcode -plugin-path /Applications/Xcode-27.0.0-Release.Candidate.app/Contents/Developer/Toolchains/XcodeDefault.xctoolchain/usr/lib/swift/host/plugins/testing -enable-experimental-feature DebugDescriptionMacro -sdk /Applications/Xcode-27.0.0-Release.Candidate.app/Contents/Developer/Platforms/AppleTVOS.platform/Developer/SDKs/AppleTVOS27.0.sdk -target arm64-apple-tvos15.0 -g -module-cache-path /Users/admin/builder/spi-builder-workspace/.derivedData/ModuleCache.noindex -Xfrontend -serialize-debugging-options -profile-coverage-mapping -profile-generate -enable-testing -suppress-warnings -index-store-path /Users/admin/builder/spi-builder-workspace/.derivedData/Index.noindex/DataStore -Xcc -D_LIBCPP_HARDENING_MODE\=_LIBCPP_HARDENING_MODE_DEBUG -swift-version 5 -I /Users/admin/builder/spi-builder-workspace/.derivedData/Build/Products/Debug-appletvos -Isystem /Applications/Xcode-27.0.0-Release.Candidate.app/Contents/Developer/Platforms/AppleTVOS.platform/Developer/usr/lib -F /Users/admin/builder/spi-builder-workspace/.derivedData/Build/Products/Debug-appletvos -F /Applications/Xcode-27.0.0-Release.Candidate.app/Contents/Developer/Platforms/AppleTVOS.platform/Developer/Library/Frameworks -F /Applications/Xcode-27.0.0-Release.Candidate.app/Contents/Developer/Platforms/AppleTVOS.platform/Developer/SDKs/AppleTVOS27.0.sdk/Developer/Library/Frameworks -c -j10 -enable-batch-mode -incremental -Xcc -ivfsstatcache -Xcc /Users/admin/builder/spi-builder-workspace/.derivedData/SDKStatCaches.noindex/appletvos27.0-24J360-e829b21a6f8c9b70876ba0858053c044b32bfd8d43560033f8d89884cdb90028.sdkstatcache -output-file-map /Users/admin/builder/spi-builder-workspace/.derivedData/Build/Intermediates.noindex/DSFAppearanceManager.build/Debug-appletvos/DSFAppearanceManager-t.build/Objects-normal/arm64/DSFAppearanceManager-OutputFileMap.json -save-temps -no-color-diagnostics -explicit-module-build -module-cache-path /Users/admin/builder/spi-builder-workspace/.derivedData/Build/Intermediates.noindex/SwiftExplicitPrecompiledModules -clang-scanner-module-cache-path /Users/admin/builder/spi-builder-workspace/.derivedData/ModuleCache.noindex -sdk-module-cache-path /Users/admin/builder/spi-builder-workspace/.derivedData/SDKExplicitPrecompiledModules -emit-dependencies -emit-module -emit-module-path /Users/admin/builder/spi-builder-workspace/.derivedData/Build/Intermediates.noindex/DSFAppearanceManager.build/Debug-appletvos/DSFAppearanceManager-t.build/Objects-normal/arm64/DSFAppearanceManager.swiftmodule -serialize-diagnostics -dependency-scan-serialize-diagnostics-path /Users/admin/builder/spi-builder-workspace/.derivedData/Build/Intermediates.noindex/DSFAppearanceManager.build/Debug-appletvos/DSFAppearanceManager-t.build/Objects-normal/arm64/DSFAppearanceManager-dependency-scan.dia -validate-clang-modules-once -clang-build-session-file /Users/admin/builder/spi-builder-workspace/.derivedData/ModuleCache.noindex/Session.modulevalidation -Xcc -fmodules-prune-interval\=86400 -Xcc -fmodules-prune-after\=345600 -emit-const-values -const-gather-protocols-list /Users/admin/builder/spi-builder-workspace/.derivedData/Build/Intermediates.noindex/DSFAppearanceManager.build/Debug-appletvos/DSFAppearanceManager-t.build/Objects-normal/arm64/DSFAppearanceManager_const_extract_protocols.json -Xcc -I/Users/admin/builder/spi-builder-workspace/.derivedData/Build/Products/Debug-appletvos/include -Xcc -I/Users/admin/builder/spi-builder-workspace/.derivedData/Build/Intermediates.noindex/DSFAppearanceManager.build/Debug-appletvos/DSFAppearanceManager-t.build/DerivedSources-normal/arm64 -Xcc -I/Users/admin/builder/spi-builder-workspace/.derivedData/Build/Intermediates.noindex/DSFAppearanceManager.build/Debug-appletvos/DSFAppearanceManager-t.build/DerivedSources/arm64 -Xcc -I/Users/admin/builder/spi-builder-workspace/.derivedData/Build/Intermediates.noindex/DSFAppearanceManager.build/Debug-appletvos/DSFAppearanceManager-t.build/DerivedSources -Xcc -DSWIFT_PACKAGE -Xcc -DDEBUG\=1 -emit-objc-header -emit-objc-header-path /Users/admin/builder/spi-builder-workspace/.derivedData/Build/Intermediates.noindex/DSFAppearanceManager.build/Debug-appletvos/DSFAppearanceManager-t.build/Objects-normal/arm64/DSFAppearanceManager-Swift.h -working-directory /Users/admin/builder/spi-builder-workspace/.swiftpm/xcode -experimental-emit-module-separately -disable-cmo
Ld /Users/admin/builder/spi-builder-workspace/.derivedData/Build/Products/Debug-appletvos/DSFAppearanceManager.o normal (in target 'DSFAppearanceManager' from project 'DSFAppearanceManager')
cd /Users/admin/builder/spi-builder-workspace/.dependencies/checkouts/DSFAppearanceManager
/Applications/Xcode-27.0.0-Release.Candidate.app/Contents/Developer/Toolchains/XcodeDefault.xctoolchain/usr/bin/clang -Xlinker -reproducible -target arm64-apple-tvos15.0 -r -isysroot /Applications/Xcode-27.0.0-Release.Candidate.app/Contents/Developer/Platforms/AppleTVOS.platform/Developer/SDKs/AppleTVOS27.0.sdk -O0 -w -Xlinker -no_warn_duplicate_libraries -F/Users/admin/builder/spi-builder-workspace/.derivedData/Build/Intermediates.noindex/EagerLinkingTBDs/Debug-appletvos -F/Users/admin/builder/spi-builder-workspace/.derivedData/Build/Products/Debug-appletvos -iframework /Applications/Xcode-27.0.0-Release.Candidate.app/Contents/Developer/Platforms/AppleTVOS.platform/Developer/Library/Frameworks -iframework /Applications/Xcode-27.0.0-Release.Candidate.app/Contents/Developer/Platforms/AppleTVOS.platform/Developer/SDKs/AppleTVOS27.0.sdk/Developer/Library/Frameworks -filelist /Users/admin/builder/spi-builder-workspace/.derivedData/Build/Intermediates.noindex/DSFAppearanceManager.build/Debug-appletvos/DSFAppearanceManager-t.build/Objects-normal/arm64/DSFAppearanceManager.LinkFileList -nostdlib -Xlinker -object_path_lto -Xlinker /Users/admin/builder/spi-builder-workspace/.derivedData/Build/Intermediates.noindex/DSFAppearanceManager.build/Debug-appletvos/DSFAppearanceManager-t.build/Objects-normal/arm64/DSFAppearanceManager_lto.o -Xlinker -no_deduplicate -Xlinker -debug_variant -Xlinker -dependency_info -Xlinker /Users/admin/builder/spi-builder-workspace/.derivedData/Build/Intermediates.noindex/DSFAppearanceManager.build/Debug-appletvos/DSFAppearanceManager-t.build/Objects-normal/arm64/DSFAppearanceManager_dependency_info.dat -fobjc-link-runtime -L/Applications/Xcode-27.0.0-Release.Candidate.app/Contents/Developer/Toolchains/XcodeDefault.xctoolchain/usr/lib/swift/appletvos -L/usr/lib/swift -Xlinker -add_ast_path -Xlinker /Users/admin/builder/spi-builder-workspace/.derivedData/Build/Intermediates.noindex/DSFAppearanceManager.build/Debug-appletvos/DSFAppearanceManager-t.build/Objects-normal/arm64/DSFAppearanceManager.swiftmodule -o /Users/admin/builder/spi-builder-workspace/.derivedData/Build/Products/Debug-appletvos/DSFAppearanceManager.o
ExtractAppIntentsMetadata (in target 'DSFAppearanceManager' from project 'DSFAppearanceManager')
cd /Users/admin/builder/spi-builder-workspace/.dependencies/checkouts/DSFAppearanceManager
/Applications/Xcode-27.0.0-Release.Candidate.app/Contents/Developer/Toolchains/XcodeDefault.xctoolchain/usr/bin/appintentsmetadataprocessor --toolchain-dir /var/run/com.apple.security.cryptexd/mnt/com.apple.MobileAsset.MetalToolchain-v27.1.266.1.vs5Fr6/Metal.xctoolchain --module-name DSFAppearanceManager --sdk-root /Applications/Xcode-27.0.0-Release.Candidate.app/Contents/Developer/Platforms/AppleTVOS.platform/Developer/SDKs/AppleTVOS27.0.sdk --xcode-version 27A266a --platform-family tvOS --deployment-target 15.0 --bundle-identifier dsfappearancemanager.DSFAppearanceManager --output /Users/admin/builder/spi-builder-workspace/.derivedData/Build/Products/Debug-appletvos/DSFAppearanceManager.appintents --target-triple arm64-apple-tvos15.0 --binary-file /Users/admin/builder/spi-builder-workspace/.derivedData/Build/Products/Debug-appletvos/DSFAppearanceManager.o --dependency-file /Users/admin/builder/spi-builder-workspace/.derivedData/Build/Intermediates.noindex/DSFAppearanceManager.build/Debug-appletvos/DSFAppearanceManager-t.build/Objects-normal/arm64/DSFAppearanceManager_dependency_info.dat --stringsdata-file /Users/admin/builder/spi-builder-workspace/.derivedData/Build/Intermediates.noindex/DSFAppearanceManager.build/Debug-appletvos/DSFAppearanceManager-t.build/Objects-normal/arm64/ExtractedAppShortcutsMetadata.stringsdata --source-file-list /Users/admin/builder/spi-builder-workspace/.derivedData/Build/Intermediates.noindex/DSFAppearanceManager.build/Debug-appletvos/DSFAppearanceManager-t.build/Objects-normal/arm64/DSFAppearanceManager.SwiftFileList --metadata-file-list /Users/admin/builder/spi-builder-workspace/.derivedData/Build/Intermediates.noindex/DSFAppearanceManager.build/Debug-appletvos/DSFAppearanceManager-t.build/DSFAppearanceManager.DependencyMetadataFileList --static-metadata-file-list /Users/admin/builder/spi-builder-workspace/.derivedData/Build/Intermediates.noindex/DSFAppearanceManager.build/Debug-appletvos/DSFAppearanceManager-t.build/DSFAppearanceManager.DependencyStaticMetadataFileList --swift-const-vals-list /Users/admin/builder/spi-builder-workspace/.derivedData/Build/Intermediates.noindex/DSFAppearanceManager.build/Debug-appletvos/DSFAppearanceManager-t.build/Objects-normal/arm64/DSFAppearanceManager.SwiftConstValuesFileList --force --compile-time-extraction --deployment-aware-processing --no-app-shortcuts-localization
2026-09-18 11:13:37.524 appintentsmetadataprocessor[825:4974] Starting appintentsmetadataprocessor export
2026-09-18 11:13:37.624 appintentsmetadataprocessor[825:4974] Extracted no relevant App Intents symbols, skipping writing output
SwiftCompile normal arm64 Compiling\ VIViewInvalidatingPropertyWrapper.swift /Users/admin/builder/spi-builder-workspace/.dependencies/checkouts/VIViewInvalidating/Sources/VIViewInvalidating/VIViewInvalidatingPropertyWrapper.swift (in target 'VIViewInvalidating' from project 'VIViewInvalidating')
SwiftCompile normal arm64 /Users/admin/builder/spi-builder-workspace/.dependencies/checkouts/VIViewInvalidating/Sources/VIViewInvalidating/VIViewInvalidatingPropertyWrapper.swift (in target 'VIViewInvalidating' from project 'VIViewInvalidating')
cd /Users/admin/builder/spi-builder-workspace/.swiftpm/xcode
builtin-SwiftPerFileCompile VIViewInvalidatingPropertyWrapper.swift
SwiftEmitModule normal arm64 Emitting\ module\ for\ VIViewInvalidating (in target 'VIViewInvalidating' from project 'VIViewInvalidating')
SwiftCompile normal arm64 (in target 'VIViewInvalidating' from project 'VIViewInvalidating')
cd /Users/admin/builder/spi-builder-workspace/.swiftpm/xcode
SwiftDriverJobDiscovery normal arm64 Emitting module for VIViewInvalidating (in target 'VIViewInvalidating' from project 'VIViewInvalidating')
SwiftDriver\ Compilation\ Requirements VIViewInvalidating normal arm64 com.apple.xcode.tools.swift.compiler (in target 'VIViewInvalidating' from project 'VIViewInvalidating')
cd /Users/admin/builder/spi-builder-workspace/.swiftpm/xcode
builtin-Swift-Compilation-Requirements -- /Applications/Xcode-27.0.0-Release.Candidate.app/Contents/Developer/Toolchains/XcodeDefault.xctoolchain/usr/bin/swiftc -parse-as-library -module-name VIViewInvalidating -Onone @/Users/admin/builder/spi-builder-workspace/.derivedData/Build/Intermediates.noindex/VIViewInvalidating.build/Debug-appletvos/VIViewInvalidating-t.build/Objects-normal/arm64/VIViewInvalidating.SwiftFileList -DSWIFT_PACKAGE -DDEBUG -DSWIFT_MODULE_RESOURCE_BUNDLE_UNAVAILABLE -DXcode -plugin-path /Applications/Xcode-27.0.0-Release.Candidate.app/Contents/Developer/Toolchains/XcodeDefault.xctoolchain/usr/lib/swift/host/plugins/testing -enable-experimental-feature DebugDescriptionMacro -sdk /Applications/Xcode-27.0.0-Release.Candidate.app/Contents/Developer/Platforms/AppleTVOS.platform/Developer/SDKs/AppleTVOS27.0.sdk -target arm64-apple-tvos15.0 -g -module-cache-path /Users/admin/builder/spi-builder-workspace/.derivedData/ModuleCache.noindex -Xfrontend -serialize-debugging-options -profile-coverage-mapping -profile-generate -enable-testing -suppress-warnings -index-store-path /Users/admin/builder/spi-builder-workspace/.derivedData/Index.noindex/DataStore -Xcc -D_LIBCPP_HARDENING_MODE\=_LIBCPP_HARDENING_MODE_DEBUG -swift-version 5 -I /Users/admin/builder/spi-builder-workspace/.derivedData/Build/Products/Debug-appletvos -Isystem /Applications/Xcode-27.0.0-Release.Candidate.app/Contents/Developer/Platforms/AppleTVOS.platform/Developer/usr/lib -F /Users/admin/builder/spi-builder-workspace/.derivedData/Build/Products/Debug-appletvos -F /Applications/Xcode-27.0.0-Release.Candidate.app/Contents/Developer/Platforms/AppleTVOS.platform/Developer/Library/Frameworks -F /Applications/Xcode-27.0.0-Release.Candidate.app/Contents/Developer/Platforms/AppleTVOS.platform/Developer/SDKs/AppleTVOS27.0.sdk/Developer/Library/Frameworks -c -j10 -enable-batch-mode -incremental -Xcc -ivfsstatcache -Xcc /Users/admin/builder/spi-builder-workspace/.derivedData/SDKStatCaches.noindex/appletvos27.0-24J360-e829b21a6f8c9b70876ba0858053c044b32bfd8d43560033f8d89884cdb90028.sdkstatcache -output-file-map /Users/admin/builder/spi-builder-workspace/.derivedData/Build/Intermediates.noindex/VIViewInvalidating.build/Debug-appletvos/VIViewInvalidating-t.build/Objects-normal/arm64/VIViewInvalidating-OutputFileMap.json -save-temps -no-color-diagnostics -explicit-module-build -module-cache-path /Users/admin/builder/spi-builder-workspace/.derivedData/Build/Intermediates.noindex/SwiftExplicitPrecompiledModules -clang-scanner-module-cache-path /Users/admin/builder/spi-builder-workspace/.derivedData/ModuleCache.noindex -sdk-module-cache-path /Users/admin/builder/spi-builder-workspace/.derivedData/SDKExplicitPrecompiledModules -emit-dependencies -emit-module -emit-module-path /Users/admin/builder/spi-builder-workspace/.derivedData/Build/Intermediates.noindex/VIViewInvalidating.build/Debug-appletvos/VIViewInvalidating-t.build/Objects-normal/arm64/VIViewInvalidating.swiftmodule -serialize-diagnostics -dependency-scan-serialize-diagnostics-path /Users/admin/builder/spi-builder-workspace/.derivedData/Build/Intermediates.noindex/VIViewInvalidating.build/Debug-appletvos/VIViewInvalidating-t.build/Objects-normal/arm64/VIViewInvalidating-dependency-scan.dia -validate-clang-modules-once -clang-build-session-file /Users/admin/builder/spi-builder-workspace/.derivedData/ModuleCache.noindex/Session.modulevalidation -Xcc -fmodules-prune-interval\=86400 -Xcc -fmodules-prune-after\=345600 -emit-const-values -const-gather-protocols-list /Users/admin/builder/spi-builder-workspace/.derivedData/Build/Intermediates.noindex/VIViewInvalidating.build/Debug-appletvos/VIViewInvalidating-t.build/Objects-normal/arm64/VIViewInvalidating_const_extract_protocols.json -Xcc -I/Users/admin/builder/spi-builder-workspace/.derivedData/Build/Products/Debug-appletvos/include -Xcc -I/Users/admin/builder/spi-builder-workspace/.derivedData/Build/Intermediates.noindex/VIViewInvalidating.build/Debug-appletvos/VIViewInvalidating-t.build/DerivedSources-normal/arm64 -Xcc -I/Users/admin/builder/spi-builder-workspace/.derivedData/Build/Intermediates.noindex/VIViewInvalidating.build/Debug-appletvos/VIViewInvalidating-t.build/DerivedSources/arm64 -Xcc -I/Users/admin/builder/spi-builder-workspace/.derivedData/Build/Intermediates.noindex/VIViewInvalidating.build/Debug-appletvos/VIViewInvalidating-t.build/DerivedSources -Xcc -DSWIFT_PACKAGE -Xcc -DDEBUG\=1 -emit-objc-header -emit-objc-header-path /Users/admin/builder/spi-builder-workspace/.derivedData/Build/Intermediates.noindex/VIViewInvalidating.build/Debug-appletvos/VIViewInvalidating-t.build/Objects-normal/arm64/VIViewInvalidating-Swift.h -working-directory /Users/admin/builder/spi-builder-workspace/.swiftpm/xcode -experimental-emit-module-separately -disable-cmo
SwiftMergeGeneratedHeaders /Users/admin/builder/spi-builder-workspace/.derivedData/Build/Intermediates.noindex/GeneratedModuleMaps-appletvos/VIViewInvalidating-Swift.h /Users/admin/builder/spi-builder-workspace/.derivedData/Build/Intermediates.noindex/VIViewInvalidating.build/Debug-appletvos/VIViewInvalidating-t.build/Objects-normal/arm64/VIViewInvalidating-Swift.h (in target 'VIViewInvalidating' from project 'VIViewInvalidating')
cd /Users/admin/builder/spi-builder-workspace/.dependencies/checkouts/VIViewInvalidating
builtin-swiftHeaderTool -arch arm64 /Users/admin/builder/spi-builder-workspace/.derivedData/Build/Intermediates.noindex/VIViewInvalidating.build/Debug-appletvos/VIViewInvalidating-t.build/Objects-normal/arm64/VIViewInvalidating-Swift.h -o /Users/admin/builder/spi-builder-workspace/.derivedData/Build/Intermediates.noindex/GeneratedModuleMaps-appletvos/VIViewInvalidating-Swift.h
Copy /Users/admin/builder/spi-builder-workspace/.derivedData/Build/Products/Debug-appletvos/VIViewInvalidating.swiftmodule/arm64-apple-tvos.abi.json /Users/admin/builder/spi-builder-workspace/.derivedData/Build/Intermediates.noindex/VIViewInvalidating.build/Debug-appletvos/VIViewInvalidating-t.build/Objects-normal/arm64/VIViewInvalidating.abi.json (in target 'VIViewInvalidating' from project 'VIViewInvalidating')
cd /Users/admin/builder/spi-builder-workspace/.dependencies/checkouts/VIViewInvalidating
builtin-copy -exclude .DS_Store -exclude CVS -exclude .svn -exclude .git -exclude .hg -resolve-src-symlinks -rename /Users/admin/builder/spi-builder-workspace/.derivedData/Build/Intermediates.noindex/VIViewInvalidating.build/Debug-appletvos/VIViewInvalidating-t.build/Objects-normal/arm64/VIViewInvalidating.abi.json /Users/admin/builder/spi-builder-workspace/.derivedData/Build/Products/Debug-appletvos/VIViewInvalidating.swiftmodule/arm64-apple-tvos.abi.json
Copy /Users/admin/builder/spi-builder-workspace/.derivedData/Build/Products/Debug-appletvos/VIViewInvalidating.swiftmodule/arm64-apple-tvos.swiftdoc /Users/admin/builder/spi-builder-workspace/.derivedData/Build/Intermediates.noindex/VIViewInvalidating.build/Debug-appletvos/VIViewInvalidating-t.build/Objects-normal/arm64/VIViewInvalidating.swiftdoc (in target 'VIViewInvalidating' from project 'VIViewInvalidating')
cd /Users/admin/builder/spi-builder-workspace/.dependencies/checkouts/VIViewInvalidating
builtin-copy -exclude .DS_Store -exclude CVS -exclude .svn -exclude .git -exclude .hg -resolve-src-symlinks -rename /Users/admin/builder/spi-builder-workspace/.derivedData/Build/Intermediates.noindex/VIViewInvalidating.build/Debug-appletvos/VIViewInvalidating-t.build/Objects-normal/arm64/VIViewInvalidating.swiftdoc /Users/admin/builder/spi-builder-workspace/.derivedData/Build/Products/Debug-appletvos/VIViewInvalidating.swiftmodule/arm64-apple-tvos.swiftdoc
Copy /Users/admin/builder/spi-builder-workspace/.derivedData/Build/Products/Debug-appletvos/VIViewInvalidating.swiftmodule/arm64-apple-tvos.swiftmodule /Users/admin/builder/spi-builder-workspace/.derivedData/Build/Intermediates.noindex/VIViewInvalidating.build/Debug-appletvos/VIViewInvalidating-t.build/Objects-normal/arm64/VIViewInvalidating.swiftmodule (in target 'VIViewInvalidating' from project 'VIViewInvalidating')
cd /Users/admin/builder/spi-builder-workspace/.dependencies/checkouts/VIViewInvalidating
builtin-copy -exclude .DS_Store -exclude CVS -exclude .svn -exclude .git -exclude .hg -resolve-src-symlinks -rename /Users/admin/builder/spi-builder-workspace/.derivedData/Build/Intermediates.noindex/VIViewInvalidating.build/Debug-appletvos/VIViewInvalidating-t.build/Objects-normal/arm64/VIViewInvalidating.swiftmodule /Users/admin/builder/spi-builder-workspace/.derivedData/Build/Products/Debug-appletvos/VIViewInvalidating.swiftmodule/arm64-apple-tvos.swiftmodule
Copy /Users/admin/builder/spi-builder-workspace/.derivedData/Build/Products/Debug-appletvos/VIViewInvalidating.swiftmodule/Project/arm64-apple-tvos.swiftsourceinfo /Users/admin/builder/spi-builder-workspace/.derivedData/Build/Intermediates.noindex/VIViewInvalidating.build/Debug-appletvos/VIViewInvalidating-t.build/Objects-normal/arm64/VIViewInvalidating.swiftsourceinfo (in target 'VIViewInvalidating' from project 'VIViewInvalidating')
cd /Users/admin/builder/spi-builder-workspace/.dependencies/checkouts/VIViewInvalidating
builtin-copy -exclude .DS_Store -exclude CVS -exclude .svn -exclude .git -exclude .hg -resolve-src-symlinks -rename /Users/admin/builder/spi-builder-workspace/.derivedData/Build/Intermediates.noindex/VIViewInvalidating.build/Debug-appletvos/VIViewInvalidating-t.build/Objects-normal/arm64/VIViewInvalidating.swiftsourceinfo /Users/admin/builder/spi-builder-workspace/.derivedData/Build/Products/Debug-appletvos/VIViewInvalidating.swiftmodule/Project/arm64-apple-tvos.swiftsourceinfo
SwiftDriver DSFPasscodeView normal arm64 com.apple.xcode.tools.swift.compiler (in target 'DSFPasscodeView' from project 'DSFPasscodeView')
cd /Users/admin/builder/spi-builder-workspace/.swiftpm/xcode
builtin-SwiftDriver -- /Applications/Xcode-27.0.0-Release.Candidate.app/Contents/Developer/Toolchains/XcodeDefault.xctoolchain/usr/bin/swiftc -parse-as-library -module-name DSFPasscodeView -Onone @/Users/admin/builder/spi-builder-workspace/.derivedData/Build/Intermediates.noindex/DSFPasscodeView.build/Debug-appletvos/DSFPasscodeView-t.build/Objects-normal/arm64/DSFPasscodeView.SwiftFileList -DSWIFT_PACKAGE -DDEBUG -DSWIFT_MODULE_RESOURCE_BUNDLE_UNAVAILABLE -DXcode -plugin-path /Applications/Xcode-27.0.0-Release.Candidate.app/Contents/Developer/Toolchains/XcodeDefault.xctoolchain/usr/lib/swift/host/plugins/testing -enable-experimental-feature DebugDescriptionMacro -sdk /Applications/Xcode-27.0.0-Release.Candidate.app/Contents/Developer/Platforms/AppleTVOS.platform/Developer/SDKs/AppleTVOS27.0.sdk -target arm64-apple-tvos15.0 -g -module-cache-path /Users/admin/builder/spi-builder-workspace/.derivedData/ModuleCache.noindex -Xfrontend -serialize-debugging-options -profile-coverage-mapping -profile-generate -enable-testing -index-store-path /Users/admin/builder/spi-builder-workspace/.derivedData/Index.noindex/DataStore -Xcc -D_LIBCPP_HARDENING_MODE\=_LIBCPP_HARDENING_MODE_DEBUG -swift-version 5 -I /Users/admin/builder/spi-builder-workspace/.derivedData/Build/Products/Debug-appletvos -Isystem /Applications/Xcode-27.0.0-Release.Candidate.app/Contents/Developer/Platforms/AppleTVOS.platform/Developer/usr/lib -F /Users/admin/builder/spi-builder-workspace/.derivedData/Build/Products/Debug-appletvos/PackageFrameworks -F /Users/admin/builder/spi-builder-workspace/.derivedData/Build/Products/Debug-appletvos -F /Applications/Xcode-27.0.0-Release.Candidate.app/Contents/Developer/Platforms/AppleTVOS.platform/Developer/Library/Frameworks -F /Applications/Xcode-27.0.0-Release.Candidate.app/Contents/Developer/Platforms/AppleTVOS.platform/Developer/SDKs/AppleTVOS27.0.sdk/Developer/Library/Frameworks -c -j10 -enable-batch-mode -incremental -Xcc -ivfsstatcache -Xcc /Users/admin/builder/spi-builder-workspace/.derivedData/SDKStatCaches.noindex/appletvos27.0-24J360-e829b21a6f8c9b70876ba0858053c044b32bfd8d43560033f8d89884cdb90028.sdkstatcache -output-file-map /Users/admin/builder/spi-builder-workspace/.derivedData/Build/Intermediates.noindex/DSFPasscodeView.build/Debug-appletvos/DSFPasscodeView-t.build/Objects-normal/arm64/DSFPasscodeView-OutputFileMap.json -save-temps -no-color-diagnostics -explicit-module-build -module-cache-path /Users/admin/builder/spi-builder-workspace/.derivedData/Build/Intermediates.noindex/SwiftExplicitPrecompiledModules -clang-scanner-module-cache-path /Users/admin/builder/spi-builder-workspace/.derivedData/ModuleCache.noindex -sdk-module-cache-path /Users/admin/builder/spi-builder-workspace/.derivedData/SDKExplicitPrecompiledModules -emit-dependencies -emit-module -emit-module-path /Users/admin/builder/spi-builder-workspace/.derivedData/Build/Intermediates.noindex/DSFPasscodeView.build/Debug-appletvos/DSFPasscodeView-t.build/Objects-normal/arm64/DSFPasscodeView.swiftmodule -serialize-diagnostics -dependency-scan-serialize-diagnostics-path /Users/admin/builder/spi-builder-workspace/.derivedData/Build/Intermediates.noindex/DSFPasscodeView.build/Debug-appletvos/DSFPasscodeView-t.build/Objects-normal/arm64/DSFPasscodeView-dependency-scan.dia -validate-clang-modules-once -clang-build-session-file /Users/admin/builder/spi-builder-workspace/.derivedData/ModuleCache.noindex/Session.modulevalidation -Xcc -fmodules-prune-interval\=86400 -Xcc -fmodules-prune-after\=345600 -emit-const-values -const-gather-protocols-list /Users/admin/builder/spi-builder-workspace/.derivedData/Build/Intermediates.noindex/DSFPasscodeView.build/Debug-appletvos/DSFPasscodeView-t.build/Objects-normal/arm64/DSFPasscodeView_const_extract_protocols.json -Xcc -I/Users/admin/builder/spi-builder-workspace/.derivedData/Build/Products/Debug-appletvos/include -Xcc -I/Users/admin/builder/spi-builder-workspace/.derivedData/Build/Intermediates.noindex/DSFPasscodeView.build/Debug-appletvos/DSFPasscodeView-t.build/DerivedSources-normal/arm64 -Xcc -I/Users/admin/builder/spi-builder-workspace/.derivedData/Build/Intermediates.noindex/DSFPasscodeView.build/Debug-appletvos/DSFPasscodeView-t.build/DerivedSources/arm64 -Xcc -I/Users/admin/builder/spi-builder-workspace/.derivedData/Build/Intermediates.noindex/DSFPasscodeView.build/Debug-appletvos/DSFPasscodeView-t.build/DerivedSources -Xcc -DSWIFT_PACKAGE -Xcc -DDEBUG\=1 -emit-objc-header -emit-objc-header-path /Users/admin/builder/spi-builder-workspace/.derivedData/Build/Intermediates.noindex/DSFPasscodeView.build/Debug-appletvos/DSFPasscodeView-t.build/Objects-normal/arm64/DSFPasscodeView-Swift.h -working-directory /Users/admin/builder/spi-builder-workspace/.swiftpm/xcode -experimental-emit-module-separately -disable-cmo
error: Clang dependency scanning failure: (in target 'DSFPasscodeView' from project 'DSFPasscodeView')
/Users/admin/builder/spi-builder-workspace/Sources/DSFPasscodeView/DSFPasscodeView+Handling.swift:28:8: error: Unable to resolve module dependency: 'AppKit' (in target 'DSFPasscodeView' from project 'DSFPasscodeView')
note: A dependency of main module 'DSFPasscodeView'
/Users/admin/builder/spi-builder-workspace/Sources/DSFPasscodeView/DSFPasscodeView.swift:27:8: note: Also imported here
/Users/admin/builder/spi-builder-workspace/Sources/DSFPasscodeView/private/DSFPasscodeView+Cell.swift:27:8: note: Also imported here
error: Clang dependency scanning failure: (in target 'DSFPasscodeView' from project 'DSFPasscodeView')
/Users/admin/builder/spi-builder-workspace/Sources/DSFPasscodeView/private/DSFPasscodeView+Cell.swift:28:8: error: Unable to resolve module dependency: 'Carbon' (in target 'DSFPasscodeView' from project 'DSFPasscodeView')
note: A dependency of main module 'DSFPasscodeView'
/Users/admin/builder/spi-builder-workspace/Sources/DSFPasscodeView/DSFPasscodeView+Handling.swift:28:8: note: A dependency of main module 'DSFPasscodeView'
import AppKit
^ (in target 'DSFPasscodeView' from project 'DSFPasscodeView')
/Users/admin/builder/spi-builder-workspace/Sources/DSFPasscodeView/DSFPasscodeView.swift:27:8: note: Also imported here
import AppKit
^ (in target 'DSFPasscodeView' from project 'DSFPasscodeView')
/Users/admin/builder/spi-builder-workspace/Sources/DSFPasscodeView/private/DSFPasscodeView+Cell.swift:27:8: note: Also imported here
import AppKit
^ (in target 'DSFPasscodeView' from project 'DSFPasscodeView')
/Users/admin/builder/spi-builder-workspace/Sources/DSFPasscodeView/private/DSFPasscodeView+Cell.swift:28:8: note: A dependency of main module 'DSFPasscodeView'
import Carbon.HIToolbox
^ (in target 'DSFPasscodeView' from project 'DSFPasscodeView')
PruneExplicitPrecompiledModules /Users/admin/builder/spi-builder-workspace/.derivedData/Build/Intermediates.noindex/SwiftExplicitPrecompiledModules
PruneExplicitPrecompiledModules /Users/admin/builder/spi-builder-workspace/.derivedData/Build/Intermediates.noindex/ExplicitPrecompiledModules
PruneExplicitPrecompiledModules /Users/admin/builder/spi-builder-workspace/.derivedData/SDKExplicitPrecompiledModules
2026-09-18 11:13:32.605 xcodebuild[724:4503] [MT] IDERunDestination: Supported platforms for the buildables in the current scheme is empty.
** BUILD FAILED **
The following build commands failed:
SwiftDriver DSFPasscodeView normal arm64 com.apple.xcode.tools.swift.compiler (in target 'DSFPasscodeView' from project 'DSFPasscodeView')
Building workspace DSFPasscodeView with scheme DSFPasscodeView
(2 failures)
Command line invocation:
/Applications/Xcode-27.0.0-Release.Candidate.app/Contents/Developer/usr/bin/xcodebuild -IDEClonedSourcePackagesDirPathOverride=/Users/admin/builder/spi-builder-workspace/.dependencies -resolvePackageDependencies
Resolve Package Graph
Resolved source packages:
DSFPasscodeView: /Users/admin/builder/spi-builder-workspace
VIViewInvalidating: https://github.com/dagronf/VIViewInvalidating @ 2.0.2
DSFAppearanceManager: https://github.com/dagronf/DSFAppearanceManager @ 3.7.0
resolved source packages: DSFPasscodeView, VIViewInvalidating, DSFAppearanceManager
2026-09-18 11:13:39.060 xcodebuild[828:5064] [MT] IDERunDestination: Supported platforms for the buildables in the current scheme is empty.
{
"dependencies" : [
{
"identity" : "viviewinvalidating",
"requirement" : {
"range" : [
{
"lower_bound" : "2.0.0",
"upper_bound" : "3.0.0"
}
]
},
"type" : "sourceControl",
"url" : "https://github.com/dagronf/VIViewInvalidating"
},
{
"identity" : "dsfappearancemanager",
"requirement" : {
"range" : [
{
"lower_bound" : "3.0.0",
"upper_bound" : "4.0.0"
}
]
},
"type" : "sourceControl",
"url" : "https://github.com/dagronf/DSFAppearanceManager"
}
],
"manifest_display_name" : "DSFPasscodeView",
"name" : "DSFPasscodeView",
"path" : "/Users/admin/builder/spi-builder-workspace",
"platforms" : [
{
"name" : "macos",
"version" : "10.11"
}
],
"products" : [
{
"name" : "DSFPasscodeView",
"targets" : [
"DSFPasscodeView"
],
"type" : {
"library" : [
"automatic"
]
}
}
],
"targets" : [
{
"c99name" : "DSFPasscodeViewTests",
"module_type" : "SwiftTarget",
"name" : "DSFPasscodeViewTests",
"path" : "Tests/DSFPasscodeViewTests",
"sources" : [
"DSFPasscodeViewTests.swift"
],
"target_dependencies" : [
"DSFPasscodeView"
],
"type" : "test"
},
{
"c99name" : "DSFPasscodeView",
"module_type" : "SwiftTarget",
"name" : "DSFPasscodeView",
"path" : "Sources/DSFPasscodeView",
"product_dependencies" : [
"VIViewInvalidating",
"DSFAppearanceManager"
],
"product_memberships" : [
"DSFPasscodeView"
],
"sources" : [
"DSFPasscodeView+Handling.swift",
"DSFPasscodeView.swift",
"private/DSFPasscodeView+Cell.swift",
"private/Localizations.swift",
"private/Utils.swift"
],
"type" : "library"
}
],
"tools_version" : "5.3"
}
{
"workspace" : {
"name" : "DSFPasscodeView",
"schemes" : [
"DSFPasscodeView"
]
}
}
2026-09-18 11:13:40.314 xcodebuild[836:5135] [MT] IDERunDestination: Supported platforms for the buildables in the current scheme is empty.
Running build ...
env DEVELOPER_DIR=/Applications/Xcode-27.0.0-Release.Candidate.app xcrun xcodebuild -IDEClonedSourcePackagesDirPathOverride=$PWD/.dependencies -skipMacroValidation -skipPackagePluginValidation -derivedDataPath $PWD/.derivedData build -scheme DSFPasscodeView -destination generic/platform=tvOS
Command line invocation:
/Applications/Xcode-27.0.0-Release.Candidate.app/Contents/Developer/usr/bin/xcodebuild -IDEClonedSourcePackagesDirPathOverride=/Users/admin/builder/spi-builder-workspace/.dependencies -skipMacroValidation -skipPackagePluginValidation -derivedDataPath /Users/admin/builder/spi-builder-workspace/.derivedData build -scheme DSFPasscodeView -destination generic/platform=tvOS
Resolve Package Graph
Resolved source packages:
VIViewInvalidating: https://github.com/dagronf/VIViewInvalidating @ 2.0.2
DSFAppearanceManager: https://github.com/dagronf/DSFAppearanceManager @ 3.7.0
DSFPasscodeView: /Users/admin/builder/spi-builder-workspace
ComputePackagePrebuildTargetDependencyGraph
Prepare packages
CreateBuildRequest
SendProjectDescription
CreateBuildOperation
ComputeTargetDependencyGraph
note: Building targets in dependency order
note: Target dependency graph (7 targets)
Target 'DSFPasscodeView-product' in project 'DSFPasscodeView'
➜ Explicit dependency on target 'DSFPasscodeView' in project 'DSFPasscodeView'
➜ Explicit dependency on target 'VIViewInvalidating-product' in project 'VIViewInvalidating'
➜ Explicit dependency on target 'DSFAppearanceManager-product' in project 'DSFAppearanceManager'
Target 'DSFPasscodeView' in project 'DSFPasscodeView'
➜ Explicit dependency on target 'VIViewInvalidating-product' in project 'VIViewInvalidating'
➜ Explicit dependency on target 'DSFAppearanceManager-product' in project 'DSFAppearanceManager'
Target 'DSFAppearanceManager-product' in project 'DSFAppearanceManager'
➜ Explicit dependency on target 'DSFAppearanceManager' in project 'DSFAppearanceManager'
➜ Explicit dependency on target 'DSFAppearanceManager_DSFAppearanceManager' in project 'DSFAppearanceManager'
Target 'DSFAppearanceManager' in project 'DSFAppearanceManager'
➜ Explicit dependency on target 'DSFAppearanceManager_DSFAppearanceManager' in project 'DSFAppearanceManager'
Target 'DSFAppearanceManager_DSFAppearanceManager' in project 'DSFAppearanceManager' (no dependencies)
Target 'VIViewInvalidating-product' in project 'VIViewInvalidating'
➜ Explicit dependency on target 'VIViewInvalidating' in project 'VIViewInvalidating'
Target 'VIViewInvalidating' in project 'VIViewInvalidating' (no dependencies)
GatherProvisioningInputs
CreateBuildDescription
ClangStatCache /Applications/Xcode-27.0.0-Release.Candidate.app/Contents/Developer/Toolchains/XcodeDefault.xctoolchain/usr/bin/clang-stat-cache /Applications/Xcode-27.0.0-Release.Candidate.app/Contents/Developer/Platforms/AppleTVOS.platform/Developer/SDKs/AppleTVOS27.0.sdk /Users/admin/builder/spi-builder-workspace/.derivedData/SDKStatCaches.noindex/appletvos27.0-24J360-e829b21a6f8c9b70876ba0858053c044b32bfd8d43560033f8d89884cdb90028.sdkstatcache
cd /Users/admin/builder/spi-builder-workspace/.swiftpm/xcode
/Applications/Xcode-27.0.0-Release.Candidate.app/Contents/Developer/Toolchains/XcodeDefault.xctoolchain/usr/bin/clang-stat-cache /Applications/Xcode-27.0.0-Release.Candidate.app/Contents/Developer/Platforms/AppleTVOS.platform/Developer/SDKs/AppleTVOS27.0.sdk -o /Users/admin/builder/spi-builder-workspace/.derivedData/SDKStatCaches.noindex/appletvos27.0-24J360-e829b21a6f8c9b70876ba0858053c044b32bfd8d43560033f8d89884cdb90028.sdkstatcache
SwiftDriver VIViewInvalidating normal arm64 com.apple.xcode.tools.swift.compiler (in target 'VIViewInvalidating' from project 'VIViewInvalidating')
cd /Users/admin/builder/spi-builder-workspace/.swiftpm/xcode
builtin-SwiftDriver -- /Applications/Xcode-27.0.0-Release.Candidate.app/Contents/Developer/Toolchains/XcodeDefault.xctoolchain/usr/bin/swiftc -parse-as-library -module-name VIViewInvalidating -Onone @/Users/admin/builder/spi-builder-workspace/.derivedData/Build/Intermediates.noindex/VIViewInvalidating.build/Debug-appletvos/VIViewInvalidating-t.build/Objects-normal/arm64/VIViewInvalidating.SwiftFileList -DSWIFT_PACKAGE -DDEBUG -DSWIFT_MODULE_RESOURCE_BUNDLE_UNAVAILABLE -DXcode -plugin-path /Applications/Xcode-27.0.0-Release.Candidate.app/Contents/Developer/Toolchains/XcodeDefault.xctoolchain/usr/lib/swift/host/plugins/testing -enable-experimental-feature DebugDescriptionMacro -sdk /Applications/Xcode-27.0.0-Release.Candidate.app/Contents/Developer/Platforms/AppleTVOS.platform/Developer/SDKs/AppleTVOS27.0.sdk -target arm64-apple-tvos15.0 -g -module-cache-path /Users/admin/builder/spi-builder-workspace/.derivedData/ModuleCache.noindex -Xfrontend -serialize-debugging-options -profile-coverage-mapping -profile-generate -enable-testing -suppress-warnings -index-store-path /Users/admin/builder/spi-builder-workspace/.derivedData/Index.noindex/DataStore -Xcc -D_LIBCPP_HARDENING_MODE\=_LIBCPP_HARDENING_MODE_DEBUG -swift-version 5 -I /Users/admin/builder/spi-builder-workspace/.derivedData/Build/Products/Debug-appletvos -Isystem /Applications/Xcode-27.0.0-Release.Candidate.app/Contents/Developer/Platforms/AppleTVOS.platform/Developer/usr/lib -F /Users/admin/builder/spi-builder-workspace/.derivedData/Build/Products/Debug-appletvos -F /Applications/Xcode-27.0.0-Release.Candidate.app/Contents/Developer/Platforms/AppleTVOS.platform/Developer/Library/Frameworks -F /Applications/Xcode-27.0.0-Release.Candidate.app/Contents/Developer/Platforms/AppleTVOS.platform/Developer/SDKs/AppleTVOS27.0.sdk/Developer/Library/Frameworks -c -j10 -enable-batch-mode -incremental -Xcc -ivfsstatcache -Xcc /Users/admin/builder/spi-builder-workspace/.derivedData/SDKStatCaches.noindex/appletvos27.0-24J360-e829b21a6f8c9b70876ba0858053c044b32bfd8d43560033f8d89884cdb90028.sdkstatcache -output-file-map /Users/admin/builder/spi-builder-workspace/.derivedData/Build/Intermediates.noindex/VIViewInvalidating.build/Debug-appletvos/VIViewInvalidating-t.build/Objects-normal/arm64/VIViewInvalidating-OutputFileMap.json -save-temps -no-color-diagnostics -explicit-module-build -module-cache-path /Users/admin/builder/spi-builder-workspace/.derivedData/Build/Intermediates.noindex/SwiftExplicitPrecompiledModules -clang-scanner-module-cache-path /Users/admin/builder/spi-builder-workspace/.derivedData/ModuleCache.noindex -sdk-module-cache-path /Users/admin/builder/spi-builder-workspace/.derivedData/SDKExplicitPrecompiledModules -emit-dependencies -emit-module -emit-module-path /Users/admin/builder/spi-builder-workspace/.derivedData/Build/Intermediates.noindex/VIViewInvalidating.build/Debug-appletvos/VIViewInvalidating-t.build/Objects-normal/arm64/VIViewInvalidating.swiftmodule -serialize-diagnostics -dependency-scan-serialize-diagnostics-path /Users/admin/builder/spi-builder-workspace/.derivedData/Build/Intermediates.noindex/VIViewInvalidating.build/Debug-appletvos/VIViewInvalidating-t.build/Objects-normal/arm64/VIViewInvalidating-dependency-scan.dia -validate-clang-modules-once -clang-build-session-file /Users/admin/builder/spi-builder-workspace/.derivedData/ModuleCache.noindex/Session.modulevalidation -Xcc -fmodules-prune-interval\=86400 -Xcc -fmodules-prune-after\=345600 -emit-const-values -const-gather-protocols-list /Users/admin/builder/spi-builder-workspace/.derivedData/Build/Intermediates.noindex/VIViewInvalidating.build/Debug-appletvos/VIViewInvalidating-t.build/Objects-normal/arm64/VIViewInvalidating_const_extract_protocols.json -Xcc -I/Users/admin/builder/spi-builder-workspace/.derivedData/Build/Products/Debug-appletvos/include -Xcc -I/Users/admin/builder/spi-builder-workspace/.derivedData/Build/Intermediates.noindex/VIViewInvalidating.build/Debug-appletvos/VIViewInvalidating-t.build/DerivedSources-normal/arm64 -Xcc -I/Users/admin/builder/spi-builder-workspace/.derivedData/Build/Intermediates.noindex/VIViewInvalidating.build/Debug-appletvos/VIViewInvalidating-t.build/DerivedSources/arm64 -Xcc -I/Users/admin/builder/spi-builder-workspace/.derivedData/Build/Intermediates.noindex/VIViewInvalidating.build/Debug-appletvos/VIViewInvalidating-t.build/DerivedSources -Xcc -DSWIFT_PACKAGE -Xcc -DDEBUG\=1 -emit-objc-header -emit-objc-header-path /Users/admin/builder/spi-builder-workspace/.derivedData/Build/Intermediates.noindex/VIViewInvalidating.build/Debug-appletvos/VIViewInvalidating-t.build/Objects-normal/arm64/VIViewInvalidating-Swift.h -working-directory /Users/admin/builder/spi-builder-workspace/.swiftpm/xcode -experimental-emit-module-separately -disable-cmo
SwiftDriver DSFPasscodeView normal arm64 com.apple.xcode.tools.swift.compiler (in target 'DSFPasscodeView' from project 'DSFPasscodeView')
cd /Users/admin/builder/spi-builder-workspace/.swiftpm/xcode
builtin-SwiftDriver -- /Applications/Xcode-27.0.0-Release.Candidate.app/Contents/Developer/Toolchains/XcodeDefault.xctoolchain/usr/bin/swiftc -parse-as-library -module-name DSFPasscodeView -Onone @/Users/admin/builder/spi-builder-workspace/.derivedData/Build/Intermediates.noindex/DSFPasscodeView.build/Debug-appletvos/DSFPasscodeView-t.build/Objects-normal/arm64/DSFPasscodeView.SwiftFileList -DSWIFT_PACKAGE -DDEBUG -DSWIFT_MODULE_RESOURCE_BUNDLE_UNAVAILABLE -DXcode -plugin-path /Applications/Xcode-27.0.0-Release.Candidate.app/Contents/Developer/Toolchains/XcodeDefault.xctoolchain/usr/lib/swift/host/plugins/testing -enable-experimental-feature DebugDescriptionMacro -sdk /Applications/Xcode-27.0.0-Release.Candidate.app/Contents/Developer/Platforms/AppleTVOS.platform/Developer/SDKs/AppleTVOS27.0.sdk -target arm64-apple-tvos15.0 -g -module-cache-path /Users/admin/builder/spi-builder-workspace/.derivedData/ModuleCache.noindex -Xfrontend -serialize-debugging-options -profile-coverage-mapping -profile-generate -enable-testing -index-store-path /Users/admin/builder/spi-builder-workspace/.derivedData/Index.noindex/DataStore -Xcc -D_LIBCPP_HARDENING_MODE\=_LIBCPP_HARDENING_MODE_DEBUG -swift-version 5 -I /Users/admin/builder/spi-builder-workspace/.derivedData/Build/Products/Debug-appletvos -Isystem /Applications/Xcode-27.0.0-Release.Candidate.app/Contents/Developer/Platforms/AppleTVOS.platform/Developer/usr/lib -F /Users/admin/builder/spi-builder-workspace/.derivedData/Build/Products/Debug-appletvos/PackageFrameworks -F /Users/admin/builder/spi-builder-workspace/.derivedData/Build/Products/Debug-appletvos -F /Applications/Xcode-27.0.0-Release.Candidate.app/Contents/Developer/Platforms/AppleTVOS.platform/Developer/Library/Frameworks -F /Applications/Xcode-27.0.0-Release.Candidate.app/Contents/Developer/Platforms/AppleTVOS.platform/Developer/SDKs/AppleTVOS27.0.sdk/Developer/Library/Frameworks -c -j10 -enable-batch-mode -incremental -Xcc -ivfsstatcache -Xcc /Users/admin/builder/spi-builder-workspace/.derivedData/SDKStatCaches.noindex/appletvos27.0-24J360-e829b21a6f8c9b70876ba0858053c044b32bfd8d43560033f8d89884cdb90028.sdkstatcache -output-file-map /Users/admin/builder/spi-builder-workspace/.derivedData/Build/Intermediates.noindex/DSFPasscodeView.build/Debug-appletvos/DSFPasscodeView-t.build/Objects-normal/arm64/DSFPasscodeView-OutputFileMap.json -save-temps -no-color-diagnostics -explicit-module-build -module-cache-path /Users/admin/builder/spi-builder-workspace/.derivedData/Build/Intermediates.noindex/SwiftExplicitPrecompiledModules -clang-scanner-module-cache-path /Users/admin/builder/spi-builder-workspace/.derivedData/ModuleCache.noindex -sdk-module-cache-path /Users/admin/builder/spi-builder-workspace/.derivedData/SDKExplicitPrecompiledModules -emit-dependencies -emit-module -emit-module-path /Users/admin/builder/spi-builder-workspace/.derivedData/Build/Intermediates.noindex/DSFPasscodeView.build/Debug-appletvos/DSFPasscodeView-t.build/Objects-normal/arm64/DSFPasscodeView.swiftmodule -serialize-diagnostics -dependency-scan-serialize-diagnostics-path /Users/admin/builder/spi-builder-workspace/.derivedData/Build/Intermediates.noindex/DSFPasscodeView.build/Debug-appletvos/DSFPasscodeView-t.build/Objects-normal/arm64/DSFPasscodeView-dependency-scan.dia -validate-clang-modules-once -clang-build-session-file /Users/admin/builder/spi-builder-workspace/.derivedData/ModuleCache.noindex/Session.modulevalidation -Xcc -fmodules-prune-interval\=86400 -Xcc -fmodules-prune-after\=345600 -emit-const-values -const-gather-protocols-list /Users/admin/builder/spi-builder-workspace/.derivedData/Build/Intermediates.noindex/DSFPasscodeView.build/Debug-appletvos/DSFPasscodeView-t.build/Objects-normal/arm64/DSFPasscodeView_const_extract_protocols.json -Xcc -I/Users/admin/builder/spi-builder-workspace/.derivedData/Build/Products/Debug-appletvos/include -Xcc -I/Users/admin/builder/spi-builder-workspace/.derivedData/Build/Intermediates.noindex/DSFPasscodeView.build/Debug-appletvos/DSFPasscodeView-t.build/DerivedSources-normal/arm64 -Xcc -I/Users/admin/builder/spi-builder-workspace/.derivedData/Build/Intermediates.noindex/DSFPasscodeView.build/Debug-appletvos/DSFPasscodeView-t.build/DerivedSources/arm64 -Xcc -I/Users/admin/builder/spi-builder-workspace/.derivedData/Build/Intermediates.noindex/DSFPasscodeView.build/Debug-appletvos/DSFPasscodeView-t.build/DerivedSources -Xcc -DSWIFT_PACKAGE -Xcc -DDEBUG\=1 -emit-objc-header -emit-objc-header-path /Users/admin/builder/spi-builder-workspace/.derivedData/Build/Intermediates.noindex/DSFPasscodeView.build/Debug-appletvos/DSFPasscodeView-t.build/Objects-normal/arm64/DSFPasscodeView-Swift.h -working-directory /Users/admin/builder/spi-builder-workspace/.swiftpm/xcode -experimental-emit-module-separately -disable-cmo
error: Clang dependency scanning failure: (in target 'DSFPasscodeView' from project 'DSFPasscodeView')
/Users/admin/builder/spi-builder-workspace/Sources/DSFPasscodeView/DSFPasscodeView+Handling.swift:28:8: error: Unable to resolve module dependency: 'AppKit' (in target 'DSFPasscodeView' from project 'DSFPasscodeView')
note: A dependency of main module 'DSFPasscodeView'
/Users/admin/builder/spi-builder-workspace/Sources/DSFPasscodeView/DSFPasscodeView.swift:27:8: note: Also imported here
/Users/admin/builder/spi-builder-workspace/Sources/DSFPasscodeView/private/DSFPasscodeView+Cell.swift:27:8: note: Also imported here
/Users/admin/builder/spi-builder-workspace/Sources/DSFPasscodeView/private/DSFPasscodeView+Cell.swift:28:8: error: Unable to resolve module dependency: 'Carbon' (in target 'DSFPasscodeView' from project 'DSFPasscodeView')
note: A dependency of main module 'DSFPasscodeView'
/Users/admin/builder/spi-builder-workspace/Sources/DSFPasscodeView/DSFPasscodeView+Handling.swift:28:8: note: A dependency of main module 'DSFPasscodeView'
import AppKit
^ (in target 'DSFPasscodeView' from project 'DSFPasscodeView')
/Users/admin/builder/spi-builder-workspace/Sources/DSFPasscodeView/DSFPasscodeView.swift:27:8: note: Also imported here
import AppKit
^ (in target 'DSFPasscodeView' from project 'DSFPasscodeView')
/Users/admin/builder/spi-builder-workspace/Sources/DSFPasscodeView/private/DSFPasscodeView+Cell.swift:27:8: note: Also imported here
import AppKit
^ (in target 'DSFPasscodeView' from project 'DSFPasscodeView')
/Users/admin/builder/spi-builder-workspace/Sources/DSFPasscodeView/private/DSFPasscodeView+Cell.swift:28:8: note: A dependency of main module 'DSFPasscodeView'
import Carbon.HIToolbox
^ (in target 'DSFPasscodeView' from project 'DSFPasscodeView')
PruneExplicitPrecompiledModules /Users/admin/builder/spi-builder-workspace/.derivedData/Build/Intermediates.noindex/ExplicitPrecompiledModules
PruneExplicitPrecompiledModules /Users/admin/builder/spi-builder-workspace/.derivedData/Build/Intermediates.noindex/SwiftExplicitPrecompiledModules
PruneExplicitPrecompiledModules /Users/admin/builder/spi-builder-workspace/.derivedData/SDKExplicitPrecompiledModules
2026-09-18 11:13:41.303 xcodebuild[837:5160] [MT] IDERunDestination: Supported platforms for the buildables in the current scheme is empty.
** BUILD FAILED **
The following build commands failed:
SwiftDriver DSFPasscodeView normal arm64 com.apple.xcode.tools.swift.compiler (in target 'DSFPasscodeView' from project 'DSFPasscodeView')
Building workspace DSFPasscodeView with scheme DSFPasscodeView
(2 failures)
BUILD FAILURE 6.4 tvOS