The Swift Package Index logo.Swift Package Index

Build Information

Failed to build DynuREST, reference main (c4cc19), with Swift 6.2 for Wasm on 4 Jul 2026 16:45:52 UTC.

Build Command

bash -c docker run --pull=always --rm -v "checkouts-53886768-0":/host -w "$PWD" -e JAVA_HOME="/root/.sdkman/candidates/java/current" -e SPI_BUILD="1" -e SPI_PROCESSING="1" registry.gitlab.com/saguaro1/spi-images:wasm-6.2-latest swift build --swift-sdk swift-6.2-RELEASE_wasm 2>&1

Build Log

========================================
RunAll
========================================
Builder version: 0e64495ecc1688c3b3e031a5ef1348b5c05091ae
Interrupt handler set up.
========================================
Checkout
========================================
Clone URL: https://github.com/richardpiazza/DynuREST.git
Reference: main
Initialized empty Git repository in /host/spi-builder-workspace/.git/
hint: Using 'master' as the name for the initial branch. This default branch name
hint: is subject to change. To configure the initial branch name to use in all
hint: of your new repositories, which will suppress this warning, call:
hint:
hint: 	git config --global init.defaultBranch <name>
hint:
hint: Names commonly chosen instead of 'master' are 'main', 'trunk' and
hint: 'development'. The just-created branch can be renamed via this command:
hint:
hint: 	git branch -m <name>
From https://github.com/richardpiazza/DynuREST
 * branch            main       -> FETCH_HEAD
 * [new branch]      main       -> origin/main
HEAD is now at c4cc194 Swift 6 (#11)
Cloned https://github.com/richardpiazza/DynuREST.git
Revision (git rev-parse @):
c4cc1946c5de4692fc19c9d2429ae12fd0c75505
SPI manifest file found: $PWD/.spi.yml
SUCCESS checkout https://github.com/richardpiazza/DynuREST.git at main
========================================
Build
========================================
Selected platform:         wasm
Swift version:             6.2
Building package at path:  $PWD
https://github.com/richardpiazza/DynuREST.git
Running build ...
bash -c docker run --pull=always --rm -v "checkouts-53886768-0":/host -w "$PWD" -e JAVA_HOME="/root/.sdkman/candidates/java/current" -e SPI_BUILD="1" -e SPI_PROCESSING="1" registry.gitlab.com/saguaro1/spi-images:wasm-6.2-latest swift build --swift-sdk swift-6.2-RELEASE_wasm 2>&1
wasm-6.2-latest: Pulling from saguaro1/spi-images
Digest: sha256:dc8dffc38f1d92eca7ee5312617822470123661393ed20672e77964f9dcaaffb
Status: Image is up to date for registry.gitlab.com/saguaro1/spi-images:wasm-6.2-latest
Fetching https://github.com/richardpiazza/SessionPlus.git
Fetching https://github.com/apple/swift-argument-parser.git
Fetching https://github.com/johnsundell/ShellOut.git
[1/720] Fetching sessionplus
[721/1700] Fetching sessionplus, shellout
Fetched https://github.com/johnsundell/ShellOut.git from cache (0.42s)
[1/17955] Fetching swift-argument-parser
Fetched https://github.com/richardpiazza/SessionPlus.git from cache (0.64s)
Fetched https://github.com/apple/swift-argument-parser.git from cache (0.65s)
Computing version for https://github.com/johnsundell/ShellOut.git
Computed https://github.com/johnsundell/ShellOut.git at 2.3.0 (1.52s)
Computing version for https://github.com/apple/swift-argument-parser.git
Computed https://github.com/apple/swift-argument-parser.git at 1.8.2 (0.16s)
Computing version for https://github.com/richardpiazza/SessionPlus.git
Computed https://github.com/richardpiazza/SessionPlus.git at 3.0.0-beta.3 (0.15s)
Fetching https://github.com/swhitty/swift-mutex.git
Fetching https://github.com/apple/swift-log.git
[1/7622] Fetching swift-log
Fetched https://github.com/apple/swift-log.git from cache (0.46s)
[1/324] Fetching swift-mutex
Fetched https://github.com/swhitty/swift-mutex.git from cache (0.61s)
Computing version for https://github.com/swhitty/swift-mutex.git
Computed https://github.com/swhitty/swift-mutex.git at 0.0.6 (0.77s)
Computing version for https://github.com/apple/swift-log.git
Computed https://github.com/apple/swift-log.git at 1.14.0 (0.16s)
Creating working copy for https://github.com/apple/swift-log.git
Working copy of https://github.com/apple/swift-log.git resolved at 1.14.0
Creating working copy for https://github.com/swhitty/swift-mutex.git
Working copy of https://github.com/swhitty/swift-mutex.git resolved at 0.0.6
Creating working copy for https://github.com/johnsundell/ShellOut.git
Working copy of https://github.com/johnsundell/ShellOut.git resolved at 2.3.0
Creating working copy for https://github.com/apple/swift-argument-parser.git
Working copy of https://github.com/apple/swift-argument-parser.git resolved at 1.8.2
Creating working copy for https://github.com/richardpiazza/SessionPlus.git
Working copy of https://github.com/richardpiazza/SessionPlus.git resolved at 3.0.0-beta.3
[1/1] Compiling plugin GenerateManual
[2/2] Compiling plugin GenerateDoccReference
Building for debugging...
[2/21] Write sources
[10/21] Write swift-version-24593BA9C3E375BF.txt
[12/38] Compiling Logging LogEvent.swift
[13/38] Compiling Logging LogHandler.swift
[14/39] Compiling Logging Logger.swift
[15/39] Compiling Logging MetadataProvider.swift
error: emit-module command failed with exit code 1 (use -v to see invocation)
[16/39] Compiling Mutex MutexSwift5.swift
[17/39] Emitting module Mutex
/host/spi-builder-workspace/.build/checkouts/swift-mutex/Sources/AllocatedLock.swift:37:18: error: cannot find type 'Storage' in scope
 35 |
 36 |     @usableFromInline
 37 |     let storage: Storage
    |                  `- error: cannot find type 'Storage' in scope
 38 |
 39 |     public init(uncheckedState initialState: State) {
/host/spi-builder-workspace/.build/checkouts/swift-mutex/Sources/Mutex.swift:44:18: error: cannot find type 'Storage' in scope
 42 | @available(visionOS, deprecated: 15.0, message: "use Mutex from Synchronization module")
 43 | public struct Mutex<Value: ~Copyable>: ~Copyable {
 44 |     let storage: Storage<Value>
    |                  `- error: cannot find type 'Storage' in scope
 45 |
 46 |     public init(_ initialValue: consuming sending Value) {
[18/39] Compiling Mutex AllocatedLock.swift
/host/spi-builder-workspace/.build/checkouts/swift-mutex/Sources/AllocatedLock.swift:37:18: error: cannot find type 'Storage' in scope
 35 |
 36 |     @usableFromInline
 37 |     let storage: Storage
    |                  `- error: cannot find type 'Storage' in scope
 38 |
 39 |     public init(uncheckedState initialState: State) {
/host/spi-builder-workspace/.build/checkouts/swift-mutex/Sources/AllocatedLock.swift:40:24: error: cannot find 'Storage' in scope
 38 |
 39 |     public init(uncheckedState initialState: State) {
 40 |         self.storage = Storage(initialState: initialState)
    |                        `- error: cannot find 'Storage' in scope
 41 |     }
 42 |
/host/spi-builder-workspace/.build/checkouts/swift-mutex/Sources/AllocatedLock.swift:44:24: error: cannot find 'Storage' in scope
 42 |
 43 |     public init(initialState: State) where State: Sendable {
 44 |         self.storage = Storage(initialState: initialState)
    |                        `- error: cannot find 'Storage' in scope
 45 |     }
 46 |
/host/spi-builder-workspace/.build/checkouts/swift-mutex/Sources/AllocatedLock.swift:80:24: error: cannot find 'Storage' in scope
 78 |
 79 |     init() {
 80 |         self.storage = Storage(initialState: ())
    |                        `- error: cannot find 'Storage' in scope
 81 |     }
 82 |
[19/39] Compiling Mutex Mutex.swift
/host/spi-builder-workspace/.build/checkouts/swift-mutex/Sources/Mutex.swift:44:18: error: cannot find type 'Storage' in scope
 42 | @available(visionOS, deprecated: 15.0, message: "use Mutex from Synchronization module")
 43 | public struct Mutex<Value: ~Copyable>: ~Copyable {
 44 |     let storage: Storage<Value>
    |                  `- error: cannot find type 'Storage' in scope
 45 |
 46 |     public init(_ initialValue: consuming sending Value) {
/host/spi-builder-workspace/.build/checkouts/swift-mutex/Sources/Mutex.swift:47:24: error: cannot find 'Storage' in scope
 45 |
 46 |     public init(_ initialValue: consuming sending Value) {
 47 |         self.storage = Storage(initialValue)
    |                        `- error: cannot find 'Storage' in scope
 48 |     }
 49 |
[20/39] Compiling Logging Logger+Attributes.swift
[21/39] Compiling Logging LoggingSystem.swift
[22/39] Compiling Logging Logger+With.swift
[23/39] Emitting module ArgumentParserToolInfo
[24/39] Compiling Logging MultiplexLogHandler.swift
[25/39] Compiling Logging StreamLogHandler.swift
[26/39] Emitting module Logging
BUILD FAILURE 6.2 wasm