The Swift Package Index logo.Swift Package Index

Build Information

Failed to build SwiftOpenAPI, reference main (49ba7f), with Swift 6.4 for Android on 23 Sep 2026 14:41:07 UTC.

Build Command

bash -c docker run --pull=always --rm -v "checkouts-54344843-0":/host -w "$PWD" -e JAVA_HOME="/root/.sdkman/candidates/java/current" -e SPI_BUILD="1" -e SPI_PROCESSING="1" registry.gitlab.com/saguaro1/spi-images:android-6.4-latest swift build --swift-sdk aarch64-unknown-linux-android28 2>&1

Build Log

========================================
RunAll
========================================
Builder version: 5.1.0
Interrupt handler set up.
========================================
Checkout
========================================
Clone URL: https://github.com/dankinsoid/SwiftOpenAPI.git
Reference: main
Initialized empty Git repository in /host/spi-builder-workspace/.git/
hint: Using 'master' as the name for the initial branch. This default branch name
hint: is subject to change. To configure the initial branch name to use in all
hint: of your new repositories, which will suppress this warning, call:
hint:
hint: 	git config --global init.defaultBranch <name>
hint:
hint: Names commonly chosen instead of 'master' are 'main', 'trunk' and
hint: 'development'. The just-created branch can be renamed via this command:
hint:
hint: 	git branch -m <name>
From https://github.com/dankinsoid/SwiftOpenAPI
 * branch            main       -> FETCH_HEAD
 * [new branch]      main       -> origin/main
HEAD is now at 49ba7f5 Restore CI workflow with setup-swift v2 and Swift 6.2
Cloned https://github.com/dankinsoid/SwiftOpenAPI.git
Revision (git rev-parse @):
49ba7f551f62ce5064175b27fa9f09216655e1a0
SUCCESS checkout https://github.com/dankinsoid/SwiftOpenAPI.git at main
========================================
Build
========================================
Selected platform:         android
Swift version:             6.4
Building package at path:  $PWD
https://github.com/dankinsoid/SwiftOpenAPI.git
Running build ...
bash -c docker run --pull=always --rm -v "checkouts-54344843-0":/host -w "$PWD" -e JAVA_HOME="/root/.sdkman/candidates/java/current" -e SPI_BUILD="1" -e SPI_PROCESSING="1" registry.gitlab.com/saguaro1/spi-images:android-6.4-latest swift build --swift-sdk aarch64-unknown-linux-android28 2>&1
android-6.4-latest: Pulling from saguaro1/spi-images
Digest: sha256:abadcff584c273feba50641b454858d377ba30b35ea7287a94f45ebd8afd0ea0
Status: Image is up to date for registry.gitlab.com/saguaro1/spi-images:android-6.4-latest
Fetching https://github.com/swiftlang/swift-syntax.git
[1/80014] Fetching swift-syntax
Fetched https://github.com/swiftlang/swift-syntax.git (3.23s)
Computing version for https://github.com/swiftlang/swift-syntax.git
Computed https://github.com/swiftlang/swift-syntax.git at 604.0.0 (4.41s)
Creating working copy for https://github.com/swiftlang/swift-syntax.git
Working copy of https://github.com/swiftlang/swift-syntax.git resolved at 604.0.0
Building for debugging...
[Computing dependencies]
[Provisioning 23 / 26]
[Pre-planning 1 / 678]
[Planning deferred tasks]
[154 / 309] _SwiftSyntaxCShims
[196 / 310]
[198 / 319] SwiftSyntax
[207 / 323] SwiftSyntax601
[224 / 326] SwiftSyntax603
[225 / 326] SwiftSyntax600
[226 / 326]
[226 / 326] SwiftSyntax
[238 / 354] SwiftDiagnostics
[242 / 354] SwiftParser
[249 / 354] SwiftBasicFormat
[254 / 354] SwiftParser
[255 / 354] SwiftParser
[257 / 354] SwiftParser
[261 / 354] SwiftParser
[262 / 354] SwiftParser
[263 / 354] SwiftParser
[266 / 354] SwiftDiagnostics
[267 / 354] SwiftDiagnostics
[269 / 354] SwiftBasicFormat
[272 / 355] SwiftDiagnostics
[274 / 355] SwiftParserDiagnostics
[276 / 355]
[279 / 375] SwiftBasicFormat
[282 / 375] SwiftParserDiagnostics
[283 / 376] SwiftParserDiagnostics
[291 / 376] SwiftOperators
[295 / 376] SwiftSyntaxBuilder
[298 / 377] SwiftParserDiagnostics
[299 / 377] SwiftParser
[302 / 377] SwiftParser
[306 / 377] SwiftOperators
[308 / 377] SwiftOperators
[312 / 387] SwiftOperators
[315 / 387] SwiftSyntaxBuilder
[315 / 388] SwiftSyntaxBuilder
[316 / 388] SwiftSyntaxBuilder
[319 / 388] SwiftSyntaxBuilder
[321 / 388] SwiftSyntaxBuilder
[325 / 388] SwiftSyntaxBuilder
[330 / 398] SwiftIfConfig
[332 / 399] SwiftParserDiagnostics
[335 / 399] SwiftIfConfig
[338 / 399] SwiftIfConfig
[343 / 399] SwiftIfConfig
[344 / 400] SwiftSyntaxMacros
[350 / 410] SwiftSyntaxMacros
[354 / 410] SwiftSyntaxMacros
[361 / 410] SwiftSyntaxMacros-product
[368 / 421] SwiftSyntaxMacroExpansion
[370 / 422] SwiftSyntaxMacros
[371 / 422] SwiftSyntaxMacros
[372 / 422] SwiftSyntaxMacroExpansion
[383 / 432] SwiftCompilerPluginMessageHandling
[384 / 432] SwiftCompilerPluginMessageHandling
[386 / 432] SwiftSyntaxMacroExpansion
[395 / 432] SwiftCompilerPluginMessageHandling
[395 / 432] SwiftCompilerPlugin
[398 / 435] SwiftCompilerPlugin
[399 / 435] SwiftCompilerPlugin
[403 / 435] SwiftCompilerPlugin
[407 / 437] SwiftCompilerPluginMessageHandling
[409 / 438] SwiftSyntax
[412 / 439] SwiftSyntax
[419 / 439] SwiftIfConfig
[428 / 440] SwiftOpenAPIMacros
/host/spi-builder-workspace/Sources/SwiftOpenAPIMacros/OpenAPIDescriptionMacro.swift:18:15: warning: deprecated default implementation is used to satisfy static method 'expansion(of:providingMembersOf:conformingTo:in:)' required by protocol 'MemberMacro': `MemberMacro` conformance should implement the `expansion` function that takes a `conformingTo` parameter [#]8;;https://docs.swift.org/compiler/documentation/diagnostics/deprecated-declaration\DeprecatedDeclaration]8;;\]
 16 | }
 17 |
 18 | public struct OpenAPIDescriptionMacro: ExtensionMacro, MemberMacro {
    |               `- warning: deprecated default implementation is used to satisfy static method 'expansion(of:providingMembersOf:conformingTo:in:)' required by protocol 'MemberMacro': `MemberMacro` conformance should implement the `expansion` function that takes a `conformingTo` parameter [#]8;;https://docs.swift.org/compiler/documentation/diagnostics/deprecated-declaration\DeprecatedDeclaration]8;;\]
 19 |
 20 |     public static func expansion(
/host/spi-builder-workspace/.build/checkouts/swift-syntax/Sources/SwiftSyntaxMacros/MacroProtocols/MemberMacro.swift:89:22: note: 'expansion(of:providingMembersOf:conformingTo:in:)' declared here
53 |   /// - Returns: the set of member declarations introduced by this macro, which
54 |   /// are nested inside the `attachedTo` declaration.
55 |   static func expansion(
   |               `- note: requirement 'expansion(of:providingMembersOf:conformingTo:in:)' declared here
56 |     of node: AttributeSyntax,
57 |     providingMembersOf declaration: some DeclGroupSyntax,
   :
87 |     message: "`MemberMacro` conformance should implement the `expansion` function that takes a `conformingTo` parameter"
88 |   )
89 |   public static func e[432 / 444] SwiftOpenAPIMacros
xpansion(
   |                      `- note: 'expansion(of:providingMembersOf:conformingTo:in:)' declared here
90 |     of node: AttributeSyntax,
91 |     providingMembersOf declaration: some DeclGroupSyntax,
[#DeprecatedDeclaration]: <https://docs.swift.org/compiler/documentation/diagnostics/deprecated-declaration>
/host/spi-builder-workspace/Sources/SwiftOpenAPIMacros/OpenAPIDescriptionMacro.swift:18:15: warning: deprecated default implementation is used to satisfy static method 'expansion(of:providingMembersOf:conformingTo:in:)' required by protocol 'MemberMacro': `MemberMacro` conformance should implement the `expansion` function that takes a `conformingTo` parameter [#]8;;https://docs.swift.org/compiler/documentation/diagnostics/deprecated-declaration\DeprecatedDeclaration]8;;\]
 16 | }
 17 |
 18 | public struct OpenAPIDescriptionMacro: ExtensionMacro, MemberMacro {
    |               `- warning: deprecated default implementation is used to satisfy static method 'expansion(of:providingMembersOf:conformingTo:in:)' required by protocol 'MemberMacro': `MemberMacro` conformance should implement the `expansion` function that takes a `conformingTo` parameter [#]8;;https://docs.swift.org/compiler/documentation/diagnostics/deprecated-declaration\DeprecatedDeclaration]8;;\]
 19 |
 20 |     public static func expansion(
/host/spi-builder-workspace/.build/checkouts/swift-syntax/Sources/SwiftSyntaxMacros/MacroProtocols/MemberMacro.swift:89:22: note: 'expansion(of:providingMembersOf:conformingTo:in:)' declared here
53 |   /// - Returns: the set of member declarations introduced by this macro, which
54 |   /// are nested inside the `attachedTo` declaration.
55 |   static func expansion(
   |               `- note: requirement 'expansion(of:providingMembersOf:conformingTo:in:)' declared here
56 |     of node: AttributeSyntax,
57 |     providingMembersOf declaration: some DeclGroupSyntax,
   :
87 |     message: "`MemberMacro` conformance should implement the `expansion` function that takes a `conformingTo` parameter"
88 |   )
89 |   public static func expansion(
   |                      `- note: 'expansion(of:providingMembersOf:conformingTo:in:)' declared here
90 |     of node: AttributeSyntax,
91 |     providingMembersOf declaration: some DeclGroupSyntax,
[#DeprecatedDeclaration]: <https://docs.swift.org/compiler/documentation/diagnostics/deprecated-declaration>
[433 / 444] SwiftOpenAPIMacros
[437 / 445] SwiftOpenAPIMacros
error: SwiftCompile normal aarch64 failed with a nonzero exit code. Command line:     cd /host

/host/spi-builder-workspace/Sources/SwiftOpenAPI/Common/Locks.swift:40:8: error: Unsupported runtime
 38 | import Musl
 39 | #else
 40 | #error("Unsupported runtime")
    |        `- error: Unsupported runtime
 41 | #endif
 42 |
/host/spi-builder-workspace/Sources/SwiftOpenAPI/Common/Locks.swift:58:47: error: cannot find type 'pthread_rwlock_t' in scope
 56 | 	fileprivate var shared = true
 57 | 	#else
 58 | 	fileprivate let rwlock: UnsafeMutablePointer<pthread_rwlock_t> =
    |                                               `- error: cannot find type 'pthread_rwlock_t' in scope
 59 | 		UnsafeMutablePointer.allocate(capacity: 1)
 60 | 	#endif
Failed frontend command:
/root/.local/share/swiftly/toolchains/6.4.x-snapshot-2026-09-04/usr/bin/swift-frontend -frontend -emit-module -experimental-skip-non-inlinable-function-bodies-without-types /host/spi-builder-workspace/Sources/SwiftOpenAPI/Common/AnyRange.swift /host/spi-builder-workspace/Sources/SwiftOpenAPI/Common/Bool++.swift /host/spi-builder-workspace/Sources/SwiftOpenAPI/Common/Codable++.swift /host/spi-builder-workspace/Sources/SwiftOpenAPI/Common/CodingKeys.swift /host/spi-builder-workspace/Sources/SwiftOpenAPI/Common/Collection++.swift /host/spi-builder-workspace/Sources/SwiftOpenAPI/Common/Decimal++.swift /host/spi-builder-workspace/Sources/SwiftOpenAPI/Common/ExpressibleBy.swift /host/spi-builder-workspace/Sources/SwiftOpenAPI/Common/Locks.swift /host/spi-builder-workspace/Sources/SwiftOpenAPI/Common/OrderedDictionary/OrderedDictionary.swift /host/spi-builder-workspace/Sources/SwiftOpenAPI/Common/OrderedDictionary/StringConvertibleHintProvider.swift /host/spi-builder-workspace/Sources/SwiftOpenAPI/Common/String++.swift /host/spi-builder-workspace/Sources/SwiftOpenAPI/Encoders/AnyValueEncoder.swift /host/spi-builder-workspace/Sources/SwiftOpenAPI/Encoders/CheckAllKeysDecoder.swift /host/spi-builder-workspace/Sources/SwiftOpenAPI/Encoders/DateEncodingFormat.swift /host/spi-builder-workspace/Sources/SwiftOpenAPI/Encoders/HeadersEncoder.swift /host/spi-builder-workspace/Sources/SwiftOpenAPI/Encoders/KeyEncodingStrategy.swift /host/spi-builder-workspace/Sources/SwiftOpenAPI/Encoders/ParametersEncoder.swift /host/spi-builder-workspace/Sources/SwiftOpenAPI/Encoders/Ref.swift /host/spi-builder-workspace/Sources/SwiftOpenAPI/Encoders/SchemeEncoder.swift /host/spi-builder-workspace/Sources/SwiftOpenAPI/Encoders/TypeRevision/CodableTypes.swift /host/spi-builder-workspace/Sources/SwiftOpenAPI/Encoders/TypeRevision/TypeRevision.swift /host/spi-builder-workspace/Sources/SwiftOpenAPI/Encoders/TypeRevision/TypeRevisionDecoder.swift /host/spi-builder-workspace/Sources/SwiftOpenAPI/Encoders/TypeRevision/TypeRevisionEncoder.swift /host/spi-builder-workspace/Sources/SwiftOpenAPI/Objects/AnyValue.swift /host/spi-builder-workspace/Sources/SwiftOpenAPI/Objects/CallbackObject.swift /host/spi-builder-workspace/Sources/SwiftOpenAPI/Objects/ComponentsObject.swift /host/spi-builder-workspace/Sources/SwiftOpenAPI/Objects/CompositeType.swift /host/spi-builder-workspace/Sources/SwiftOpenAPI/Objects/ContactObject.swift /host/spi-builder-workspace/Sources/SwiftOpenAPI/Objects/ContentObject.swift /host/spi-builder-workspace/Sources/SwiftOpenAPI/Objects/EncodingObject.swift /host/spi-builder-workspace/Sources/SwiftOpenAPI/Objects/ExampleObject.swift /host/spi-builder-workspace/Sources/SwiftOpenAPI/Objects/ExternalDocumentationObject.swift /host/spi-builder-workspace/Sources/SwiftOpenAPI/Objects/HeaderObject.swift /host/spi-builder-workspace/Sources/SwiftOpenAPI/Objects/InfoObject.swift /host/spi-builder-workspace/Sources/SwiftOpenAPI/Objects/JSONSchema/AdditionalProperties.swift /host/spi-builder-workspace/Sources/SwiftOpenAPI/Objects/JSONSchema/DataFormat.swift /host/spi-builder-workspace/Sources/SwiftOpenAPI/Objects/JSONSchema/DataType.swift /host/spi-builder-workspace/Sources/SwiftOpenAPI/Objects/JSONSchema/DiscriminatorObject.swift /host/spi-builder-workspace/Sources/SwiftOpenAPI/Objects/JSONSchema/ExpressibleBySchemaObject.swift /host/spi-builder-workspace/Sources/SwiftOpenAPI/Objects/JSONSchema/SchemaContexts.swift /host/spi-builder-workspace/Sources/SwiftOpenAPI/Objects/JSONSchema/SchemaObjec+deprecated.swift /host/spi-builder-workspace/Sources/SwiftOpenAPI/Objects/JSONSchema/SchemaObject++.swift /host/spi-builder-workspace/Sources/SwiftOpenAPI/Objects/JSONSchema/SchemaObject.swift /host/spi-builder-workspace/Sources/SwiftOpenAPI/Objects/LicenseObject.swift /host/spi-builder-workspace/Sources/SwiftOpenAPI/Objects/LinkObject.swift /host/spi-builder-workspace/Sources/SwiftOpenAPI/Objects/MediaType.swift /host/spi-builder-workspace/Sources/SwiftOpenAPI/Objects/MediaTypeObject.swift /host/spi-builder-workspace/Sources/SwiftOpenAPI/Objects/OAuthFlowObject.swift /host/spi-builder-workspace/Sources/SwiftOpenAPI/Objects/OAuthFlowsObject.swift /host/spi-builder-workspace/Sources/SwiftOpenAPI/Objects/OpenAPIObject.swift /host/spi-builder-workspace/Sources/SwiftOpenAPI/Objects/OperationObject.swift /host/spi-builder-workspace/Sources/SwiftOpenAPI/Objects/ParameterObject.swift /host/spi-builder-workspace/Sources/SwiftOpenAPI/Objects/Path.swift /host/spi-builder-workspace/Sources/SwiftOpenAPI/Objects/PathItemObject.swift /host/spi-builder-workspace/Sources/SwiftOpenAPI/Objects/PathsObject.swift /host/spi-builder-workspace/Sources/SwiftOpenAPI/Objects/ReferenceObject.swift /host/spi-builder-workspace/Sources/SwiftOpenAPI/Objects/ReferenceOr.swift /host/spi-builder-workspace/Sources/SwiftOpenAPI/Objects/RequestBodyObject.swift /host/spi-builder-workspace/Sources/SwiftOpenAPI/Objects/ResponseObject.swift /host/spi-builder-workspace/Sources/SwiftOpenAPI/Objects/ResponsesObject.swift /host/spi-builder-workspace/Sources/SwiftOpenAPI/Objects/RuntimeExpression.swift /host/spi-builder-workspace/Sources/SwiftOpenAPI/Objects/RuntimeExpressionOr.swift /host/spi-builder-workspace/Sources/SwiftOpenAPI/Objects/SecurityRequirementObject.swift /host/spi-builder-workspace/Sources/SwiftOpenAPI/Objects/SecuritySchemeObject.swift /host/spi-builder-workspace/Sources/SwiftOpenAPI/Objects/ServerObject.swift /host/spi-builder-workspace/Sources/SwiftOpenAPI/Objects/ServerVariableObject.swift /host/spi-builder-workspace/Sources/SwiftOpenAPI/Objects/SpecificationExtendable.swift /host/spi-builder-workspace/Sources/SwiftOpenAPI/Objects/TagObject.swift /host/spi-builder-workspace/Sources/SwiftOpenAPI/Objects/Version.swift /host/spi-builder-workspace/Sources/SwiftOpenAPI/Objects/XMLObject.swift /host/spi-builder-workspace/Sources/SwiftOpenAPI/OpenAPIDescriptable.swift /host/spi-builder-workspace/Sources/SwiftOpenAPI/OpenAPIDescription.swift /host/spi-builder-workspace/Sources/SwiftOpenAPI/OpenAPIType.swift /host/spi-builder-workspace/Sources/SwiftOpenAPI/refactor.swift -target aarch64-unknown-linux-android28 -Xllvm -aarch64-use-tbi -disable-objc-interop -sdk /android-ndk/android-ndk-r27d/toolchains/llvm/prebuilt/linux-x86_64/sysroot -sysroot /android-ndk/android-ndk-r27d/toolchains/llvm/prebuilt/linux-x86_64/sysroot -I /host/spi-builder-workspace/.build/out/Products/Debug-android-aarch64 -module-cache-path /host/spi-builder-workspace/.build/out/ModuleCache.noindex -color-diagnostics -Xcc -fcolor-diagnostics -enable-testing -g -debug-info-format\=dwarf -dwarf-version\=4 -swift-version 5 -Onone -D SWIFT_PACKAGE -D DEBUG -D SWIFT_MODULE_RESOURCE_BUNDLE_UNAVAILABLE -D Xcode -serialize-debugging-options -load-plugin-executable /host/spi-builder-workspace/.build/out/Products/Debug-linux-x86_64/SwiftOpenAPIMacros\#SwiftOpenAPIMacros -enable-experimental-feature DebugDescriptionMacro -empty-abi-descriptor -external-plugin-path /root/.local/share/swiftly/toolchains/6.4.x-snapshot-2026-09-04/usr/lib/swift/host/plugins/testing\#/root/.local/share/swiftly/toolchains/6.4.x-snapshot-2026-09-04/usr/bin/swift-plugin-server -validate-clang-modules-once -clang-build-session-file /host/spi-builder-workspace/.build/out/ModuleCache.noindex/Session.modulevalidation -Xcc -working-directory -Xcc /host -resource-dir /root/.swiftpm/swift-sdks/swift-6.4.x-DEVELOPMENT-SNAPSHOT-2026-09-04-a_android.artifactbundle/swift-android/swift-resources/usr/lib/swift-aarch64 -enable-anonymous-context-mangled-names -file-compilation-dir /host -Xcc -resource-dir -Xcc /android-ndk/android-ndk-r27d/toolchains/llvm/prebuilt/linux-x86_64/lib/clang/18 -Xcc -fno-omit-frame-pointer -Xcc -D_LIBCPP_HARDENING_MODE\=_LIBCPP_HARDENING_MODE_DEBUG -Xcc -fmodules-prune-interval\=86400 -Xcc -fmodules-prune-after\=345600 -Xcc -I/host/spi-builder-workspace/.build/out/Products/Debug-android-aarch64/include -Xcc -I/host/spi-builder-workspace/.build/out/Intermediates.noindex/SwiftOpenAPI.build/Debug-android-aarch64/SwiftOpenAPI-t.build/DerivedSources-normal/aarch64 -Xcc -I/host/spi-builder-workspace/.build/out/Intermediates.noindex/SwiftOpenAPI.build/Debug-android-aarch64/SwiftOpenAPI-t.build/DerivedSources/aarch64 -Xcc -I/host/spi-builder-workspace/.build/out/Intermediates.noindex/SwiftOpenAPI.build/Debug-android-aarch64/SwiftOpenAPI-t.build/DerivedSources -Xcc -DSWIFT_PACKAGE -Xcc -DDEBUG\=1 -no-auto-bridging-header-chaining -module-name SwiftOpenAPI -package-name spi_builder_workspace -const-gather-protocols-file /host/spi-builder-workspace/.build/out/Intermediates.noindex/SwiftOpenAPI.build/Debug-android-aarch64/SwiftOpenAPI-t.build/Objects-normal/aarch64/SwiftOpenAPI_const_extract_protocols.json -in-process-plugin-server-path /root/.local/share/swiftly/toolchains/6.4.x-snapshot-2026-09-04/usr/lib/swift/host/libSwiftInProcPluginServer.so -plugin-path /root/.local/share/swiftly/toolchains/6.4.x-snapshot-2026-09-04/usr/lib/swift/host/plugins -plugin-path /root/.local/share/swiftly/toolchains/6.4.x-snapshot-2026-09-04/usr/local/lib/swift/host/plugins -emit-module-doc-path /host/spi-builder-workspace/.build/out/Intermediates.noindex/SwiftOpenAPI.build/Debug-android-aarch64/SwiftOpenAPI-t.build/Objects-normal/aarch64/Modules/SwiftOpenAPI.swiftdoc -emit-module-source-info-path /host/spi-builder-workspace/.build/out/Intermediates.noindex/SwiftOpenAPI.build/Debug-android-aarch64/SwiftOpenAPI-t.build/Objects-normal/aarch64/Modules/SwiftOpenAPI.swiftsourceinfo -emit-objc-header-path /host/spi-builder-workspace/.build/out/Intermediates.noindex/SwiftOpenAPI.build/Debug-android-aarch64/SwiftOpenAPI-t.build/Objects-normal/aarch64/SwiftOpenAPI-Swift.h -serialize-diagnostics-path /host/spi-builder-workspace/.build/out/Intermediates.noindex/SwiftOpenAPI.build/Debug-android-aarch64/SwiftOpenAPI-t.build/Objects-normal/aarch64/SwiftOpenAPI-primary-emit-module.dia -emit-dependencies-path /host/spi-builder-workspace/.build/out/Intermediates.noindex/SwiftOpenAPI.build/Debug-android-aarch64/SwiftOpenAPI-t.build/Objects-normal/aarch64/SwiftOpenAPI-primary-emit-module.d -parse-as-library -o /host/spi-builder-workspace/.build/out/Intermediates.noindex/SwiftOpenAPI.build/Debug-android-aarch64/SwiftOpenAPI-t.build/Objects-normal/aarch64/Modules/SwiftOpenAPI.swiftmodule
error: Build failed
BUILD FAILURE 6.4 android