The Swift Package Index logo.Swift Package Index

Build Information

Failed to build CDKOraccInterface, reference main (e25c66), with Swift 6.4 for visionOS using Xcode 27.0 on 16 Sep 2026 04:45:52 UTC.

Build Command

env DEVELOPER_DIR=/Applications/Xcode-27.0.0-Release.Candidate.app xcrun xcodebuild -IDEClonedSourcePackagesDirPathOverride=$PWD/.dependencies -skipMacroValidation -skipPackagePluginValidation -derivedDataPath $PWD/.derivedData build -scheme CDKOraccInterface -destination generic/platform=xrOS

Build Log

========================================
RunAll
========================================
Builder version: 5.1.0
Interrupt handler set up.
========================================
Checkout
========================================
Clone URL: https://github.com/ckanchan/CDKOraccInterface.git
Reference: main
Initialized empty Git repository in /Users/admin/builder/spi-builder-workspace/.git/
From https://github.com/ckanchan/CDKOraccInterface
 * branch            main       -> FETCH_HEAD
 * [new branch]      main       -> origin/main
HEAD is now at e25c669 Updated Package.swift
Cloned https://github.com/ckanchan/CDKOraccInterface.git
Revision (git rev-parse @):
e25c669bb487a0afc43e0d47148f363d3d211ebf
SUCCESS checkout https://github.com/ckanchan/CDKOraccInterface.git at main
========================================
Build
========================================
Selected platform:         visionOS
Swift version:             6.4
Building package at path:  $PWD
https://github.com/ckanchan/CDKOraccInterface.git
Command line invocation:
    /Applications/Xcode-27.0.0-Release.Candidate.app/Contents/Developer/usr/bin/xcodebuild -IDEClonedSourcePackagesDirPathOverride=/Users/admin/builder/spi-builder-workspace/.dependencies -resolvePackageDependencies
Resolve Package Graph
Fetching from https://github.com/ckanchan/CDKSwiftOracc
Fetching from https://github.com/weichsel/ZIPFoundation/
Creating working copy of package ‘CDKSwiftOracc’
Checking out main (3ba0e6f) of package ‘CDKSwiftOracc’
Creating working copy of package ‘ZIPFoundation’
Checking out 0.9.20 of package ‘ZIPFoundation’
Resolve Package Graph
Resolved source packages:
  CDKSwiftOracc: https://github.com/ckanchan/CDKSwiftOracc @ main (3ba0e6f)
  CDKOraccInterface: /Users/admin/builder/spi-builder-workspace
  ZIPFoundation: https://github.com/weichsel/ZIPFoundation/ @ 0.9.20
resolved source packages: CDKSwiftOracc, CDKOraccInterface, ZIPFoundation
2026-09-16 00:44:55.629 xcodebuild[528:3026] [MT] IDERunDestination: Supported platforms for the buildables in the current scheme is empty.
{
  "dependencies" : [
    {
      "identity" : "zipfoundation",
      "requirement" : {
        "range" : [
          {
            "lower_bound" : "0.9.0",
            "upper_bound" : "1.0.0"
          }
        ]
      },
      "type" : "sourceControl",
      "url" : "https://github.com/weichsel/ZIPFoundation/"
    },
    {
      "identity" : "cdkswiftoracc",
      "requirement" : {
        "branch" : [
          "main"
        ]
      },
      "type" : "sourceControl",
      "url" : "https://github.com/ckanchan/CDKSwiftOracc"
    }
  ],
  "manifest_display_name" : "CDKOraccInterface",
  "name" : "CDKOraccInterface",
  "path" : "/Users/admin/builder/spi-builder-workspace",
  "platforms" : [
    {
      "name" : "macos",
      "version" : "10.12"
    },
    {
      "name" : "ios",
      "version" : "10.0"
    },
    {
      "name" : "tvos",
      "version" : "10.0"
    },
    {
      "name" : "watchos",
      "version" : "2.0"
    }
  ],
  "products" : [
    {
      "name" : "CDKOraccInterface",
      "targets" : [
        "CDKOraccInterface"
      ],
      "type" : {
        "library" : [
          "automatic"
        ]
      }
    }
  ],
  "targets" : [
    {
      "c99name" : "CDKOraccInterfaceTests",
      "module_type" : "SwiftTarget",
      "name" : "CDKOraccInterfaceTests",
      "path" : "Tests/CDKOraccInterfaceTests",
      "sources" : [
        "CDKOraccInterfaceTests.swift",
        "XCTestManifests.swift"
      ],
      "target_dependencies" : [
        "CDKOraccInterface"
      ],
      "type" : "test"
    },
    {
      "c99name" : "CDKOraccInterface",
      "module_type" : "SwiftTarget",
      "name" : "CDKOraccInterface",
      "path" : "Sources/CDKOraccInterface",
      "product_dependencies" : [
        "ZIPFoundation",
        "CDKSwiftOracc"
      ],
      "product_memberships" : [
        "CDKOraccInterface"
      ],
      "sources" : [
        "CDKOraccGithubArchivetoSwift.swift",
        "CDKOraccInterface.swift",
        "CDKOraccInterfaceProtocol.swift",
        "CDKOraccProject.swift"
      ],
      "type" : "library"
    }
  ],
  "tools_version" : "5.0"
}
{
  "workspace" : {
    "name" : "CDKOraccInterface",
    "schemes" : [
      "CDKOraccInterface"
    ]
  }
}
2026-09-16 00:45:37.582 xcodebuild[721:4478] [MT] IDERunDestination: Supported platforms for the buildables in the current scheme is empty.
Running build ...
env DEVELOPER_DIR=/Applications/Xcode-27.0.0-Release.Candidate.app xcrun xcodebuild -IDEClonedSourcePackagesDirPathOverride=$PWD/.dependencies -skipMacroValidation -skipPackagePluginValidation -derivedDataPath $PWD/.derivedData build -scheme CDKOraccInterface -destination generic/platform=xrOS
Command line invocation:
    /Applications/Xcode-27.0.0-Release.Candidate.app/Contents/Developer/usr/bin/xcodebuild -IDEClonedSourcePackagesDirPathOverride=/Users/admin/builder/spi-builder-workspace/.dependencies -skipMacroValidation -skipPackagePluginValidation -derivedDataPath /Users/admin/builder/spi-builder-workspace/.derivedData build -scheme CDKOraccInterface -destination generic/platform=xrOS
Resolve Package Graph
Resolve Package Graph
Resolved source packages:
  CDKOraccInterface: /Users/admin/builder/spi-builder-workspace
  ZIPFoundation: https://github.com/weichsel/ZIPFoundation/ @ 0.9.20
  CDKSwiftOracc: https://github.com/ckanchan/CDKSwiftOracc @ main (3ba0e6f)
ComputePackagePrebuildTargetDependencyGraph
Prepare packages
CreateBuildRequest
SendProjectDescription
CreateBuildOperation
ComputeTargetDependencyGraph
note: Building targets in dependency order
note: Target dependency graph (7 targets)
    Target 'CDKOraccInterface-product' in project 'CDKOraccInterface'
        ➜ Explicit dependency on target 'CDKOraccInterface' in project 'CDKOraccInterface'
        ➜ Explicit dependency on target 'ZIPFoundation-product' in project 'ZIPFoundation'
        ➜ Explicit dependency on target 'CDKSwiftOracc-product' in project 'CDKSwiftOracc'
    Target 'CDKOraccInterface' in project 'CDKOraccInterface'
        ➜ Explicit dependency on target 'ZIPFoundation-product' in project 'ZIPFoundation'
        ➜ Explicit dependency on target 'CDKSwiftOracc-product' in project 'CDKSwiftOracc'
    Target 'CDKSwiftOracc-product' in project 'CDKSwiftOracc'
        ➜ Explicit dependency on target 'CDKSwiftOracc' in project 'CDKSwiftOracc'
    Target 'CDKSwiftOracc' in project 'CDKSwiftOracc' (no dependencies)
    Target 'ZIPFoundation-product' in project 'ZIPFoundation'
        ➜ Explicit dependency on target 'ZIPFoundation' in project 'ZIPFoundation'
        ➜ Explicit dependency on target 'ZIPFoundation_ZIPFoundation' in project 'ZIPFoundation'
    Target 'ZIPFoundation' in project 'ZIPFoundation'
        ➜ Explicit dependency on target 'ZIPFoundation_ZIPFoundation' in project 'ZIPFoundation'
    Target 'ZIPFoundation_ZIPFoundation' in project 'ZIPFoundation' (no dependencies)
GatherProvisioningInputs
CreateBuildDescription
ExecuteExternalTool /Applications/Xcode-27.0.0-Release.Candidate.app/Contents/Developer/Toolchains/XcodeDefault.xctoolchain/usr/bin/swiftc --version
ExecuteExternalTool /Applications/Xcode-27.0.0-Release.Candidate.app/Contents/Developer/Toolchains/XcodeDefault.xctoolchain/usr/bin/clang -v -E -dM -isysroot /Applications/Xcode-27.0.0-Release.Candidate.app/Contents/Developer/Platforms/XROS.platform/Developer/SDKs/XROS27.0.sdk -x c -c /dev/null
ExecuteExternalTool /Applications/Xcode-27.0.0-Release.Candidate.app/Contents/Developer/Toolchains/XcodeDefault.xctoolchain/usr/bin/ld -version_details
Build description signature: 553fc24c729b7dbf369b423515d50be5
Build description path: /Users/admin/builder/spi-builder-workspace/.derivedData/Build/Intermediates.noindex/XCBuildData/553fc24c729b7dbf369b423515d50be5.xcbuilddata
CreateBuildDirectory /Users/admin/builder/spi-builder-workspace/.derivedData/SDKExplicitPrecompiledModules
    cd /Users/admin/builder/spi-builder-workspace/.swiftpm/xcode
    builtin-create-build-directory /Users/admin/builder/spi-builder-workspace/.derivedData/SDKExplicitPrecompiledModules
CreateBuildDirectory /Users/admin/builder/spi-builder-workspace/.derivedData/ModuleCache.noindex
    cd /Users/admin/builder/spi-builder-workspace/.swiftpm/xcode
    builtin-create-build-directory /Users/admin/builder/spi-builder-workspace/.derivedData/ModuleCache.noindex
CreateBuildDirectory /Users/admin/builder/spi-builder-workspace/.derivedData/CompilationCache.noindex
    cd /Users/admin/builder/spi-builder-workspace/.swiftpm/xcode
    builtin-create-build-directory /Users/admin/builder/spi-builder-workspace/.derivedData/CompilationCache.noindex
ClangStatCache /Applications/Xcode-27.0.0-Release.Candidate.app/Contents/Developer/Toolchains/XcodeDefault.xctoolchain/usr/bin/clang-stat-cache /Applications/Xcode-27.0.0-Release.Candidate.app/Contents/Developer/Platforms/XROS.platform/Developer/SDKs/XROS27.0.sdk /Users/admin/builder/spi-builder-workspace/.derivedData/SDKStatCaches.noindex/xros27.0-24M361-e829b21a6f8c9b70876ba0858053c044735bd543db762f57723cac368afd1ce4.sdkstatcache
    cd /Users/admin/builder/spi-builder-workspace/.swiftpm/xcode
    /Applications/Xcode-27.0.0-Release.Candidate.app/Contents/Developer/Toolchains/XcodeDefault.xctoolchain/usr/bin/clang-stat-cache /Applications/Xcode-27.0.0-Release.Candidate.app/Contents/Developer/Platforms/XROS.platform/Developer/SDKs/XROS27.0.sdk -o /Users/admin/builder/spi-builder-workspace/.derivedData/SDKStatCaches.noindex/xros27.0-24M361-e829b21a6f8c9b70876ba0858053c044735bd543db762f57723cac368afd1ce4.sdkstatcache
CreateBuildDirectory /Users/admin/builder/spi-builder-workspace/.derivedData/Build/Products
    cd /Users/admin/builder/spi-builder-workspace/.swiftpm/xcode
    builtin-create-build-directory /Users/admin/builder/spi-builder-workspace/.derivedData/Build/Products
CreateBuildDirectory /Users/admin/builder/spi-builder-workspace/.derivedData/Build/Intermediates.noindex
    cd /Users/admin/builder/spi-builder-workspace/.swiftpm/xcode
    builtin-create-build-directory /Users/admin/builder/spi-builder-workspace/.derivedData/Build/Intermediates.noindex
CreateBuildDirectory /Users/admin/builder/spi-builder-workspace/.derivedData/Build/Products/Debug-xros
    cd /Users/admin/builder/spi-builder-workspace/.swiftpm/xcode
    builtin-create-build-directory /Users/admin/builder/spi-builder-workspace/.derivedData/Build/Products/Debug-xros
CreateBuildDirectory /Users/admin/builder/spi-builder-workspace/.derivedData/Build/Intermediates.noindex/PrecompiledHeaders
    cd /Users/admin/builder/spi-builder-workspace/.swiftpm/xcode
    builtin-create-build-directory /Users/admin/builder/spi-builder-workspace/.derivedData/Build/Intermediates.noindex/PrecompiledHeaders
CreateBuildDirectory /Users/admin/builder/spi-builder-workspace/.derivedData/Build/Intermediates.noindex/SwiftExplicitPrecompiledModules
    cd /Users/admin/builder/spi-builder-workspace/.swiftpm/xcode
    builtin-create-build-directory /Users/admin/builder/spi-builder-workspace/.derivedData/Build/Intermediates.noindex/SwiftExplicitPrecompiledModules
CreateBuildDirectory /Users/admin/builder/spi-builder-workspace/.derivedData/Build/Intermediates.noindex/ExplicitPrecompiledModules
    cd /Users/admin/builder/spi-builder-workspace/.swiftpm/xcode
    builtin-create-build-directory /Users/admin/builder/spi-builder-workspace/.derivedData/Build/Intermediates.noindex/ExplicitPrecompiledModules
CreateBuildDirectory /Users/admin/builder/spi-builder-workspace/.derivedData/Build/Intermediates.noindex/EagerLinkingTBDs/Debug-xros
    cd /Users/admin/builder/spi-builder-workspace/.swiftpm/xcode
    builtin-create-build-directory /Users/admin/builder/spi-builder-workspace/.derivedData/Build/Intermediates.noindex/EagerLinkingTBDs/Debug-xros
CreateBuildDirectory /Users/admin/builder/spi-builder-workspace/.derivedData/Build/Products/Debug-xros/PackageFrameworks
    cd /Users/admin/builder/spi-builder-workspace/.swiftpm/xcode
    builtin-create-build-directory /Users/admin/builder/spi-builder-workspace/.derivedData/Build/Products/Debug-xros/PackageFrameworks
MkDir /Users/admin/builder/spi-builder-workspace/.derivedData/Build/Products/Debug-xros/ZIPFoundation_ZIPFoundation.bundle (in target 'ZIPFoundation_ZIPFoundation' from project 'ZIPFoundation')
    cd /Users/admin/builder/spi-builder-workspace/.dependencies/checkouts/ZIPFoundation
    /bin/mkdir -p /Users/admin/builder/spi-builder-workspace/.derivedData/Build/Products/Debug-xros/ZIPFoundation_ZIPFoundation.bundle
WriteAuxiliaryFile /Users/admin/builder/spi-builder-workspace/.derivedData/Build/Intermediates.noindex/ZIPFoundation.build/Debug-xros/ZIPFoundation_ZIPFoundation-b.build/ZIPFoundation_ZIPFoundation.DependencyMetadataFileList (in target 'ZIPFoundation_ZIPFoundation' from project 'ZIPFoundation')
    cd /Users/admin/builder/spi-builder-workspace/.dependencies/checkouts/ZIPFoundation
    write-file /Users/admin/builder/spi-builder-workspace/.derivedData/Build/Intermediates.noindex/ZIPFoundation.build/Debug-xros/ZIPFoundation_ZIPFoundation-b.build/ZIPFoundation_ZIPFoundation.DependencyMetadataFileList
WriteAuxiliaryFile /Users/admin/builder/spi-builder-workspace/.derivedData/Build/Intermediates.noindex/ZIPFoundation.build/Debug-xros/ZIPFoundation_ZIPFoundation-b.build/empty-ZIPFoundation_ZIPFoundation.plist (in target 'ZIPFoundation_ZIPFoundation' from project 'ZIPFoundation')
    cd /Users/admin/builder/spi-builder-workspace/.dependencies/checkouts/ZIPFoundation
    write-file /Users/admin/builder/spi-builder-workspace/.derivedData/Build/Intermediates.noindex/ZIPFoundation.build/Debug-xros/ZIPFoundation_ZIPFoundation-b.build/empty-ZIPFoundation_ZIPFoundation.plist
WriteAuxiliaryFile /Users/admin/builder/spi-builder-workspace/.derivedData/Build/Intermediates.noindex/ZIPFoundation.build/Debug-xros/ZIPFoundation-t.build/ZIPFoundation.DependencyStaticMetadataFileList (in target 'ZIPFoundation' from project 'ZIPFoundation')
    cd /Users/admin/builder/spi-builder-workspace/.dependencies/checkouts/ZIPFoundation
    write-file /Users/admin/builder/spi-builder-workspace/.derivedData/Build/Intermediates.noindex/ZIPFoundation.build/Debug-xros/ZIPFoundation-t.build/ZIPFoundation.DependencyStaticMetadataFileList
WriteAuxiliaryFile /Users/admin/builder/spi-builder-workspace/.derivedData/Build/Intermediates.noindex/ZIPFoundation.build/Debug-xros/ZIPFoundation-t.build/ZIPFoundation.modulemap (in target 'ZIPFoundation' from project 'ZIPFoundation')
    cd /Users/admin/builder/spi-builder-workspace/.dependencies/checkouts/ZIPFoundation
    write-file /Users/admin/builder/spi-builder-workspace/.derivedData/Build/Intermediates.noindex/ZIPFoundation.build/Debug-xros/ZIPFoundation-t.build/ZIPFoundation.modulemap
WriteAuxiliaryFile /Users/admin/builder/spi-builder-workspace/.derivedData/Build/Intermediates.noindex/ZIPFoundation.build/Debug-xros/ZIPFoundation_ZIPFoundation-b.build/ZIPFoundation_ZIPFoundation.DependencyStaticMetadataFileList (in target 'ZIPFoundation_ZIPFoundation' from project 'ZIPFoundation')
    cd /Users/admin/builder/spi-builder-workspace/.dependencies/checkouts/ZIPFoundation
    write-file /Users/admin/builder/spi-builder-workspace/.derivedData/Build/Intermediates.noindex/ZIPFoundation.build/Debug-xros/ZIPFoundation_ZIPFoundation-b.build/ZIPFoundation_ZIPFoundation.DependencyStaticMetadataFileList
WriteAuxiliaryFile /Users/admin/builder/spi-builder-workspace/.derivedData/Build/Intermediates.noindex/ZIPFoundation.build/Debug-xros/ZIPFoundation-t.build/ZIPFoundation.DependencyMetadataFileList (in target 'ZIPFoundation' from project 'ZIPFoundation')
    cd /Users/admin/builder/spi-builder-workspace/.dependencies/checkouts/ZIPFoundation
    write-file /Users/admin/builder/spi-builder-workspace/.derivedData/Build/Intermediates.noindex/ZIPFoundation.build/Debug-xros/ZIPFoundation-t.build/ZIPFoundation.DependencyMetadataFileList
WriteAuxiliaryFile /Users/admin/builder/spi-builder-workspace/.derivedData/Build/Intermediates.noindex/ZIPFoundation.build/Debug-xros/ZIPFoundation-t.build/Objects-normal/arm64/ZIPFoundation.SwiftFileList (in target 'ZIPFoundation' from project 'ZIPFoundation')
    cd /Users/admin/builder/spi-builder-workspace/.dependencies/checkouts/ZIPFoundation
    write-file /Users/admin/builder/spi-builder-workspace/.derivedData/Build/Intermediates.noindex/ZIPFoundation.build/Debug-xros/ZIPFoundation-t.build/Objects-normal/arm64/ZIPFoundation.SwiftFileList
WriteAuxiliaryFile /Users/admin/builder/spi-builder-workspace/.derivedData/Build/Intermediates.noindex/ZIPFoundation.build/Debug-xros/ZIPFoundation-t.build/Objects-normal/arm64/ZIPFoundation_const_extract_protocols.json (in target 'ZIPFoundation' from project 'ZIPFoundation')
    cd /Users/admin/builder/spi-builder-workspace/.dependencies/checkouts/ZIPFoundation
    write-file /Users/admin/builder/spi-builder-workspace/.derivedData/Build/Intermediates.noindex/ZIPFoundation.build/Debug-xros/ZIPFoundation-t.build/Objects-normal/arm64/ZIPFoundation_const_extract_protocols.json
WriteAuxiliaryFile /Users/admin/builder/spi-builder-workspace/.derivedData/Build/Intermediates.noindex/ZIPFoundation.build/Debug-xros/ZIPFoundation-t.build/Objects-normal/arm64/ZIPFoundation.SwiftConstValuesFileList (in target 'ZIPFoundation' from project 'ZIPFoundation')
    cd /Users/admin/builder/spi-builder-workspace/.dependencies/checkouts/ZIPFoundation
    write-file /Users/admin/builder/spi-builder-workspace/.derivedData/Build/Intermediates.noindex/ZIPFoundation.build/Debug-xros/ZIPFoundation-t.build/Objects-normal/arm64/ZIPFoundation.SwiftConstValuesFileList
WriteAuxiliaryFile /Users/admin/builder/spi-builder-workspace/.derivedData/Build/Intermediates.noindex/ZIPFoundation.build/Debug-xros/ZIPFoundation-t.build/Objects-normal/arm64/ZIPFoundation.LinkFileList (in target 'ZIPFoundation' from project 'ZIPFoundation')
    cd /Users/admin/builder/spi-builder-workspace/.dependencies/checkouts/ZIPFoundation
    write-file /Users/admin/builder/spi-builder-workspace/.derivedData/Build/Intermediates.noindex/ZIPFoundation.build/Debug-xros/ZIPFoundation-t.build/Objects-normal/arm64/ZIPFoundation.LinkFileList
WriteAuxiliaryFile /Users/admin/builder/spi-builder-workspace/.derivedData/Build/Intermediates.noindex/ZIPFoundation.build/Debug-xros/ZIPFoundation-t.build/Objects-normal/arm64/ZIPFoundation-OutputFileMap.json (in target 'ZIPFoundation' from project 'ZIPFoundation')
    cd /Users/admin/builder/spi-builder-workspace/.dependencies/checkouts/ZIPFoundation
    write-file /Users/admin/builder/spi-builder-workspace/.derivedData/Build/Intermediates.noindex/ZIPFoundation.build/Debug-xros/ZIPFoundation-t.build/Objects-normal/arm64/ZIPFoundation-OutputFileMap.json
WriteAuxiliaryFile /Users/admin/builder/spi-builder-workspace/.derivedData/Build/Intermediates.noindex/ZIPFoundation.build/Debug-xros/ZIPFoundation-t.build/DerivedSources/resource_bundle_accessor.swift (in target 'ZIPFoundation' from project 'ZIPFoundation')
    cd /Users/admin/builder/spi-builder-workspace/.dependencies/checkouts/ZIPFoundation
    write-file /Users/admin/builder/spi-builder-workspace/.derivedData/Build/Intermediates.noindex/ZIPFoundation.build/Debug-xros/ZIPFoundation-t.build/DerivedSources/resource_bundle_accessor.swift
Copy /Users/admin/builder/spi-builder-workspace/.derivedData/Build/Intermediates.noindex/GeneratedModuleMaps-xros/ZIPFoundation.modulemap /Users/admin/builder/spi-builder-workspace/.derivedData/Build/Intermediates.noindex/ZIPFoundation.build/Debug-xros/ZIPFoundation-t.build/ZIPFoundation.modulemap (in target 'ZIPFoundation' from project 'ZIPFoundation')
    cd /Users/admin/builder/spi-builder-workspace/.dependencies/checkouts/ZIPFoundation
    builtin-copy -exclude .DS_Store -exclude CVS -exclude .svn -exclude .git -exclude .hg -resolve-src-symlinks /Users/admin/builder/spi-builder-workspace/.derivedData/Build/Intermediates.noindex/ZIPFoundation.build/Debug-xros/ZIPFoundation-t.build/ZIPFoundation.modulemap /Users/admin/builder/spi-builder-workspace/.derivedData/Build/Intermediates.noindex/GeneratedModuleMaps-xros
WriteAuxiliaryFile /Users/admin/builder/spi-builder-workspace/.derivedData/Build/Intermediates.noindex/CDKSwiftOracc.build/Debug-xros/CDKSwiftOracc-t.build/Objects-normal/arm64/CDKSwiftOracc_const_extract_protocols.json (in target 'CDKSwiftOracc' from project 'CDKSwiftOracc')
    cd /Users/admin/builder/spi-builder-workspace/.dependencies/checkouts/CDKSwiftOracc
    write-file /Users/admin/builder/spi-builder-workspace/.derivedData/Build/Intermediates.noindex/CDKSwiftOracc.build/Debug-xros/CDKSwiftOracc-t.build/Objects-normal/arm64/CDKSwiftOracc_const_extract_protocols.json
WriteAuxiliaryFile /Users/admin/builder/spi-builder-workspace/.derivedData/Build/Intermediates.noindex/CDKSwiftOracc.build/Debug-xros/CDKSwiftOracc-t.build/Objects-normal/arm64/CDKSwiftOracc.SwiftFileList (in target 'CDKSwiftOracc' from project 'CDKSwiftOracc')
    cd /Users/admin/builder/spi-builder-workspace/.dependencies/checkouts/CDKSwiftOracc
    write-file /Users/admin/builder/spi-builder-workspace/.derivedData/Build/Intermediates.noindex/CDKSwiftOracc.build/Debug-xros/CDKSwiftOracc-t.build/Objects-normal/arm64/CDKSwiftOracc.SwiftFileList
WriteAuxiliaryFile /Users/admin/builder/spi-builder-workspace/.derivedData/Build/Intermediates.noindex/CDKSwiftOracc.build/Debug-xros/CDKSwiftOracc-t.build/Objects-normal/arm64/CDKSwiftOracc.SwiftConstValuesFileList (in target 'CDKSwiftOracc' from project 'CDKSwiftOracc')
    cd /Users/admin/builder/spi-builder-workspace/.dependencies/checkouts/CDKSwiftOracc
    write-file /Users/admin/builder/spi-builder-workspace/.derivedData/Build/Intermediates.noindex/CDKSwiftOracc.build/Debug-xros/CDKSwiftOracc-t.build/Objects-normal/arm64/CDKSwiftOracc.SwiftConstValuesFileList
WriteAuxiliaryFile /Users/admin/builder/spi-builder-workspace/.derivedData/Build/Intermediates.noindex/CDKSwiftOracc.build/Debug-xros/CDKSwiftOracc-t.build/Objects-normal/arm64/CDKSwiftOracc.LinkFileList (in target 'CDKSwiftOracc' from project 'CDKSwiftOracc')
    cd /Users/admin/builder/spi-builder-workspace/.dependencies/checkouts/CDKSwiftOracc
    write-file /Users/admin/builder/spi-builder-workspace/.derivedData/Build/Intermediates.noindex/CDKSwiftOracc.build/Debug-xros/CDKSwiftOracc-t.build/Objects-normal/arm64/CDKSwiftOracc.LinkFileList
WriteAuxiliaryFile /Users/admin/builder/spi-builder-workspace/.derivedData/Build/Intermediates.noindex/CDKSwiftOracc.build/Debug-xros/CDKSwiftOracc-t.build/Objects-normal/arm64/CDKSwiftOracc-OutputFileMap.json (in target 'CDKSwiftOracc' from project 'CDKSwiftOracc')
    cd /Users/admin/builder/spi-builder-workspace/.dependencies/checkouts/CDKSwiftOracc
    write-file /Users/admin/builder/spi-builder-workspace/.derivedData/Build/Intermediates.noindex/CDKSwiftOracc.build/Debug-xros/CDKSwiftOracc-t.build/Objects-normal/arm64/CDKSwiftOracc-OutputFileMap.json
WriteAuxiliaryFile /Users/admin/builder/spi-builder-workspace/.derivedData/Build/Intermediates.noindex/CDKSwiftOracc.build/Debug-xros/CDKSwiftOracc-t.build/CDKSwiftOracc.modulemap (in target 'CDKSwiftOracc' from project 'CDKSwiftOracc')
    cd /Users/admin/builder/spi-builder-workspace/.dependencies/checkouts/CDKSwiftOracc
    write-file /Users/admin/builder/spi-builder-workspace/.derivedData/Build/Intermediates.noindex/CDKSwiftOracc.build/Debug-xros/CDKSwiftOracc-t.build/CDKSwiftOracc.modulemap
WriteAuxiliaryFile /Users/admin/builder/spi-builder-workspace/.derivedData/Build/Intermediates.noindex/CDKSwiftOracc.build/Debug-xros/CDKSwiftOracc-t.build/CDKSwiftOracc.DependencyStaticMetadataFileList (in target 'CDKSwiftOracc' from project 'CDKSwiftOracc')
    cd /Users/admin/builder/spi-builder-workspace/.dependencies/checkouts/CDKSwiftOracc
    write-file /Users/admin/builder/spi-builder-workspace/.derivedData/Build/Intermediates.noindex/CDKSwiftOracc.build/Debug-xros/CDKSwiftOracc-t.build/CDKSwiftOracc.DependencyStaticMetadataFileList
WriteAuxiliaryFile /Users/admin/builder/spi-builder-workspace/.derivedData/Build/Intermediates.noindex/CDKSwiftOracc.build/Debug-xros/CDKSwiftOracc-t.build/CDKSwiftOracc.DependencyMetadataFileList (in target 'CDKSwiftOracc' from project 'CDKSwiftOracc')
    cd /Users/admin/builder/spi-builder-workspace/.dependencies/checkouts/CDKSwiftOracc
    write-file /Users/admin/builder/spi-builder-workspace/.derivedData/Build/Intermediates.noindex/CDKSwiftOracc.build/Debug-xros/CDKSwiftOracc-t.build/CDKSwiftOracc.DependencyMetadataFileList
WriteAuxiliaryFile /Users/admin/builder/spi-builder-workspace/.derivedData/Build/Intermediates.noindex/CDKOraccInterface.build/Debug-xros/CDKOraccInterface-t.build/Objects-normal/arm64/CDKOraccInterface_const_extract_protocols.json (in target 'CDKOraccInterface' from project 'CDKOraccInterface')
    cd /Users/admin/builder/spi-builder-workspace
    write-file /Users/admin/builder/spi-builder-workspace/.derivedData/Build/Intermediates.noindex/CDKOraccInterface.build/Debug-xros/CDKOraccInterface-t.build/Objects-normal/arm64/CDKOraccInterface_const_extract_protocols.json
WriteAuxiliaryFile /Users/admin/builder/spi-builder-workspace/.derivedData/Build/Intermediates.noindex/CDKOraccInterface.build/Debug-xros/CDKOraccInterface-t.build/Objects-normal/arm64/CDKOraccInterface.SwiftFileList (in target 'CDKOraccInterface' from project 'CDKOraccInterface')
    cd /Users/admin/builder/spi-builder-workspace
    write-file /Users/admin/builder/spi-builder-workspace/.derivedData/Build/Intermediates.noindex/CDKOraccInterface.build/Debug-xros/CDKOraccInterface-t.build/Objects-normal/arm64/CDKOraccInterface.SwiftFileList
WriteAuxiliaryFile /Users/admin/builder/spi-builder-workspace/.derivedData/Build/Intermediates.noindex/CDKOraccInterface.build/Debug-xros/CDKOraccInterface-t.build/Objects-normal/arm64/CDKOraccInterface-OutputFileMap.json (in target 'CDKOraccInterface' from project 'CDKOraccInterface')
    cd /Users/admin/builder/spi-builder-workspace
    write-file /Users/admin/builder/spi-builder-workspace/.derivedData/Build/Intermediates.noindex/CDKOraccInterface.build/Debug-xros/CDKOraccInterface-t.build/Objects-normal/arm64/CDKOraccInterface-OutputFileMap.json
WriteAuxiliaryFile /Users/admin/builder/spi-builder-workspace/.derivedData/Build/Intermediates.noindex/CDKOraccInterface.build/Debug-xros/CDKOraccInterface-t.build/Objects-normal/arm64/CDKOraccInterface.SwiftConstValuesFileList (in target 'CDKOraccInterface' from project 'CDKOraccInterface')
    cd /Users/admin/builder/spi-builder-workspace
    write-file /Users/admin/builder/spi-builder-workspace/.derivedData/Build/Intermediates.noindex/CDKOraccInterface.build/Debug-xros/CDKOraccInterface-t.build/Objects-normal/arm64/CDKOraccInterface.SwiftConstValuesFileList
WriteAuxiliaryFile /Users/admin/builder/spi-builder-workspace/.derivedData/Build/Intermediates.noindex/CDKOraccInterface.build/Debug-xros/CDKOraccInterface-t.build/Objects-normal/arm64/CDKOraccInterface.LinkFileList (in target 'CDKOraccInterface' from project 'CDKOraccInterface')
    cd /Users/admin/builder/spi-builder-workspace
    write-file /Users/admin/builder/spi-builder-workspace/.derivedData/Build/Intermediates.noindex/CDKOraccInterface.build/Debug-xros/CDKOraccInterface-t.build/Objects-normal/arm64/CDKOraccInterface.LinkFileList
WriteAuxiliaryFile /Users/admin/builder/spi-builder-workspace/.derivedData/Build/Intermediates.noindex/CDKOraccInterface.build/Debug-xros/CDKOraccInterface-t.build/CDKOraccInterface.modulemap (in target 'CDKOraccInterface' from project 'CDKOraccInterface')
    cd /Users/admin/builder/spi-builder-workspace
    write-file /Users/admin/builder/spi-builder-workspace/.derivedData/Build/Intermediates.noindex/CDKOraccInterface.build/Debug-xros/CDKOraccInterface-t.build/CDKOraccInterface.modulemap
WriteAuxiliaryFile /Users/admin/builder/spi-builder-workspace/.derivedData/Build/Intermediates.noindex/CDKOraccInterface.build/Debug-xros/CDKOraccInterface-t.build/CDKOraccInterface.DependencyStaticMetadataFileList (in target 'CDKOraccInterface' from project 'CDKOraccInterface')
    cd /Users/admin/builder/spi-builder-workspace
    write-file /Users/admin/builder/spi-builder-workspace/.derivedData/Build/Intermediates.noindex/CDKOraccInterface.build/Debug-xros/CDKOraccInterface-t.build/CDKOraccInterface.DependencyStaticMetadataFileList
Copy /Users/admin/builder/spi-builder-workspace/.derivedData/Build/Intermediates.noindex/GeneratedModuleMaps-xros/CDKSwiftOracc.modulemap /Users/admin/builder/spi-builder-workspace/.derivedData/Build/Intermediates.noindex/CDKSwiftOracc.build/Debug-xros/CDKSwiftOracc-t.build/CDKSwiftOracc.modulemap (in target 'CDKSwiftOracc' from project 'CDKSwiftOracc')
    cd /Users/admin/builder/spi-builder-workspace/.dependencies/checkouts/CDKSwiftOracc
    builtin-copy -exclude .DS_Store -exclude CVS -exclude .svn -exclude .git -exclude .hg -resolve-src-symlinks /Users/admin/builder/spi-builder-workspace/.derivedData/Build/Intermediates.noindex/CDKSwiftOracc.build/Debug-xros/CDKSwiftOracc-t.build/CDKSwiftOracc.modulemap /Users/admin/builder/spi-builder-workspace/.derivedData/Build/Intermediates.noindex/GeneratedModuleMaps-xros
WriteAuxiliaryFile /Users/admin/builder/spi-builder-workspace/.derivedData/Build/Intermediates.noindex/CDKOraccInterface.build/Debug-xros/CDKOraccInterface-t.build/CDKOraccInterface.DependencyMetadataFileList (in target 'CDKOraccInterface' from project 'CDKOraccInterface')
    cd /Users/admin/builder/spi-builder-workspace
    write-file /Users/admin/builder/spi-builder-workspace/.derivedData/Build/Intermediates.noindex/CDKOraccInterface.build/Debug-xros/CDKOraccInterface-t.build/CDKOraccInterface.DependencyMetadataFileList
Copy /Users/admin/builder/spi-builder-workspace/.derivedData/Build/Intermediates.noindex/GeneratedModuleMaps-xros/CDKOraccInterface.modulemap /Users/admin/builder/spi-builder-workspace/.derivedData/Build/Intermediates.noindex/CDKOraccInterface.build/Debug-xros/CDKOraccInterface-t.build/CDKOraccInterface.modulemap (in target 'CDKOraccInterface' from project 'CDKOraccInterface')
    cd /Users/admin/builder/spi-builder-workspace
    builtin-copy -exclude .DS_Store -exclude CVS -exclude .svn -exclude .git -exclude .hg -resolve-src-symlinks /Users/admin/builder/spi-builder-workspace/.derivedData/Build/Intermediates.noindex/CDKOraccInterface.build/Debug-xros/CDKOraccInterface-t.build/CDKOraccInterface.modulemap /Users/admin/builder/spi-builder-workspace/.derivedData/Build/Intermediates.noindex/GeneratedModuleMaps-xros
CpResource /Users/admin/builder/spi-builder-workspace/.derivedData/Build/Products/Debug-xros/ZIPFoundation_ZIPFoundation.bundle/PrivacyInfo.xcprivacy /Users/admin/builder/spi-builder-workspace/.dependencies/checkouts/ZIPFoundation/Sources/ZIPFoundation/Resources/PrivacyInfo.xcprivacy (in target 'ZIPFoundation_ZIPFoundation' from project 'ZIPFoundation')
    cd /Users/admin/builder/spi-builder-workspace/.dependencies/checkouts/ZIPFoundation
    builtin-copy -exclude .DS_Store -exclude CVS -exclude .svn -exclude .git -exclude .hg -resolve-src-symlinks /Users/admin/builder/spi-builder-workspace/.dependencies/checkouts/ZIPFoundation/Sources/ZIPFoundation/Resources/PrivacyInfo.xcprivacy /Users/admin/builder/spi-builder-workspace/.derivedData/Build/Products/Debug-xros/ZIPFoundation_ZIPFoundation.bundle
ProcessInfoPlistFile /Users/admin/builder/spi-builder-workspace/.derivedData/Build/Products/Debug-xros/ZIPFoundation_ZIPFoundation.bundle/Info.plist /Users/admin/builder/spi-builder-workspace/.derivedData/Build/Intermediates.noindex/ZIPFoundation.build/Debug-xros/ZIPFoundation_ZIPFoundation-b.build/empty-ZIPFoundation_ZIPFoundation.plist (in target 'ZIPFoundation_ZIPFoundation' from project 'ZIPFoundation')
    cd /Users/admin/builder/spi-builder-workspace/.dependencies/checkouts/ZIPFoundation
    builtin-infoPlistUtility /Users/admin/builder/spi-builder-workspace/.derivedData/Build/Intermediates.noindex/ZIPFoundation.build/Debug-xros/ZIPFoundation_ZIPFoundation-b.build/empty-ZIPFoundation_ZIPFoundation.plist -producttype com.apple.product-type.bundle -expandbuildsettings -format binary -platform xros -o /Users/admin/builder/spi-builder-workspace/.derivedData/Build/Products/Debug-xros/ZIPFoundation_ZIPFoundation.bundle/Info.plist
RegisterExecutionPolicyException /Users/admin/builder/spi-builder-workspace/.derivedData/Build/Products/Debug-xros/ZIPFoundation_ZIPFoundation.bundle (in target 'ZIPFoundation_ZIPFoundation' from project 'ZIPFoundation')
    cd /Users/admin/builder/spi-builder-workspace/.dependencies/checkouts/ZIPFoundation
    builtin-RegisterExecutionPolicyException /Users/admin/builder/spi-builder-workspace/.derivedData/Build/Products/Debug-xros/ZIPFoundation_ZIPFoundation.bundle
Touch /Users/admin/builder/spi-builder-workspace/.derivedData/Build/Products/Debug-xros/ZIPFoundation_ZIPFoundation.bundle (in target 'ZIPFoundation_ZIPFoundation' from project 'ZIPFoundation')
    cd /Users/admin/builder/spi-builder-workspace/.dependencies/checkouts/ZIPFoundation
    /usr/bin/touch -c /Users/admin/builder/spi-builder-workspace/.derivedData/Build/Products/Debug-xros/ZIPFoundation_ZIPFoundation.bundle
SwiftDriver ZIPFoundation normal arm64 com.apple.xcode.tools.swift.compiler (in target 'ZIPFoundation' from project 'ZIPFoundation')
    cd /Users/admin/builder/spi-builder-workspace/.swiftpm/xcode
    builtin-SwiftDriver -- /Applications/Xcode-27.0.0-Release.Candidate.app/Contents/Developer/Toolchains/XcodeDefault.xctoolchain/usr/bin/swiftc -parse-as-library -module-name ZIPFoundation -Onone @/Users/admin/builder/spi-builder-workspace/.derivedData/Build/Intermediates.noindex/ZIPFoundation.build/Debug-xros/ZIPFoundation-t.build/Objects-normal/arm64/ZIPFoundation.SwiftFileList -DSWIFT_PACKAGE -DDEBUG -DSWIFT_MODULE_RESOURCE_BUNDLE_AVAILABLE -DXcode -plugin-path /Applications/Xcode-27.0.0-Release.Candidate.app/Contents/Developer/Toolchains/XcodeDefault.xctoolchain/usr/lib/swift/host/plugins/testing -enable-experimental-feature DebugDescriptionMacro -sdk /Applications/Xcode-27.0.0-Release.Candidate.app/Contents/Developer/Platforms/XROS.platform/Developer/SDKs/XROS27.0.sdk -target arm64-apple-xros1.0 -g -module-cache-path /Users/admin/builder/spi-builder-workspace/.derivedData/ModuleCache.noindex -Xfrontend -serialize-debugging-options -profile-coverage-mapping -profile-generate -enable-testing -suppress-warnings -index-store-path /Users/admin/builder/spi-builder-workspace/.derivedData/Index.noindex/DataStore -Xcc -D_LIBCPP_HARDENING_MODE\=_LIBCPP_HARDENING_MODE_DEBUG -swift-version 5 -I /Users/admin/builder/spi-builder-workspace/.derivedData/Build/Products/Debug-xros -Isystem /Applications/Xcode-27.0.0-Release.Candidate.app/Contents/Developer/Platforms/XROS.platform/Developer/usr/lib -F /Users/admin/builder/spi-builder-workspace/.derivedData/Build/Products/Debug-xros -F /Applications/Xcode-27.0.0-Release.Candidate.app/Contents/Developer/Platforms/XROS.platform/Developer/Library/Frameworks -F /Applications/Xcode-27.0.0-Release.Candidate.app/Contents/Developer/Platforms/XROS.platform/Developer/SDKs/XROS27.0.sdk/Developer/Library/Frameworks -c -j10 -enable-batch-mode -incremental -Xcc -ivfsstatcache -Xcc /Users/admin/builder/spi-builder-workspace/.derivedData/SDKStatCaches.noindex/xros27.0-24M361-e829b21a6f8c9b70876ba0858053c044735bd543db762f57723cac368afd1ce4.sdkstatcache -output-file-map /Users/admin/builder/spi-builder-workspace/.derivedData/Build/Intermediates.noindex/ZIPFoundation.build/Debug-xros/ZIPFoundation-t.build/Objects-normal/arm64/ZIPFoundation-OutputFileMap.json -save-temps -no-color-diagnostics -explicit-module-build -module-cache-path /Users/admin/builder/spi-builder-workspace/.derivedData/Build/Intermediates.noindex/SwiftExplicitPrecompiledModules -clang-scanner-module-cache-path /Users/admin/builder/spi-builder-workspace/.derivedData/ModuleCache.noindex -sdk-module-cache-path /Users/admin/builder/spi-builder-workspace/.derivedData/SDKExplicitPrecompiledModules -emit-dependencies -emit-module -emit-module-path /Users/admin/builder/spi-builder-workspace/.derivedData/Build/Intermediates.noindex/ZIPFoundation.build/Debug-xros/ZIPFoundation-t.build/Objects-normal/arm64/ZIPFoundation.swiftmodule -serialize-diagnostics -dependency-scan-serialize-diagnostics-path /Users/admin/builder/spi-builder-workspace/.derivedData/Build/Intermediates.noindex/ZIPFoundation.build/Debug-xros/ZIPFoundation-t.build/Objects-normal/arm64/ZIPFoundation-dependency-scan.dia -validate-clang-modules-once -clang-build-session-file /Users/admin/builder/spi-builder-workspace/.derivedData/ModuleCache.noindex/Session.modulevalidation -Xcc -fmodules-prune-interval\=86400 -Xcc -fmodules-prune-after\=345600 -package-name zipfoundation -emit-const-values -const-gather-protocols-list /Users/admin/builder/spi-builder-workspace/.derivedData/Build/Intermediates.noindex/ZIPFoundation.build/Debug-xros/ZIPFoundation-t.build/Objects-normal/arm64/ZIPFoundation_const_extract_protocols.json -Xcc -I/Users/admin/builder/spi-builder-workspace/.derivedData/Build/Products/Debug-xros/include -Xcc -I/Users/admin/builder/spi-builder-workspace/.derivedData/Build/Intermediates.noindex/ZIPFoundation.build/Debug-xros/ZIPFoundation-t.build/DerivedSources-normal/arm64 -Xcc -I/Users/admin/builder/spi-builder-workspace/.derivedData/Build/Intermediates.noindex/ZIPFoundation.build/Debug-xros/ZIPFoundation-t.build/DerivedSources/arm64 -Xcc -I/Users/admin/builder/spi-builder-workspace/.derivedData/Build/Intermediates.noindex/ZIPFoundation.build/Debug-xros/ZIPFoundation-t.build/DerivedSources -Xcc -DSWIFT_PACKAGE -Xcc -DDEBUG\=1 -emit-objc-header -emit-objc-header-path /Users/admin/builder/spi-builder-workspace/.derivedData/Build/Intermediates.noindex/ZIPFoundation.build/Debug-xros/ZIPFoundation-t.build/Objects-normal/arm64/ZIPFoundation-Swift.h -working-directory /Users/admin/builder/spi-builder-workspace/.swiftpm/xcode -experimental-emit-module-separately -disable-cmo
SwiftDriver CDKSwiftOracc normal arm64 com.apple.xcode.tools.swift.compiler (in target 'CDKSwiftOracc' from project 'CDKSwiftOracc')
    cd /Users/admin/builder/spi-builder-workspace/.swiftpm/xcode
    builtin-SwiftDriver -- /Applications/Xcode-27.0.0-Release.Candidate.app/Contents/Developer/Toolchains/XcodeDefault.xctoolchain/usr/bin/swiftc -parse-as-library -module-name CDKSwiftOracc -Onone @/Users/admin/builder/spi-builder-workspace/.derivedData/Build/Intermediates.noindex/CDKSwiftOracc.build/Debug-xros/CDKSwiftOracc-t.build/Objects-normal/arm64/CDKSwiftOracc.SwiftFileList -DSWIFT_PACKAGE -DDEBUG -DSWIFT_MODULE_RESOURCE_BUNDLE_UNAVAILABLE -DXcode -plugin-path /Applications/Xcode-27.0.0-Release.Candidate.app/Contents/Developer/Toolchains/XcodeDefault.xctoolchain/usr/lib/swift/host/plugins/testing -enable-experimental-feature DebugDescriptionMacro -sdk /Applications/Xcode-27.0.0-Release.Candidate.app/Contents/Developer/Platforms/XROS.platform/Developer/SDKs/XROS27.0.sdk -target arm64-apple-xros1.0 -g -module-cache-path /Users/admin/builder/spi-builder-workspace/.derivedData/ModuleCache.noindex -Xfrontend -serialize-debugging-options -profile-coverage-mapping -profile-generate -enable-testing -suppress-warnings -index-store-path /Users/admin/builder/spi-builder-workspace/.derivedData/Index.noindex/DataStore -Xcc -D_LIBCPP_HARDENING_MODE\=_LIBCPP_HARDENING_MODE_DEBUG -swift-version 5 -I /Users/admin/builder/spi-builder-workspace/.derivedData/Build/Products/Debug-xros -Isystem /Applications/Xcode-27.0.0-Release.Candidate.app/Contents/Developer/Platforms/XROS.platform/Developer/usr/lib -F /Users/admin/builder/spi-builder-workspace/.derivedData/Build/Products/Debug-xros -F /Applications/Xcode-27.0.0-Release.Candidate.app/Contents/Developer/Platforms/XROS.platform/Developer/Library/Frameworks -F /Applications/Xcode-27.0.0-Release.Candidate.app/Contents/Developer/Platforms/XROS.platform/Developer/SDKs/XROS27.0.sdk/Developer/Library/Frameworks -c -j10 -enable-batch-mode -incremental -Xcc -ivfsstatcache -Xcc /Users/admin/builder/spi-builder-workspace/.derivedData/SDKStatCaches.noindex/xros27.0-24M361-e829b21a6f8c9b70876ba0858053c044735bd543db762f57723cac368afd1ce4.sdkstatcache -output-file-map /Users/admin/builder/spi-builder-workspace/.derivedData/Build/Intermediates.noindex/CDKSwiftOracc.build/Debug-xros/CDKSwiftOracc-t.build/Objects-normal/arm64/CDKSwiftOracc-OutputFileMap.json -save-temps -no-color-diagnostics -explicit-module-build -module-cache-path /Users/admin/builder/spi-builder-workspace/.derivedData/Build/Intermediates.noindex/SwiftExplicitPrecompiledModules -clang-scanner-module-cache-path /Users/admin/builder/spi-builder-workspace/.derivedData/ModuleCache.noindex -sdk-module-cache-path /Users/admin/builder/spi-builder-workspace/.derivedData/SDKExplicitPrecompiledModules -emit-dependencies -emit-module -emit-module-path /Users/admin/builder/spi-builder-workspace/.derivedData/Build/Intermediates.noindex/CDKSwiftOracc.build/Debug-xros/CDKSwiftOracc-t.build/Objects-normal/arm64/CDKSwiftOracc.swiftmodule -serialize-diagnostics -dependency-scan-serialize-diagnostics-path /Users/admin/builder/spi-builder-workspace/.derivedData/Build/Intermediates.noindex/CDKSwiftOracc.build/Debug-xros/CDKSwiftOracc-t.build/Objects-normal/arm64/CDKSwiftOracc-dependency-scan.dia -validate-clang-modules-once -clang-build-session-file /Users/admin/builder/spi-builder-workspace/.derivedData/ModuleCache.noindex/Session.modulevalidation -Xcc -fmodules-prune-interval\=86400 -Xcc -fmodules-prune-after\=345600 -emit-const-values -const-gather-protocols-list /Users/admin/builder/spi-builder-workspace/.derivedData/Build/Intermediates.noindex/CDKSwiftOracc.build/Debug-xros/CDKSwiftOracc-t.build/Objects-normal/arm64/CDKSwiftOracc_const_extract_protocols.json -Xcc -I/Users/admin/builder/spi-builder-workspace/.derivedData/Build/Products/Debug-xros/include -Xcc -I/Users/admin/builder/spi-builder-workspace/.derivedData/Build/Intermediates.noindex/CDKSwiftOracc.build/Debug-xros/CDKSwiftOracc-t.build/DerivedSources-normal/arm64 -Xcc -I/Users/admin/builder/spi-builder-workspace/.derivedData/Build/Intermediates.noindex/CDKSwiftOracc.build/Debug-xros/CDKSwiftOracc-t.build/DerivedSources/arm64 -Xcc -I/Users/admin/builder/spi-builder-workspace/.derivedData/Build/Intermediates.noindex/CDKSwiftOracc.build/Debug-xros/CDKSwiftOracc-t.build/DerivedSources -Xcc -DSWIFT_PACKAGE -Xcc -DDEBUG\=1 -emit-objc-header -emit-objc-header-path /Users/admin/builder/spi-builder-workspace/.derivedData/Build/Intermediates.noindex/CDKSwiftOracc.build/Debug-xros/CDKSwiftOracc-t.build/Objects-normal/arm64/CDKSwiftOracc-Swift.h -working-directory /Users/admin/builder/spi-builder-workspace/.swiftpm/xcode -experimental-emit-module-separately -disable-cmo
SwiftExplicitDependencyGeneratePcm arm64 /Users/admin/builder/spi-builder-workspace/.derivedData/SDKExplicitPrecompiledModules/ptrcheck-BXA97MNLI4BB0HF5I8MJE403D.pcm
SwiftExplicitDependencyGeneratePcm arm64 /Users/admin/builder/spi-builder-workspace/.derivedData/SDKExplicitPrecompiledModules/ptrauth-1WBA714DZSVUL5JQDJ08CLKZ.pcm
SwiftExplicitDependencyGeneratePcm arm64 /Users/admin/builder/spi-builder-workspace/.derivedData/SDKExplicitPrecompiledModules/_Builtin_float-6WKHNW5S40U2QGHXXGETUDIRA.pcm
SwiftExplicitDependencyGeneratePcm arm64 /Users/admin/builder/spi-builder-workspace/.derivedData/SDKExplicitPrecompiledModules/_SwiftConcurrencyShims-C8XHKSHX96D5YYALNM4W70Z0O.pcm
SwiftExplicitDependencyGeneratePcm arm64 /Users/admin/builder/spi-builder-workspace/.derivedData/SDKExplicitPrecompiledModules/SwiftShims-CI4H5RO9IYFFWQ2COB512Q2S9.pcm
SwiftExplicitDependencyGeneratePcm arm64 /Users/admin/builder/spi-builder-workspace/.derivedData/SDKExplicitPrecompiledModules/_Builtin_stdarg-CDA349K2K4US766844K8E0PVA.pcm
SwiftExplicitDependencyGeneratePcm arm64 /Users/admin/builder/spi-builder-workspace/.derivedData/SDKExplicitPrecompiledModules/_Builtin_stddef-5NQ9Z1GV07GBSRQGAQCGXGVRI.pcm
SwiftExplicitDependencyGeneratePcm arm64 /Users/admin/builder/spi-builder-workspace/.derivedData/SDKExplicitPrecompiledModules/_AvailabilityInternal-1Q8IQP6M38UWSGZ95UCEY2M44.pcm
SwiftExplicitDependencyGeneratePcm arm64 /Users/admin/builder/spi-builder-workspace/.derivedData/SDKExplicitPrecompiledModules/_Builtin_stdbool-5BU2ADS7JXQMYENKQHW9X8XOU.pcm
SwiftExplicitDependencyGeneratePcm arm64 /Users/admin/builder/spi-builder-workspace/.derivedData/SDKExplicitPrecompiledModules/_DarwinFoundation1-5RGRVV2TZ6WC4WZW5IXF8NQ04.pcm
SwiftExplicitDependencyGeneratePcm arm64 /Users/admin/builder/spi-builder-workspace/.derivedData/SDKExplicitPrecompiledModules/_DarwinFoundation2-ENTECK156YEWITZRRBTOCE4KR.pcm
SwiftExplicitDependencyGeneratePcm arm64 /Users/admin/builder/spi-builder-workspace/.derivedData/SDKExplicitPrecompiledModules/_Builtin_limits-425JDMN5HPM3D0UEI8LEHP6NM.pcm
SwiftExplicitDependencyGeneratePcm arm64 /Users/admin/builder/spi-builder-workspace/.derivedData/SDKExplicitPrecompiledModules/string_h-2GT67HHHHK5CF1V1S31LH0PU2.pcm
SwiftExplicitDependencyGeneratePcm arm64 /Users/admin/builder/spi-builder-workspace/.derivedData/SDKExplicitPrecompiledModules/sys_types-AYM0BHR77VKMWZCO2T0XGV2HF.pcm
SwiftExplicitDependencyGeneratePcm arm64 /Users/admin/builder/spi-builder-workspace/.derivedData/SDKExplicitPrecompiledModules/_Builtin_stdint-8OR6T47OOYJA90ZBO3N1USDE.pcm
SwiftExplicitDependencyGeneratePcm arm64 /Users/admin/builder/spi-builder-workspace/.derivedData/SDKExplicitPrecompiledModules/_DarwinFoundation3-9ZHN6JKBS40BBA81RQMV8H0IC.pcm
SwiftExplicitDependencyGeneratePcm arm64 /Users/admin/builder/spi-builder-workspace/.derivedData/SDKExplicitPrecompiledModules/zlib-EM9WNVCUSS7S47RZUQ9GQZH77.pcm
SwiftExplicitDependencyGeneratePcm arm64 /Users/admin/builder/spi-builder-workspace/.derivedData/SDKExplicitPrecompiledModules/_Builtin_inttypes-11B64KJD36B3YOHBR1BBXBJY8.pcm
SwiftExplicitDependencyGeneratePcm arm64 /Users/admin/builder/spi-builder-workspace/.derivedData/SDKExplicitPrecompiledModules/Darwin-60P5LVNQO3ESRRM5DCJ05PFNK.pcm
SwiftExplicitDependencyGeneratePcm arm64 /Users/admin/builder/spi-builder-workspace/.derivedData/SDKExplicitPrecompiledModules/Compression-A73VUOXIGFBWKHP7AAN1UMM21.pcm
SwiftExplicitDependencyGeneratePcm arm64 /Users/admin/builder/spi-builder-workspace/.derivedData/SDKExplicitPrecompiledModules/ObjectiveC-26TIBFYCEJZVP216ZZAU1X8KN.pcm
SwiftExplicitDependencyGeneratePcm arm64 /Users/admin/builder/spi-builder-workspace/.derivedData/SDKExplicitPrecompiledModules/os_object-692CJ8BG6RE5H04487EJJOVXW.pcm
SwiftExplicitDependencyGeneratePcm arm64 /Users/admin/builder/spi-builder-workspace/.derivedData/SDKExplicitPrecompiledModules/os_workgroup-4U1VXMWIZD80E7PRUQF2G7P9X.pcm
SwiftExplicitDependencyGeneratePcm arm64 /Users/admin/builder/spi-builder-workspace/.derivedData/SDKExplicitPrecompiledModules/Dispatch-CLT3466HKC22GCKAWSCNG0H7T.pcm
SwiftExplicitDependencyGeneratePcm arm64 /Users/admin/builder/spi-builder-workspace/.derivedData/SDKExplicitPrecompiledModules/XPC-EP5EU7FNGP4VOA3EDM18P1KHO.pcm
SwiftExplicitDependencyGeneratePcm arm64 /Users/admin/builder/spi-builder-workspace/.derivedData/SDKExplicitPrecompiledModules/CoreFoundation-AVLTZVCXBU2TO75JCN4AGU8XJ.pcm
SwiftExplicitDependencyGeneratePcm arm64 /Users/admin/builder/spi-builder-workspace/.derivedData/SDKExplicitPrecompiledModules/CFNetwork-5MI70N1VLDQSWTX4COWLMSIRO.pcm
SwiftExplicitDependencyGeneratePcm arm64 /Users/admin/builder/spi-builder-workspace/.derivedData/SDKExplicitPrecompiledModules/Security-8TH2M8WJIQMET4SADWX0N8372.pcm
SwiftExplicitDependencyGeneratePcm arm64 /Users/admin/builder/spi-builder-workspace/.derivedData/SDKExplicitPrecompiledModules/Foundation-8GON1KVEKRN3NOQI8RETBRWJP.pcm
SwiftEmitModule normal arm64 Emitting\ module\ for\ ZIPFoundation (in target 'ZIPFoundation' from project 'ZIPFoundation')
SwiftCompile normal arm64 (in target 'ZIPFoundation' from project 'ZIPFoundation')
    cd /Users/admin/builder/spi-builder-workspace/.swiftpm/xcode

SwiftEmitModule normal arm64 Emitting\ module\ for\ CDKSwiftOracc (in target 'CDKSwiftOracc' from project 'CDKSwiftOracc')
SwiftCompile normal arm64 (in target 'CDKSwiftOracc' from project 'CDKSwiftOracc')
    cd /Users/admin/builder/spi-builder-workspace/.swiftpm/xcode

SwiftCompile normal arm64 Compiling\ FileManager+ZIPDeprecated.swift,\ URL+ZIP.swift /Users/admin/builder/spi-builder-workspace/.dependencies/checkouts/ZIPFoundation/Sources/ZIPFoundation/FileManager+ZIPDeprecated.swift /Users/admin/builder/spi-builder-workspace/.dependencies/checkouts/ZIPFoundation/Sources/ZIPFoundation/URL+ZIP.swift (in target 'ZIPFoundation' from project 'ZIPFoundation')
SwiftCompile normal arm64 /Users/admin/builder/spi-builder-workspace/.dependencies/checkouts/ZIPFoundation/Sources/ZIPFoundation/FileManager+ZIPDeprecated.swift (in target 'ZIPFoundation' from project 'ZIPFoundation')
    cd /Users/admin/builder/spi-builder-workspace/.swiftpm/xcode
    builtin-SwiftPerFileCompile FileManager+ZIPDeprecated.swift
SwiftCompile normal arm64 /Users/admin/builder/spi-builder-workspace/.dependencies/checkouts/ZIPFoundation/Sources/ZIPFoundation/URL+ZIP.swift (in target 'ZIPFoundation' from project 'ZIPFoundation')
    cd /Users/admin/builder/spi-builder-workspace/.swiftpm/xcode
    builtin-SwiftPerFileCompile URL+ZIP.swift
SwiftCompile normal arm64 Compiling\ resource_bundle_accessor.swift,\ Archive+BackingConfiguration.swift,\ Archive+Deprecated.swift /Users/admin/builder/spi-builder-workspace/.derivedData/Build/Intermediates.noindex/ZIPFoundation.build/Debug-xros/ZIPFoundation-t.build/DerivedSources/resource_bundle_accessor.swift /Users/admin/builder/spi-builder-workspace/.dependencies/checkouts/ZIPFoundation/Sources/ZIPFoundation/Archive+BackingConfiguration.swift /Users/admin/builder/spi-builder-workspace/.dependencies/checkouts/ZIPFoundation/Sources/ZIPFoundation/Archive+Deprecated.swift (in target 'ZIPFoundation' from project 'ZIPFoundation')
SwiftCompile normal arm64 /Users/admin/builder/spi-builder-workspace/.derivedData/Build/Intermediates.noindex/ZIPFoundation.build/Debug-xros/ZIPFoundation-t.build/DerivedSources/resource_bundle_accessor.swift (in target 'ZIPFoundation' from project 'ZIPFoundation')
    cd /Users/admin/builder/spi-builder-workspace/.swiftpm/xcode
    builtin-SwiftPerFileCompile resource_bundle_accessor.swift
SwiftCompile normal arm64 /Users/admin/builder/spi-builder-workspace/.dependencies/checkouts/ZIPFoundation/Sources/ZIPFoundation/Archive+BackingConfiguration.swift (in target 'ZIPFoundation' from project 'ZIPFoundation')
    cd /Users/admin/builder/spi-builder-workspace/.swiftpm/xcode
    builtin-SwiftPerFileCompile Archive+BackingConfiguration.swift
SwiftCompile normal arm64 /Users/admin/builder/spi-builder-workspace/.dependencies/checkouts/ZIPFoundation/Sources/ZIPFoundation/Archive+Deprecated.swift (in target 'ZIPFoundation' from project 'ZIPFoundation')
    cd /Users/admin/builder/spi-builder-workspace/.swiftpm/xcode
    builtin-SwiftPerFileCompile Archive+Deprecated.swift
SwiftCompile normal arm64 Compiling\ Data+Serialization.swift,\ Date+ZIP.swift /Users/admin/builder/spi-builder-workspace/.dependencies/checkouts/ZIPFoundation/Sources/ZIPFoundation/Data+Serialization.swift /Users/admin/builder/spi-builder-workspace/.dependencies/checkouts/ZIPFoundation/Sources/ZIPFoundation/Date+ZIP.swift (in target 'ZIPFoundation' from project 'ZIPFoundation')
SwiftCompile normal arm64 /Users/admin/builder/spi-builder-workspace/.dependencies/checkouts/ZIPFoundation/Sources/ZIPFoundation/Data+Serialization.swift (in target 'ZIPFoundation' from project 'ZIPFoundation')
    cd /Users/admin/builder/spi-builder-workspace/.swiftpm/xcode
    builtin-SwiftPerFileCompile Data+Serialization.swift
SwiftCompile normal arm64 /Users/admin/builder/spi-builder-workspace/.dependencies/checkouts/ZIPFoundation/Sources/ZIPFoundation/Date+ZIP.swift (in target 'ZIPFoundation' from project 'ZIPFoundation')
    cd /Users/admin/builder/spi-builder-workspace/.swiftpm/xcode
    builtin-SwiftPerFileCompile Date+ZIP.swift
SwiftCompile normal arm64 Compiling\ Archive+Writing.swift,\ Archive+WritingDeprecated.swift /Users/admin/builder/spi-builder-workspace/.dependencies/checkouts/ZIPFoundation/Sources/ZIPFoundation/Archive+Writing.swift /Users/admin/builder/spi-builder-workspace/.dependencies/checkouts/ZIPFoundation/Sources/ZIPFoundation/Archive+WritingDeprecated.swift (in target 'ZIPFoundation' from project 'ZIPFoundation')
SwiftCompile normal arm64 /Users/admin/builder/spi-builder-workspace/.dependencies/checkouts/ZIPFoundation/Sources/ZIPFoundation/Archive+Writing.swift (in target 'ZIPFoundation' from project 'ZIPFoundation')
    cd /Users/admin/builder/spi-builder-workspace/.swiftpm/xcode
    builtin-SwiftPerFileCompile Archive+Writing.swift
SwiftCompile normal arm64 /Users/admin/builder/spi-builder-workspace/.dependencies/checkouts/ZIPFoundation/Sources/ZIPFoundation/Archive+WritingDeprecated.swift (in target 'ZIPFoundation' from project 'ZIPFoundation')
    cd /Users/admin/builder/spi-builder-workspace/.swiftpm/xcode
    builtin-SwiftPerFileCompile Archive+WritingDeprecated.swift
SwiftCompile normal arm64 Compiling\ Data+Compression.swift,\ Data+CompressionDeprecated.swift /Users/admin/builder/spi-builder-workspace/.dependencies/checkouts/ZIPFoundation/Sources/ZIPFoundation/Data+Compression.swift /Users/admin/builder/spi-builder-workspace/.dependencies/checkouts/ZIPFoundation/Sources/ZIPFoundation/Data+CompressionDeprecated.swift (in target 'ZIPFoundation' from project 'ZIPFoundation')
SwiftCompile normal arm64 /Users/admin/builder/spi-builder-workspace/.dependencies/checkouts/ZIPFoundation/Sources/ZIPFoundation/Data+Compression.swift (in target 'ZIPFoundation' from project 'ZIPFoundation')
    cd /Users/admin/builder/spi-builder-workspace/.swiftpm/xcode
    builtin-SwiftPerFileCompile Data+Compression.swift
SwiftCompile normal arm64 /Users/admin/builder/spi-builder-workspace/.dependencies/checkouts/ZIPFoundation/Sources/ZIPFoundation/Data+CompressionDeprecated.swift (in target 'ZIPFoundation' from project 'ZIPFoundation')
    cd /Users/admin/builder/spi-builder-workspace/.swiftpm/xcode
    builtin-SwiftPerFileCompile Data+CompressionDeprecated.swift
SwiftCompile normal arm64 Compiling\ Archive+ZIP64.swift,\ Archive.swift /Users/admin/builder/spi-builder-workspace/.dependencies/checkouts/ZIPFoundation/Sources/ZIPFoundation/Archive+ZIP64.swift /Users/admin/builder/spi-builder-workspace/.dependencies/checkouts/ZIPFoundation/Sources/ZIPFoundation/Archive.swift (in target 'ZIPFoundation' from project 'ZIPFoundation')
SwiftCompile normal arm64 /Users/admin/builder/spi-builder-workspace/.dependencies/checkouts/ZIPFoundation/Sources/ZIPFoundation/Archive+ZIP64.swift (in target 'ZIPFoundation' from project 'ZIPFoundation')
    cd /Users/admin/builder/spi-builder-workspace/.swiftpm/xcode
    builtin-SwiftPerFileCompile Archive+ZIP64.swift
SwiftCompile normal arm64 /Users/admin/builder/spi-builder-workspace/.dependencies/checkouts/ZIPFoundation/Sources/ZIPFoundation/Archive.swift (in target 'ZIPFoundation' from project 'ZIPFoundation')
    cd /Users/admin/builder/spi-builder-workspace/.swiftpm/xcode
    builtin-SwiftPerFileCompile Archive.swift
SwiftCompile normal arm64 Compiling\ Archive+Helpers.swift,\ Archive+MemoryFile.swift,\ Archive+Progress.swift /Users/admin/builder/spi-builder-workspace/.dependencies/checkouts/ZIPFoundation/Sources/ZIPFoundation/Archive+Helpers.swift /Users/admin/builder/spi-builder-workspace/.dependencies/checkouts/ZIPFoundation/Sources/ZIPFoundation/Archive+MemoryFile.swift /Users/admin/builder/spi-builder-workspace/.dependencies/checkouts/ZIPFoundation/Sources/ZIPFoundation/Archive+Progress.swift (in target 'ZIPFoundation' from project 'ZIPFoundation')
SwiftCompile normal arm64 /Users/admin/builder/spi-builder-workspace/.dependencies/checkouts/ZIPFoundation/Sources/ZIPFoundation/Archive+Helpers.swift (in target 'ZIPFoundation' from project 'ZIPFoundation')
    cd /Users/admin/builder/spi-builder-workspace/.swiftpm/xcode
    builtin-SwiftPerFileCompile Archive+Helpers.swift
SwiftCompile normal arm64 /Users/admin/builder/spi-builder-workspace/.dependencies/checkouts/ZIPFoundation/Sources/ZIPFoundation/Archive+MemoryFile.swift (in target 'ZIPFoundation' from project 'ZIPFoundation')
    cd /Users/admin/builder/spi-builder-workspace/.swiftpm/xcode
    builtin-SwiftPerFileCompile Archive+MemoryFile.swift
SwiftCompile normal arm64 /Users/admin/builder/spi-builder-workspace/.dependencies/checkouts/ZIPFoundation/Sources/ZIPFoundation/Archive+Progress.swift (in target 'ZIPFoundation' from project 'ZIPFoundation')
    cd /Users/admin/builder/spi-builder-workspace/.swiftpm/xcode
    builtin-SwiftPerFileCompile Archive+Progress.swift
SwiftCompile normal arm64 Compiling\ Archive+Reading.swift,\ Archive+ReadingDeprecated.swift /Users/admin/builder/spi-builder-workspace/.dependencies/checkouts/ZIPFoundation/Sources/ZIPFoundation/Archive+Reading.swift /Users/admin/builder/spi-builder-workspace/.dependencies/checkouts/ZIPFoundation/Sources/ZIPFoundation/Archive+ReadingDeprecated.swift (in target 'ZIPFoundation' from project 'ZIPFoundation')
SwiftCompile normal arm64 /Users/admin/builder/spi-builder-workspace/.dependencies/checkouts/ZIPFoundation/Sources/ZIPFoundation/Archive+Reading.swift (in target 'ZIPFoundation' from project 'ZIPFoundation')
    cd /Users/admin/builder/spi-builder-workspace/.swiftpm/xcode
    builtin-SwiftPerFileCompile Archive+Reading.swift
SwiftCompile normal arm64 /Users/admin/builder/spi-builder-workspace/.dependencies/checkouts/ZIPFoundation/Sources/ZIPFoundation/Archive+ReadingDeprecated.swift (in target 'ZIPFoundation' from project 'ZIPFoundation')
    cd /Users/admin/builder/spi-builder-workspace/.swiftpm/xcode
    builtin-SwiftPerFileCompile Archive+ReadingDeprecated.swift
SwiftCompile normal arm64 Compiling\ Entry+Serialization.swift,\ Entry+ZIP64.swift /Users/admin/builder/spi-builder-workspace/.dependencies/checkouts/ZIPFoundation/Sources/ZIPFoundation/Entry+Serialization.swift /Users/admin/builder/spi-builder-workspace/.dependencies/checkouts/ZIPFoundation/Sources/ZIPFoundation/Entry+ZIP64.swift (in target 'ZIPFoundation' from project 'ZIPFoundation')
SwiftCompile normal arm64 /Users/admin/builder/spi-builder-workspace/.dependencies/checkouts/ZIPFoundation/Sources/ZIPFoundation/Entry+Serialization.swift (in target 'ZIPFoundation' from project 'ZIPFoundation')
    cd /Users/admin/builder/spi-builder-workspace/.swiftpm/xcode
    builtin-SwiftPerFileCompile Entry+Serialization.swift
SwiftCompile normal arm64 /Users/admin/builder/spi-builder-workspace/.dependencies/checkouts/ZIPFoundation/Sources/ZIPFoundation/Entry+ZIP64.swift (in target 'ZIPFoundation' from project 'ZIPFoundation')
    cd /Users/admin/builder/spi-builder-workspace/.swiftpm/xcode
    builtin-SwiftPerFileCompile Entry+ZIP64.swift
SwiftDriverJobDiscovery normal arm64 Emitting module for ZIPFoundation (in target 'ZIPFoundation' from project 'ZIPFoundation')
SwiftDriver\ Compilation\ Requirements ZIPFoundation normal arm64 com.apple.xcode.tools.swift.compiler (in target 'ZIPFoundation' from project 'ZIPFoundation')
    cd /Users/admin/builder/spi-builder-workspace/.swiftpm/xcode
    builtin-Swift-Compilation-Requirements -- /Applications/Xcode-27.0.0-Release.Candidate.app/Contents/Developer/Toolchains/XcodeDefault.xctoolchain/usr/bin/swiftc -parse-as-library -module-name ZIPFoundation -Onone @/Users/admin/builder/spi-builder-workspace/.derivedData/Build/Intermediates.noindex/ZIPFoundation.build/Debug-xros/ZIPFoundation-t.build/Objects-normal/arm64/ZIPFoundation.SwiftFileList -DSWIFT_PACKAGE -DDEBUG -DSWIFT_MODULE_RESOURCE_BUNDLE_AVAILABLE -DXcode -plugin-path /Applications/Xcode-27.0.0-Release.Candidate.app/Contents/Developer/Toolchains/XcodeDefault.xctoolchain/usr/lib/swift/host/plugins/testing -enable-experimental-feature DebugDescriptionMacro -sdk /Applications/Xcode-27.0.0-Release.Candidate.app/Contents/Developer/Platforms/XROS.platform/Developer/SDKs/XROS27.0.sdk -target arm64-apple-xros1.0 -g -module-cache-path /Users/admin/builder/spi-builder-workspace/.derivedData/ModuleCache.noindex -Xfrontend -serialize-debugging-options -profile-coverage-mapping -profile-generate -enable-testing -suppress-warnings -index-store-path /Users/admin/builder/spi-builder-workspace/.derivedData/Index.noindex/DataStore -Xcc -D_LIBCPP_HARDENING_MODE\=_LIBCPP_HARDENING_MODE_DEBUG -swift-version 5 -I /Users/admin/builder/spi-builder-workspace/.derivedData/Build/Products/Debug-xros -Isystem /Applications/Xcode-27.0.0-Release.Candidate.app/Contents/Developer/Platforms/XROS.platform/Developer/usr/lib -F /Users/admin/builder/spi-builder-workspace/.derivedData/Build/Products/Debug-xros -F /Applications/Xcode-27.0.0-Release.Candidate.app/Contents/Developer/Platforms/XROS.platform/Developer/Library/Frameworks -F /Applications/Xcode-27.0.0-Release.Candidate.app/Contents/Developer/Platforms/XROS.platform/Developer/SDKs/XROS27.0.sdk/Developer/Library/Frameworks -c -j10 -enable-batch-mode -incremental -Xcc -ivfsstatcache -Xcc /Users/admin/builder/spi-builder-workspace/.derivedData/SDKStatCaches.noindex/xros27.0-24M361-e829b21a6f8c9b70876ba0858053c044735bd543db762f57723cac368afd1ce4.sdkstatcache -output-file-map /Users/admin/builder/spi-builder-workspace/.derivedData/Build/Intermediates.noindex/ZIPFoundation.build/Debug-xros/ZIPFoundation-t.build/Objects-normal/arm64/ZIPFoundation-OutputFileMap.json -save-temps -no-color-diagnostics -explicit-module-build -module-cache-path /Users/admin/builder/spi-builder-workspace/.derivedData/Build/Intermediates.noindex/SwiftExplicitPrecompiledModules -clang-scanner-module-cache-path /Users/admin/builder/spi-builder-workspace/.derivedData/ModuleCache.noindex -sdk-module-cache-path /Users/admin/builder/spi-builder-workspace/.derivedData/SDKExplicitPrecompiledModules -emit-dependencies -emit-module -emit-module-path /Users/admin/builder/spi-builder-workspace/.derivedData/Build/Intermediates.noindex/ZIPFoundation.build/Debug-xros/ZIPFoundation-t.build/Objects-normal/arm64/ZIPFoundation.swiftmodule -serialize-diagnostics -dependency-scan-serialize-diagnostics-path /Users/admin/builder/spi-builder-workspace/.derivedData/Build/Intermediates.noindex/ZIPFoundation.build/Debug-xros/ZIPFoundation-t.build/Objects-normal/arm64/ZIPFoundation-dependency-scan.dia -validate-clang-modules-once -clang-build-session-file /Users/admin/builder/spi-builder-workspace/.derivedData/ModuleCache.noindex/Session.modulevalidation -Xcc -fmodules-prune-interval\=86400 -Xcc -fmodules-prune-after\=345600 -package-name zipfoundation -emit-const-values -const-gather-protocols-list /Users/admin/builder/spi-builder-workspace/.derivedData/Build/Intermediates.noindex/ZIPFoundation.build/Debug-xros/ZIPFoundation-t.build/Objects-normal/arm64/ZIPFoundation_const_extract_protocols.json -Xcc -I/Users/admin/builder/spi-builder-workspace/.derivedData/Build/Products/Debug-xros/include -Xcc -I/Users/admin/builder/spi-builder-workspace/.derivedData/Build/Intermediates.noindex/ZIPFoundation.build/Debug-xros/ZIPFoundation-t.build/DerivedSources-normal/arm64 -Xcc -I/Users/admin/builder/spi-builder-workspace/.derivedData/Build/Intermediates.noindex/ZIPFoundation.build/Debug-xros/ZIPFoundation-t.build/DerivedSources/arm64 -Xcc -I/Users/admin/builder/spi-builder-workspace/.derivedData/Build/Intermediates.noindex/ZIPFoundation.build/Debug-xros/ZIPFoundation-t.build/DerivedSources -Xcc -DSWIFT_PACKAGE -Xcc -DDEBUG\=1 -emit-objc-header -emit-objc-header-path /Users/admin/builder/spi-builder-workspace/.derivedData/Build/Intermediates.noindex/ZIPFoundation.build/Debug-xros/ZIPFoundation-t.build/Objects-normal/arm64/ZIPFoundation-Swift.h -working-directory /Users/admin/builder/spi-builder-workspace/.swiftpm/xcode -experimental-emit-module-separately -disable-cmo
SwiftDriverJobDiscovery normal arm64 Emitting module for CDKSwiftOracc (in target 'CDKSwiftOracc' from project 'CDKSwiftOracc')
SwiftCompile normal arm64 Compiling\ Entry.swift,\ FileManager+ZIP.swift /Users/admin/builder/spi-builder-workspace/.dependencies/checkouts/ZIPFoundation/Sources/ZIPFoundation/Entry.swift /Users/admin/builder/spi-builder-workspace/.dependencies/checkouts/ZIPFoundation/Sources/ZIPFoundation/FileManager+ZIP.swift (in target 'ZIPFoundation' from project 'ZIPFoundation')
SwiftCompile normal arm64 /Users/admin/builder/spi-builder-workspace/.dependencies/checkouts/ZIPFoundation/Sources/ZIPFoundation/Entry.swift (in target 'ZIPFoundation' from project 'ZIPFoundation')
    cd /Users/admin/builder/spi-builder-workspace/.swiftpm/xcode
    builtin-SwiftPerFileCompile Entry.swift
SwiftCompile normal arm64 /Users/admin/builder/spi-builder-workspace/.dependencies/checkouts/ZIPFoundation/Sources/ZIPFoundation/FileManager+ZIP.swift (in target 'ZIPFoundation' from project 'ZIPFoundation')
    cd /Users/admin/builder/spi-builder-workspace/.swiftpm/xcode
    builtin-SwiftPerFileCompile FileManager+ZIP.swift
SwiftMergeGeneratedHeaders /Users/admin/builder/spi-builder-workspace/.derivedData/Build/Intermediates.noindex/GeneratedModuleMaps-xros/ZIPFoundation-Swift.h /Users/admin/builder/spi-builder-workspace/.derivedData/Build/Intermediates.noindex/ZIPFoundation.build/Debug-xros/ZIPFoundation-t.build/Objects-normal/arm64/ZIPFoundation-Swift.h (in target 'ZIPFoundation' from project 'ZIPFoundation')
    cd /Users/admin/builder/spi-builder-workspace/.dependencies/checkouts/ZIPFoundation
    builtin-swiftHeaderTool -arch arm64 /Users/admin/builder/spi-builder-workspace/.derivedData/Build/Intermediates.noindex/ZIPFoundation.build/Debug-xros/ZIPFoundation-t.build/Objects-normal/arm64/ZIPFoundation-Swift.h -o /Users/admin/builder/spi-builder-workspace/.derivedData/Build/Intermediates.noindex/GeneratedModuleMaps-xros/ZIPFoundation-Swift.h
SwiftDriverJobDiscovery normal arm64 Compiling FileManager+ZIPDeprecated.swift, URL+ZIP.swift (in target 'ZIPFoundation' from project 'ZIPFoundation')
Copy /Users/admin/builder/spi-builder-workspace/.derivedData/Build/Products/Debug-xros/ZIPFoundation.swiftmodule/arm64-apple-xros.swiftmodule /Users/admin/builder/spi-builder-workspace/.derivedData/Build/Intermediates.noindex/ZIPFoundation.build/Debug-xros/ZIPFoundation-t.build/Objects-normal/arm64/ZIPFoundation.swiftmodule (in target 'ZIPFoundation' from project 'ZIPFoundation')
    cd /Users/admin/builder/spi-builder-workspace/.dependencies/checkouts/ZIPFoundation
    builtin-copy -exclude .DS_Store -exclude CVS -exclude .svn -exclude .git -exclude .hg -resolve-src-symlinks -rename /Users/admin/builder/spi-builder-workspace/.derivedData/Build/Intermediates.noindex/ZIPFoundation.build/Debug-xros/ZIPFoundation-t.build/Objects-normal/arm64/ZIPFoundation.swiftmodule /Users/admin/builder/spi-builder-workspace/.derivedData/Build/Products/Debug-xros/ZIPFoundation.swiftmodule/arm64-apple-xros.swiftmodule
Copy /Users/admin/builder/spi-builder-workspace/.derivedData/Build/Products/Debug-xros/ZIPFoundation.swiftmodule/arm64-apple-xros.swiftdoc /Users/admin/builder/spi-builder-workspace/.derivedData/Build/Intermediates.noindex/ZIPFoundation.build/Debug-xros/ZIPFoundation-t.build/Objects-normal/arm64/ZIPFoundation.swiftdoc (in target 'ZIPFoundation' from project 'ZIPFoundation')
    cd /Users/admin/builder/spi-builder-workspace/.dependencies/checkouts/ZIPFoundation
    builtin-copy -exclude .DS_Store -exclude CVS -exclude .svn -exclude .git -exclude .hg -resolve-src-symlinks -rename /Users/admin/builder/spi-builder-workspace/.derivedData/Build/Intermediates.noindex/ZIPFoundation.build/Debug-xros/ZIPFoundation-t.build/Objects-normal/arm64/ZIPFoundation.swiftdoc /Users/admin/builder/spi-builder-workspace/.derivedData/Build/Products/Debug-xros/ZIPFoundation.swiftmodule/arm64-apple-xros.swiftdoc
SwiftDriverJobDiscovery normal arm64 Compiling Archive+ZIP64.swift, Archive.swift (in target 'ZIPFoundation' from project 'ZIPFoundation')
Copy /Users/admin/builder/spi-builder-workspace/.derivedData/Build/Products/Debug-xros/ZIPFoundation.swiftmodule/arm64-apple-xros.abi.json /Users/admin/builder/spi-builder-workspace/.derivedData/Build/Intermediates.noindex/ZIPFoundation.build/Debug-xros/ZIPFoundation-t.build/Objects-normal/arm64/ZIPFoundation.abi.json (in target 'ZIPFoundation' from project 'ZIPFoundation')
    cd /Users/admin/builder/spi-builder-workspace/.dependencies/checkouts/ZIPFoundation
    builtin-copy -exclude .DS_Store -exclude CVS -exclude .svn -exclude .git -exclude .hg -resolve-src-symlinks -rename /Users/admin/builder/spi-builder-workspace/.derivedData/Build/Intermediates.noindex/ZIPFoundation.build/Debug-xros/ZIPFoundation-t.build/Objects-normal/arm64/ZIPFoundation.abi.json /Users/admin/builder/spi-builder-workspace/.derivedData/Build/Products/Debug-xros/ZIPFoundation.swiftmodule/arm64-apple-xros.abi.json
Copy /Users/admin/builder/spi-builder-workspace/.derivedData/Build/Products/Debug-xros/ZIPFoundation.swiftmodule/Project/arm64-apple-xros.swiftsourceinfo /Users/admin/builder/spi-builder-workspace/.derivedData/Build/Intermediates.noindex/ZIPFoundation.build/Debug-xros/ZIPFoundation-t.build/Objects-normal/arm64/ZIPFoundation.swiftsourceinfo (in target 'ZIPFoundation' from project 'ZIPFoundation')
    cd /Users/admin/builder/spi-builder-workspace/.dependencies/checkouts/ZIPFoundation
    builtin-copy -exclude .DS_Store -exclude CVS -exclude .svn -exclude .git -exclude .hg -resolve-src-symlinks -rename /Users/admin/builder/spi-builder-workspace/.derivedData/Build/Intermediates.noindex/ZIPFoundation.build/Debug-xros/ZIPFoundation-t.build/Objects-normal/arm64/ZIPFoundation.swiftsourceinfo /Users/admin/builder/spi-builder-workspace/.derivedData/Build/Products/Debug-xros/ZIPFoundation.swiftmodule/Project/arm64-apple-xros.swiftsourceinfo
SwiftDriver\ Compilation\ Requirements CDKSwiftOracc normal arm64 com.apple.xcode.tools.swift.compiler (in target 'CDKSwiftOracc' from project 'CDKSwiftOracc')
    cd /Users/admin/builder/spi-builder-workspace/.swiftpm/xcode
    builtin-Swift-Compilation-Requirements -- /Applications/Xcode-27.0.0-Release.Candidate.app/Contents/Developer/Toolchains/XcodeDefault.xctoolchain/usr/bin/swiftc -parse-as-library -module-name CDKSwiftOracc -Onone @/Users/admin/builder/spi-builder-workspace/.derivedData/Build/Intermediates.noindex/CDKSwiftOracc.build/Debug-xros/CDKSwiftOracc-t.build/Objects-normal/arm64/CDKSwiftOracc.SwiftFileList -DSWIFT_PACKAGE -DDEBUG -DSWIFT_MODULE_RESOURCE_BUNDLE_UNAVAILABLE -DXcode -plugin-path /Applications/Xcode-27.0.0-Release.Candidate.app/Contents/Developer/Toolchains/XcodeDefault.xctoolchain/usr/lib/swift/host/plugins/testing -enable-experimental-feature DebugDescriptionMacro -sdk /Applications/Xcode-27.0.0-Release.Candidate.app/Contents/Developer/Platforms/XROS.platform/Developer/SDKs/XROS27.0.sdk -target arm64-apple-xros1.0 -g -module-cache-path /Users/admin/builder/spi-builder-workspace/.derivedData/ModuleCache.noindex -Xfrontend -serialize-debugging-options -profile-coverage-mapping -profile-generate -enable-testing -suppress-warnings -index-store-path /Users/admin/builder/spi-builder-workspace/.derivedData/Index.noindex/DataStore -Xcc -D_LIBCPP_HARDENING_MODE\=_LIBCPP_HARDENING_MODE_DEBUG -swift-version 5 -I /Users/admin/builder/spi-builder-workspace/.derivedData/Build/Products/Debug-xros -Isystem /Applications/Xcode-27.0.0-Release.Candidate.app/Contents/Developer/Platforms/XROS.platform/Developer/usr/lib -F /Users/admin/builder/spi-builder-workspace/.derivedData/Build/Products/Debug-xros -F /Applications/Xcode-27.0.0-Release.Candidate.app/Contents/Developer/Platforms/XROS.platform/Developer/Library/Frameworks -F /Applications/Xcode-27.0.0-Release.Candidate.app/Contents/Developer/Platforms/XROS.platform/Developer/SDKs/XROS27.0.sdk/Developer/Library/Frameworks -c -j10 -enable-batch-mode -incremental -Xcc -ivfsstatcache -Xcc /Users/admin/builder/spi-builder-workspace/.derivedData/SDKStatCaches.noindex/xros27.0-24M361-e829b21a6f8c9b70876ba0858053c044735bd543db762f57723cac368afd1ce4.sdkstatcache -output-file-map /Users/admin/builder/spi-builder-workspace/.derivedData/Build/Intermediates.noindex/CDKSwiftOracc.build/Debug-xros/CDKSwiftOracc-t.build/Objects-normal/arm64/CDKSwiftOracc-OutputFileMap.json -save-temps -no-color-diagnostics -explicit-module-build -module-cache-path /Users/admin/builder/spi-builder-workspace/.derivedData/Build/Intermediates.noindex/SwiftExplicitPrecompiledModules -clang-scanner-module-cache-path /Users/admin/builder/spi-builder-workspace/.derivedData/ModuleCache.noindex -sdk-module-cache-path /Users/admin/builder/spi-builder-workspace/.derivedData/SDKExplicitPrecompiledModules -emit-dependencies -emit-module -emit-module-path /Users/admin/builder/spi-builder-workspace/.derivedData/Build/Intermediates.noindex/CDKSwiftOracc.build/Debug-xros/CDKSwiftOracc-t.build/Objects-normal/arm64/CDKSwiftOracc.swiftmodule -serialize-diagnostics -dependency-scan-serialize-diagnostics-path /Users/admin/builder/spi-builder-workspace/.derivedData/Build/Intermediates.noindex/CDKSwiftOracc.build/Debug-xros/CDKSwiftOracc-t.build/Objects-normal/arm64/CDKSwiftOracc-dependency-scan.dia -validate-clang-modules-once -clang-build-session-file /Users/admin/builder/spi-builder-workspace/.derivedData/ModuleCache.noindex/Session.modulevalidation -Xcc -fmodules-prune-interval\=86400 -Xcc -fmodules-prune-after\=345600 -emit-const-values -const-gather-protocols-list /Users/admin/builder/spi-builder-workspace/.derivedData/Build/Intermediates.noindex/CDKSwiftOracc.build/Debug-xros/CDKSwiftOracc-t.build/Objects-normal/arm64/CDKSwiftOracc_const_extract_protocols.json -Xcc -I/Users/admin/builder/spi-builder-workspace/.derivedData/Build/Products/Debug-xros/include -Xcc -I/Users/admin/builder/spi-builder-workspace/.derivedData/Build/Intermediates.noindex/CDKSwiftOracc.build/Debug-xros/CDKSwiftOracc-t.build/DerivedSources-normal/arm64 -Xcc -I/Users/admin/builder/spi-builder-workspace/.derivedData/Build/Intermediates.noindex/CDKSwiftOracc.build/Debug-xros/CDKSwiftOracc-t.build/DerivedSources/arm64 -Xcc -I/Users/admin/builder/spi-builder-workspace/.derivedData/Build/Intermediates.noindex/CDKSwiftOracc.build/Debug-xros/CDKSwiftOracc-t.build/DerivedSources -Xcc -DSWIFT_PACKAGE -Xcc -DDEBUG\=1 -emit-objc-header -emit-objc-header-path /Users/admin/builder/spi-builder-workspace/.derivedData/Build/Intermediates.noindex/CDKSwiftOracc.build/Debug-xros/CDKSwiftOracc-t.build/Objects-normal/arm64/CDKSwiftOracc-Swift.h -working-directory /Users/admin/builder/spi-builder-workspace/.swiftpm/xcode -experimental-emit-module-separately -disable-cmo
SwiftCompile normal arm64 Compiling\ NodeReference.swift,\ OraccCDLNode+Codable.swift,\ OraccCDLNode+ExtendedAttributes.swift /Users/admin/builder/spi-builder-workspace/.dependencies/checkouts/CDKSwiftOracc/Sources/CDKSwiftOracc/CDL\ Types/NodeReference.swift /Users/admin/builder/spi-builder-workspace/.dependencies/checkouts/CDKSwiftOracc/Sources/CDKSwiftOracc/CDL\ Types/OraccCDLNode+Codable.swift /Users/admin/builder/spi-builder-workspace/.dependencies/checkouts/CDKSwiftOracc/Sources/CDKSwiftOracc/CDL\ Types/OraccCDLNode+ExtendedAttributes.swift (in target 'CDKSwiftOracc' from project 'CDKSwiftOracc')
SwiftCompile normal arm64 /Users/admin/builder/spi-builder-workspace/.dependencies/checkouts/CDKSwiftOracc/Sources/CDKSwiftOracc/CDL\ Types/NodeReference.swift (in target 'CDKSwiftOracc' from project 'CDKSwiftOracc')
    cd /Users/admin/builder/spi-builder-workspace/.swiftpm/xcode
    builtin-SwiftPerFileCompile NodeReference.swift
SwiftCompile normal arm64 /Users/admin/builder/spi-builder-workspace/.dependencies/checkouts/CDKSwiftOracc/Sources/CDKSwiftOracc/CDL\ Types/OraccCDLNode+Codable.swift (in target 'CDKSwiftOracc' from project 'CDKSwiftOracc')
    cd /Users/admin/builder/spi-builder-workspace/.swiftpm/xcode
    builtin-SwiftPerFileCompile OraccCDLNode+Codable.swift
SwiftCompile normal arm64 /Users/admin/builder/spi-builder-workspace/.dependencies/checkouts/CDKSwiftOracc/Sources/CDKSwiftOracc/CDL\ Types/OraccCDLNode+ExtendedAttributes.swift (in target 'CDKSwiftOracc' from project 'CDKSwiftOracc')
    cd /Users/admin/builder/spi-builder-workspace/.swiftpm/xcode
    builtin-SwiftPerFileCompile OraccCDLNode+ExtendedAttributes.swift
SwiftCompile normal arm64 Compiling\ AttributedStringFormatter.swift,\ NSAttributedStringFormatter.swift,\ NSAttributedStringKey+OraccAttributes.swift /Users/admin/builder/spi-builder-workspace/.dependencies/checkouts/CDKSwiftOracc/Sources/CDKSwiftOracc/TextEdition/AttributedStringFormatter.swift /Users/admin/builder/spi-builder-workspace/.dependencies/checkouts/CDKSwiftOracc/Sources/CDKSwiftOracc/TextEdition/Legacy/NSAttributedStringFormatter.swift /Users/admin/builder/spi-builder-workspace/.dependencies/checkouts/CDKSwiftOracc/Sources/CDKSwiftOracc/TextEdition/Legacy/NSAttributedStringKey+OraccAttributes.swift (in target 'CDKSwiftOracc' from project 'CDKSwiftOracc')
/Users/admin/builder/spi-builder-workspace/.dependencies/checkouts/CDKSwiftOracc/Sources/CDKSwiftOracc/TextEdition/AttributedStringFormatter.swift:84:61: error: 'formatting' is unavailable in visionOS
 82 |                 )
 83 |             } else {
 84 |                 let damagedAttribute = AttributeContainer([.formatting: [TextEditionFormatting.damaged]])
    |                                                             `- error: 'formatting' is unavailable in visionOS
 85 |                 attributedLemma = AttributedString(
 86 |                     "x ",
/Users/admin/builder/spi-builder-workspace/.dependencies/checkouts/CDKSwiftOracc/Sources/CDKSwiftOracc/TextEdition/Legacy/NSAttributedStringFormatter.swift:27:16: note: 'formatting' was obsoleted in visionOS 1.0
 25 | @available(iOS, obsoleted: 15)
 26 | public extension NSAttributedString.Key {
 27 |     static var formatting: NSAttributedString.Key {
    |                `- note: 'formatting' was obsoleted in visionOS 1.0
 28 |         return self.init("formatting")
 29 |     }
/Users/admin/builder/spi-builder-workspace/.dependencies/checkouts/CDKSwiftOracc/Sources/CDKSwiftOracc/TextEdition/Legacy/NSAttributedStringFormatter.swift:66:35: error: 'formatting' is unavailable in visionOS
 25 | @available(iOS, obsoleted: 15)
 26 | public extension NSAttributedString.Key {
 27 |     static var formatting: NSAttributedString.Key {
    |                `- note: 'formatting' was obsoleted in visionOS 1.0
 28 |         return self.init("formatting")
 29 |     }
    :
 64 |             if let norm = lemma.wordForm.normalisation {
 65 |                 var translationAttrs = lemma.getExtendedAttributes()
 66 |                 translationAttrs[.formatting] = TextEditionFormatting([.italic]).rawValue
    |                                   `- error: 'formatting' is unavailable in visionOS
 67 |                 attrStr = NSMutableAttributedString(
 68 |                     string: "\(norm) ",
/Users/admin/builder/spi-builder-workspace/.dependencies/checkouts/CDKSwiftOracc/Sources/CDKSwiftOracc/TextEdition/Legacy/NSAttributedStringFormatter.swift:74:35: error: 'formatting' is unavailable in visionOS
 25 | @available(iOS, obsoleted: 15)
 26 | public extension NSAttributedString.Key {
 27 |     static var formatting: NSAttributedString.Key {
    |                `- note: 'formatting' was obsoleted in visionOS 1.0
 28 |         return self.init("formatting")
 29 |     }
    :
 72 |                 attrStr = NSMutableAttributedString(
 73 |                     string: "x ",
 74 |                     attributes: [.formatting: TextEditionFormatting([.damaged]).rawValue]
    |                                   `- error: 'formatting' is unavailable in visionOS
 75 |                 )
 76 |             }
/Users/admin/builder/spi-builder-workspace/.dependencies/checkouts/CDKSwiftOracc/Sources/CDKSwiftOracc/TextEdition/Legacy/NSAttributedStringFormatter.swift:88:83: error: 'formatting' is unavailable in visionOS
 25 | @available(iOS, obsoleted: 15)
 26 | public extension NSAttributedString.Key {
 27 |     static var formatting: NSAttributedString.Key {
    |                `- note: 'formatting' was obsoleted in visionOS 1.0
 28 |         return self.init("formatting")
 29 |     }
    :
 86 |             switch discontinuity.type {
 87 |             case .obverse:
 88 |                 let obv = NSAttributedString(string: "Obverse: \n", attributes: [.formatting: TextEditionFormatting([.editorial, .bold]).rawValue])
    |                                                                                   `- error: 'formatting' is unavailable in visionOS
 89 |                 str.append(obv)
 90 |             case .linestart:
/Users/admin/builder/spi-builder-workspace/.dependencies/checkouts/CDKSwiftOracc/Sources/CDKSwiftOracc/TextEdition/Legacy/NSAttributedStringFormatter.swift:91:102: error: 'formatting' is unavailable in visionOS
 25 | @available(iOS, obsoleted: 15)
 26 | public extension NSAttributedString.Key {
 27 |     static var formatting: NSAttributedString.Key {
    |                `- note: 'formatting' was obsoleted in visionOS 1.0
 28 |         return self.init("formatting")
 29 |     }
    :
 89 |                 str.append(obv)
 90 |             case .linestart:
 91 |                 let ln = NSAttributedString(string: "\n\(discontinuity.label ?? "") ", attributes: [.formatting: TextEditionFormatting([.editorial]).rawValue])
    |                                                                                                      `- error: 'formatting' is unavailable in visionOS
 92 |                 str.append(ln)
 93 |             case .reverse:
/Users/admin/builder/spi-builder-workspace/.dependencies/checkouts/CDKSwiftOracc/Sources/CDKSwiftOracc/TextEdition/Legacy/NSAttributedStringFormatter.swift:94:90: error: 'formatting' is unavailable in visionOS
 25 | @available(iOS, obsoleted: 15)
 26 | public extension NSAttributedString.Key {
 27 |     static var formatting: NSAttributedString.Key {
    |                `- note: 'formatting' was obsoleted in visionOS 1.0
 28 |         return self.init("formatting")
 29 |     }
    :
 92 |                 str.append(ln)
 93 |             case .reverse:
 94 |                 let rev = NSAttributedString(string: "\n\n\n Reverse: \n", attributes: [.formatting: TextEditionFormatting([.editorial, .bold]).rawValue])
    |                                                                                          `- error: 'formatting' is unavailable in visionOS
 95 |                 str.append(rev)
 96 |             default:
/Users/admin/builder/spi-builder-workspace/.dependencies/checkouts/CDKSwiftOracc/Sources/CDKSwiftOracc/TextEdition/Legacy/NSAttributedStringFormatter.swift:125:83: error: 'formatting' is unavailable in visionOS
 25 | @available(iOS, obsoleted: 15)
 26 | public extension NSAttributedString.Key {
 27 |     static var formatting: NSAttributedString.Key {
    |                `- note: 'formatting' was obsoleted in visionOS 1.0
 28 |         return self.init("formatting")
 29 |     }
    :
123 |             switch discontinuity.type {
124 |             case .obverse:
125 |                 let obv = NSAttributedString(string: "Obverse: \n", attributes: [.formatting: TextEditionFormatting([.editorial, .bold]).rawValue])
    |                                                                                   `- error: 'formatting' is unavailable in visionOS
126 |                 str.append(obv)
127 |             case .linestart:
/Users/admin/builder/spi-builder-workspace/.dependencies/checkouts/CDKSwiftOracc/Sources/CDKSwiftOracc/TextEdition/Legacy/NSAttributedStringFormatter.swift:128:102: error: 'formatting' is unavailable in visionOS
 25 | @available(iOS, obsoleted: 15)
 26 | public extension NSAttributedString.Key {
 27 |     static var formatting: NSAttributedString.Key {
    |                `- note: 'formatting' was obsoleted in visionOS 1.0
 28 |         return self.init("formatting")
 29 |     }
    :
126 |                 str.append(obv)
127 |             case .linestart:
128 |                 let ln = NSAttributedString(string: "\n\(discontinuity.label ?? "") ", attributes: [.formatting: TextEditionFormatting([.editorial]).rawValue])
    |                                                                                                      `- error: 'formatting' is unavailable in visionOS
129 |                 str.append(ln)
130 |             case .reverse:
/Users/admin/builder/spi-builder-workspace/.dependencies/checkouts/CDKSwiftOracc/Sources/CDKSwiftOracc/TextEdition/Legacy/NSAttributedStringFormatter.swift:131:90: error: 'formatting' is unavailable in visionOS
 25 | @available(iOS, obsoleted: 15)
 26 | public extension NSAttributedString.Key {
 27 |     static var formatting: NSAttributedString.Key {
    |                `- note: 'formatting' was obsoleted in visionOS 1.0
 28 |         return self.init("formatting")
 29 |     }
    :
129 |                 str.append(ln)
130 |             case .reverse:
131 |                 let rev = NSAttributedString(string: "\n\n\n Reverse: \n", attributes: [.formatting: TextEditionFormatting([.editorial, .bold]).rawValue])
    |                                                                                          `- error: 'formatting' is unavailable in visionOS
132 |                 str.append(rev)
133 |             default:
/Users/admin/builder/spi-builder-workspace/.dependencies/checkouts/CDKSwiftOracc/Sources/CDKSwiftOracc/TextEdition/Legacy/NSAttributedStringFormatter.swift:147:56: error: 'formatting' is unavailable in visionOS
 25 | @available(iOS, obsoleted: 15)
 26 | public extension NSAttributedString.Key {
 27 |     static var formatting: NSAttributedString.Key {
    |                `- note: 'formatting' was obsoleted in visionOS 1.0
 28 |         return self.init("formatting")
 29 |     }
    :
145 | extension GraphemeDescription {
146 |      func transliterated() -> NSAttributedString {
147 |         let italicFormatting = [NSAttributedString.Key.formatting: TextEditionFormatting([.italic]).rawValue]
    |                                                        `- error: 'formatting' is unavailable in visionOS
148 |         let superscriptFormatting = [NSAttributedString.Key.formatting: TextEditionFormatting([.superscript]).rawValue]
149 |         let damagedFormatting = [NSAttributedString.Key.formatting: TextEditionFormatting([.damaged]).rawValue]
/Users/admin/builder/spi-builder-workspace/.dependencies/checkouts/CDKSwiftOracc/Sources/CDKSwiftOracc/TextEdition/Legacy/NSAttributedStringFormatter.swift:148:61: error: 'formatting' is unavailable in visionOS
 25 | @available(iOS, obsoleted: 15)
 26 | public extension NSAttributedString.Key {
 27 |     static var formatting: NSAttributedString.Key {
    |                `- note: 'formatting' was obsoleted in visionOS 1.0
 28 |         return self.init("formatting")
 29 |     }
    :
146 |      func transliterated() -> NSAttributedString {
147 |         let italicFormatting = [NSAttributedString.Key.formatting: TextEditionFormatting([.italic]).rawValue]
148 |         let superscriptFormatting = [NSAttributedString.Key.formatting: TextEditionFormatting([.superscript]).rawValue]
    |                                                             `- error: 'formatting' is unavailable in visionOS
149 |         let damagedFormatting = [NSAttributedString.Key.formatting: TextEditionFormatting([.damaged]).rawValue]
150 |         let damagedSumerian = [NSAttributedString.Key.formatting: TextEditionFormatting([.damagedLogogram]).rawValue]
/Users/admin/builder/spi-builder-workspace/.dependencies/checkouts/CDKSwiftOracc/Sources/CDKSwiftOracc/TextEdition/Legacy/NSAttributedStringFormatter.swift:149:57: error: 'formatting' is unavailable in visionOS
 25 | @available(iOS, obsoleted: 15)
 26 | public extension NSAttributedString.Key {
 27 |     static var formatting: NSAttributedString.Key {
    |                `- note: 'formatting' was obsoleted in visionOS 1.0
 28 |         return self.init("formatting")
 29 |     }
    :
147 |         let italicFormatting = [NSAttributedString.Key.formatting: TextEditionFormatting([.italic]).rawValue]
148 |         let superscriptFormatting = [NSAttributedString.Key.formatting: TextEditionFormatting([.superscript]).rawValue]
149 |         let damagedFormatting = [NSAttributedString.Key.formatting: TextEditionFormatting([.damaged]).rawValue]
    |                                                         `- error: 'formatting' is unavailable in visionOS
150 |         let damagedSumerian = [NSAttributedString.Key.formatting: TextEditionFormatting([.damagedLogogram]).rawValue]
151 |         let noFormatting = [NSAttributedString.Key.formatting: 0]
/Users/admin/builder/spi-builder-workspace/.dependencies/checkouts/CDKSwiftOracc/Sources/CDKSwiftOracc/TextEdition/Legacy/NSAttributedStringFormatter.swift:150:55: error: 'formatting' is unavailable in visionOS
 25 | @available(iOS, obsoleted: 15)
 26 | public extension NSAttributedString.Key {
 27 |     static var formatting: NSAttributedString.Key {
    |                `- note: 'formatting' was obsoleted in visionOS 1.0
 28 |         return self.init("formatting")
 29 |     }
    :
148 |         let superscriptFormatting = [NSAttributedString.Key.formatting: TextEditionFormatting([.superscript]).rawValue]
149 |         let damagedFormatting = [NSAttributedString.Key.formatting: TextEditionFormatting([.damaged]).rawValue]
150 |         let damagedSumerian = [NSAttributedString.Key.formatting: TextEditionFormatting([.damagedLogogram]).rawValue]
    |                                                       `- error: 'formatting' is unavailable in visionOS
151 |         let noFormatting = [NSAttributedString.Key.formatting: 0]
152 |
/Users/admin/builder/spi-builder-workspace/.dependencies/checkouts/CDKSwiftOracc/Sources/CDKSwiftOracc/TextEdition/Legacy/NSAttributedStringFormatter.swift:151:52: error: 'formatting' is unavailable in visionOS
 25 | @available(iOS, obsoleted: 15)
 26 | public extension NSAttributedString.Key {
 27 |     static var formatting: NSAttributedString.Key {
    |                `- note: 'formatting' was obsoleted in visionOS 1.0
 28 |         return self.init("formatting")
 29 |     }
    :
149 |         let damagedFormatting = [NSAttributedString.Key.formatting: TextEditionFormatting([.damaged]).rawValue]
150 |         let damagedSumerian = [NSAttributedString.Key.formatting: TextEditionFormatting([.damagedLogogram]).rawValue]
151 |         let noFormatting = [NSAttributedString.Key.formatting: 0]
    |                                                    `- error: 'formatting' is unavailable in visionOS
152 |
153 |         let str = NSMutableAttributedString(string: "")
Failed frontend command:
/Applications/Xcode-27.0.0-Release.Candidate.app/Contents/Developer/Toolchains/XcodeDefault.xctoolchain/usr/bin/swift-frontend -frontend -c /Users/admin/builder/spi-builder-workspace/.dependencies/checkouts/CDKSwiftOracc/Sources/CDKSwiftOracc/CDL\ Types/CuneiformSignReading.swift /Users/admin/builder/spi-builder-workspace/.dependencies/checkouts/CDKSwiftOracc/Sources/CDKSwiftOracc/CDL\ Types/GraphemeDescription+Codable.swift /Users/admin/builder/spi-builder-workspace/.dependencies/checkouts/CDKSwiftOracc/Sources/CDKSwiftOracc/CDL\ Types/GraphemeDescription.swift /Users/admin/builder/spi-builder-workspace/.dependencies/checkouts/CDKSwiftOracc/Sources/CDKSwiftOracc/CDL\ Types/NodeReference.swift /Users/admin/builder/spi-builder-workspace/.dependencies/checkouts/CDKSwiftOracc/Sources/CDKSwiftOracc/CDL\ Types/OraccCDLNode+Codable.swift /Users/admin/builder/spi-builder-workspace/.dependencies/checkouts/CDKSwiftOracc/Sources/CDKSwiftOracc/CDL\ Types/OraccCDLNode+ExtendedAttributes.swift /Users/admin/builder/spi-builder-workspace/.dependencies/checkouts/CDKSwiftOracc/Sources/CDKSwiftOracc/CDL\ Types/OraccCDLNode.swift /Users/admin/builder/spi-builder-workspace/.dependencies/checkouts/CDKSwiftOracc/Sources/CDKSwiftOracc/CDL\ Types/OraccWordForm.swift /Users/admin/builder/spi-builder-workspace/.dependencies/checkouts/CDKSwiftOracc/Sources/CDKSwiftOracc/Catalog/OraccCatalog.swift /Users/admin/builder/spi-builder-workspace/.dependencies/checkouts/CDKSwiftOracc/Sources/CDKSwiftOracc/Catalog/OraccCatalogueEntry+Codable.swift /Users/admin/builder/spi-builder-workspace/.dependencies/checkouts/CDKSwiftOracc/Sources/CDKSwiftOracc/Catalog/OraccCatalogueEntry.swift /Users/admin/builder/spi-builder-workspace/.dependencies/checkouts/CDKSwiftOracc/Sources/CDKSwiftOracc/Catalog/TextID.swift /Users/admin/builder/spi-builder-workspace/.dependencies/checkouts/CDKSwiftOracc/Sources/CDKSwiftOracc/Catalog/TextSearchCollection.swift /Users/admin/builder/spi-builder-workspace/.dependencies/checkouts/CDKSwiftOracc/Sources/CDKSwiftOracc/Catalog/TextSetProtocol.swift /Users/admin/builder/spi-builder-workspace/.dependencies/checkouts/CDKSwiftOracc/Sources/CDKSwiftOracc/Glossary/OraccGlossary.swift /Users/admin/builder/spi-builder-workspace/.dependencies/checkouts/CDKSwiftOracc/Sources/CDKSwiftOracc/Glossary/OraccLanguages.swift /Users/admin/builder/spi-builder-workspace/.dependencies/checkouts/CDKSwiftOracc/Sources/CDKSwiftOracc/Glossary/XISReference.swift /Users/admin/builder/spi-builder-workspace/.dependencies/checkouts/CDKSwiftOracc/Sources/CDKSwiftOracc/Sign\ Lists/Cuneifier.swift /Users/admin/builder/spi-builder-workspace/.dependencies/checkouts/CDKSwiftOracc/Sources/CDKSwiftOracc/Sign\ Lists/OraccGlobalSignList.swift /Users/admin/builder/spi-builder-workspace/.dependencies/checkouts/CDKSwiftOracc/Sources/CDKSwiftOracc/Sign\ Lists/String+CuneiformHelpers.swift /Users/admin/builder/spi-builder-workspace/.dependencies/checkouts/CDKSwiftOracc/Sources/CDKSwiftOracc/Sign\ Lists/UnicodeScalars+CuneiformHelpers.swift -primary-file /Users/admin/builder/spi-builder-workspace/.dependencies/checkouts/CDKSwiftOracc/Sources/CDKSwiftOracc/TextEdition/AttributedStringFormatter.swift -primary-file /Users/admin/builder/spi-builder-workspace/.dependencies/checkouts/CDKSwiftOracc/Sources/CDKSwiftOracc/TextEdition/Legacy/NSAttributedStringFormatter.swift -primary-file /Users/admin/builder/spi-builder-workspace/.dependencies/checkouts/CDKSwiftOracc/Sources/CDKSwiftOracc/TextEdition/Legacy/NSAttributedStringKey+OraccAttributes.swift /Users/admin/builder/spi-builder-workspace/.dependencies/checkouts/CDKSwiftOracc/Sources/CDKSwiftOracc/TextEdition/OraccAttributedString.swift /Users/admin/builder/spi-builder-workspace/.dependencies/checkouts/CDKSwiftOracc/Sources/CDKSwiftOracc/TextEdition/OraccHTML5Formatter.swift /Users/admin/builder/spi-builder-workspace/.dependencies/checkouts/CDKSwiftOracc/Sources/CDKSwiftOracc/TextEdition/OraccTextEdition.swift /Users/admin/builder/spi-builder-workspace/.dependencies/checkouts/CDKSwiftOracc/Sources/CDKSwiftOracc/TextEdition/TextEditionFormatting.swift -supplementary-output-file-map /Users/admin/builder/spi-builder-workspace/.derivedData/Build/Intermediates.noindex/CDKSwiftOracc.build/Debug-xros/CDKSwiftOracc-t.build/Objects-normal/arm64/supplementaryOutputs-10 -target arm64-apple-xros1.0 -disable-cross-import-overlay-search -load-resolved-plugin /Applications/Xcode-27.0.0-Release.Candidate.app/Contents/Developer/Platforms/XROS.platform/Developer/usr/lib/swift/host/plugins/libFoundationMacros.dylib\#/Applications/Xcode-27.0.0-Release.Candidate.app/Contents/Developer/Platforms/XROS.platform/Developer/usr/bin/swift-plugin-server\#FoundationMacros -load-resolved-plugin /Applications/Xcode-27.0.0-Release.Candidate.app/Contents/Developer/Platforms/XROS.platform/Developer/usr/lib/swift/host/plugins/libObservationMacros.dylib\#/Applications/Xcode-27.0.0-Release.Candidate.app/Contents/Developer/Platforms/XROS.platform/Developer/usr/bin/swift-plugin-server\#ObservationMacros -load-resolved-plugin /Applications/Xcode-27.0.0-Release.Candidate.app/Contents/Developer/Platforms/XROS.platform/Developer/usr/lib/swift/host/plugins/libSwiftMacros.dylib\#/Applications/Xcode-27.0.0-Release.Candidate.app/Contents/Developer/Platforms/XROS.platform/Developer/usr/bin/swift-plugin-server\#SwiftMacros -disable-implicit-swift-modules -Xcc -fno-implicit-modules -Xcc -fno-implicit-module-maps -explicit-swift-module-map-file /Users/admin/builder/spi-builder-workspace/.derivedData/Build/Intermediates.noindex/CDKSwiftOracc.build/Debug-xros/CDKSwiftOracc-t.build/Objects-normal/arm64/CDKSwiftOracc-dependencies-1.json -Xllvm -aarch64-use-tbi -enable-objc-interop -stack-check -sdk /Applications/Xcode-27.0.0-Release.Candidate.app/Contents/Developer/Platforms/XROS.platform/Developer/SDKs/XROS27.0.sdk -I /Users/admin/builder/spi-builder-workspace/.derivedData/Build/Products/Debug-xros -Isystem /Applications/Xcode-27.0.0-Release.Candidate.app/Contents/Developer/Platforms/XROS.platform/Developer/usr/lib -F /Users/admin/builder/spi-builder-workspace/.derivedData/Build/Products/Debug-xros -F /Applications/Xcode-27.0.0-Release.Candidate.app/Contents/Developer/Platforms/XROS.platform/Developer/Library/Frameworks -F /Applications/Xcode-27.0.0-Release.Candidate.app/Contents/Developer/Platforms/XROS.platform/Developer/SDKs/XROS27.0.sdk/Developer/Library/Frameworks -module-cache-path /Users/admin/builder/spi-builder-workspace/.derivedData/Build/Intermediates.noindex/SwiftExplicitPrecompiledModules -no-color-diagnostics -Xcc -fno-color-diagnostics -enable-testing -g -debug-info-format\=dwarf -dwarf-version\=4 -suppress-warnings -profile-generate -profile-coverage-mapping -swift-version 5 -Onone -D SWIFT_PACKAGE -D DEBUG -D SWIFT_MODULE_RESOURCE_BUNDLE_UNAVAILABLE -D Xcode -serialize-debugging-options -enable-experimental-feature DebugDescriptionMacro -empty-abi-descriptor -validate-clang-modules-once -clang-build-session-file /Users/admin/builder/spi-builder-workspace/.derivedData/ModuleCache.noindex/Session.modulevalidation -Xcc -working-directory -Xcc /Users/admin/builder/spi-builder-workspace/.swiftpm/xcode -enable-anonymous-context-mangled-names -file-compilation-dir /Users/admin/builder/spi-builder-workspace/.swiftpm/xcode -Xcc -D_LIBCPP_HARDENING_MODE\=_LIBCPP_HARDENING_MODE_DEBUG -Xcc -ivfsstatcache -Xcc /Users/admin/builder/spi-builder-workspace/.derivedData/SDKStatCaches.noindex/xros27.0-24M361-e829b21a6f8c9b70876ba0858053c044735bd543db762f57723cac368afd1ce4.sdkstatcache -Xcc -fmodules-prune-interval\=86400 -Xcc -fmodules-prune-after\=345600 -Xcc -I/Users/admin/builder/spi-builder-workspace/.derivedData/Build/Products/Debug-xros/include -Xcc -I/Users/admin/builder/spi-builder-workspace/.derivedData/Build/Intermediates.noindex/CDKSwiftOracc.build/Debug-xros/CDKSwiftOracc-t.build/DerivedSources-normal/arm64 -Xcc -I/Users/admin/builder/spi-builder-workspace/.derivedData/Build/Intermediates.noindex/CDKSwiftOracc.build/Debug-xros/CDKSwiftOracc-t.build/DerivedSources/arm64 -Xcc -I/Users/admin/builder/spi-builder-workspace/.derivedData/Build/Intermediates.noindex/CDKSwiftOracc.build/Debug-xros/CDKSwiftOracc-t.build/DerivedSources -Xcc -DSWIFT_PACKAGE -Xcc -DDEBUG\=1 -no-auto-bridging-header-chaining -module-name CDKSwiftOracc -const-gather-protocols-file /Users/admin/builder/spi-builder-workspace/.derivedData/Build/Intermediates.noindex/CDKSwiftOracc.build/Debug-xros/CDKSwiftOracc-t.build/Objects-normal/arm64/CDKSwiftOracc_const_extract_protocols.json -disable-clang-spi -clang-target arm64-apple-xros27.0 -target-sdk-version 27.0 -target-sdk-name xros27.0 -in-process-plugin-server-path /Applications/Xcode-27.0.0-Release.Candidate.app/Contents/Developer/Toolchains/XcodeDefault.xctoolchain/usr/lib/swift/host/libSwiftInProcPluginServer.dylib -parse-as-library -o /Users/admin/builder/spi-builder-workspace/.derivedData/Build/Intermediates.noindex/CDKSwiftOracc.build/Debug-xros/CDKSwiftOracc-t.build/Objects-normal/arm64/AttributedStringFormatter.o -o /Users/admin/builder/spi-builder-workspace/.derivedData/Build/Intermediates.noindex/CDKSwiftOracc.build/Debug-xros/CDKSwiftOracc-t.build/Objects-normal/arm64/NSAttributedStringFormatter.o -o /Users/admin/builder/spi-builder-workspace/.derivedData/Build/Intermediates.noindex/CDKSwiftOracc.build/Debug-xros/CDKSwiftOracc-t.build/Objects-normal/arm64/NSAttributedStringKey+OraccAttributes.o -debug-module-path /Users/admin/builder/spi-builder-workspace/.derivedData/Build/Intermediates.noindex/CDKSwiftOracc.build/Debug-xros/CDKSwiftOracc-t.build/Objects-normal/arm64/CDKSwiftOracc.swiftmodule -index-unit-output-path /CDKSwiftOracc.build/Debug-xros/CDKSwiftOracc-t.build/Objects-normal/arm64/AttributedStringFormatter.o -index-unit-output-path /CDKSwiftOracc.build/Debug-xros/CDKSwiftOracc-t.build/Objects-normal/arm64/NSAttributedStringFormatter.o -index-unit-output-path /CDKSwiftOracc.build/Debug-xros/CDKSwiftOracc-t.build/Objects-normal/arm64/NSAttributedStringKey+OraccAttributes.o -index-store-path /Users/admin/builder/spi-builder-workspace/.derivedData/Index.noindex/DataStore -index-system-modules
SwiftCompile normal arm64 /Users/admin/builder/spi-builder-workspace/.dependencies/checkouts/CDKSwiftOracc/Sources/CDKSwiftOracc/TextEdition/AttributedStringFormatter.swift (in target 'CDKSwiftOracc' from project 'CDKSwiftOracc')
    cd /Users/admin/builder/spi-builder-workspace/.swiftpm/xcode
    builtin-SwiftPerFileCompile AttributedStringFormatter.swift
SwiftCompile normal arm64 /Users/admin/builder/spi-builder-workspace/.dependencies/checkouts/CDKSwiftOracc/Sources/CDKSwiftOracc/TextEdition/Legacy/NSAttributedStringFormatter.swift (in target 'CDKSwiftOracc' from project 'CDKSwiftOracc')
    cd /Users/admin/builder/spi-builder-workspace/.swiftpm/xcode
    builtin-SwiftPerFileCompile NSAttributedStringFormatter.swift
SwiftCompile normal arm64 /Users/admin/builder/spi-builder-workspace/.dependencies/checkouts/CDKSwiftOracc/Sources/CDKSwiftOracc/TextEdition/Legacy/NSAttributedStringKey+OraccAttributes.swift (in target 'CDKSwiftOracc' from project 'CDKSwiftOracc')
    cd /Users/admin/builder/spi-builder-workspace/.swiftpm/xcode
    builtin-SwiftPerFileCompile NSAttributedStringKey+OraccAttributes.swift
SwiftMergeGeneratedHeaders /Users/admin/builder/spi-builder-workspace/.derivedData/Build/Intermediates.noindex/GeneratedModuleMaps-xros/CDKSwiftOracc-Swift.h /Users/admin/builder/spi-builder-workspace/.derivedData/Build/Intermediates.noindex/CDKSwiftOracc.build/Debug-xros/CDKSwiftOracc-t.build/Objects-normal/arm64/CDKSwiftOracc-Swift.h (in target 'CDKSwiftOracc' from project 'CDKSwiftOracc')
    cd /Users/admin/builder/spi-builder-workspace/.dependencies/checkouts/CDKSwiftOracc
    builtin-swiftHeaderTool -arch arm64 /Users/admin/builder/spi-builder-workspace/.derivedData/Build/Intermediates.noindex/CDKSwiftOracc.build/Debug-xros/CDKSwiftOracc-t.build/Objects-normal/arm64/CDKSwiftOracc-Swift.h -o /Users/admin/builder/spi-builder-workspace/.derivedData/Build/Intermediates.noindex/GeneratedModuleMaps-xros/CDKSwiftOracc-Swift.h
Copy /Users/admin/builder/spi-builder-workspace/.derivedData/Build/Products/Debug-xros/CDKSwiftOracc.swiftmodule/arm64-apple-xros.swiftmodule /Users/admin/builder/spi-builder-workspace/.derivedData/Build/Intermediates.noindex/CDKSwiftOracc.build/Debug-xros/CDKSwiftOracc-t.build/Objects-normal/arm64/CDKSwiftOracc.swiftmodule (in target 'CDKSwiftOracc' from project 'CDKSwiftOracc')
    cd /Users/admin/builder/spi-builder-workspace/.dependencies/checkouts/CDKSwiftOracc
    builtin-copy -exclude .DS_Store -exclude CVS -exclude .svn -exclude .git -exclude .hg -resolve-src-symlinks -rename /Users/admin/builder/spi-builder-workspace/.derivedData/Build/Intermediates.noindex/CDKSwiftOracc.build/Debug-xros/CDKSwiftOracc-t.build/Objects-normal/arm64/CDKSwiftOracc.swiftmodule /Users/admin/builder/spi-builder-workspace/.derivedData/Build/Products/Debug-xros/CDKSwiftOracc.swiftmodule/arm64-apple-xros.swiftmodule
SwiftDriverJobDiscovery normal arm64 Compiling Archive+Reading.swift, Archive+ReadingDeprecated.swift (in target 'ZIPFoundation' from project 'ZIPFoundation')
Copy /Users/admin/builder/spi-builder-workspace/.derivedData/Build/Products/Debug-xros/CDKSwiftOracc.swiftmodule/arm64-apple-xros.swiftdoc /Users/admin/builder/spi-builder-workspace/.derivedData/Build/Intermediates.noindex/CDKSwiftOracc.build/Debug-xros/CDKSwiftOracc-t.build/Objects-normal/arm64/CDKSwiftOracc.swiftdoc (in target 'CDKSwiftOracc' from project 'CDKSwiftOracc')
    cd /Users/admin/builder/spi-builder-workspace/.dependencies/checkouts/CDKSwiftOracc
    builtin-copy -exclude .DS_Store -exclude CVS -exclude .svn -exclude .git -exclude .hg -resolve-src-symlinks -rename /Users/admin/builder/spi-builder-workspace/.derivedData/Build/Intermediates.noindex/CDKSwiftOracc.build/Debug-xros/CDKSwiftOracc-t.build/Objects-normal/arm64/CDKSwiftOracc.swiftdoc /Users/admin/builder/spi-builder-workspace/.derivedData/Build/Products/Debug-xros/CDKSwiftOracc.swiftmodule/arm64-apple-xros.swiftdoc
Copy /Users/admin/builder/spi-builder-workspace/.derivedData/Build/Products/Debug-xros/CDKSwiftOracc.swiftmodule/arm64-apple-xros.abi.json /Users/admin/builder/spi-builder-workspace/.derivedData/Build/Intermediates.noindex/CDKSwiftOracc.build/Debug-xros/CDKSwiftOracc-t.build/Objects-normal/arm64/CDKSwiftOracc.abi.json (in target 'CDKSwiftOracc' from project 'CDKSwiftOracc')
    cd /Users/admin/builder/spi-builder-workspace/.dependencies/checkouts/CDKSwiftOracc
    builtin-copy -exclude .DS_Store -exclude CVS -exclude .svn -exclude .git -exclude .hg -resolve-src-symlinks -rename /Users/admin/builder/spi-builder-workspace/.derivedData/Build/Intermediates.noindex/CDKSwiftOracc.build/Debug-xros/CDKSwiftOracc-t.build/Objects-normal/arm64/CDKSwiftOracc.abi.json /Users/admin/builder/spi-builder-workspace/.derivedData/Build/Products/Debug-xros/CDKSwiftOracc.swiftmodule/arm64-apple-xros.abi.json
Copy /Users/admin/builder/spi-builder-workspace/.derivedData/Build/Products/Debug-xros/CDKSwiftOracc.swiftmodule/Project/arm64-apple-xros.swiftsourceinfo /Users/admin/builder/spi-builder-workspace/.derivedData/Build/Intermediates.noindex/CDKSwiftOracc.build/Debug-xros/CDKSwiftOracc-t.build/Objects-normal/arm64/CDKSwiftOracc.swiftsourceinfo (in target 'CDKSwiftOracc' from project 'CDKSwiftOracc')
    cd /Users/admin/builder/spi-builder-workspace/.dependencies/checkouts/CDKSwiftOracc
    builtin-copy -exclude .DS_Store -exclude CVS -exclude .svn -exclude .git -exclude .hg -resolve-src-symlinks -rename /Users/admin/builder/spi-builder-workspace/.derivedData/Build/Intermediates.noindex/CDKSwiftOracc.build/Debug-xros/CDKSwiftOracc-t.build/Objects-normal/arm64/CDKSwiftOracc.swiftsourceinfo /Users/admin/builder/spi-builder-workspace/.derivedData/Build/Products/Debug-xros/CDKSwiftOracc.swiftmodule/Project/arm64-apple-xros.swiftsourceinfo
SwiftCompile normal arm64 Compiling\ OraccTextEdition.swift,\ TextEditionFormatting.swift /Users/admin/builder/spi-builder-workspace/.dependencies/checkouts/CDKSwiftOracc/Sources/CDKSwiftOracc/TextEdition/OraccTextEdition.swift /Users/admin/builder/spi-builder-workspace/.dependencies/checkouts/CDKSwiftOracc/Sources/CDKSwiftOracc/TextEdition/TextEditionFormatting.swift (in target 'CDKSwiftOracc' from project 'CDKSwiftOracc')
SwiftCompile normal arm64 /Users/admin/builder/spi-builder-workspace/.dependencies/checkouts/CDKSwiftOracc/Sources/CDKSwiftOracc/TextEdition/OraccTextEdition.swift (in target 'CDKSwiftOracc' from project 'CDKSwiftOracc')
    cd /Users/admin/builder/spi-builder-workspace/.swiftpm/xcode
    builtin-SwiftPerFileCompile OraccTextEdition.swift
SwiftCompile normal arm64 /Users/admin/builder/spi-builder-workspace/.dependencies/checkouts/CDKSwiftOracc/Sources/CDKSwiftOracc/TextEdition/TextEditionFormatting.swift (in target 'CDKSwiftOracc' from project 'CDKSwiftOracc')
    cd /Users/admin/builder/spi-builder-workspace/.swiftpm/xcode
    builtin-SwiftPerFileCompile TextEditionFormatting.swift
SwiftDriverJobDiscovery normal arm64 Compiling resource_bundle_accessor.swift, Archive+BackingConfiguration.swift, Archive+Deprecated.swift (in target 'ZIPFoundation' from project 'ZIPFoundation')
SwiftCompile normal arm64 Compiling\ CuneiformSignReading.swift,\ GraphemeDescription+Codable.swift,\ GraphemeDescription.swift /Users/admin/builder/spi-builder-workspace/.dependencies/checkouts/CDKSwiftOracc/Sources/CDKSwiftOracc/CDL\ Types/CuneiformSignReading.swift /Users/admin/builder/spi-builder-workspace/.dependencies/checkouts/CDKSwiftOracc/Sources/CDKSwiftOracc/CDL\ Types/GraphemeDescription+Codable.swift /Users/admin/builder/spi-builder-workspace/.dependencies/checkouts/CDKSwiftOracc/Sources/CDKSwiftOracc/CDL\ Types/GraphemeDescription.swift (in target 'CDKSwiftOracc' from project 'CDKSwiftOracc')
SwiftCompile normal arm64 /Users/admin/builder/spi-builder-workspace/.dependencies/checkouts/CDKSwiftOracc/Sources/CDKSwiftOracc/CDL\ Types/CuneiformSignReading.swift (in target 'CDKSwiftOracc' from project 'CDKSwiftOracc')
    cd /Users/admin/builder/spi-builder-workspace/.swiftpm/xcode
    builtin-SwiftPerFileCompile CuneiformSignReading.swift
SwiftCompile normal arm64 /Users/admin/builder/spi-builder-workspace/.dependencies/checkouts/CDKSwiftOracc/Sources/CDKSwiftOracc/CDL\ Types/GraphemeDescription+Codable.swift (in target 'CDKSwiftOracc' from project 'CDKSwiftOracc')
    cd /Users/admin/builder/spi-builder-workspace/.swiftpm/xcode
    builtin-SwiftPerFileCompile GraphemeDescription+Codable.swift
SwiftCompile normal arm64 /Users/admin/builder/spi-builder-workspace/.dependencies/checkouts/CDKSwiftOracc/Sources/CDKSwiftOracc/CDL\ Types/GraphemeDescription.swift (in target 'CDKSwiftOracc' from project 'CDKSwiftOracc')
    cd /Users/admin/builder/spi-builder-workspace/.swiftpm/xcode
    builtin-SwiftPerFileCompile GraphemeDescription.swift
SwiftCompile normal arm64 Compiling\ OraccGlobalSignList.swift,\ String+CuneiformHelpers.swift,\ UnicodeScalars+CuneiformHelpers.swift /Users/admin/builder/spi-builder-workspace/.dependencies/checkouts/CDKSwiftOracc/Sources/CDKSwiftOracc/Sign\ Lists/OraccGlobalSignList.swift /Users/admin/builder/spi-builder-workspace/.dependencies/checkouts/CDKSwiftOracc/Sources/CDKSwiftOracc/Sign\ Lists/String+CuneiformHelpers.swift /Users/admin/builder/spi-builder-workspace/.dependencies/checkouts/CDKSwiftOracc/Sources/CDKSwiftOracc/Sign\ Lists/UnicodeScalars+CuneiformHelpers.swift (in target 'CDKSwiftOracc' from project 'CDKSwiftOracc')
SwiftCompile normal arm64 /Users/admin/builder/spi-builder-workspace/.dependencies/checkouts/CDKSwiftOracc/Sources/CDKSwiftOracc/Sign\ Lists/OraccGlobalSignList.swift (in target 'CDKSwiftOracc' from project 'CDKSwiftOracc')
    cd /Users/admin/builder/spi-builder-workspace/.swiftpm/xcode
    builtin-SwiftPerFileCompile OraccGlobalSignList.swift
SwiftCompile normal arm64 /Users/admin/builder/spi-builder-workspace/.dependencies/checkouts/CDKSwiftOracc/Sources/CDKSwiftOracc/Sign\ Lists/String+CuneiformHelpers.swift (in target 'CDKSwiftOracc' from project 'CDKSwiftOracc')
    cd /Users/admin/builder/spi-builder-workspace/.swiftpm/xcode
    builtin-SwiftPerFileCompile String+CuneiformHelpers.swift
SwiftCompile normal arm64 /Users/admin/builder/spi-builder-workspace/.dependencies/checkouts/CDKSwiftOracc/Sources/CDKSwiftOracc/Sign\ Lists/UnicodeScalars+CuneiformHelpers.swift (in target 'CDKSwiftOracc' from project 'CDKSwiftOracc')
    cd /Users/admin/builder/spi-builder-workspace/.swiftpm/xcode
    builtin-SwiftPerFileCompile UnicodeScalars+CuneiformHelpers.swift
SwiftCompile normal arm64 Compiling\ TextSearchCollection.swift,\ TextSetProtocol.swift,\ OraccGlossary.swift /Users/admin/builder/spi-builder-workspace/.dependencies/checkouts/CDKSwiftOracc/Sources/CDKSwiftOracc/Catalog/TextSearchCollection.swift /Users/admin/builder/spi-builder-workspace/.dependencies/checkouts/CDKSwiftOracc/Sources/CDKSwiftOracc/Catalog/TextSetProtocol.swift /Users/admin/builder/spi-builder-workspace/.dependencies/checkouts/CDKSwiftOracc/Sources/CDKSwiftOracc/Glossary/OraccGlossary.swift (in target 'CDKSwiftOracc' from project 'CDKSwiftOracc')
SwiftCompile normal arm64 /Users/admin/builder/spi-builder-workspace/.dependencies/checkouts/CDKSwiftOracc/Sources/CDKSwiftOracc/Catalog/TextSearchCollection.swift (in target 'CDKSwiftOracc' from project 'CDKSwiftOracc')
    cd /Users/admin/builder/spi-builder-workspace/.swiftpm/xcode
    builtin-SwiftPerFileCompile TextSearchCollection.swift
SwiftCompile normal arm64 /Users/admin/builder/spi-builder-workspace/.dependencies/checkouts/CDKSwiftOracc/Sources/CDKSwiftOracc/Catalog/TextSetProtocol.swift (in target 'CDKSwiftOracc' from project 'CDKSwiftOracc')
    cd /Users/admin/builder/spi-builder-workspace/.swiftpm/xcode
    builtin-SwiftPerFileCompile TextSetProtocol.swift
SwiftCompile normal arm64 /Users/admin/builder/spi-builder-workspace/.dependencies/checkouts/CDKSwiftOracc/Sources/CDKSwiftOracc/Glossary/OraccGlossary.swift (in target 'CDKSwiftOracc' from project 'CDKSwiftOracc')
    cd /Users/admin/builder/spi-builder-workspace/.swiftpm/xcode
    builtin-SwiftPerFileCompile OraccGlossary.swift
SwiftCompile normal arm64 Compiling\ OraccCatalogueEntry+Codable.swift,\ OraccCatalogueEntry.swift,\ TextID.swift /Users/admin/builder/spi-builder-workspace/.dependencies/checkouts/CDKSwiftOracc/Sources/CDKSwiftOracc/Catalog/OraccCatalogueEntry+Codable.swift /Users/admin/builder/spi-builder-workspace/.dependencies/checkouts/CDKSwiftOracc/Sources/CDKSwiftOracc/Catalog/OraccCatalogueEntry.swift /Users/admin/builder/spi-builder-workspace/.dependencies/checkouts/CDKSwiftOracc/Sources/CDKSwiftOracc/Catalog/TextID.swift (in target 'CDKSwiftOracc' from project 'CDKSwiftOracc')
SwiftCompile normal arm64 /Users/admin/builder/spi-builder-workspace/.dependencies/checkouts/CDKSwiftOracc/Sources/CDKSwiftOracc/Catalog/OraccCatalogueEntry+Codable.swift (in target 'CDKSwiftOracc' from project 'CDKSwiftOracc')
    cd /Users/admin/builder/spi-builder-workspace/.swiftpm/xcode
    builtin-SwiftPerFileCompile OraccCatalogueEntry+Codable.swift
SwiftCompile normal arm64 /Users/admin/builder/spi-builder-workspace/.dependencies/checkouts/CDKSwiftOracc/Sources/CDKSwiftOracc/Catalog/OraccCatalogueEntry.swift (in target 'CDKSwiftOracc' from project 'CDKSwiftOracc')
    cd /Users/admin/builder/spi-builder-workspace/.swiftpm/xcode
    builtin-SwiftPerFileCompile OraccCatalogueEntry.swift
SwiftCompile normal arm64 /Users/admin/builder/spi-builder-workspace/.dependencies/checkouts/CDKSwiftOracc/Sources/CDKSwiftOracc/Catalog/TextID.swift (in target 'CDKSwiftOracc' from project 'CDKSwiftOracc')
    cd /Users/admin/builder/spi-builder-workspace/.swiftpm/xcode
    builtin-SwiftPerFileCompile TextID.swift
SwiftDriverJobDiscovery normal arm64 Compiling Entry+Serialization.swift, Entry+ZIP64.swift (in target 'ZIPFoundation' from project 'ZIPFoundation')
SwiftCompile normal arm64 Compiling\ OraccCDLNode.swift,\ OraccWordForm.swift,\ OraccCatalog.swift /Users/admin/builder/spi-builder-workspace/.dependencies/checkouts/CDKSwiftOracc/Sources/CDKSwiftOracc/CDL\ Types/OraccCDLNode.swift /Users/admin/builder/spi-builder-workspace/.dependencies/checkouts/CDKSwiftOracc/Sources/CDKSwiftOracc/CDL\ Types/OraccWordForm.swift /Users/admin/builder/spi-builder-workspace/.dependencies/checkouts/CDKSwiftOracc/Sources/CDKSwiftOracc/Catalog/OraccCatalog.swift (in target 'CDKSwiftOracc' from project 'CDKSwiftOracc')
SwiftCompile normal arm64 /Users/admin/builder/spi-builder-workspace/.dependencies/checkouts/CDKSwiftOracc/Sources/CDKSwiftOracc/CDL\ Types/OraccCDLNode.swift (in target 'CDKSwiftOracc' from project 'CDKSwiftOracc')
    cd /Users/admin/builder/spi-builder-workspace/.swiftpm/xcode
    builtin-SwiftPerFileCompile OraccCDLNode.swift
SwiftCompile normal arm64 /Users/admin/builder/spi-builder-workspace/.dependencies/checkouts/CDKSwiftOracc/Sources/CDKSwiftOracc/CDL\ Types/OraccWordForm.swift (in target 'CDKSwiftOracc' from project 'CDKSwiftOracc')
    cd /Users/admin/builder/spi-builder-workspace/.swiftpm/xcode
    builtin-SwiftPerFileCompile OraccWordForm.swift
SwiftCompile normal arm64 /Users/admin/builder/spi-builder-workspace/.dependencies/checkouts/CDKSwiftOracc/Sources/CDKSwiftOracc/Catalog/OraccCatalog.swift (in target 'CDKSwiftOracc' from project 'CDKSwiftOracc')
    cd /Users/admin/builder/spi-builder-workspace/.swiftpm/xcode
    builtin-SwiftPerFileCompile OraccCatalog.swift
SwiftDriverJobDiscovery normal arm64 Compiling Data+Serialization.swift, Date+ZIP.swift (in target 'ZIPFoundation' from project 'ZIPFoundation')
SwiftCompile normal arm64 Compiling\ OraccAttributedString.swift,\ OraccHTML5Formatter.swift /Users/admin/builder/spi-builder-workspace/.dependencies/checkouts/CDKSwiftOracc/Sources/CDKSwiftOracc/TextEdition/OraccAttributedString.swift /Users/admin/builder/spi-builder-workspace/.dependencies/checkouts/CDKSwiftOracc/Sources/CDKSwiftOracc/TextEdition/OraccHTML5Formatter.swift (in target 'CDKSwiftOracc' from project 'CDKSwiftOracc')
SwiftCompile normal arm64 /Users/admin/builder/spi-builder-workspace/.dependencies/checkouts/CDKSwiftOracc/Sources/CDKSwiftOracc/TextEdition/OraccAttributedString.swift (in target 'CDKSwiftOracc' from project 'CDKSwiftOracc')
    cd /Users/admin/builder/spi-builder-workspace/.swiftpm/xcode
    builtin-SwiftPerFileCompile OraccAttributedString.swift
SwiftCompile normal arm64 /Users/admin/builder/spi-builder-workspace/.dependencies/checkouts/CDKSwiftOracc/Sources/CDKSwiftOracc/TextEdition/OraccHTML5Formatter.swift (in target 'CDKSwiftOracc' from project 'CDKSwiftOracc')
    cd /Users/admin/builder/spi-builder-workspace/.swiftpm/xcode
    builtin-SwiftPerFileCompile OraccHTML5Formatter.swift
SwiftCompile normal arm64 Compiling\ OraccLanguages.swift,\ XISReference.swift,\ Cuneifier.swift /Users/admin/builder/spi-builder-workspace/.dependencies/checkouts/CDKSwiftOracc/Sources/CDKSwiftOracc/Glossary/OraccLanguages.swift /Users/admin/builder/spi-builder-workspace/.dependencies/checkouts/CDKSwiftOracc/Sources/CDKSwiftOracc/Glossary/XISReference.swift /Users/admin/builder/spi-builder-workspace/.dependencies/checkouts/CDKSwiftOracc/Sources/CDKSwiftOracc/Sign\ Lists/Cuneifier.swift (in target 'CDKSwiftOracc' from project 'CDKSwiftOracc')
SwiftCompile normal arm64 /Users/admin/builder/spi-builder-workspace/.dependencies/checkouts/CDKSwiftOracc/Sources/CDKSwiftOracc/Glossary/OraccLanguages.swift (in target 'CDKSwiftOracc' from project 'CDKSwiftOracc')
    cd /Users/admin/builder/spi-builder-workspace/.swiftpm/xcode
    builtin-SwiftPerFileCompile OraccLanguages.swift
SwiftCompile normal arm64 /Users/admin/builder/spi-builder-workspace/.dependencies/checkouts/CDKSwiftOracc/Sources/CDKSwiftOracc/Glossary/XISReference.swift (in target 'CDKSwiftOracc' from project 'CDKSwiftOracc')
    cd /Users/admin/builder/spi-builder-workspace/.swiftpm/xcode
    builtin-SwiftPerFileCompile XISReference.swift
SwiftCompile normal arm64 /Users/admin/builder/spi-builder-workspace/.dependencies/checkouts/CDKSwiftOracc/Sources/CDKSwiftOracc/Sign\ Lists/Cuneifier.swift (in target 'CDKSwiftOracc' from project 'CDKSwiftOracc')
    cd /Users/admin/builder/spi-builder-workspace/.swiftpm/xcode
    builtin-SwiftPerFileCompile Cuneifier.swift
SwiftDriverJobDiscovery normal arm64 Compiling Archive+Writing.swift, Archive+WritingDeprecated.swift (in target 'ZIPFoundation' from project 'ZIPFoundation')
SwiftDriverJobDiscovery normal arm64 Compiling Archive+Helpers.swift, Archive+MemoryFile.swift, Archive+Progress.swift (in target 'ZIPFoundation' from project 'ZIPFoundation')
SwiftDriverJobDiscovery normal arm64 Compiling Entry.swift, FileManager+ZIP.swift (in target 'ZIPFoundation' from project 'ZIPFoundation')
SwiftDriverJobDiscovery normal arm64 Compiling Data+Compression.swift, Data+CompressionDeprecated.swift (in target 'ZIPFoundation' from project 'ZIPFoundation')
PruneExplicitPrecompiledModules /Users/admin/builder/spi-builder-workspace/.derivedData/Build/Intermediates.noindex/SwiftExplicitPrecompiledModules
PruneExplicitPrecompiledModules /Users/admin/builder/spi-builder-workspace/.derivedData/SDKExplicitPrecompiledModules
PruneExplicitPrecompiledModules /Users/admin/builder/spi-builder-workspace/.derivedData/Build/Intermediates.noindex/ExplicitPrecompiledModules
2026-09-16 00:45:40.192 xcodebuild[722:4523] [MT] IDERunDestination: Supported platforms for the buildables in the current scheme is empty.
** BUILD FAILED **
The following build commands failed:
	SwiftCompile normal arm64 Compiling\ AttributedStringFormatter.swift,\ NSAttributedStringFormatter.swift,\ NSAttributedStringKey+OraccAttributes.swift /Users/admin/builder/spi-builder-workspace/.dependencies/checkouts/CDKSwiftOracc/Sources/CDKSwiftOracc/TextEdition/AttributedStringFormatter.swift /Users/admin/builder/spi-builder-workspace/.dependencies/checkouts/CDKSwiftOracc/Sources/CDKSwiftOracc/TextEdition/Legacy/NSAttributedStringFormatter.swift /Users/admin/builder/spi-builder-workspace/.dependencies/checkouts/CDKSwiftOracc/Sources/CDKSwiftOracc/TextEdition/Legacy/NSAttributedStringKey+OraccAttributes.swift (in target 'CDKSwiftOracc' from project 'CDKSwiftOracc')
	SwiftCompile normal arm64 /Users/admin/builder/spi-builder-workspace/.dependencies/checkouts/CDKSwiftOracc/Sources/CDKSwiftOracc/TextEdition/AttributedStringFormatter.swift (in target 'CDKSwiftOracc' from project 'CDKSwiftOracc')
	SwiftCompile normal arm64 /Users/admin/builder/spi-builder-workspace/.dependencies/checkouts/CDKSwiftOracc/Sources/CDKSwiftOracc/TextEdition/Legacy/NSAttributedStringFormatter.swift (in target 'CDKSwiftOracc' from project 'CDKSwiftOracc')
	Building workspace CDKOraccInterface with scheme CDKOraccInterface
(4 failures)
Command line invocation:
    /Applications/Xcode-27.0.0-Release.Candidate.app/Contents/Developer/usr/bin/xcodebuild -IDEClonedSourcePackagesDirPathOverride=/Users/admin/builder/spi-builder-workspace/.dependencies -resolvePackageDependencies
Resolve Package Graph
Resolved source packages:
  CDKOraccInterface: /Users/admin/builder/spi-builder-workspace
  CDKSwiftOracc: https://github.com/ckanchan/CDKSwiftOracc @ main (3ba0e6f)
  ZIPFoundation: https://github.com/weichsel/ZIPFoundation/ @ 0.9.20
resolved source packages: CDKOraccInterface, CDKSwiftOracc, ZIPFoundation
2026-09-16 00:45:48.764 xcodebuild[823:4997] [MT] IDERunDestination: Supported platforms for the buildables in the current scheme is empty.
{
  "dependencies" : [
    {
      "identity" : "zipfoundation",
      "requirement" : {
        "range" : [
          {
            "lower_bound" : "0.9.0",
            "upper_bound" : "1.0.0"
          }
        ]
      },
      "type" : "sourceControl",
      "url" : "https://github.com/weichsel/ZIPFoundation/"
    },
    {
      "identity" : "cdkswiftoracc",
      "requirement" : {
        "branch" : [
          "main"
        ]
      },
      "type" : "sourceControl",
      "url" : "https://github.com/ckanchan/CDKSwiftOracc"
    }
  ],
  "manifest_display_name" : "CDKOraccInterface",
  "name" : "CDKOraccInterface",
  "path" : "/Users/admin/builder/spi-builder-workspace",
  "platforms" : [
    {
      "name" : "macos",
      "version" : "10.12"
    },
    {
      "name" : "ios",
      "version" : "10.0"
    },
    {
      "name" : "tvos",
      "version" : "10.0"
    },
    {
      "name" : "watchos",
      "version" : "2.0"
    }
  ],
  "products" : [
    {
      "name" : "CDKOraccInterface",
      "targets" : [
        "CDKOraccInterface"
      ],
      "type" : {
        "library" : [
          "automatic"
        ]
      }
    }
  ],
  "targets" : [
    {
      "c99name" : "CDKOraccInterfaceTests",
      "module_type" : "SwiftTarget",
      "name" : "CDKOraccInterfaceTests",
      "path" : "Tests/CDKOraccInterfaceTests",
      "sources" : [
        "CDKOraccInterfaceTests.swift",
        "XCTestManifests.swift"
      ],
      "target_dependencies" : [
        "CDKOraccInterface"
      ],
      "type" : "test"
    },
    {
      "c99name" : "CDKOraccInterface",
      "module_type" : "SwiftTarget",
      "name" : "CDKOraccInterface",
      "path" : "Sources/CDKOraccInterface",
      "product_dependencies" : [
        "ZIPFoundation",
        "CDKSwiftOracc"
      ],
      "product_memberships" : [
        "CDKOraccInterface"
      ],
      "sources" : [
        "CDKOraccGithubArchivetoSwift.swift",
        "CDKOraccInterface.swift",
        "CDKOraccInterfaceProtocol.swift",
        "CDKOraccProject.swift"
      ],
      "type" : "library"
    }
  ],
  "tools_version" : "5.0"
}
{
  "workspace" : {
    "name" : "CDKOraccInterface",
    "schemes" : [
      "CDKOraccInterface"
    ]
  }
}
2026-09-16 00:45:50.000 xcodebuild[831:5067] [MT] IDERunDestination: Supported platforms for the buildables in the current scheme is empty.
Running build ...
env DEVELOPER_DIR=/Applications/Xcode-27.0.0-Release.Candidate.app xcrun xcodebuild -IDEClonedSourcePackagesDirPathOverride=$PWD/.dependencies -skipMacroValidation -skipPackagePluginValidation -derivedDataPath $PWD/.derivedData build -scheme CDKOraccInterface -destination generic/platform=xrOS
Command line invocation:
    /Applications/Xcode-27.0.0-Release.Candidate.app/Contents/Developer/usr/bin/xcodebuild -IDEClonedSourcePackagesDirPathOverride=/Users/admin/builder/spi-builder-workspace/.dependencies -skipMacroValidation -skipPackagePluginValidation -derivedDataPath /Users/admin/builder/spi-builder-workspace/.derivedData build -scheme CDKOraccInterface -destination generic/platform=xrOS
Resolve Package Graph
Resolved source packages:
  ZIPFoundation: https://github.com/weichsel/ZIPFoundation/ @ 0.9.20
  CDKSwiftOracc: https://github.com/ckanchan/CDKSwiftOracc @ main (3ba0e6f)
  CDKOraccInterface: /Users/admin/builder/spi-builder-workspace
ComputePackagePrebuildTargetDependencyGraph
Prepare packages
CreateBuildRequest
SendProjectDescription
CreateBuildOperation
ComputeTargetDependencyGraph
note: Building targets in dependency order
note: Target dependency graph (7 targets)
    Target 'CDKOraccInterface-product' in project 'CDKOraccInterface'
        ➜ Explicit dependency on target 'CDKOraccInterface' in project 'CDKOraccInterface'
        ➜ Explicit dependency on target 'ZIPFoundation-product' in project 'ZIPFoundation'
        ➜ Explicit dependency on target 'CDKSwiftOracc-product' in project 'CDKSwiftOracc'
    Target 'CDKOraccInterface' in project 'CDKOraccInterface'
        ➜ Explicit dependency on target 'ZIPFoundation-product' in project 'ZIPFoundation'
        ➜ Explicit dependency on target 'CDKSwiftOracc-product' in project 'CDKSwiftOracc'
    Target 'CDKSwiftOracc-product' in project 'CDKSwiftOracc'
        ➜ Explicit dependency on target 'CDKSwiftOracc' in project 'CDKSwiftOracc'
    Target 'CDKSwiftOracc' in project 'CDKSwiftOracc' (no dependencies)
    Target 'ZIPFoundation-product' in project 'ZIPFoundation'
        ➜ Explicit dependency on target 'ZIPFoundation' in project 'ZIPFoundation'
        ➜ Explicit dependency on target 'ZIPFoundation_ZIPFoundation' in project 'ZIPFoundation'
    Target 'ZIPFoundation' in project 'ZIPFoundation'
        ➜ Explicit dependency on target 'ZIPFoundation_ZIPFoundation' in project 'ZIPFoundation'
    Target 'ZIPFoundation_ZIPFoundation' in project 'ZIPFoundation' (no dependencies)
GatherProvisioningInputs
CreateBuildDescription
ClangStatCache /Applications/Xcode-27.0.0-Release.Candidate.app/Contents/Developer/Toolchains/XcodeDefault.xctoolchain/usr/bin/clang-stat-cache /Applications/Xcode-27.0.0-Release.Candidate.app/Contents/Developer/Platforms/XROS.platform/Developer/SDKs/XROS27.0.sdk /Users/admin/builder/spi-builder-workspace/.derivedData/SDKStatCaches.noindex/xros27.0-24M361-e829b21a6f8c9b70876ba0858053c044735bd543db762f57723cac368afd1ce4.sdkstatcache
    cd /Users/admin/builder/spi-builder-workspace/.swiftpm/xcode
    /Applications/Xcode-27.0.0-Release.Candidate.app/Contents/Developer/Toolchains/XcodeDefault.xctoolchain/usr/bin/clang-stat-cache /Applications/Xcode-27.0.0-Release.Candidate.app/Contents/Developer/Platforms/XROS.platform/Developer/SDKs/XROS27.0.sdk -o /Users/admin/builder/spi-builder-workspace/.derivedData/SDKStatCaches.noindex/xros27.0-24M361-e829b21a6f8c9b70876ba0858053c044735bd543db762f57723cac368afd1ce4.sdkstatcache
SwiftDriver CDKSwiftOracc normal arm64 com.apple.xcode.tools.swift.compiler (in target 'CDKSwiftOracc' from project 'CDKSwiftOracc')
    cd /Users/admin/builder/spi-builder-workspace/.swiftpm/xcode
    builtin-SwiftDriver -- /Applications/Xcode-27.0.0-Release.Candidate.app/Contents/Developer/Toolchains/XcodeDefault.xctoolchain/usr/bin/swiftc -parse-as-library -module-name CDKSwiftOracc -Onone @/Users/admin/builder/spi-builder-workspace/.derivedData/Build/Intermediates.noindex/CDKSwiftOracc.build/Debug-xros/CDKSwiftOracc-t.build/Objects-normal/arm64/CDKSwiftOracc.SwiftFileList -DSWIFT_PACKAGE -DDEBUG -DSWIFT_MODULE_RESOURCE_BUNDLE_UNAVAILABLE -DXcode -plugin-path /Applications/Xcode-27.0.0-Release.Candidate.app/Contents/Developer/Toolchains/XcodeDefault.xctoolchain/usr/lib/swift/host/plugins/testing -enable-experimental-feature DebugDescriptionMacro -sdk /Applications/Xcode-27.0.0-Release.Candidate.app/Contents/Developer/Platforms/XROS.platform/Developer/SDKs/XROS27.0.sdk -target arm64-apple-xros1.0 -g -module-cache-path /Users/admin/builder/spi-builder-workspace/.derivedData/ModuleCache.noindex -Xfrontend -serialize-debugging-options -profile-coverage-mapping -profile-generate -enable-testing -suppress-warnings -index-store-path /Users/admin/builder/spi-builder-workspace/.derivedData/Index.noindex/DataStore -Xcc -D_LIBCPP_HARDENING_MODE\=_LIBCPP_HARDENING_MODE_DEBUG -swift-version 5 -I /Users/admin/builder/spi-builder-workspace/.derivedData/Build/Products/Debug-xros -Isystem /Applications/Xcode-27.0.0-Release.Candidate.app/Contents/Developer/Platforms/XROS.platform/Developer/usr/lib -F /Users/admin/builder/spi-builder-workspace/.derivedData/Build/Products/Debug-xros -F /Applications/Xcode-27.0.0-Release.Candidate.app/Contents/Developer/Platforms/XROS.platform/Developer/Library/Frameworks -F /Applications/Xcode-27.0.0-Release.Candidate.app/Contents/Developer/Platforms/XROS.platform/Developer/SDKs/XROS27.0.sdk/Developer/Library/Frameworks -c -j10 -enable-batch-mode -incremental -Xcc -ivfsstatcache -Xcc /Users/admin/builder/spi-builder-workspace/.derivedData/SDKStatCaches.noindex/xros27.0-24M361-e829b21a6f8c9b70876ba0858053c044735bd543db762f57723cac368afd1ce4.sdkstatcache -output-file-map /Users/admin/builder/spi-builder-workspace/.derivedData/Build/Intermediates.noindex/CDKSwiftOracc.build/Debug-xros/CDKSwiftOracc-t.build/Objects-normal/arm64/CDKSwiftOracc-OutputFileMap.json -save-temps -no-color-diagnostics -explicit-module-build -module-cache-path /Users/admin/builder/spi-builder-workspace/.derivedData/Build/Intermediates.noindex/SwiftExplicitPrecompiledModules -clang-scanner-module-cache-path /Users/admin/builder/spi-builder-workspace/.derivedData/ModuleCache.noindex -sdk-module-cache-path /Users/admin/builder/spi-builder-workspace/.derivedData/SDKExplicitPrecompiledModules -emit-dependencies -emit-module -emit-module-path /Users/admin/builder/spi-builder-workspace/.derivedData/Build/Intermediates.noindex/CDKSwiftOracc.build/Debug-xros/CDKSwiftOracc-t.build/Objects-normal/arm64/CDKSwiftOracc.swiftmodule -serialize-diagnostics -dependency-scan-serialize-diagnostics-path /Users/admin/builder/spi-builder-workspace/.derivedData/Build/Intermediates.noindex/CDKSwiftOracc.build/Debug-xros/CDKSwiftOracc-t.build/Objects-normal/arm64/CDKSwiftOracc-dependency-scan.dia -validate-clang-modules-once -clang-build-session-file /Users/admin/builder/spi-builder-workspace/.derivedData/ModuleCache.noindex/Session.modulevalidation -Xcc -fmodules-prune-interval\=86400 -Xcc -fmodules-prune-after\=345600 -emit-const-values -const-gather-protocols-list /Users/admin/builder/spi-builder-workspace/.derivedData/Build/Intermediates.noindex/CDKSwiftOracc.build/Debug-xros/CDKSwiftOracc-t.build/Objects-normal/arm64/CDKSwiftOracc_const_extract_protocols.json -Xcc -I/Users/admin/builder/spi-builder-workspace/.derivedData/Build/Products/Debug-xros/include -Xcc -I/Users/admin/builder/spi-builder-workspace/.derivedData/Build/Intermediates.noindex/CDKSwiftOracc.build/Debug-xros/CDKSwiftOracc-t.build/DerivedSources-normal/arm64 -Xcc -I/Users/admin/builder/spi-builder-workspace/.derivedData/Build/Intermediates.noindex/CDKSwiftOracc.build/Debug-xros/CDKSwiftOracc-t.build/DerivedSources/arm64 -Xcc -I/Users/admin/builder/spi-builder-workspace/.derivedData/Build/Intermediates.noindex/CDKSwiftOracc.build/Debug-xros/CDKSwiftOracc-t.build/DerivedSources -Xcc -DSWIFT_PACKAGE -Xcc -DDEBUG\=1 -emit-objc-header -emit-objc-header-path /Users/admin/builder/spi-builder-workspace/.derivedData/Build/Intermediates.noindex/CDKSwiftOracc.build/Debug-xros/CDKSwiftOracc-t.build/Objects-normal/arm64/CDKSwiftOracc-Swift.h -working-directory /Users/admin/builder/spi-builder-workspace/.swiftpm/xcode -experimental-emit-module-separately -disable-cmo
SwiftDriver ZIPFoundation normal arm64 com.apple.xcode.tools.swift.compiler (in target 'ZIPFoundation' from project 'ZIPFoundation')
    cd /Users/admin/builder/spi-builder-workspace/.swiftpm/xcode
    builtin-SwiftDriver -- /Applications/Xcode-27.0.0-Release.Candidate.app/Contents/Developer/Toolchains/XcodeDefault.xctoolchain/usr/bin/swiftc -parse-as-library -module-name ZIPFoundation -Onone @/Users/admin/builder/spi-builder-workspace/.derivedData/Build/Intermediates.noindex/ZIPFoundation.build/Debug-xros/ZIPFoundation-t.build/Objects-normal/arm64/ZIPFoundation.SwiftFileList -DSWIFT_PACKAGE -DDEBUG -DSWIFT_MODULE_RESOURCE_BUNDLE_AVAILABLE -DXcode -plugin-path /Applications/Xcode-27.0.0-Release.Candidate.app/Contents/Developer/Toolchains/XcodeDefault.xctoolchain/usr/lib/swift/host/plugins/testing -enable-experimental-feature DebugDescriptionMacro -sdk /Applications/Xcode-27.0.0-Release.Candidate.app/Contents/Developer/Platforms/XROS.platform/Developer/SDKs/XROS27.0.sdk -target arm64-apple-xros1.0 -g -module-cache-path /Users/admin/builder/spi-builder-workspace/.derivedData/ModuleCache.noindex -Xfrontend -serialize-debugging-options -profile-coverage-mapping -profile-generate -enable-testing -suppress-warnings -index-store-path /Users/admin/builder/spi-builder-workspace/.derivedData/Index.noindex/DataStore -Xcc -D_LIBCPP_HARDENING_MODE\=_LIBCPP_HARDENING_MODE_DEBUG -swift-version 5 -I /Users/admin/builder/spi-builder-workspace/.derivedData/Build/Products/Debug-xros -Isystem /Applications/Xcode-27.0.0-Release.Candidate.app/Contents/Developer/Platforms/XROS.platform/Developer/usr/lib -F /Users/admin/builder/spi-builder-workspace/.derivedData/Build/Products/Debug-xros -F /Applications/Xcode-27.0.0-Release.Candidate.app/Contents/Developer/Platforms/XROS.platform/Developer/Library/Frameworks -F /Applications/Xcode-27.0.0-Release.Candidate.app/Contents/Developer/Platforms/XROS.platform/Developer/SDKs/XROS27.0.sdk/Developer/Library/Frameworks -c -j10 -enable-batch-mode -incremental -Xcc -ivfsstatcache -Xcc /Users/admin/builder/spi-builder-workspace/.derivedData/SDKStatCaches.noindex/xros27.0-24M361-e829b21a6f8c9b70876ba0858053c044735bd543db762f57723cac368afd1ce4.sdkstatcache -output-file-map /Users/admin/builder/spi-builder-workspace/.derivedData/Build/Intermediates.noindex/ZIPFoundation.build/Debug-xros/ZIPFoundation-t.build/Objects-normal/arm64/ZIPFoundation-OutputFileMap.json -save-temps -no-color-diagnostics -explicit-module-build -module-cache-path /Users/admin/builder/spi-builder-workspace/.derivedData/Build/Intermediates.noindex/SwiftExplicitPrecompiledModules -clang-scanner-module-cache-path /Users/admin/builder/spi-builder-workspace/.derivedData/ModuleCache.noindex -sdk-module-cache-path /Users/admin/builder/spi-builder-workspace/.derivedData/SDKExplicitPrecompiledModules -emit-dependencies -emit-module -emit-module-path /Users/admin/builder/spi-builder-workspace/.derivedData/Build/Intermediates.noindex/ZIPFoundation.build/Debug-xros/ZIPFoundation-t.build/Objects-normal/arm64/ZIPFoundation.swiftmodule -serialize-diagnostics -dependency-scan-serialize-diagnostics-path /Users/admin/builder/spi-builder-workspace/.derivedData/Build/Intermediates.noindex/ZIPFoundation.build/Debug-xros/ZIPFoundation-t.build/Objects-normal/arm64/ZIPFoundation-dependency-scan.dia -validate-clang-modules-once -clang-build-session-file /Users/admin/builder/spi-builder-workspace/.derivedData/ModuleCache.noindex/Session.modulevalidation -Xcc -fmodules-prune-interval\=86400 -Xcc -fmodules-prune-after\=345600 -package-name zipfoundation -emit-const-values -const-gather-protocols-list /Users/admin/builder/spi-builder-workspace/.derivedData/Build/Intermediates.noindex/ZIPFoundation.build/Debug-xros/ZIPFoundation-t.build/Objects-normal/arm64/ZIPFoundation_const_extract_protocols.json -Xcc -I/Users/admin/builder/spi-builder-workspace/.derivedData/Build/Products/Debug-xros/include -Xcc -I/Users/admin/builder/spi-builder-workspace/.derivedData/Build/Intermediates.noindex/ZIPFoundation.build/Debug-xros/ZIPFoundation-t.build/DerivedSources-normal/arm64 -Xcc -I/Users/admin/builder/spi-builder-workspace/.derivedData/Build/Intermediates.noindex/ZIPFoundation.build/Debug-xros/ZIPFoundation-t.build/DerivedSources/arm64 -Xcc -I/Users/admin/builder/spi-builder-workspace/.derivedData/Build/Intermediates.noindex/ZIPFoundation.build/Debug-xros/ZIPFoundation-t.build/DerivedSources -Xcc -DSWIFT_PACKAGE -Xcc -DDEBUG\=1 -emit-objc-header -emit-objc-header-path /Users/admin/builder/spi-builder-workspace/.derivedData/Build/Intermediates.noindex/ZIPFoundation.build/Debug-xros/ZIPFoundation-t.build/Objects-normal/arm64/ZIPFoundation-Swift.h -working-directory /Users/admin/builder/spi-builder-workspace/.swiftpm/xcode -experimental-emit-module-separately -disable-cmo
SwiftDriver CDKOraccInterface normal arm64 com.apple.xcode.tools.swift.compiler (in target 'CDKOraccInterface' from project 'CDKOraccInterface')
    cd /Users/admin/builder/spi-builder-workspace/.swiftpm/xcode
    builtin-SwiftDriver -- /Applications/Xcode-27.0.0-Release.Candidate.app/Contents/Developer/Toolchains/XcodeDefault.xctoolchain/usr/bin/swiftc -parse-as-library -module-name CDKOraccInterface -Onone @/Users/admin/builder/spi-builder-workspace/.derivedData/Build/Intermediates.noindex/CDKOraccInterface.build/Debug-xros/CDKOraccInterface-t.build/Objects-normal/arm64/CDKOraccInterface.SwiftFileList -DSWIFT_PACKAGE -DDEBUG -DSWIFT_MODULE_RESOURCE_BUNDLE_UNAVAILABLE -DXcode -plugin-path /Applications/Xcode-27.0.0-Release.Candidate.app/Contents/Developer/Toolchains/XcodeDefault.xctoolchain/usr/lib/swift/host/plugins/testing -enable-experimental-feature DebugDescriptionMacro -sdk /Applications/Xcode-27.0.0-Release.Candidate.app/Contents/Developer/Platforms/XROS.platform/Developer/SDKs/XROS27.0.sdk -target arm64-apple-xros1.0 -g -module-cache-path /Users/admin/builder/spi-builder-workspace/.derivedData/ModuleCache.noindex -Xfrontend -serialize-debugging-options -profile-coverage-mapping -profile-generate -enable-testing -index-store-path /Users/admin/builder/spi-builder-workspace/.derivedData/Index.noindex/DataStore -Xcc -D_LIBCPP_HARDENING_MODE\=_LIBCPP_HARDENING_MODE_DEBUG -swift-version 5 -I /Users/admin/builder/spi-builder-workspace/.derivedData/Build/Products/Debug-xros -Isystem /Applications/Xcode-27.0.0-Release.Candidate.app/Contents/Developer/Platforms/XROS.platform/Developer/usr/lib -F /Users/admin/builder/spi-builder-workspace/.derivedData/Build/Products/Debug-xros/PackageFrameworks -F /Users/admin/builder/spi-builder-workspace/.derivedData/Build/Products/Debug-xros -F /Applications/Xcode-27.0.0-Release.Candidate.app/Contents/Developer/Platforms/XROS.platform/Developer/Library/Frameworks -F /Applications/Xcode-27.0.0-Release.Candidate.app/Contents/Developer/Platforms/XROS.platform/Developer/SDKs/XROS27.0.sdk/Developer/Library/Frameworks -c -j10 -enable-batch-mode -incremental -Xcc -ivfsstatcache -Xcc /Users/admin/builder/spi-builder-workspace/.derivedData/SDKStatCaches.noindex/xros27.0-24M361-e829b21a6f8c9b70876ba0858053c044735bd543db762f57723cac368afd1ce4.sdkstatcache -output-file-map /Users/admin/builder/spi-builder-workspace/.derivedData/Build/Intermediates.noindex/CDKOraccInterface.build/Debug-xros/CDKOraccInterface-t.build/Objects-normal/arm64/CDKOraccInterface-OutputFileMap.json -save-temps -no-color-diagnostics -explicit-module-build -module-cache-path /Users/admin/builder/spi-builder-workspace/.derivedData/Build/Intermediates.noindex/SwiftExplicitPrecompiledModules -clang-scanner-module-cache-path /Users/admin/builder/spi-builder-workspace/.derivedData/ModuleCache.noindex -sdk-module-cache-path /Users/admin/builder/spi-builder-workspace/.derivedData/SDKExplicitPrecompiledModules -emit-dependencies -emit-module -emit-module-path /Users/admin/builder/spi-builder-workspace/.derivedData/Build/Intermediates.noindex/CDKOraccInterface.build/Debug-xros/CDKOraccInterface-t.build/Objects-normal/arm64/CDKOraccInterface.swiftmodule -serialize-diagnostics -dependency-scan-serialize-diagnostics-path /Users/admin/builder/spi-builder-workspace/.derivedData/Build/Intermediates.noindex/CDKOraccInterface.build/Debug-xros/CDKOraccInterface-t.build/Objects-normal/arm64/CDKOraccInterface-dependency-scan.dia -validate-clang-modules-once -clang-build-session-file /Users/admin/builder/spi-builder-workspace/.derivedData/ModuleCache.noindex/Session.modulevalidation -Xcc -fmodules-prune-interval\=86400 -Xcc -fmodules-prune-after\=345600 -emit-const-values -const-gather-protocols-list /Users/admin/builder/spi-builder-workspace/.derivedData/Build/Intermediates.noindex/CDKOraccInterface.build/Debug-xros/CDKOraccInterface-t.build/Objects-normal/arm64/CDKOraccInterface_const_extract_protocols.json -Xcc -I/Users/admin/builder/spi-builder-workspace/.derivedData/Build/Products/Debug-xros/include -Xcc -I/Users/admin/builder/spi-builder-workspace/.derivedData/Build/Intermediates.noindex/CDKOraccInterface.build/Debug-xros/CDKOraccInterface-t.build/DerivedSources-normal/arm64 -Xcc -I/Users/admin/builder/spi-builder-workspace/.derivedData/Build/Intermediates.noindex/CDKOraccInterface.build/Debug-xros/CDKOraccInterface-t.build/DerivedSources/arm64 -Xcc -I/Users/admin/builder/spi-builder-workspace/.derivedData/Build/Intermediates.noindex/CDKOraccInterface.build/Debug-xros/CDKOraccInterface-t.build/DerivedSources -Xcc -DSWIFT_PACKAGE -Xcc -DDEBUG\=1 -emit-objc-header -emit-objc-header-path /Users/admin/builder/spi-builder-workspace/.derivedData/Build/Intermediates.noindex/CDKOraccInterface.build/Debug-xros/CDKOraccInterface-t.build/Objects-normal/arm64/CDKOraccInterface-Swift.h -working-directory /Users/admin/builder/spi-builder-workspace/.swiftpm/xcode -experimental-emit-module-separately -disable-cmo
SwiftCompile normal arm64 Compiling\ NodeReference.swift,\ OraccCDLNode+Codable.swift,\ OraccCDLNode+ExtendedAttributes.swift /Users/admin/builder/spi-builder-workspace/.dependencies/checkouts/CDKSwiftOracc/Sources/CDKSwiftOracc/CDL\ Types/NodeReference.swift /Users/admin/builder/spi-builder-workspace/.dependencies/checkouts/CDKSwiftOracc/Sources/CDKSwiftOracc/CDL\ Types/OraccCDLNode+Codable.swift /Users/admin/builder/spi-builder-workspace/.dependencies/checkouts/CDKSwiftOracc/Sources/CDKSwiftOracc/CDL\ Types/OraccCDLNode+ExtendedAttributes.swift (in target 'CDKSwiftOracc' from project 'CDKSwiftOracc')
SwiftCompile normal arm64 /Users/admin/builder/spi-builder-workspace/.dependencies/checkouts/CDKSwiftOracc/Sources/CDKSwiftOracc/CDL\ Types/NodeReference.swift (in target 'CDKSwiftOracc' from project 'CDKSwiftOracc')
    cd /Users/admin/builder/spi-builder-workspace/.swiftpm/xcode
    builtin-SwiftPerFileCompile NodeReference.swift
SwiftCompile normal arm64 /Users/admin/builder/spi-builder-workspace/.dependencies/checkouts/CDKSwiftOracc/Sources/CDKSwiftOracc/CDL\ Types/OraccCDLNode+Codable.swift (in target 'CDKSwiftOracc' from project 'CDKSwiftOracc')
    cd /Users/admin/builder/spi-builder-workspace/.swiftpm/xcode
    builtin-SwiftPerFileCompile OraccCDLNode+Codable.swift
SwiftCompile normal arm64 /Users/admin/builder/spi-builder-workspace/.dependencies/checkouts/CDKSwiftOracc/Sources/CDKSwiftOracc/CDL\ Types/OraccCDLNode+ExtendedAttributes.swift (in target 'CDKSwiftOracc' from project 'CDKSwiftOracc')
    cd /Users/admin/builder/spi-builder-workspace/.swiftpm/xcode
    builtin-SwiftPerFileCompile OraccCDLNode+ExtendedAttributes.swift
SwiftCompile normal arm64 Compiling\ OraccLanguages.swift,\ XISReference.swift,\ Cuneifier.swift /Users/admin/builder/spi-builder-workspace/.dependencies/checkouts/CDKSwiftOracc/Sources/CDKSwiftOracc/Glossary/OraccLanguages.swift /Users/admin/builder/spi-builder-workspace/.dependencies/checkouts/CDKSwiftOracc/Sources/CDKSwiftOracc/Glossary/XISReference.swift /Users/admin/builder/spi-builder-workspace/.dependencies/checkouts/CDKSwiftOracc/Sources/CDKSwiftOracc/Sign\ Lists/Cuneifier.swift (in target 'CDKSwiftOracc' from project 'CDKSwiftOracc')
SwiftCompile normal arm64 /Users/admin/builder/spi-builder-workspace/.dependencies/checkouts/CDKSwiftOracc/Sources/CDKSwiftOracc/Glossary/OraccLanguages.swift (in target 'CDKSwiftOracc' from project 'CDKSwiftOracc')
    cd /Users/admin/builder/spi-builder-workspace/.swiftpm/xcode
    builtin-SwiftPerFileCompile OraccLanguages.swift
SwiftCompile normal arm64 /Users/admin/builder/spi-builder-workspace/.dependencies/checkouts/CDKSwiftOracc/Sources/CDKSwiftOracc/Glossary/XISReference.swift (in target 'CDKSwiftOracc' from project 'CDKSwiftOracc')
    cd /Users/admin/builder/spi-builder-workspace/.swiftpm/xcode
    builtin-SwiftPerFileCompile XISReference.swift
SwiftCompile normal arm64 /Users/admin/builder/spi-builder-workspace/.dependencies/checkouts/CDKSwiftOracc/Sources/CDKSwiftOracc/Sign\ Lists/Cuneifier.swift (in target 'CDKSwiftOracc' from project 'CDKSwiftOracc')
    cd /Users/admin/builder/spi-builder-workspace/.swiftpm/xcode
    builtin-SwiftPerFileCompile Cuneifier.swift
SwiftEmitModule normal arm64 Emitting\ module\ for\ CDKSwiftOracc (in target 'CDKSwiftOracc' from project 'CDKSwiftOracc')
SwiftCompile normal arm64 (in target 'CDKSwiftOracc' from project 'CDKSwiftOracc')
    cd /Users/admin/builder/spi-builder-workspace/.swiftpm/xcode

SwiftCompile normal arm64 Compiling\ AttributedStringFormatter.swift,\ NSAttributedStringFormatter.swift,\ NSAttributedStringKey+OraccAttributes.swift /Users/admin/builder/spi-builder-workspace/.dependencies/checkouts/CDKSwiftOracc/Sources/CDKSwiftOracc/TextEdition/AttributedStringFormatter.swift /Users/admin/builder/spi-builder-workspace/.dependencies/checkouts/CDKSwiftOracc/Sources/CDKSwiftOracc/TextEdition/Legacy/NSAttributedStringFormatter.swift /Users/admin/builder/spi-builder-workspace/.dependencies/checkouts/CDKSwiftOracc/Sources/CDKSwiftOracc/TextEdition/Legacy/NSAttributedStringKey+OraccAttributes.swift (in target 'CDKSwiftOracc' from project 'CDKSwiftOracc')
/Users/admin/builder/spi-builder-workspace/.dependencies/checkouts/CDKSwiftOracc/Sources/CDKSwiftOracc/TextEdition/AttributedStringFormatter.swift:84:61: error: 'formatting' is unavailable in visionOS
 82 |                 )
 83 |             } else {
 84 |                 let damagedAttribute = AttributeContainer([.formatting: [TextEditionFormatting.damaged]])
    |                                                             `- error: 'formatting' is unavailable in visionOS
 85 |                 attributedLemma = AttributedString(
 86 |                     "x ",
/Users/admin/builder/spi-builder-workspace/.dependencies/checkouts/CDKSwiftOracc/Sources/CDKSwiftOracc/TextEdition/Legacy/NSAttributedStringFormatter.swift:27:16: note: 'formatting' was obsoleted in visionOS 1.0
 25 | @available(iOS, obsoleted: 15)
 26 | public extension NSAttributedString.Key {
 27 |     static var formatting: NSAttributedString.Key {
    |                `- note: 'formatting' was obsoleted in visionOS 1.0
 28 |         return self.init("formatting")
 29 |     }
/Users/admin/builder/spi-builder-workspace/.dependencies/checkouts/CDKSwiftOracc/Sources/CDKSwiftOracc/TextEdition/Legacy/NSAttributedStringFormatter.swift:66:35: error: 'formatting' is unavailable in visionOS
 25 | @available(iOS, obsoleted: 15)
 26 | public extension NSAttributedString.Key {
 27 |     static var formatting: NSAttributedString.Key {
    |                `- note: 'formatting' was obsoleted in visionOS 1.0
 28 |         return self.init("formatting")
 29 |     }
    :
 64 |             if let norm = lemma.wordForm.normalisation {
 65 |                 var translationAttrs = lemma.getExtendedAttributes()
 66 |                 translationAttrs[.formatting] = TextEditionFormatting([.italic]).rawValue
    |                                   `- error: 'formatting' is unavailable in visionOS
 67 |                 attrStr = NSMutableAttributedString(
 68 |                     string: "\(norm) ",
/Users/admin/builder/spi-builder-workspace/.dependencies/checkouts/CDKSwiftOracc/Sources/CDKSwiftOracc/TextEdition/Legacy/NSAttributedStringFormatter.swift:74:35: error: 'formatting' is unavailable in visionOS
 25 | @available(iOS, obsoleted: 15)
 26 | public extension NSAttributedString.Key {
 27 |     static var formatting: NSAttributedString.Key {
    |                `- note: 'formatting' was obsoleted in visionOS 1.0
 28 |         return self.init("formatting")
 29 |     }
    :
 72 |                 attrStr = NSMutableAttributedString(
 73 |                     string: "x ",
 74 |                     attributes: [.formatting: TextEditionFormatting([.damaged]).rawValue]
    |                                   `- error: 'formatting' is unavailable in visionOS
 75 |                 )
 76 |             }
/Users/admin/builder/spi-builder-workspace/.dependencies/checkouts/CDKSwiftOracc/Sources/CDKSwiftOracc/TextEdition/Legacy/NSAttributedStringFormatter.swift:88:83: error: 'formatting' is unavailable in visionOS
 25 | @available(iOS, obsoleted: 15)
 26 | public extension NSAttributedString.Key {
 27 |     static var formatting: NSAttributedString.Key {
    |                `- note: 'formatting' was obsoleted in visionOS 1.0
 28 |         return self.init("formatting")
 29 |     }
    :
 86 |             switch discontinuity.type {
 87 |             case .obverse:
 88 |                 let obv = NSAttributedString(string: "Obverse: \n", attributes: [.formatting: TextEditionFormatting([.editorial, .bold]).rawValue])
    |                                                                                   `- error: 'formatting' is unavailable in visionOS
 89 |                 str.append(obv)
 90 |             case .linestart:
/Users/admin/builder/spi-builder-workspace/.dependencies/checkouts/CDKSwiftOracc/Sources/CDKSwiftOracc/TextEdition/Legacy/NSAttributedStringFormatter.swift:91:102: error: 'formatting' is unavailable in visionOS
 25 | @available(iOS, obsoleted: 15)
 26 | public extension NSAttributedString.Key {
 27 |     static var formatting: NSAttributedString.Key {
    |                `- note: 'formatting' was obsoleted in visionOS 1.0
 28 |         return self.init("formatting")
 29 |     }
    :
 89 |                 str.append(obv)
 90 |             case .linestart:
 91 |                 let ln = NSAttributedString(string: "\n\(discontinuity.label ?? "") ", attributes: [.formatting: TextEditionFormatting([.editorial]).rawValue])
    |                                                                                                      `- error: 'formatting' is unavailable in visionOS
 92 |                 str.append(ln)
 93 |             case .reverse:
/Users/admin/builder/spi-builder-workspace/.dependencies/checkouts/CDKSwiftOracc/Sources/CDKSwiftOracc/TextEdition/Legacy/NSAttributedStringFormatter.swift:94:90: error: 'formatting' is unavailable in visionOS
 25 | @available(iOS, obsoleted: 15)
 26 | public extension NSAttributedString.Key {
 27 |     static var formatting: NSAttributedString.Key {
    |                `- note: 'formatting' was obsoleted in visionOS 1.0
 28 |         return self.init("formatting")
 29 |     }
    :
 92 |                 str.append(ln)
 93 |             case .reverse:
 94 |                 let rev = NSAttributedString(string: "\n\n\n Reverse: \n", attributes: [.formatting: TextEditionFormatting([.editorial, .bold]).rawValue])
    |                                                                                          `- error: 'formatting' is unavailable in visionOS
 95 |                 str.append(rev)
 96 |             default:
/Users/admin/builder/spi-builder-workspace/.dependencies/checkouts/CDKSwiftOracc/Sources/CDKSwiftOracc/TextEdition/Legacy/NSAttributedStringFormatter.swift:125:83: error: 'formatting' is unavailable in visionOS
 25 | @available(iOS, obsoleted: 15)
 26 | public extension NSAttributedString.Key {
 27 |     static var formatting: NSAttributedString.Key {
    |                `- note: 'formatting' was obsoleted in visionOS 1.0
 28 |         return self.init("formatting")
 29 |     }
    :
123 |             switch discontinuity.type {
124 |             case .obverse:
125 |                 let obv = NSAttributedString(string: "Obverse: \n", attributes: [.formatting: TextEditionFormatting([.editorial, .bold]).rawValue])
    |                                                                                   `- error: 'formatting' is unavailable in visionOS
126 |                 str.append(obv)
127 |             case .linestart:
/Users/admin/builder/spi-builder-workspace/.dependencies/checkouts/CDKSwiftOracc/Sources/CDKSwiftOracc/TextEdition/Legacy/NSAttributedStringFormatter.swift:128:102: error: 'formatting' is unavailable in visionOS
 25 | @available(iOS, obsoleted: 15)
 26 | public extension NSAttributedString.Key {
 27 |     static var formatting: NSAttributedString.Key {
    |                `- note: 'formatting' was obsoleted in visionOS 1.0
 28 |         return self.init("formatting")
 29 |     }
    :
126 |                 str.append(obv)
127 |             case .linestart:
128 |                 let ln = NSAttributedString(string: "\n\(discontinuity.label ?? "") ", attributes: [.formatting: TextEditionFormatting([.editorial]).rawValue])
    |                                                                                                      `- error: 'formatting' is unavailable in visionOS
129 |                 str.append(ln)
130 |             case .reverse:
/Users/admin/builder/spi-builder-workspace/.dependencies/checkouts/CDKSwiftOracc/Sources/CDKSwiftOracc/TextEdition/Legacy/NSAttributedStringFormatter.swift:131:90: error: 'formatting' is unavailable in visionOS
 25 | @available(iOS, obsoleted: 15)
 26 | public extension NSAttributedString.Key {
 27 |     static var formatting: NSAttributedString.Key {
    |                `- note: 'formatting' was obsoleted in visionOS 1.0
 28 |         return self.init("formatting")
 29 |     }
    :
129 |                 str.append(ln)
130 |             case .reverse:
131 |                 let rev = NSAttributedString(string: "\n\n\n Reverse: \n", attributes: [.formatting: TextEditionFormatting([.editorial, .bold]).rawValue])
    |                                                                                          `- error: 'formatting' is unavailable in visionOS
132 |                 str.append(rev)
133 |             default:
/Users/admin/builder/spi-builder-workspace/.dependencies/checkouts/CDKSwiftOracc/Sources/CDKSwiftOracc/TextEdition/Legacy/NSAttributedStringFormatter.swift:147:56: error: 'formatting' is unavailable in visionOS
 25 | @available(iOS, obsoleted: 15)
 26 | public extension NSAttributedString.Key {
 27 |     static var formatting: NSAttributedString.Key {
    |                `- note: 'formatting' was obsoleted in visionOS 1.0
 28 |         return self.init("formatting")
 29 |     }
    :
145 | extension GraphemeDescription {
146 |      func transliterated() -> NSAttributedString {
147 |         let italicFormatting = [NSAttributedString.Key.formatting: TextEditionFormatting([.italic]).rawValue]
    |                                                        `- error: 'formatting' is unavailable in visionOS
148 |         let superscriptFormatting = [NSAttributedString.Key.formatting: TextEditionFormatting([.superscript]).rawValue]
149 |         let damagedFormatting = [NSAttributedString.Key.formatting: TextEditionFormatting([.damaged]).rawValue]
/Users/admin/builder/spi-builder-workspace/.dependencies/checkouts/CDKSwiftOracc/Sources/CDKSwiftOracc/TextEdition/Legacy/NSAttributedStringFormatter.swift:148:61: error: 'formatting' is unavailable in visionOS
 25 | @available(iOS, obsoleted: 15)
 26 | public extension NSAttributedString.Key {
 27 |     static var formatting: NSAttributedString.Key {
    |                `- note: 'formatting' was obsoleted in visionOS 1.0
 28 |         return self.init("formatting")
 29 |     }
    :
146 |      func transliterated() -> NSAttributedString {
147 |         let italicFormatting = [NSAttributedString.Key.formatting: TextEditionFormatting([.italic]).rawValue]
148 |         let superscriptFormatting = [NSAttributedString.Key.formatting: TextEditionFormatting([.superscript]).rawValue]
    |                                                             `- error: 'formatting' is unavailable in visionOS
149 |         let damagedFormatting = [NSAttributedString.Key.formatting: TextEditionFormatting([.damaged]).rawValue]
150 |         let damagedSumerian = [NSAttributedString.Key.formatting: TextEditionFormatting([.damagedLogogram]).rawValue]
/Users/admin/builder/spi-builder-workspace/.dependencies/checkouts/CDKSwiftOracc/Sources/CDKSwiftOracc/TextEdition/Legacy/NSAttributedStringFormatter.swift:149:57: error: 'formatting' is unavailable in visionOS
 25 | @available(iOS, obsoleted: 15)
 26 | public extension NSAttributedString.Key {
 27 |     static var formatting: NSAttributedString.Key {
    |                `- note: 'formatting' was obsoleted in visionOS 1.0
 28 |         return self.init("formatting")
 29 |     }
    :
147 |         let italicFormatting = [NSAttributedString.Key.formatting: TextEditionFormatting([.italic]).rawValue]
148 |         let superscriptFormatting = [NSAttributedString.Key.formatting: TextEditionFormatting([.superscript]).rawValue]
149 |         let damagedFormatting = [NSAttributedString.Key.formatting: TextEditionFormatting([.damaged]).rawValue]
    |                                                         `- error: 'formatting' is unavailable in visionOS
150 |         let damagedSumerian = [NSAttributedString.Key.formatting: TextEditionFormatting([.damagedLogogram]).rawValue]
151 |         let noFormatting = [NSAttributedString.Key.formatting: 0]
/Users/admin/builder/spi-builder-workspace/.dependencies/checkouts/CDKSwiftOracc/Sources/CDKSwiftOracc/TextEdition/Legacy/NSAttributedStringFormatter.swift:150:55: error: 'formatting' is unavailable in visionOS
 25 | @available(iOS, obsoleted: 15)
 26 | public extension NSAttributedString.Key {
 27 |     static var formatting: NSAttributedString.Key {
    |                `- note: 'formatting' was obsoleted in visionOS 1.0
 28 |         return self.init("formatting")
 29 |     }
    :
148 |         let superscriptFormatting = [NSAttributedString.Key.formatting: TextEditionFormatting([.superscript]).rawValue]
149 |         let damagedFormatting = [NSAttributedString.Key.formatting: TextEditionFormatting([.damaged]).rawValue]
150 |         let damagedSumerian = [NSAttributedString.Key.formatting: TextEditionFormatting([.damagedLogogram]).rawValue]
    |                                                       `- error: 'formatting' is unavailable in visionOS
151 |         let noFormatting = [NSAttributedString.Key.formatting: 0]
152 |
/Users/admin/builder/spi-builder-workspace/.dependencies/checkouts/CDKSwiftOracc/Sources/CDKSwiftOracc/TextEdition/Legacy/NSAttributedStringFormatter.swift:151:52: error: 'formatting' is unavailable in visionOS
 25 | @available(iOS, obsoleted: 15)
 26 | public extension NSAttributedString.Key {
 27 |     static var formatting: NSAttributedString.Key {
    |                `- note: 'formatting' was obsoleted in visionOS 1.0
 28 |         return self.init("formatting")
 29 |     }
    :
149 |         let damagedFormatting = [NSAttributedString.Key.formatting: TextEditionFormatting([.damaged]).rawValue]
150 |         let damagedSumerian = [NSAttributedString.Key.formatting: TextEditionFormatting([.damagedLogogram]).rawValue]
151 |         let noFormatting = [NSAttributedString.Key.formatting: 0]
    |                                                    `- error: 'formatting' is unavailable in visionOS
152 |
153 |         let str = NSMutableAttributedString(string: "")
Failed frontend command:
/Applications/Xcode-27.0.0-Release.Candidate.app/Contents/Developer/Toolchains/XcodeDefault.xctoolchain/usr/bin/swift-frontend -frontend -c /Users/admin/builder/spi-builder-workspace/.dependencies/checkouts/CDKSwiftOracc/Sources/CDKSwiftOracc/CDL\ Types/CuneiformSignReading.swift /Users/admin/builder/spi-builder-workspace/.dependencies/checkouts/CDKSwiftOracc/Sources/CDKSwiftOracc/CDL\ Types/GraphemeDescription+Codable.swift /Users/admin/builder/spi-builder-workspace/.dependencies/checkouts/CDKSwiftOracc/Sources/CDKSwiftOracc/CDL\ Types/GraphemeDescription.swift /Users/admin/builder/spi-builder-workspace/.dependencies/checkouts/CDKSwiftOracc/Sources/CDKSwiftOracc/CDL\ Types/NodeReference.swift /Users/admin/builder/spi-builder-workspace/.dependencies/checkouts/CDKSwiftOracc/Sources/CDKSwiftOracc/CDL\ Types/OraccCDLNode+Codable.swift /Users/admin/builder/spi-builder-workspace/.dependencies/checkouts/CDKSwiftOracc/Sources/CDKSwiftOracc/CDL\ Types/OraccCDLNode+ExtendedAttributes.swift /Users/admin/builder/spi-builder-workspace/.dependencies/checkouts/CDKSwiftOracc/Sources/CDKSwiftOracc/CDL\ Types/OraccCDLNode.swift /Users/admin/builder/spi-builder-workspace/.dependencies/checkouts/CDKSwiftOracc/Sources/CDKSwiftOracc/CDL\ Types/OraccWordForm.swift /Users/admin/builder/spi-builder-workspace/.dependencies/checkouts/CDKSwiftOracc/Sources/CDKSwiftOracc/Catalog/OraccCatalog.swift /Users/admin/builder/spi-builder-workspace/.dependencies/checkouts/CDKSwiftOracc/Sources/CDKSwiftOracc/Catalog/OraccCatalogueEntry+Codable.swift /Users/admin/builder/spi-builder-workspace/.dependencies/checkouts/CDKSwiftOracc/Sources/CDKSwiftOracc/Catalog/OraccCatalogueEntry.swift /Users/admin/builder/spi-builder-workspace/.dependencies/checkouts/CDKSwiftOracc/Sources/CDKSwiftOracc/Catalog/TextID.swift /Users/admin/builder/spi-builder-workspace/.dependencies/checkouts/CDKSwiftOracc/Sources/CDKSwiftOracc/Catalog/TextSearchCollection.swift /Users/admin/builder/spi-builder-workspace/.dependencies/checkouts/CDKSwiftOracc/Sources/CDKSwiftOracc/Catalog/TextSetProtocol.swift /Users/admin/builder/spi-builder-workspace/.dependencies/checkouts/CDKSwiftOracc/Sources/CDKSwiftOracc/Glossary/OraccGlossary.swift /Users/admin/builder/spi-builder-workspace/.dependencies/checkouts/CDKSwiftOracc/Sources/CDKSwiftOracc/Glossary/OraccLanguages.swift /Users/admin/builder/spi-builder-workspace/.dependencies/checkouts/CDKSwiftOracc/Sources/CDKSwiftOracc/Glossary/XISReference.swift /Users/admin/builder/spi-builder-workspace/.dependencies/checkouts/CDKSwiftOracc/Sources/CDKSwiftOracc/Sign\ Lists/Cuneifier.swift /Users/admin/builder/spi-builder-workspace/.dependencies/checkouts/CDKSwiftOracc/Sources/CDKSwiftOracc/Sign\ Lists/OraccGlobalSignList.swift /Users/admin/builder/spi-builder-workspace/.dependencies/checkouts/CDKSwiftOracc/Sources/CDKSwiftOracc/Sign\ Lists/String+CuneiformHelpers.swift /Users/admin/builder/spi-builder-workspace/.dependencies/checkouts/CDKSwiftOracc/Sources/CDKSwiftOracc/Sign\ Lists/UnicodeScalars+CuneiformHelpers.swift -primary-file /Users/admin/builder/spi-builder-workspace/.dependencies/checkouts/CDKSwiftOracc/Sources/CDKSwiftOracc/TextEdition/AttributedStringFormatter.swift -primary-file /Users/admin/builder/spi-builder-workspace/.dependencies/checkouts/CDKSwiftOracc/Sources/CDKSwiftOracc/TextEdition/Legacy/NSAttributedStringFormatter.swift -primary-file /Users/admin/builder/spi-builder-workspace/.dependencies/checkouts/CDKSwiftOracc/Sources/CDKSwiftOracc/TextEdition/Legacy/NSAttributedStringKey+OraccAttributes.swift /Users/admin/builder/spi-builder-workspace/.dependencies/checkouts/CDKSwiftOracc/Sources/CDKSwiftOracc/TextEdition/OraccAttributedString.swift /Users/admin/builder/spi-builder-workspace/.dependencies/checkouts/CDKSwiftOracc/Sources/CDKSwiftOracc/TextEdition/OraccHTML5Formatter.swift /Users/admin/builder/spi-builder-workspace/.dependencies/checkouts/CDKSwiftOracc/Sources/CDKSwiftOracc/TextEdition/OraccTextEdition.swift /Users/admin/builder/spi-builder-workspace/.dependencies/checkouts/CDKSwiftOracc/Sources/CDKSwiftOracc/TextEdition/TextEditionFormatting.swift -supplementary-output-file-map /Users/admin/builder/spi-builder-workspace/.derivedData/Build/Intermediates.noindex/CDKSwiftOracc.build/Debug-xros/CDKSwiftOracc-t.build/Objects-normal/arm64/supplementaryOutputs-8 -target arm64-apple-xros1.0 -disable-cross-import-overlay-search -load-resolved-plugin /Applications/Xcode-27.0.0-Release.Candidate.app/Contents/Developer/Platforms/XROS.platform/Developer/usr/lib/swift/host/plugins/libFoundationMacros.dylib\#/Applications/Xcode-27.0.0-Release.Candidate.app/Contents/Developer/Platforms/XROS.platform/Developer/usr/bin/swift-plugin-server\#FoundationMacros -load-resolved-plugin /Applications/Xcode-27.0.0-Release.Candidate.app/Contents/Developer/Platforms/XROS.platform/Developer/usr/lib/swift/host/plugins/libObservationMacros.dylib\#/Applications/Xcode-27.0.0-Release.Candidate.app/Contents/Developer/Platforms/XROS.platform/Developer/usr/bin/swift-plugin-server\#ObservationMacros -load-resolved-plugin /Applications/Xcode-27.0.0-Release.Candidate.app/Contents/Developer/Platforms/XROS.platform/Developer/usr/lib/swift/host/plugins/libSwiftMacros.dylib\#/Applications/Xcode-27.0.0-Release.Candidate.app/Contents/Developer/Platforms/XROS.platform/Developer/usr/bin/swift-plugin-server\#SwiftMacros -disable-implicit-swift-modules -Xcc -fno-implicit-modules -Xcc -fno-implicit-module-maps -explicit-swift-module-map-file /Users/admin/builder/spi-builder-workspace/.derivedData/Build/Intermediates.noindex/CDKSwiftOracc.build/Debug-xros/CDKSwiftOracc-t.build/Objects-normal/arm64/CDKSwiftOracc-dependencies-1.json -Xllvm -aarch64-use-tbi -enable-objc-interop -stack-check -sdk /Applications/Xcode-27.0.0-Release.Candidate.app/Contents/Developer/Platforms/XROS.platform/Developer/SDKs/XROS27.0.sdk -I /Users/admin/builder/spi-builder-workspace/.derivedData/Build/Products/Debug-xros -Isystem /Applications/Xcode-27.0.0-Release.Candidate.app/Contents/Developer/Platforms/XROS.platform/Developer/usr/lib -F /Users/admin/builder/spi-builder-workspace/.derivedData/Build/Products/Debug-xros -F /Applications/Xcode-27.0.0-Release.Candidate.app/Contents/Developer/Platforms/XROS.platform/Developer/Library/Frameworks -F /Applications/Xcode-27.0.0-Release.Candidate.app/Contents/Developer/Platforms/XROS.platform/Developer/SDKs/XROS27.0.sdk/Developer/Library/Frameworks -module-cache-path /Users/admin/builder/spi-builder-workspace/.derivedData/Build/Intermediates.noindex/SwiftExplicitPrecompiledModules -no-color-diagnostics -Xcc -fno-color-diagnostics -enable-testing -g -debug-info-format\=dwarf -dwarf-version\=4 -suppress-warnings -profile-generate -profile-coverage-mapping -swift-version 5 -Onone -D SWIFT_PACKAGE -D DEBUG -D SWIFT_MODULE_RESOURCE_BUNDLE_UNAVAILABLE -D Xcode -serialize-debugging-options -enable-experimental-feature DebugDescriptionMacro -empty-abi-descriptor -validate-clang-modules-once -clang-build-session-file /Users/admin/builder/spi-builder-workspace/.derivedData/ModuleCache.noindex/Session.modulevalidation -Xcc -working-directory -Xcc /Users/admin/builder/spi-builder-workspace/.swiftpm/xcode -enable-anonymous-context-mangled-names -file-compilation-dir /Users/admin/builder/spi-builder-workspace/.swiftpm/xcode -Xcc -D_LIBCPP_HARDENING_MODE\=_LIBCPP_HARDENING_MODE_DEBUG -Xcc -ivfsstatcache -Xcc /Users/admin/builder/spi-builder-workspace/.derivedData/SDKStatCaches.noindex/xros27.0-24M361-e829b21a6f8c9b70876ba0858053c044735bd543db762f57723cac368afd1ce4.sdkstatcache -Xcc -fmodules-prune-interval\=86400 -Xcc -fmodules-prune-after\=345600 -Xcc -I/Users/admin/builder/spi-builder-workspace/.derivedData/Build/Products/Debug-xros/include -Xcc -I/Users/admin/builder/spi-builder-workspace/.derivedData/Build/Intermediates.noindex/CDKSwiftOracc.build/Debug-xros/CDKSwiftOracc-t.build/DerivedSources-normal/arm64 -Xcc -I/Users/admin/builder/spi-builder-workspace/.derivedData/Build/Intermediates.noindex/CDKSwiftOracc.build/Debug-xros/CDKSwiftOracc-t.build/DerivedSources/arm64 -Xcc -I/Users/admin/builder/spi-builder-workspace/.derivedData/Build/Intermediates.noindex/CDKSwiftOracc.build/Debug-xros/CDKSwiftOracc-t.build/DerivedSources -Xcc -DSWIFT_PACKAGE -Xcc -DDEBUG\=1 -no-auto-bridging-header-chaining -module-name CDKSwiftOracc -const-gather-protocols-file /Users/admin/builder/spi-builder-workspace/.derivedData/Build/Intermediates.noindex/CDKSwiftOracc.build/Debug-xros/CDKSwiftOracc-t.build/Objects-normal/arm64/CDKSwiftOracc_const_extract_protocols.json -disable-clang-spi -clang-target arm64-apple-xros27.0 -target-sdk-version 27.0 -target-sdk-name xros27.0 -in-process-plugin-server-path /Applications/Xcode-27.0.0-Release.Candidate.app/Contents/Developer/Toolchains/XcodeDefault.xctoolchain/usr/lib/swift/host/libSwiftInProcPluginServer.dylib -parse-as-library -o /Users/admin/builder/spi-builder-workspace/.derivedData/Build/Intermediates.noindex/CDKSwiftOracc.build/Debug-xros/CDKSwiftOracc-t.build/Objects-normal/arm64/AttributedStringFormatter.o -o /Users/admin/builder/spi-builder-workspace/.derivedData/Build/Intermediates.noindex/CDKSwiftOracc.build/Debug-xros/CDKSwiftOracc-t.build/Objects-normal/arm64/NSAttributedStringFormatter.o -o /Users/admin/builder/spi-builder-workspace/.derivedData/Build/Intermediates.noindex/CDKSwiftOracc.build/Debug-xros/CDKSwiftOracc-t.build/Objects-normal/arm64/NSAttributedStringKey+OraccAttributes.o -debug-module-path /Users/admin/builder/spi-builder-workspace/.derivedData/Build/Intermediates.noindex/CDKSwiftOracc.build/Debug-xros/CDKSwiftOracc-t.build/Objects-normal/arm64/CDKSwiftOracc.swiftmodule -index-unit-output-path /CDKSwiftOracc.build/Debug-xros/CDKSwiftOracc-t.build/Objects-normal/arm64/AttributedStringFormatter.o -index-unit-output-path /CDKSwiftOracc.build/Debug-xros/CDKSwiftOracc-t.build/Objects-normal/arm64/NSAttributedStringFormatter.o -index-unit-output-path /CDKSwiftOracc.build/Debug-xros/CDKSwiftOracc-t.build/Objects-normal/arm64/NSAttributedStringKey+OraccAttributes.o -index-store-path /Users/admin/builder/spi-builder-workspace/.derivedData/Index.noindex/DataStore -index-system-modules
SwiftCompile normal arm64 /Users/admin/builder/spi-builder-workspace/.dependencies/checkouts/CDKSwiftOracc/Sources/CDKSwiftOracc/TextEdition/AttributedStringFormatter.swift (in target 'CDKSwiftOracc' from project 'CDKSwiftOracc')
    cd /Users/admin/builder/spi-builder-workspace/.swiftpm/xcode
    builtin-SwiftPerFileCompile AttributedStringFormatter.swift
SwiftCompile normal arm64 /Users/admin/builder/spi-builder-workspace/.dependencies/checkouts/CDKSwiftOracc/Sources/CDKSwiftOracc/TextEdition/Legacy/NSAttributedStringFormatter.swift (in target 'CDKSwiftOracc' from project 'CDKSwiftOracc')
    cd /Users/admin/builder/spi-builder-workspace/.swiftpm/xcode
    builtin-SwiftPerFileCompile NSAttributedStringFormatter.swift
SwiftCompile normal arm64 /Users/admin/builder/spi-builder-workspace/.dependencies/checkouts/CDKSwiftOracc/Sources/CDKSwiftOracc/TextEdition/Legacy/NSAttributedStringKey+OraccAttributes.swift (in target 'CDKSwiftOracc' from project 'CDKSwiftOracc')
    cd /Users/admin/builder/spi-builder-workspace/.swiftpm/xcode
    builtin-SwiftPerFileCompile NSAttributedStringKey+OraccAttributes.swift
SwiftCompile normal arm64 Compiling\ CuneiformSignReading.swift,\ GraphemeDescription+Codable.swift,\ GraphemeDescription.swift /Users/admin/builder/spi-builder-workspace/.dependencies/checkouts/CDKSwiftOracc/Sources/CDKSwiftOracc/CDL\ Types/CuneiformSignReading.swift /Users/admin/builder/spi-builder-workspace/.dependencies/checkouts/CDKSwiftOracc/Sources/CDKSwiftOracc/CDL\ Types/GraphemeDescription+Codable.swift /Users/admin/builder/spi-builder-workspace/.dependencies/checkouts/CDKSwiftOracc/Sources/CDKSwiftOracc/CDL\ Types/GraphemeDescription.swift (in target 'CDKSwiftOracc' from project 'CDKSwiftOracc')
SwiftCompile normal arm64 /Users/admin/builder/spi-builder-workspace/.dependencies/checkouts/CDKSwiftOracc/Sources/CDKSwiftOracc/CDL\ Types/CuneiformSignReading.swift (in target 'CDKSwiftOracc' from project 'CDKSwiftOracc')
    cd /Users/admin/builder/spi-builder-workspace/.swiftpm/xcode
    builtin-SwiftPerFileCompile CuneiformSignReading.swift
SwiftCompile normal arm64 /Users/admin/builder/spi-builder-workspace/.dependencies/checkouts/CDKSwiftOracc/Sources/CDKSwiftOracc/CDL\ Types/GraphemeDescription+Codable.swift (in target 'CDKSwiftOracc' from project 'CDKSwiftOracc')
    cd /Users/admin/builder/spi-builder-workspace/.swiftpm/xcode
    builtin-SwiftPerFileCompile GraphemeDescription+Codable.swift
SwiftCompile normal arm64 /Users/admin/builder/spi-builder-workspace/.dependencies/checkouts/CDKSwiftOracc/Sources/CDKSwiftOracc/CDL\ Types/GraphemeDescription.swift (in target 'CDKSwiftOracc' from project 'CDKSwiftOracc')
    cd /Users/admin/builder/spi-builder-workspace/.swiftpm/xcode
    builtin-SwiftPerFileCompile GraphemeDescription.swift
SwiftCompile normal arm64 Compiling\ OraccTextEdition.swift,\ TextEditionFormatting.swift /Users/admin/builder/spi-builder-workspace/.dependencies/checkouts/CDKSwiftOracc/Sources/CDKSwiftOracc/TextEdition/OraccTextEdition.swift /Users/admin/builder/spi-builder-workspace/.dependencies/checkouts/CDKSwiftOracc/Sources/CDKSwiftOracc/TextEdition/TextEditionFormatting.swift (in target 'CDKSwiftOracc' from project 'CDKSwiftOracc')
SwiftCompile normal arm64 /Users/admin/builder/spi-builder-workspace/.dependencies/checkouts/CDKSwiftOracc/Sources/CDKSwiftOracc/TextEdition/OraccTextEdition.swift (in target 'CDKSwiftOracc' from project 'CDKSwiftOracc')
    cd /Users/admin/builder/spi-builder-workspace/.swiftpm/xcode
    builtin-SwiftPerFileCompile OraccTextEdition.swift
SwiftCompile normal arm64 /Users/admin/builder/spi-builder-workspace/.dependencies/checkouts/CDKSwiftOracc/Sources/CDKSwiftOracc/TextEdition/TextEditionFormatting.swift (in target 'CDKSwiftOracc' from project 'CDKSwiftOracc')
    cd /Users/admin/builder/spi-builder-workspace/.swiftpm/xcode
    builtin-SwiftPerFileCompile TextEditionFormatting.swift
SwiftCompile normal arm64 Compiling\ OraccAttributedString.swift,\ OraccHTML5Formatter.swift /Users/admin/builder/spi-builder-workspace/.dependencies/checkouts/CDKSwiftOracc/Sources/CDKSwiftOracc/TextEdition/OraccAttributedString.swift /Users/admin/builder/spi-builder-workspace/.dependencies/checkouts/CDKSwiftOracc/Sources/CDKSwiftOracc/TextEdition/OraccHTML5Formatter.swift (in target 'CDKSwiftOracc' from project 'CDKSwiftOracc')
SwiftCompile normal arm64 /Users/admin/builder/spi-builder-workspace/.dependencies/checkouts/CDKSwiftOracc/Sources/CDKSwiftOracc/TextEdition/OraccAttributedString.swift (in target 'CDKSwiftOracc' from project 'CDKSwiftOracc')
    cd /Users/admin/builder/spi-builder-workspace/.swiftpm/xcode
    builtin-SwiftPerFileCompile OraccAttributedString.swift
SwiftCompile normal arm64 /Users/admin/builder/spi-builder-workspace/.dependencies/checkouts/CDKSwiftOracc/Sources/CDKSwiftOracc/TextEdition/OraccHTML5Formatter.swift (in target 'CDKSwiftOracc' from project 'CDKSwiftOracc')
    cd /Users/admin/builder/spi-builder-workspace/.swiftpm/xcode
    builtin-SwiftPerFileCompile OraccHTML5Formatter.swift
SwiftCompile normal arm64 Compiling\ OraccGlobalSignList.swift,\ String+CuneiformHelpers.swift,\ UnicodeScalars+CuneiformHelpers.swift /Users/admin/builder/spi-builder-workspace/.dependencies/checkouts/CDKSwiftOracc/Sources/CDKSwiftOracc/Sign\ Lists/OraccGlobalSignList.swift /Users/admin/builder/spi-builder-workspace/.dependencies/checkouts/CDKSwiftOracc/Sources/CDKSwiftOracc/Sign\ Lists/String+CuneiformHelpers.swift /Users/admin/builder/spi-builder-workspace/.dependencies/checkouts/CDKSwiftOracc/Sources/CDKSwiftOracc/Sign\ Lists/UnicodeScalars+CuneiformHelpers.swift (in target 'CDKSwiftOracc' from project 'CDKSwiftOracc')
SwiftCompile normal arm64 /Users/admin/builder/spi-builder-workspace/.dependencies/checkouts/CDKSwiftOracc/Sources/CDKSwiftOracc/Sign\ Lists/OraccGlobalSignList.swift (in target 'CDKSwiftOracc' from project 'CDKSwiftOracc')
    cd /Users/admin/builder/spi-builder-workspace/.swiftpm/xcode
    builtin-SwiftPerFileCompile OraccGlobalSignList.swift
SwiftCompile normal arm64 /Users/admin/builder/spi-builder-workspace/.dependencies/checkouts/CDKSwiftOracc/Sources/CDKSwiftOracc/Sign\ Lists/String+CuneiformHelpers.swift (in target 'CDKSwiftOracc' from project 'CDKSwiftOracc')
    cd /Users/admin/builder/spi-builder-workspace/.swiftpm/xcode
    builtin-SwiftPerFileCompile String+CuneiformHelpers.swift
SwiftCompile normal arm64 /Users/admin/builder/spi-builder-workspace/.dependencies/checkouts/CDKSwiftOracc/Sources/CDKSwiftOracc/Sign\ Lists/UnicodeScalars+CuneiformHelpers.swift (in target 'CDKSwiftOracc' from project 'CDKSwiftOracc')
    cd /Users/admin/builder/spi-builder-workspace/.swiftpm/xcode
    builtin-SwiftPerFileCompile UnicodeScalars+CuneiformHelpers.swift
SwiftDriver\ Compilation ZIPFoundation normal arm64 com.apple.xcode.tools.swift.compiler (in target 'ZIPFoundation' from project 'ZIPFoundation')
    cd /Users/admin/builder/spi-builder-workspace/.swiftpm/xcode
    builtin-Swift-Compilation -- /Applications/Xcode-27.0.0-Release.Candidate.app/Contents/Developer/Toolchains/XcodeDefault.xctoolchain/usr/bin/swiftc -parse-as-library -module-name ZIPFoundation -Onone @/Users/admin/builder/spi-builder-workspace/.derivedData/Build/Intermediates.noindex/ZIPFoundation.build/Debug-xros/ZIPFoundation-t.build/Objects-normal/arm64/ZIPFoundation.SwiftFileList -DSWIFT_PACKAGE -DDEBUG -DSWIFT_MODULE_RESOURCE_BUNDLE_AVAILABLE -DXcode -plugin-path /Applications/Xcode-27.0.0-Release.Candidate.app/Contents/Developer/Toolchains/XcodeDefault.xctoolchain/usr/lib/swift/host/plugins/testing -enable-experimental-feature DebugDescriptionMacro -sdk /Applications/Xcode-27.0.0-Release.Candidate.app/Contents/Developer/Platforms/XROS.platform/Developer/SDKs/XROS27.0.sdk -target arm64-apple-xros1.0 -g -module-cache-path /Users/admin/builder/spi-builder-workspace/.derivedData/ModuleCache.noindex -Xfrontend -serialize-debugging-options -profile-coverage-mapping -profile-generate -enable-testing -suppress-warnings -index-store-path /Users/admin/builder/spi-builder-workspace/.derivedData/Index.noindex/DataStore -Xcc -D_LIBCPP_HARDENING_MODE\=_LIBCPP_HARDENING_MODE_DEBUG -swift-version 5 -I /Users/admin/builder/spi-builder-workspace/.derivedData/Build/Products/Debug-xros -Isystem /Applications/Xcode-27.0.0-Release.Candidate.app/Contents/Developer/Platforms/XROS.platform/Developer/usr/lib -F /Users/admin/builder/spi-builder-workspace/.derivedData/Build/Products/Debug-xros -F /Applications/Xcode-27.0.0-Release.Candidate.app/Contents/Developer/Platforms/XROS.platform/Developer/Library/Frameworks -F /Applications/Xcode-27.0.0-Release.Candidate.app/Contents/Developer/Platforms/XROS.platform/Developer/SDKs/XROS27.0.sdk/Developer/Library/Frameworks -c -j10 -enable-batch-mode -incremental -Xcc -ivfsstatcache -Xcc /Users/admin/builder/spi-builder-workspace/.derivedData/SDKStatCaches.noindex/xros27.0-24M361-e829b21a6f8c9b70876ba0858053c044735bd543db762f57723cac368afd1ce4.sdkstatcache -output-file-map /Users/admin/builder/spi-builder-workspace/.derivedData/Build/Intermediates.noindex/ZIPFoundation.build/Debug-xros/ZIPFoundation-t.build/Objects-normal/arm64/ZIPFoundation-OutputFileMap.json -save-temps -no-color-diagnostics -explicit-module-build -module-cache-path /Users/admin/builder/spi-builder-workspace/.derivedData/Build/Intermediates.noindex/SwiftExplicitPrecompiledModules -clang-scanner-module-cache-path /Users/admin/builder/spi-builder-workspace/.derivedData/ModuleCache.noindex -sdk-module-cache-path /Users/admin/builder/spi-builder-workspace/.derivedData/SDKExplicitPrecompiledModules -emit-dependencies -emit-module -emit-module-path /Users/admin/builder/spi-builder-workspace/.derivedData/Build/Intermediates.noindex/ZIPFoundation.build/Debug-xros/ZIPFoundation-t.build/Objects-normal/arm64/ZIPFoundation.swiftmodule -serialize-diagnostics -dependency-scan-serialize-diagnostics-path /Users/admin/builder/spi-builder-workspace/.derivedData/Build/Intermediates.noindex/ZIPFoundation.build/Debug-xros/ZIPFoundation-t.build/Objects-normal/arm64/ZIPFoundation-dependency-scan.dia -validate-clang-modules-once -clang-build-session-file /Users/admin/builder/spi-builder-workspace/.derivedData/ModuleCache.noindex/Session.modulevalidation -Xcc -fmodules-prune-interval\=86400 -Xcc -fmodules-prune-after\=345600 -package-name zipfoundation -emit-const-values -const-gather-protocols-list /Users/admin/builder/spi-builder-workspace/.derivedData/Build/Intermediates.noindex/ZIPFoundation.build/Debug-xros/ZIPFoundation-t.build/Objects-normal/arm64/ZIPFoundation_const_extract_protocols.json -Xcc -I/Users/admin/builder/spi-builder-workspace/.derivedData/Build/Products/Debug-xros/include -Xcc -I/Users/admin/builder/spi-builder-workspace/.derivedData/Build/Intermediates.noindex/ZIPFoundation.build/Debug-xros/ZIPFoundation-t.build/DerivedSources-normal/arm64 -Xcc -I/Users/admin/builder/spi-builder-workspace/.derivedData/Build/Intermediates.noindex/ZIPFoundation.build/Debug-xros/ZIPFoundation-t.build/DerivedSources/arm64 -Xcc -I/Users/admin/builder/spi-builder-workspace/.derivedData/Build/Intermediates.noindex/ZIPFoundation.build/Debug-xros/ZIPFoundation-t.build/DerivedSources -Xcc -DSWIFT_PACKAGE -Xcc -DDEBUG\=1 -emit-objc-header -emit-objc-header-path /Users/admin/builder/spi-builder-workspace/.derivedData/Build/Intermediates.noindex/ZIPFoundation.build/Debug-xros/ZIPFoundation-t.build/Objects-normal/arm64/ZIPFoundation-Swift.h -working-directory /Users/admin/builder/spi-builder-workspace/.swiftpm/xcode -experimental-emit-module-separately -disable-cmo
SwiftCompile normal arm64 Compiling\ OraccCatalogueEntry+Codable.swift,\ OraccCatalogueEntry.swift,\ TextID.swift /Users/admin/builder/spi-builder-workspace/.dependencies/checkouts/CDKSwiftOracc/Sources/CDKSwiftOracc/Catalog/OraccCatalogueEntry+Codable.swift /Users/admin/builder/spi-builder-workspace/.dependencies/checkouts/CDKSwiftOracc/Sources/CDKSwiftOracc/Catalog/OraccCatalogueEntry.swift /Users/admin/builder/spi-builder-workspace/.dependencies/checkouts/CDKSwiftOracc/Sources/CDKSwiftOracc/Catalog/TextID.swift (in target 'CDKSwiftOracc' from project 'CDKSwiftOracc')
SwiftCompile normal arm64 /Users/admin/builder/spi-builder-workspace/.dependencies/checkouts/CDKSwiftOracc/Sources/CDKSwiftOracc/Catalog/OraccCatalogueEntry+Codable.swift (in target 'CDKSwiftOracc' from project 'CDKSwiftOracc')
    cd /Users/admin/builder/spi-builder-workspace/.swiftpm/xcode
    builtin-SwiftPerFileCompile OraccCatalogueEntry+Codable.swift
SwiftCompile normal arm64 /Users/admin/builder/spi-builder-workspace/.dependencies/checkouts/CDKSwiftOracc/Sources/CDKSwiftOracc/Catalog/OraccCatalogueEntry.swift (in target 'CDKSwiftOracc' from project 'CDKSwiftOracc')
    cd /Users/admin/builder/spi-builder-workspace/.swiftpm/xcode
    builtin-SwiftPerFileCompile OraccCatalogueEntry.swift
SwiftCompile normal arm64 /Users/admin/builder/spi-builder-workspace/.dependencies/checkouts/CDKSwiftOracc/Sources/CDKSwiftOracc/Catalog/TextID.swift (in target 'CDKSwiftOracc' from project 'CDKSwiftOracc')
    cd /Users/admin/builder/spi-builder-workspace/.swiftpm/xcode
    builtin-SwiftPerFileCompile TextID.swift
Ld /Users/admin/builder/spi-builder-workspace/.derivedData/Build/Products/Debug-xros/ZIPFoundation.o normal (in target 'ZIPFoundation' from project 'ZIPFoundation')
    cd /Users/admin/builder/spi-builder-workspace/.dependencies/checkouts/ZIPFoundation
    /Applications/Xcode-27.0.0-Release.Candidate.app/Contents/Developer/Toolchains/XcodeDefault.xctoolchain/usr/bin/clang -Xlinker -reproducible -target arm64-apple-xros1.0 -r -isysroot /Applications/Xcode-27.0.0-Release.Candidate.app/Contents/Developer/Platforms/XROS.platform/Developer/SDKs/XROS27.0.sdk -O0 -w -Xlinker -no_warn_duplicate_libraries -F/Users/admin/builder/spi-builder-workspace/.derivedData/Build/Intermediates.noindex/EagerLinkingTBDs/Debug-xros -F/Users/admin/builder/spi-builder-workspace/.derivedData/Build/Products/Debug-xros -iframework /Applications/Xcode-27.0.0-Release.Candidate.app/Contents/Developer/Platforms/XROS.platform/Developer/Library/Frameworks -iframework /Applications/Xcode-27.0.0-Release.Candidate.app/Contents/Developer/Platforms/XROS.platform/Developer/SDKs/XROS27.0.sdk/Developer/Library/Frameworks -filelist /Users/admin/builder/spi-builder-workspace/.derivedData/Build/Intermediates.noindex/ZIPFoundation.build/Debug-xros/ZIPFoundation-t.build/Objects-normal/arm64/ZIPFoundation.LinkFileList -nostdlib -Xlinker -object_path_lto -Xlinker /Users/admin/builder/spi-builder-workspace/.derivedData/Build/Intermediates.noindex/ZIPFoundation.build/Debug-xros/ZIPFoundation-t.build/Objects-normal/arm64/ZIPFoundation_lto.o -Xlinker -no_deduplicate -Xlinker -debug_variant -Xlinker -dependency_info -Xlinker /Users/admin/builder/spi-builder-workspace/.derivedData/Build/Intermediates.noindex/ZIPFoundation.build/Debug-xros/ZIPFoundation-t.build/Objects-normal/arm64/ZIPFoundation_dependency_info.dat -fobjc-link-runtime -L/Applications/Xcode-27.0.0-Release.Candidate.app/Contents/Developer/Toolchains/XcodeDefault.xctoolchain/usr/lib/swift/xros -L/usr/lib/swift -Xlinker -add_ast_path -Xlinker /Users/admin/builder/spi-builder-workspace/.derivedData/Build/Intermediates.noindex/ZIPFoundation.build/Debug-xros/ZIPFoundation-t.build/Objects-normal/arm64/ZIPFoundation.swiftmodule -o /Users/admin/builder/spi-builder-workspace/.derivedData/Build/Products/Debug-xros/ZIPFoundation.o
SwiftEmitModule normal arm64 Emitting\ module\ for\ CDKOraccInterface (in target 'CDKOraccInterface' from project 'CDKOraccInterface')
SwiftCompile normal arm64 (in target 'CDKOraccInterface' from project 'CDKOraccInterface')
    cd /Users/admin/builder/spi-builder-workspace/.swiftpm/xcode

PruneExplicitPrecompiledModules /Users/admin/builder/spi-builder-workspace/.derivedData/Build/Intermediates.noindex/SwiftExplicitPrecompiledModules
PruneExplicitPrecompiledModules /Users/admin/builder/spi-builder-workspace/.derivedData/Build/Intermediates.noindex/ExplicitPrecompiledModules
PruneExplicitPrecompiledModules /Users/admin/builder/spi-builder-workspace/.derivedData/SDKExplicitPrecompiledModules
2026-09-16 00:45:50.982 xcodebuild[832:5097] [MT] IDERunDestination: Supported platforms for the buildables in the current scheme is empty.
** BUILD FAILED **
The following build commands failed:
	SwiftCompile normal arm64 Compiling\ AttributedStringFormatter.swift,\ NSAttributedStringFormatter.swift,\ NSAttributedStringKey+OraccAttributes.swift /Users/admin/builder/spi-builder-workspace/.dependencies/checkouts/CDKSwiftOracc/Sources/CDKSwiftOracc/TextEdition/AttributedStringFormatter.swift /Users/admin/builder/spi-builder-workspace/.dependencies/checkouts/CDKSwiftOracc/Sources/CDKSwiftOracc/TextEdition/Legacy/NSAttributedStringFormatter.swift /Users/admin/builder/spi-builder-workspace/.dependencies/checkouts/CDKSwiftOracc/Sources/CDKSwiftOracc/TextEdition/Legacy/NSAttributedStringKey+OraccAttributes.swift (in target 'CDKSwiftOracc' from project 'CDKSwiftOracc')
	SwiftCompile normal arm64 /Users/admin/builder/spi-builder-workspace/.dependencies/checkouts/CDKSwiftOracc/Sources/CDKSwiftOracc/TextEdition/AttributedStringFormatter.swift (in target 'CDKSwiftOracc' from project 'CDKSwiftOracc')
	SwiftCompile normal arm64 /Users/admin/builder/spi-builder-workspace/.dependencies/checkouts/CDKSwiftOracc/Sources/CDKSwiftOracc/TextEdition/Legacy/NSAttributedStringFormatter.swift (in target 'CDKSwiftOracc' from project 'CDKSwiftOracc')
	Building workspace CDKOraccInterface with scheme CDKOraccInterface
(4 failures)
BUILD FAILURE 6.4 visionOS