The Swift Package Index logo.Swift Package Index

Build Information

Failed to build RogersBankDownloader, reference v0.3.0 (871975), with Swift 6.4 for Wasm on 23 Sep 2026 16:32:28 UTC.

Build Command

bash -c docker run --pull=always --rm -v "checkouts-54344847-1":/host -w "$PWD" -e JAVA_HOME="/root/.sdkman/candidates/java/current" -e SPI_BUILD="1" -e SPI_PROCESSING="1" registry.gitlab.com/saguaro1/spi-images:wasm-6.4-latest swift build --swift-sdk swift-6.4.x-DEVELOPMENT-SNAPSHOT-2026-09-04-a_wasm 2>&1

Build Log

========================================
RunAll
========================================
Builder version: 5.1.0
Interrupt handler set up.
========================================
Checkout
========================================
Clone URL: https://github.com/Nef10/RogersBankDownloader.git
Reference: v0.3.0
Initialized empty Git repository in /host/spi-builder-workspace/.git/
hint: Using 'master' as the name for the initial branch. This default branch name
hint: is subject to change. To configure the initial branch name to use in all
hint: of your new repositories, which will suppress this warning, call:
hint:
hint: 	git config --global init.defaultBranch <name>
hint:
hint: Names commonly chosen instead of 'master' are 'main', 'trunk' and
hint: 'development'. The just-created branch can be renamed via this command:
hint:
hint: 	git branch -m <name>
From https://github.com/Nef10/RogersBankDownloader
 * tag               v0.3.0     -> FETCH_HEAD
HEAD is now at 8719750 Make types Equatable
Cloned https://github.com/Nef10/RogersBankDownloader.git
Revision (git rev-parse @):
8719750b0e1200604d1424f832fc02e1170dc887
SUCCESS checkout https://github.com/Nef10/RogersBankDownloader.git at v0.3.0
========================================
Build
========================================
Selected platform:         wasm
Swift version:             6.4
Building package at path:  $PWD
https://github.com/Nef10/RogersBankDownloader.git
Running build ...
bash -c docker run --pull=always --rm -v "checkouts-54344847-1":/host -w "$PWD" -e JAVA_HOME="/root/.sdkman/candidates/java/current" -e SPI_BUILD="1" -e SPI_PROCESSING="1" registry.gitlab.com/saguaro1/spi-images:wasm-6.4-latest swift build --swift-sdk swift-6.4.x-DEVELOPMENT-SNAPSHOT-2026-09-04-a_wasm 2>&1
wasm-6.4-latest: Pulling from saguaro1/spi-images
Digest: sha256:4328fdb43c680d205c1d6761b1e3267aa38277eefdda9ddfb17b6a0f1a77857a
Status: Image is up to date for registry.gitlab.com/saguaro1/spi-images:wasm-6.4-latest
Building for debugging...
[Planning deferred tasks]
error: SwiftCompile normal wasm32 failed with a nonzero exit code. Command line:     cd /host

/host/spi-builder-workspace/Sources/RogersBankDownloader/RogersAuthenticator.swift:86:47: error: cannot find type 'URLRequest' in scope
 84 |     private static let defaultDeviceInfo = "[{\"key\":\"language\",\"value\":\"en-US\"},{\"key\":\"color_depth\",\"value\":30},{\"key\":\"device_memory\",\"value\":8},{\"key\":\"hardware_concurrency\",\"value\":10},{\"key\":\"resolution\",\"value\":[1728,1117]},{\"key\":\"available_resolution\",\"value\":[1728,1005]},{\"key\":\"timezone_offset\",\"value\":420},{\"key\":\"session_storage\",\"value\":1},{\"key\":\"local_storage\",\"value\":1},{\"key\":\"indexed_db\",\"value\":1},{\"key\":\"cpu_class\",\"value\":\"unknown\"},{\"key\":\"navigator_platform\",\"value\":\"MacIntel\"},{\"key\":\"regular_plugins\",\"value\":[\"PDF Viewer::Portable Document Format::application/pdf~pdf,text/pdf~pdf\",\"Chrome PDF Viewer::Portable Document Format::application/pdf~pdf,text/pdf~pdf\",\"Chromium PDF Viewer::Portable Document Format::application/pdf~pdf,text/pdf~pdf\",\"WebKit built-in PDF::Portable Document Format::application/pdf~pdf,text/pdf~pdf\"]},{\"key\":\"webgl_vendor\",\"value\":\"Google Inc. (Apple)~ANGLE (Apple, ANGLE Metal Renderer: Apple M1 Pro, Unspecified Version)\"},{\"key\":\"adblock\",\"value\":false},{\"key\":\"has_lied_languages\",\"value\":false},{\"key\":\"has_lied_resolution\",\"value\":false},{\"key\":\"has_lied_os\",\"value\":false},{\"key\":\"has_lied_browser\",\"value\":false},{\"key\":\"touch_support\",\"value\":[0,false,false]},{\"key\":\"js_fonts\",\"value\":[\"Arial\",\"Arial Black\",\"Arial Hebrew\",\"Arial Narrow\",\"Arial Rounded MT Bold\",\"Arial Unicode MS\",\"Comic Sans MS\",\"Courier\",\"Courier New\",\"Geneva\",\"Georgia\",\"Helvetica\",\"Helvetica Neue\",\"Impact\",\"Microsoft Sans Serif\",\"Monaco\",\"Palatino\",\"Tahoma\",\"Times\",\"Times New Roman\",\"Trebuchet MS\",\"Verdana\",\"Wingdings\",\"Wingdings 2\",\"Wingdings 3\"]}]"
 85 |
 86 |     private static let authenticationRequest: URLRequest = {
    |                                               `- error: cannot find type 'URLRequest' in scope
 87 |         var request = URLRequest(url: authenticationURL)
 88 |         request.httpMethod = "POST"
/host/spi-builder-workspace/Sources/RogersBankDownloader/RogersAuthenticator.swift:87:23: error: cannot find 'URLRequest' in scope
 85 |
 86 |     private static let authenticationRequest: URLRequest = {
 87 |         var request = URLRequest(url: authenticationURL)
    |                       `- error: cannot find 'URLRequest' in scope
 88 |         request.httpMethod = "POST"
 89 |         request.setValue("application/json", forHTTPHeaderField: "Content-Type")
/host/spi-builder-workspace/Sources/RogersBankDownloader/RogersAuthenticator.swift:97:52: error: cannot find type 'URLRequest' in scope
 95 |     }()
 96 |
 97 |     private static let twoFactorPreferenceRequest: URLRequest = {
    |                                                    `- error: cannot find type 'URLRequest' in scope
 98 |         var request = URLRequest(url: twoFactorPreferenceURL)
 99 |         request.httpMethod = "POST"
/host/spi-builder-workspace/Sources/RogersBankDownloader/RogersAuthenticator.swift:98:23: error: cannot find 'URLRequest' in scope
 96 |
 97 |     private static let twoFactorPreferenceRequest: URLRequest = {
 98 |         var request = URLRequest(url: twoFactorPreferenceURL)
    |                       `- error: cannot find 'URLRequest' in scope
 99 |         request.httpMethod = "POST"
100 |         request.setValue("application/json", forHTTPHeaderField: "Content-Type")
/host/spi-builder-workspace/Sources/RogersBankDownloader/RogersAuthenticator.swift:106:54: error: cannot find type 'URLRequest' in scope
104 |     }()
105 |
106 |     private static let validateTwoFactorCodeRequest: URLRequest = {
    |                                                      `- error: cannot find type 'URLRequest' in scope
107 |         var request = URLRequest(url: validateTwoFactorCodeURL)
108 |         request.httpMethod = "POST"
/host/spi-builder-workspace/Sources/RogersBankDownloader/RogersAuthenticator.swift:107:23: error: cannot find 'URLRequest' in scope
105 |
106 |     private static let validateTwoFactorCodeRequest: URLRequest = {
107 |         var request = URLRequest(url: validateTwoFactorCodeURL)
    |                       `- error: cannot find 'URLRequest' in scope
108 |         request.httpMethod = "POST"
109 |         request.setValue("application/json", forHTTPHeaderField: "Content-Type")
/host/spi-builder-workspace/Sources/RogersBankDownloader/RogersAuthenticator.swift:163:67: error: cannot find type 'URLRequest' in scope
161 |     }
162 |
163 |     private static func generateTwoFactorCodeRequest(url: URL) -> URLRequest {
    |                                                                   `- error: cannot find type 'URLRequest' in scope
164 |         var request = URLRequest(url: url)
165 |         request.httpMethod = "POST"
/host/spi-builder-workspace/Sources/RogersBankDownloader/URLTaskHelper.swift:7:56: error: 'URLResponse' is unavailable: This type has moved to the FoundationNetworking module. Import that module to use it.
 5 |
 6 | enum URLTaskHelper {
 7 |     static func processResponse(data: Data?, response: URLResponse?, error: Error?) -> Result<(Data, HTTPURLResponse), DownloadError> {
   |                                                        `- error: 'URLResponse' is unavailable: This type has moved to the FoundationNetworking module. Import that module to use it.
 8 |         guard let data else {
 9 |             if let error {
Foundation.URLResponse:2:18: note: 'URLResponse' has been explicitly marked unavailable here
1 | @available(*, unavailable, message: "This type has moved to the FoundationNetworking module. Import that module to use it.")
2 | public typealias URLResponse = AnyObject
  |                  `- note: 'URLResponse' has been explicitly marked unavailable here
/host/spi-builder-workspace/Sources/RogersBankDownloader/URLTaskHelper.swift:7:102: error: 'HTTPURLResponse' is unavailable: This type has moved to the FoundationNetworking module. Import that module to use it.
 5 |
 6 | enum URLTaskHelper {
 7 |     static func processResponse(data: Data?, response: URLResponse?, error: Error?) -> Result<(Data, HTTPURLResponse), DownloadError> {
   |                                                                                                      `- error: 'HTTPURLResponse' is unavailable: This type has moved to the FoundationNetworking module. Import that module to use it.
 8 |         guard let data else {
 9 |             if let error {
Foundation.HTTPURLResponse:2:18: note: 'HTTPURLResponse' has been explicitly marked unavailable here
1 | @available(*, unavailable, message: "This type has moved to the FoundationNetworking module. Import that module to use it.")
2 | public typealias HTTPURLResponse = AnyObject
  |                  `- note: 'HTTPURLResponse' has been explicitly marked unavailable here
Failed frontend command:
/usr/bin/swift-frontend -frontend -emit-module -experimental-skip-non-inlinable-function-bodies-without-types /host/spi-builder-workspace/Sources/RogersBankDownloader/DownloadError.swift /host/spi-builder-workspace/Sources/RogersBankDownloader/RogersAccount.swift /host/spi-builder-workspace/Sources/RogersBankDownloader/RogersActivity.swift /host/spi-builder-workspace/Sources/RogersBankDownloader/RogersAuthenticator.swift /host/spi-builder-workspace/Sources/RogersBankDownloader/RogersStatement.swift /host/spi-builder-workspace/Sources/RogersBankDownloader/RogersUser.swift /host/spi-builder-workspace/Sources/RogersBankDownloader/URLTaskHelper.swift -target wasm32-unknown-wasip1 -disable-objc-interop -sdk /root/.swiftpm/swift-sdks/swift-6.4.x-DEVELOPMENT-SNAPSHOT-2026-09-04-a_wasm.artifactbundle/swift-6.4.x-DEVELOPMENT-SNAPSHOT-2026-09-04-a_wasm/wasm32-unknown-wasip1/WASI.sdk -sysroot /root/.swiftpm/swift-sdks/swift-6.4.x-DEVELOPMENT-SNAPSHOT-2026-09-04-a_wasm.artifactbundle/swift-6.4.x-DEVELOPMENT-SNAPSHOT-2026-09-04-a_wasm/wasm32-unknown-wasip1/WASI.sdk -I /host/spi-builder-workspace/.build/out/Products/Debug-webassembly-wasm32 -module-cache-path /host/spi-builder-workspace/.build/out/ModuleCache.noindex -color-diagnostics -Xcc -fcolor-diagnostics -enable-testing -g -debug-info-format\=dwarf -dwarf-version\=4 -swift-version 5 -Onone -D SWIFT_PACKAGE -D DEBUG -D SWIFT_MODULE_RESOURCE_BUNDLE_UNAVAILABLE -D Xcode -serialize-debugging-options -enable-experimental-feature DebugDescriptionMacro -empty-abi-descriptor -external-plugin-path /usr/lib/swift/host/plugins/testing\#/usr/bin/swift-plugin-server -validate-clang-modules-once -clang-build-session-file /host/spi-builder-workspace/.build/out/ModuleCache.noindex/Session.modulevalidation -Xcc -working-directory -Xcc /host -resource-dir /root/.swiftpm/swift-sdks/swift-6.4.x-DEVELOPMENT-SNAPSHOT-2026-09-04-a_wasm.artifactbundle/swift-6.4.x-DEVELOPMENT-SNAPSHOT-2026-09-04-a_wasm/wasm32-unknown-wasip1/swift.xctoolchain/usr/lib/swift_static -use-static-resource-dir -enable-anonymous-context-mangled-names -file-compilation-dir /host -Xcc -resource-dir -Xcc /root/.swiftpm/swift-sdks/swift-6.4.x-DEVELOPMENT-SNAPSHOT-2026-09-04-a_wasm.artifactbundle/swift-6.4.x-DEVELOPMENT-SNAPSHOT-2026-09-04-a_wasm/wasm32-unknown-wasip1/swift.xctoolchain/usr/lib/swift_static/clang -Xcc -D_LIBCPP_HARDENING_MODE\=_LIBCPP_HARDENING_MODE_DEBUG -Xcc -fmodules-prune-interval\=86400 -Xcc -fmodules-prune-after\=345600 -Xcc -I/host/spi-builder-workspace/.build/out/Products/Debug-webassembly-wasm32/include -Xcc -I/host/spi-builder-workspace/.build/out/Intermediates.noindex/RogersBankDownloader.build/Debug-webassembly-wasm32/RogersBankDownloader-t.build/DerivedSources-normal/wasm32 -Xcc -I/host/spi-builder-workspace/.build/out/Intermediates.noindex/RogersBankDownloader.build/Debug-webassembly-wasm32/RogersBankDownloader-t.build/DerivedSources/wasm32 -Xcc -I/host/spi-builder-workspace/.build/out/Intermediates.noindex/RogersBankDownloader.build/Debug-webassembly-wasm32/RogersBankDownloader-t.build/DerivedSources -Xcc -DSWIFT_PACKAGE -Xcc -DDEBUG\=1 -no-auto-bridging-header-chaining -module-name RogersBankDownloader -const-gather-protocols-file /host/spi-builder-workspace/.build/out/Intermediates.noindex/RogersBankDownloader.build/Debug-webassembly-wasm32/RogersBankDownloader-t.build/Objects-normal/wasm32/RogersBankDownloader_const_extract_protocols.json -in-process-plugin-server-path /usr/lib/swift/host/libSwiftInProcPluginServer.so -plugin-path /usr/lib/swift/host/plugins -plugin-path /usr/local/lib/swift/host/plugins -emit-module-doc-path /host/spi-builder-workspace/.build/out/Intermediates.noindex/RogersBankDownloader.build/Debug-webassembly-wasm32/RogersBankDownloader-t.build/Objects-normal/wasm32/Modules/RogersBankDownloader.swiftdoc -emit-module-source-info-path /host/spi-builder-workspace/.build/out/Intermediates.noindex/RogersBankDownloader.build/Debug-webassembly-wasm32/RogersBankDownloader-t.build/Objects-normal/wasm32/Modules/RogersBankDownloader.swiftsourceinfo -emit-objc-header-path /host/spi-builder-workspace/.build/out/Intermediates.noindex/RogersBankDownloader.build/Debug-webassembly-wasm32/RogersBankDownloader-t.build/Objects-normal/wasm32/RogersBankDownloader-Swift.h -serialize-diagnostics-path /host/spi-builder-workspace/.build/out/Intermediates.noindex/RogersBankDownloader.build/Debug-webassembly-wasm32/RogersBankDownloader-t.build/Objects-normal/wasm32/RogersBankDownloader-primary-emit-module.dia -emit-dependencies-path /host/spi-builder-workspace/.build/out/Intermediates.noindex/RogersBankDownloader.build/Debug-webassembly-wasm32/RogersBankDownloader-t.build/Objects-normal/wasm32/RogersBankDownloader-primary-emit-module.d -parse-as-library -o /host/spi-builder-workspace/.build/out/Intermediates.noindex/RogersBankDownloader.build/Debug-webassembly-wasm32/RogersBankDownloader-t.build/Objects-normal/wasm32/Modules/RogersBankDownloader.swiftmodule
error: Build failed
BUILD FAILURE 6.4 wasm