Build Information
Failed to build PushEngage, reference master (9ed217), with Swift 6.4 for watchOS using Xcode 27.0 on 3 Oct 2026 08:56:03 UTC.
Build Command
env DEVELOPER_DIR=/Applications/Xcode-27.0.0-Release.Candidate.app xcrun xcodebuild -IDEClonedSourcePackagesDirPathOverride=$PWD/.dependencies -skipMacroValidation -skipPackagePluginValidation -derivedDataPath $PWD/.derivedData build -scheme PushEngage-Package -destination generic/platform=watchOSBuild Log
========================================
RunAll
========================================
Builder version: 5.1.1
Interrupt handler set up.
========================================
Checkout
========================================
Clone URL: https://github.com/awesomemotive/pushengage-ios-sdk.git
Reference: master
Initialized empty Git repository in /Users/admin/builder/spi-builder-workspace/.git/
From https://github.com/awesomemotive/pushengage-ios-sdk
* branch master -> FETCH_HEAD
* [new branch] master -> origin/master
HEAD is now at 9ed2178 Merge pull request #12 from awesomemotive/release/1.1.0
Cloned https://github.com/awesomemotive/pushengage-ios-sdk.git
Revision (git rev-parse @):
9ed217863ec281266f4e83ab40c46e14ce1b18aa
SUCCESS checkout https://github.com/awesomemotive/pushengage-ios-sdk.git at master
========================================
Build
========================================
Selected platform: watchOS
Swift version: 6.4
Building package at path: $PWD
https://github.com/awesomemotive/pushengage-ios-sdk.git
Command line invocation:
/Applications/Xcode-27.0.0-Release.Candidate.app/Contents/Developer/usr/bin/xcodebuild -IDEClonedSourcePackagesDirPathOverride=/Users/admin/builder/spi-builder-workspace/.dependencies -resolvePackageDependencies
Resolve Package Graph
Resolve Package Graph
Resolved source packages:
PushEngage: /Users/admin/builder/spi-builder-workspace
resolved source packages: PushEngage
2026-10-03 04:55:21.949 xcodebuild[524:2990] [MT] IDERunDestination: Supported platforms for the buildables in the current scheme is empty.
{
"dependencies" : [
],
"manifest_display_name" : "PushEngage",
"name" : "PushEngage",
"path" : "/Users/admin/builder/spi-builder-workspace",
"platforms" : [
{
"name" : "ios",
"version" : "15.0"
}
],
"products" : [
{
"name" : "PushEngageExtension",
"targets" : [
"PushEngageExtension"
],
"type" : {
"library" : [
"automatic"
]
}
},
{
"name" : "PushEngage",
"targets" : [
"PushEngage"
],
"type" : {
"library" : [
"automatic"
]
}
}
],
"targets" : [
{
"c99name" : "PushEngageTests",
"module_type" : "SwiftTarget",
"name" : "PushEngageTests",
"path" : "Tests/PushEngageTests",
"sources" : [
"AnyCodableTests.swift",
"ApplicationServiceTests.swift",
"CoreWiringTests.swift",
"DataManagerTests.swift",
"Helpers/Fixtures.swift",
"Helpers/StubURLProtocol.swift",
"Helpers/XCTestCase+IsolatedDefaults.swift",
"IAMAnalyticsManagerTests.swift",
"IAMAudienceEvaluationTests.swift",
"IAMBackgroundRefreshTests.swift",
"IAMBannerWidthTests.swift",
"IAMCenterLandscapeWidthTests.swift",
"IAMControllerTests.swift",
"IAMCoreDataManagerTests.swift",
"IAMDisplayRulesEngineTests.swift",
"IAMMessageModelTests.swift",
"IAMNetworkServiceImplTests.swift",
"IAMOfflineQueueTests.swift",
"IAMOutboundURLTests.swift",
"IAMPrefsTests.swift",
"IAMQueueManagerTests.swift",
"IAMQueueStateManagerTests.swift",
"IAMRepositoryTests.swift",
"IAMResourceBundleTests.swift",
"IAMStoreMigrationTests.swift",
"IAMSubscriberStateTests.swift",
"IAMSyncManagerTests.swift",
"IAMTriggerDelayTests.swift",
"IAMTriggerMatcherTests.swift",
"IAMTriggerVocabularyTests.swift",
"IAMViewControllerLifecycleTests.swift",
"IAMWebViewUtilTests.swift",
"IAMWireFormatTests.swift",
"LoggingFlagPersistenceTests.swift",
"Mocks/MockApplicationService.swift",
"Mocks/MockDataSource.swift",
"Mocks/MockNetworkRouter.swift",
"Mocks/MockNotificationLifeCycleService.swift",
"Mocks/MockNotificationService.swift",
"Mocks/MockSubscriberService.swift",
"Mocks/MockTriggerCampaignManager.swift",
"Mocks/MockUNUserNotificationCenter.swift",
"Mocks/MockUserDefaultsService.swift",
"NotificationExtensionManagerTests.swift",
"NotificationLifeCycleManagerBackgroundTaskTests.swift",
"NotificationLifeCycleManagerTests.swift",
"NotificationSettingsManageriOS10Tests.swift",
"OperationsTests.swift",
"PEErrorTests.swift",
"PEManagerPlatformAndWrapperTests.swift",
"PEManagerTests.swift",
"PEManagerTrackEventTests.swift",
"PEManagerTriggerIAMEventTests.swift",
"PENetworkURLsSyncTests.swift",
"PENotificationActionRenameTests.swift",
"PENotificationTests.swift",
"PEPayloadTests.swift",
"PERouterGetSubscriberPathTests.swift",
"PERouterHeaderTests.swift",
"PERouterIdentifyLogoutTests.swift",
"PERouterTrackEventTests.swift",
"PESubscriberFieldsHandlerTests.swift",
"PESubscriberFieldsValidatorTests.swift",
"ParameterEncoderTests.swift",
"PushEngageAttributeAliasTests.swift",
"PushEngageExtensionFacadeTests.swift",
"RouterTests.swift",
"SanitizeUaSegmentTests.swift",
"SmokeTests.swift",
"SubscriberServiceManagerTests.swift",
"TriggerCampaignManagerTests.swift",
"UserAgentBuilderTests.swift",
"UserDefaultManagerTests.swift",
"UtilityHostInfoTests.swift",
"WKWebViewControllerTests.swift"
],
"target_dependencies" : [
"PushEngage",
"PushEngageExtension"
],
"type" : "test"
},
{
"c99name" : "PushEngageExtension",
"module_type" : "SwiftTarget",
"name" : "PushEngageExtension",
"path" : "Sources/PushEngageExtension",
"product_memberships" : [
"PushEngageExtension",
"PushEngage"
],
"sources" : [
"Constants/Constants.swift",
"Constants/PEPlatform.swift",
"Extensions/Extension.swift",
"HelperTypes/EnumTypes.swift",
"Model/DomainModels/PENotification.swift",
"Model/NetworkResponse.swift",
"Model/PEPayLoad.swift",
"Model/Postback.swift",
"Model/SubscriberDetails.swift",
"Model/Subscription.swift",
"Model/SyncAPIResponse.swift",
"Model/TrackEventRequest.swift",
"Model/TriggerModel.swift",
"NetworkLayer/Encoding/JSONParameterEncoder.swift",
"NetworkLayer/Encoding/URLParameterEncoder.swift",
"NetworkLayer/PERouter/PERouter.swift",
"NetworkLayer/Reachablity/NetworkReachablity.swift",
"NetworkLayer/Service/HTTPMethod.swift",
"NetworkLayer/Service/NetworkRouterType.swift",
"NetworkLayer/Service/Router.swift",
"Obserables/Observable.swift",
"PEError/PEError.swift",
"PushEngageExtension.swift",
"Services/Managers/DataManager.swift",
"Services/Managers/NotificationExtensionManager.swift",
"Services/Managers/NotificationLifeCycleManager.swift",
"Services/Managers/UserDefaultManager.swift",
"Services/PEOperationQueue/AsyncOperation.swift",
"Services/PEOperationQueue/AsyncResultOperation.swift",
"Services/PEOperationQueue/ChainedAsyncResultOperation.swift",
"Services/PEOperationQueue/PEOperations.swift",
"Services/Protocols/BackgroundTaskProviderType.swift",
"Services/Protocols/DatasourceProtocol.swift",
"Services/Protocols/NotificationExtensionType.swift",
"Services/Protocols/NotificationLifeCycleServiceType.swift",
"Services/Protocols/UserDefaultsType.swift",
"SupportingFiles/Configuration.swift",
"SupportingFiles/NotificationExtensionFactory.swift",
"SupportingFiles/PECoreServices.swift",
"Utility/EntitlementReader.swift",
"Utility/PELogger.swift",
"Utility/Utility.swift"
],
"type" : "library"
},
{
"c99name" : "PushEngage",
"module_type" : "SwiftTarget",
"name" : "PushEngage",
"path" : "Sources/PushEngage",
"product_memberships" : [
"PushEngage"
],
"sources" : [
"DependencyInjectionSetup/DependencyContainer.swift",
"DependencyInjectionSetup/DependencyInitialize.swift",
"DependencyInjectionSetup/DependencyProtocol.swift",
"Exports.swift",
"InAppMessaging/Analytics/IAMAnalyticsManager.swift",
"InAppMessaging/CoreData/IAMAnalyticsEvent+CoreDataClass.swift",
"InAppMessaging/CoreData/IAMAnalyticsEvent+CoreDataProperties.swift",
"InAppMessaging/CoreData/IAMCoreDataManager.swift",
"InAppMessaging/CoreData/IAMDisplayRecord+CoreDataClass.swift",
"InAppMessaging/CoreData/IAMDisplayRecord+CoreDataProperties.swift",
"InAppMessaging/CoreData/IAMMessage+CoreDataClass.swift",
"InAppMessaging/CoreData/IAMMessage+CoreDataProperties.swift",
"InAppMessaging/CoreData/IAMModels.swift",
"InAppMessaging/CoreData/IAMRawJSON.swift",
"InAppMessaging/CoreData/IAMRepository.swift",
"InAppMessaging/CoreData/IAMWireCodec.swift",
"InAppMessaging/Queue/IAMConditionEvaluator.swift",
"InAppMessaging/Queue/IAMController.swift",
"InAppMessaging/Queue/IAMDeviceProperties.swift",
"InAppMessaging/Queue/IAMDisplayRulesEngine.swift",
"InAppMessaging/Queue/IAMQueueManager.swift",
"InAppMessaging/Queue/IAMQueueStateManager.swift",
"InAppMessaging/Queue/IAMSubscriberState.swift",
"InAppMessaging/Queue/IAMTriggerDelayScheduler.swift",
"InAppMessaging/Queue/IAMTriggerMatcher.swift",
"InAppMessaging/Sync/IAMBackgroundRefresh.swift",
"InAppMessaging/Sync/IAMNetworkService.swift",
"InAppMessaging/Sync/IAMNetworkStateManager.swift",
"InAppMessaging/Sync/IAMOfflineQueue.swift",
"InAppMessaging/Sync/IAMPrefs.swift",
"InAppMessaging/Sync/IAMSyncManager.swift",
"InAppMessaging/Sync/IAMSyncModels.swift",
"InAppMessaging/UI/Base/IAMMessageDisplaying.swift",
"InAppMessaging/UI/Views/IAMViewController.swift",
"InAppMessaging/UI/WebView/IAMWebViewBridge.swift",
"InAppMessaging/UI/WebView/IAMWebViewUtil.swift",
"Interface/PushEngage.swift",
"Internal/Subscriber/PESubscriberFieldsHandler.swift",
"Internal/Subscriber/PESubscriberFieldsStringify.swift",
"Internal/Subscriber/PESubscriberFieldsValidator.swift",
"Model/GoalModel.swift",
"Model/TriggerCampaign.swift",
"PEViewModel/PEManager.swift",
"Services/Managers/ApplicationService.swift",
"Services/Managers/NotificationSettingsManageriOS10.swift",
"Services/Managers/SubscriberServiceManager.swift",
"Services/Managers/TriggerCampaignManager.swift",
"Services/Protocols/ApplicationServiceType.swift",
"Services/Protocols/NotificationServiceType.swift",
"Services/Protocols/SubscriberServiceType.swift",
"Services/Protocols/TriggerCampaignManagerType.swift",
"Services/Protocols/UNUserNotificationCenterProtocol.swift",
"SupportingFiles/PushEngageAppdelegate.swift",
"SupportingFiles/PushEngageUNUserNotificationCenter.swift",
"Utility/BackgroundTaskHandler.swift",
"Utility/PEResources.swift",
"Utility/PESelectorHelper.swift",
"Utility/Utility+App.swift",
"WKWebView/WKWebViewController.swift"
],
"target_dependencies" : [
"PushEngageExtension"
],
"type" : "library"
}
],
"tools_version" : "5.9"
}
{
"workspace" : {
"name" : "PushEngage",
"schemes" : [
"PushEngage",
"PushEngage-Package",
"PushEngageExtension"
]
}
}
2026-10-03 04:55:54.942 xcodebuild[622:3790] [MT] IDERunDestination: Supported platforms for the buildables in the current scheme is empty.
Running build ...
env DEVELOPER_DIR=/Applications/Xcode-27.0.0-Release.Candidate.app xcrun xcodebuild -IDEClonedSourcePackagesDirPathOverride=$PWD/.dependencies -skipMacroValidation -skipPackagePluginValidation -derivedDataPath $PWD/.derivedData build -scheme PushEngage-Package -destination generic/platform=watchOS
Command line invocation:
/Applications/Xcode-27.0.0-Release.Candidate.app/Contents/Developer/usr/bin/xcodebuild -IDEClonedSourcePackagesDirPathOverride=/Users/admin/builder/spi-builder-workspace/.dependencies -skipMacroValidation -skipPackagePluginValidation -derivedDataPath /Users/admin/builder/spi-builder-workspace/.derivedData build -scheme PushEngage-Package -destination generic/platform=watchOS
Resolve Package Graph
Resolved source packages:
PushEngage: /Users/admin/builder/spi-builder-workspace
ComputePackagePrebuildTargetDependencyGraph
Prepare packages
CreateBuildRequest
SendProjectDescription
CreateBuildOperation
ComputeTargetDependencyGraph
note: Building targets in dependency order
note: Target dependency graph (5 targets)
Target 'PushEngage-product' in project 'PushEngage'
➜ Explicit dependency on target 'PushEngage' in project 'PushEngage'
➜ Explicit dependency on target 'PushEngage_PushEngage' in project 'PushEngage'
➜ Explicit dependency on target 'PushEngageExtension' in project 'PushEngage'
Target 'PushEngage' in project 'PushEngage'
➜ Explicit dependency on target 'PushEngage_PushEngage' in project 'PushEngage'
➜ Explicit dependency on target 'PushEngageExtension' in project 'PushEngage'
Target 'PushEngage_PushEngage' in project 'PushEngage' (no dependencies)
Target 'PushEngageExtension-product' in project 'PushEngage'
➜ Explicit dependency on target 'PushEngageExtension' in project 'PushEngage'
Target 'PushEngageExtension' in project 'PushEngage' (no dependencies)
GatherProvisioningInputs
CreateBuildDescription
ExecuteExternalTool /Applications/Xcode-27.0.0-Release.Candidate.app/Contents/Developer/Toolchains/XcodeDefault.xctoolchain/usr/bin/clang -v -E -dM -isysroot /Applications/Xcode-27.0.0-Release.Candidate.app/Contents/Developer/Platforms/WatchOS.platform/Developer/SDKs/WatchOS27.0.sdk -x c -c /dev/null
ExecuteExternalTool /Applications/Xcode-27.0.0-Release.Candidate.app/Contents/Developer/Toolchains/XcodeDefault.xctoolchain/usr/bin/swiftc --version
ExecuteExternalTool /Applications/Xcode-27.0.0-Release.Candidate.app/Contents/Developer/usr/bin/momc --dry-run --action generate --swift-version 5 --sdkroot /Applications/Xcode-27.0.0-Release.Candidate.app/Contents/Developer/Platforms/WatchOS.platform/Developer/SDKs/WatchOS27.0.sdk --watchos-deployment-target 9.0 --module PushEngage /Users/admin/builder/spi-builder-workspace/Sources/PushEngage/InAppMessaging/CoreData/InAppMessaging.xcdatamodeld /Users/admin/builder/spi-builder-workspace/.derivedData/Build/Intermediates.noindex/PushEngage.build/Debug-watchos/PushEngage-t.build/DerivedSources/CoreDataGenerated/InAppMessaging
ExecuteExternalTool /Applications/Xcode-27.0.0-Release.Candidate.app/Contents/Developer/Toolchains/XcodeDefault.xctoolchain/usr/bin/ld -version_details
Build description signature: fdc5ccfd9c6bdeabbd6d63a9220f3da2
Build description path: /Users/admin/builder/spi-builder-workspace/.derivedData/Build/Intermediates.noindex/XCBuildData/fdc5ccfd9c6bdeabbd6d63a9220f3da2.xcbuilddata
CreateBuildDirectory /Users/admin/builder/spi-builder-workspace/.derivedData/ModuleCache.noindex
cd /Users/admin/builder/spi-builder-workspace/.swiftpm/xcode
builtin-create-build-directory /Users/admin/builder/spi-builder-workspace/.derivedData/ModuleCache.noindex
CreateBuildDirectory /Users/admin/builder/spi-builder-workspace/.derivedData/CompilationCache.noindex
cd /Users/admin/builder/spi-builder-workspace/.swiftpm/xcode
builtin-create-build-directory /Users/admin/builder/spi-builder-workspace/.derivedData/CompilationCache.noindex
CreateBuildDirectory /Users/admin/builder/spi-builder-workspace/.derivedData/SDKExplicitPrecompiledModules
cd /Users/admin/builder/spi-builder-workspace/.swiftpm/xcode
builtin-create-build-directory /Users/admin/builder/spi-builder-workspace/.derivedData/SDKExplicitPrecompiledModules
ClangStatCache /Applications/Xcode-27.0.0-Release.Candidate.app/Contents/Developer/Toolchains/XcodeDefault.xctoolchain/usr/bin/clang-stat-cache /Applications/Xcode-27.0.0-Release.Candidate.app/Contents/Developer/Platforms/WatchOS.platform/Developer/SDKs/WatchOS27.0.sdk /Users/admin/builder/spi-builder-workspace/.derivedData/SDKStatCaches.noindex/watchos27.0-24R360-e829b21a6f8c9b70876ba0858053c04477534ef55a1706bf4c1112bbb242f0a2.sdkstatcache
cd /Users/admin/builder/spi-builder-workspace/.swiftpm/xcode
/Applications/Xcode-27.0.0-Release.Candidate.app/Contents/Developer/Toolchains/XcodeDefault.xctoolchain/usr/bin/clang-stat-cache /Applications/Xcode-27.0.0-Release.Candidate.app/Contents/Developer/Platforms/WatchOS.platform/Developer/SDKs/WatchOS27.0.sdk -o /Users/admin/builder/spi-builder-workspace/.derivedData/SDKStatCaches.noindex/watchos27.0-24R360-e829b21a6f8c9b70876ba0858053c04477534ef55a1706bf4c1112bbb242f0a2.sdkstatcache
CreateBuildDirectory /Users/admin/builder/spi-builder-workspace/.derivedData/Build/Intermediates.noindex
cd /Users/admin/builder/spi-builder-workspace/.swiftpm/xcode
builtin-create-build-directory /Users/admin/builder/spi-builder-workspace/.derivedData/Build/Intermediates.noindex
CreateBuildDirectory /Users/admin/builder/spi-builder-workspace/.derivedData/Build/Products
cd /Users/admin/builder/spi-builder-workspace/.swiftpm/xcode
builtin-create-build-directory /Users/admin/builder/spi-builder-workspace/.derivedData/Build/Products
CreateBuildDirectory /Users/admin/builder/spi-builder-workspace/.derivedData/Build/Intermediates.noindex/SwiftExplicitPrecompiledModules
cd /Users/admin/builder/spi-builder-workspace/.swiftpm/xcode
builtin-create-build-directory /Users/admin/builder/spi-builder-workspace/.derivedData/Build/Intermediates.noindex/SwiftExplicitPrecompiledModules
CreateBuildDirectory /Users/admin/builder/spi-builder-workspace/.derivedData/Build/Products/Debug-watchos
cd /Users/admin/builder/spi-builder-workspace/.swiftpm/xcode
builtin-create-build-directory /Users/admin/builder/spi-builder-workspace/.derivedData/Build/Products/Debug-watchos
CreateBuildDirectory /Users/admin/builder/spi-builder-workspace/.derivedData/Build/Intermediates.noindex/PrecompiledHeaders
cd /Users/admin/builder/spi-builder-workspace/.swiftpm/xcode
builtin-create-build-directory /Users/admin/builder/spi-builder-workspace/.derivedData/Build/Intermediates.noindex/PrecompiledHeaders
CreateBuildDirectory /Users/admin/builder/spi-builder-workspace/.derivedData/Build/Intermediates.noindex/ExplicitPrecompiledModules
cd /Users/admin/builder/spi-builder-workspace/.swiftpm/xcode
builtin-create-build-directory /Users/admin/builder/spi-builder-workspace/.derivedData/Build/Intermediates.noindex/ExplicitPrecompiledModules
CreateBuildDirectory /Users/admin/builder/spi-builder-workspace/.derivedData/Build/Intermediates.noindex/EagerLinkingTBDs/Debug-watchos
cd /Users/admin/builder/spi-builder-workspace/.swiftpm/xcode
builtin-create-build-directory /Users/admin/builder/spi-builder-workspace/.derivedData/Build/Intermediates.noindex/EagerLinkingTBDs/Debug-watchos
CreateBuildDirectory /Users/admin/builder/spi-builder-workspace/.derivedData/Build/Products/Debug-watchos/PackageFrameworks
cd /Users/admin/builder/spi-builder-workspace/.swiftpm/xcode
builtin-create-build-directory /Users/admin/builder/spi-builder-workspace/.derivedData/Build/Products/Debug-watchos/PackageFrameworks
WriteAuxiliaryFile /Users/admin/builder/spi-builder-workspace/.derivedData/Build/Intermediates.noindex/PushEngage.build/Debug-watchos/PushEngage_PushEngage-b.build/PushEngage_PushEngage.DependencyMetadataFileList (in target 'PushEngage_PushEngage' from project 'PushEngage')
cd /Users/admin/builder/spi-builder-workspace
write-file /Users/admin/builder/spi-builder-workspace/.derivedData/Build/Intermediates.noindex/PushEngage.build/Debug-watchos/PushEngage_PushEngage-b.build/PushEngage_PushEngage.DependencyMetadataFileList
WriteAuxiliaryFile /Users/admin/builder/spi-builder-workspace/.derivedData/Build/Intermediates.noindex/PushEngage.build/Debug-watchos/PushEngageExtension-t.build/PushEngageExtension.modulemap (in target 'PushEngageExtension' from project 'PushEngage')
cd /Users/admin/builder/spi-builder-workspace
write-file /Users/admin/builder/spi-builder-workspace/.derivedData/Build/Intermediates.noindex/PushEngage.build/Debug-watchos/PushEngageExtension-t.build/PushEngageExtension.modulemap
WriteAuxiliaryFile /Users/admin/builder/spi-builder-workspace/.derivedData/Build/Intermediates.noindex/PushEngage.build/Debug-watchos/PushEngage_PushEngage-b.build/empty-PushEngage_PushEngage.plist (in target 'PushEngage_PushEngage' from project 'PushEngage')
cd /Users/admin/builder/spi-builder-workspace
write-file /Users/admin/builder/spi-builder-workspace/.derivedData/Build/Intermediates.noindex/PushEngage.build/Debug-watchos/PushEngage_PushEngage-b.build/empty-PushEngage_PushEngage.plist
WriteAuxiliaryFile /Users/admin/builder/spi-builder-workspace/.derivedData/Build/Intermediates.noindex/PushEngage.build/Debug-watchos/PushEngage_PushEngage-b.build/PushEngage_PushEngage.DependencyStaticMetadataFileList (in target 'PushEngage_PushEngage' from project 'PushEngage')
cd /Users/admin/builder/spi-builder-workspace
write-file /Users/admin/builder/spi-builder-workspace/.derivedData/Build/Intermediates.noindex/PushEngage.build/Debug-watchos/PushEngage_PushEngage-b.build/PushEngage_PushEngage.DependencyStaticMetadataFileList
WriteAuxiliaryFile /Users/admin/builder/spi-builder-workspace/.derivedData/Build/Intermediates.noindex/PushEngage.build/Debug-watchos/PushEngageExtension-t.build/Objects-normal/arm64/PushEngageExtension-OutputFileMap.json (in target 'PushEngageExtension' from project 'PushEngage')
cd /Users/admin/builder/spi-builder-workspace
write-file /Users/admin/builder/spi-builder-workspace/.derivedData/Build/Intermediates.noindex/PushEngage.build/Debug-watchos/PushEngageExtension-t.build/Objects-normal/arm64/PushEngageExtension-OutputFileMap.json
WriteAuxiliaryFile /Users/admin/builder/spi-builder-workspace/.derivedData/Build/Intermediates.noindex/PushEngage.build/Debug-watchos/PushEngageExtension-t.build/Objects-normal/arm64_32/PushEngageExtension_const_extract_protocols.json (in target 'PushEngageExtension' from project 'PushEngage')
cd /Users/admin/builder/spi-builder-workspace
write-file /Users/admin/builder/spi-builder-workspace/.derivedData/Build/Intermediates.noindex/PushEngage.build/Debug-watchos/PushEngageExtension-t.build/Objects-normal/arm64_32/PushEngageExtension_const_extract_protocols.json
WriteAuxiliaryFile /Users/admin/builder/spi-builder-workspace/.derivedData/Build/Intermediates.noindex/PushEngage.build/Debug-watchos/PushEngageExtension-t.build/Objects-normal/arm64/PushEngageExtension_const_extract_protocols.json (in target 'PushEngageExtension' from project 'PushEngage')
cd /Users/admin/builder/spi-builder-workspace
write-file /Users/admin/builder/spi-builder-workspace/.derivedData/Build/Intermediates.noindex/PushEngage.build/Debug-watchos/PushEngageExtension-t.build/Objects-normal/arm64/PushEngageExtension_const_extract_protocols.json
WriteAuxiliaryFile /Users/admin/builder/spi-builder-workspace/.derivedData/Build/Intermediates.noindex/PushEngage.build/Debug-watchos/PushEngageExtension-t.build/Objects-normal/arm64_32/PushEngageExtension-OutputFileMap.json (in target 'PushEngageExtension' from project 'PushEngage')
cd /Users/admin/builder/spi-builder-workspace
write-file /Users/admin/builder/spi-builder-workspace/.derivedData/Build/Intermediates.noindex/PushEngage.build/Debug-watchos/PushEngageExtension-t.build/Objects-normal/arm64_32/PushEngageExtension-OutputFileMap.json
WriteAuxiliaryFile /Users/admin/builder/spi-builder-workspace/.derivedData/Build/Intermediates.noindex/PushEngage.build/Debug-watchos/PushEngageExtension-t.build/PushEngageExtension.DependencyStaticMetadataFileList (in target 'PushEngageExtension' from project 'PushEngage')
cd /Users/admin/builder/spi-builder-workspace
write-file /Users/admin/builder/spi-builder-workspace/.derivedData/Build/Intermediates.noindex/PushEngage.build/Debug-watchos/PushEngageExtension-t.build/PushEngageExtension.DependencyStaticMetadataFileList
WriteAuxiliaryFile /Users/admin/builder/spi-builder-workspace/.derivedData/Build/Intermediates.noindex/PushEngage.build/Debug-watchos/PushEngageExtension-t.build/Objects-normal/arm64_32/PushEngageExtension.SwiftFileList (in target 'PushEngageExtension' from project 'PushEngage')
cd /Users/admin/builder/spi-builder-workspace
write-file /Users/admin/builder/spi-builder-workspace/.derivedData/Build/Intermediates.noindex/PushEngage.build/Debug-watchos/PushEngageExtension-t.build/Objects-normal/arm64_32/PushEngageExtension.SwiftFileList
WriteAuxiliaryFile /Users/admin/builder/spi-builder-workspace/.derivedData/Build/Intermediates.noindex/PushEngage.build/Debug-watchos/PushEngageExtension-t.build/PushEngageExtension.DependencyMetadataFileList (in target 'PushEngageExtension' from project 'PushEngage')
cd /Users/admin/builder/spi-builder-workspace
write-file /Users/admin/builder/spi-builder-workspace/.derivedData/Build/Intermediates.noindex/PushEngage.build/Debug-watchos/PushEngageExtension-t.build/PushEngageExtension.DependencyMetadataFileList
WriteAuxiliaryFile /Users/admin/builder/spi-builder-workspace/.derivedData/Build/Intermediates.noindex/PushEngage.build/Debug-watchos/PushEngageExtension-t.build/Objects-normal/arm64_32/PushEngageExtension.SwiftConstValuesFileList (in target 'PushEngageExtension' from project 'PushEngage')
cd /Users/admin/builder/spi-builder-workspace
write-file /Users/admin/builder/spi-builder-workspace/.derivedData/Build/Intermediates.noindex/PushEngage.build/Debug-watchos/PushEngageExtension-t.build/Objects-normal/arm64_32/PushEngageExtension.SwiftConstValuesFileList
WriteAuxiliaryFile /Users/admin/builder/spi-builder-workspace/.derivedData/Build/Intermediates.noindex/PushEngage.build/Debug-watchos/PushEngageExtension-t.build/Objects-normal/arm64_32/PushEngageExtension.LinkFileList (in target 'PushEngageExtension' from project 'PushEngage')
cd /Users/admin/builder/spi-builder-workspace
write-file /Users/admin/builder/spi-builder-workspace/.derivedData/Build/Intermediates.noindex/PushEngage.build/Debug-watchos/PushEngageExtension-t.build/Objects-normal/arm64_32/PushEngageExtension.LinkFileList
WriteAuxiliaryFile /Users/admin/builder/spi-builder-workspace/.derivedData/Build/Intermediates.noindex/PushEngage.build/Debug-watchos/PushEngageExtension-t.build/Objects-normal/arm64/PushEngageExtension.SwiftFileList (in target 'PushEngageExtension' from project 'PushEngage')
cd /Users/admin/builder/spi-builder-workspace
write-file /Users/admin/builder/spi-builder-workspace/.derivedData/Build/Intermediates.noindex/PushEngage.build/Debug-watchos/PushEngageExtension-t.build/Objects-normal/arm64/PushEngageExtension.SwiftFileList
WriteAuxiliaryFile /Users/admin/builder/spi-builder-workspace/.derivedData/Build/Intermediates.noindex/PushEngage.build/Debug-watchos/PushEngageExtension-t.build/Objects-normal/arm64/PushEngageExtension.SwiftConstValuesFileList (in target 'PushEngageExtension' from project 'PushEngage')
cd /Users/admin/builder/spi-builder-workspace
write-file /Users/admin/builder/spi-builder-workspace/.derivedData/Build/Intermediates.noindex/PushEngage.build/Debug-watchos/PushEngageExtension-t.build/Objects-normal/arm64/PushEngageExtension.SwiftConstValuesFileList
WriteAuxiliaryFile /Users/admin/builder/spi-builder-workspace/.derivedData/Build/Intermediates.noindex/PushEngage.build/Debug-watchos/PushEngageExtension-t.build/Objects-normal/arm64/PushEngageExtension.LinkFileList (in target 'PushEngageExtension' from project 'PushEngage')
cd /Users/admin/builder/spi-builder-workspace
write-file /Users/admin/builder/spi-builder-workspace/.derivedData/Build/Intermediates.noindex/PushEngage.build/Debug-watchos/PushEngageExtension-t.build/Objects-normal/arm64/PushEngageExtension.LinkFileList
Copy /Users/admin/builder/spi-builder-workspace/.derivedData/Build/Intermediates.noindex/GeneratedModuleMaps-watchos/PushEngageExtension.modulemap /Users/admin/builder/spi-builder-workspace/.derivedData/Build/Intermediates.noindex/PushEngage.build/Debug-watchos/PushEngageExtension-t.build/PushEngageExtension.modulemap (in target 'PushEngageExtension' from project 'PushEngage')
cd /Users/admin/builder/spi-builder-workspace
builtin-copy -exclude .DS_Store -exclude CVS -exclude .svn -exclude .git -exclude .hg -resolve-src-symlinks /Users/admin/builder/spi-builder-workspace/.derivedData/Build/Intermediates.noindex/PushEngage.build/Debug-watchos/PushEngageExtension-t.build/PushEngageExtension.modulemap /Users/admin/builder/spi-builder-workspace/.derivedData/Build/Intermediates.noindex/GeneratedModuleMaps-watchos
WriteAuxiliaryFile /Users/admin/builder/spi-builder-workspace/.derivedData/Build/Intermediates.noindex/PushEngage.build/Debug-watchos/PushEngage-t.build/PushEngage.modulemap (in target 'PushEngage' from project 'PushEngage')
cd /Users/admin/builder/spi-builder-workspace
write-file /Users/admin/builder/spi-builder-workspace/.derivedData/Build/Intermediates.noindex/PushEngage.build/Debug-watchos/PushEngage-t.build/PushEngage.modulemap
WriteAuxiliaryFile /Users/admin/builder/spi-builder-workspace/.derivedData/Build/Intermediates.noindex/PushEngage.build/Debug-watchos/PushEngage-t.build/PushEngage.DependencyStaticMetadataFileList (in target 'PushEngage' from project 'PushEngage')
cd /Users/admin/builder/spi-builder-workspace
write-file /Users/admin/builder/spi-builder-workspace/.derivedData/Build/Intermediates.noindex/PushEngage.build/Debug-watchos/PushEngage-t.build/PushEngage.DependencyStaticMetadataFileList
WriteAuxiliaryFile /Users/admin/builder/spi-builder-workspace/.derivedData/Build/Intermediates.noindex/PushEngage.build/Debug-watchos/PushEngage-t.build/PushEngage.DependencyMetadataFileList (in target 'PushEngage' from project 'PushEngage')
cd /Users/admin/builder/spi-builder-workspace
write-file /Users/admin/builder/spi-builder-workspace/.derivedData/Build/Intermediates.noindex/PushEngage.build/Debug-watchos/PushEngage-t.build/PushEngage.DependencyMetadataFileList
WriteAuxiliaryFile /Users/admin/builder/spi-builder-workspace/.derivedData/Build/Intermediates.noindex/PushEngage.build/Debug-watchos/PushEngage-t.build/Objects-normal/arm64_32/PushEngage_const_extract_protocols.json (in target 'PushEngage' from project 'PushEngage')
cd /Users/admin/builder/spi-builder-workspace
write-file /Users/admin/builder/spi-builder-workspace/.derivedData/Build/Intermediates.noindex/PushEngage.build/Debug-watchos/PushEngage-t.build/Objects-normal/arm64_32/PushEngage_const_extract_protocols.json
WriteAuxiliaryFile /Users/admin/builder/spi-builder-workspace/.derivedData/Build/Intermediates.noindex/PushEngage.build/Debug-watchos/PushEngage-t.build/Objects-normal/arm64_32/PushEngage.SwiftFileList (in target 'PushEngage' from project 'PushEngage')
cd /Users/admin/builder/spi-builder-workspace
write-file /Users/admin/builder/spi-builder-workspace/.derivedData/Build/Intermediates.noindex/PushEngage.build/Debug-watchos/PushEngage-t.build/Objects-normal/arm64_32/PushEngage.SwiftFileList
WriteAuxiliaryFile /Users/admin/builder/spi-builder-workspace/.derivedData/Build/Intermediates.noindex/PushEngage.build/Debug-watchos/PushEngage-t.build/Objects-normal/arm64_32/PushEngage.SwiftConstValuesFileList (in target 'PushEngage' from project 'PushEngage')
cd /Users/admin/builder/spi-builder-workspace
write-file /Users/admin/builder/spi-builder-workspace/.derivedData/Build/Intermediates.noindex/PushEngage.build/Debug-watchos/PushEngage-t.build/Objects-normal/arm64_32/PushEngage.SwiftConstValuesFileList
WriteAuxiliaryFile /Users/admin/builder/spi-builder-workspace/.derivedData/Build/Intermediates.noindex/PushEngage.build/Debug-watchos/PushEngage-t.build/Objects-normal/arm64_32/PushEngage.LinkFileList (in target 'PushEngage' from project 'PushEngage')
cd /Users/admin/builder/spi-builder-workspace
write-file /Users/admin/builder/spi-builder-workspace/.derivedData/Build/Intermediates.noindex/PushEngage.build/Debug-watchos/PushEngage-t.build/Objects-normal/arm64_32/PushEngage.LinkFileList
WriteAuxiliaryFile /Users/admin/builder/spi-builder-workspace/.derivedData/Build/Intermediates.noindex/PushEngage.build/Debug-watchos/PushEngage-t.build/Objects-normal/arm64_32/PushEngage-OutputFileMap.json (in target 'PushEngage' from project 'PushEngage')
cd /Users/admin/builder/spi-builder-workspace
write-file /Users/admin/builder/spi-builder-workspace/.derivedData/Build/Intermediates.noindex/PushEngage.build/Debug-watchos/PushEngage-t.build/Objects-normal/arm64_32/PushEngage-OutputFileMap.json
WriteAuxiliaryFile /Users/admin/builder/spi-builder-workspace/.derivedData/Build/Intermediates.noindex/PushEngage.build/Debug-watchos/PushEngage-t.build/Objects-normal/arm64/PushEngage_const_extract_protocols.json (in target 'PushEngage' from project 'PushEngage')
cd /Users/admin/builder/spi-builder-workspace
write-file /Users/admin/builder/spi-builder-workspace/.derivedData/Build/Intermediates.noindex/PushEngage.build/Debug-watchos/PushEngage-t.build/Objects-normal/arm64/PushEngage_const_extract_protocols.json
WriteAuxiliaryFile /Users/admin/builder/spi-builder-workspace/.derivedData/Build/Intermediates.noindex/PushEngage.build/Debug-watchos/PushEngage-t.build/Objects-normal/arm64/PushEngage.SwiftFileList (in target 'PushEngage' from project 'PushEngage')
cd /Users/admin/builder/spi-builder-workspace
write-file /Users/admin/builder/spi-builder-workspace/.derivedData/Build/Intermediates.noindex/PushEngage.build/Debug-watchos/PushEngage-t.build/Objects-normal/arm64/PushEngage.SwiftFileList
WriteAuxiliaryFile /Users/admin/builder/spi-builder-workspace/.derivedData/Build/Intermediates.noindex/PushEngage.build/Debug-watchos/PushEngage-t.build/Objects-normal/arm64/PushEngage.SwiftConstValuesFileList (in target 'PushEngage' from project 'PushEngage')
cd /Users/admin/builder/spi-builder-workspace
write-file /Users/admin/builder/spi-builder-workspace/.derivedData/Build/Intermediates.noindex/PushEngage.build/Debug-watchos/PushEngage-t.build/Objects-normal/arm64/PushEngage.SwiftConstValuesFileList
WriteAuxiliaryFile /Users/admin/builder/spi-builder-workspace/.derivedData/Build/Intermediates.noindex/PushEngage.build/Debug-watchos/PushEngage-t.build/Objects-normal/arm64/PushEngage.LinkFileList (in target 'PushEngage' from project 'PushEngage')
cd /Users/admin/builder/spi-builder-workspace
write-file /Users/admin/builder/spi-builder-workspace/.derivedData/Build/Intermediates.noindex/PushEngage.build/Debug-watchos/PushEngage-t.build/Objects-normal/arm64/PushEngage.LinkFileList
WriteAuxiliaryFile /Users/admin/builder/spi-builder-workspace/.derivedData/Build/Intermediates.noindex/PushEngage.build/Debug-watchos/PushEngage-t.build/Objects-normal/arm64/PushEngage-OutputFileMap.json (in target 'PushEngage' from project 'PushEngage')
cd /Users/admin/builder/spi-builder-workspace
write-file /Users/admin/builder/spi-builder-workspace/.derivedData/Build/Intermediates.noindex/PushEngage.build/Debug-watchos/PushEngage-t.build/Objects-normal/arm64/PushEngage-OutputFileMap.json
Copy /Users/admin/builder/spi-builder-workspace/.derivedData/Build/Intermediates.noindex/GeneratedModuleMaps-watchos/PushEngage.modulemap /Users/admin/builder/spi-builder-workspace/.derivedData/Build/Intermediates.noindex/PushEngage.build/Debug-watchos/PushEngage-t.build/PushEngage.modulemap (in target 'PushEngage' from project 'PushEngage')
cd /Users/admin/builder/spi-builder-workspace
builtin-copy -exclude .DS_Store -exclude CVS -exclude .svn -exclude .git -exclude .hg -resolve-src-symlinks /Users/admin/builder/spi-builder-workspace/.derivedData/Build/Intermediates.noindex/PushEngage.build/Debug-watchos/PushEngage-t.build/PushEngage.modulemap /Users/admin/builder/spi-builder-workspace/.derivedData/Build/Intermediates.noindex/GeneratedModuleMaps-watchos
MkDir /Users/admin/builder/spi-builder-workspace/.derivedData/Build/Products/Debug-watchos/PushEngage_PushEngage.bundle (in target 'PushEngage_PushEngage' from project 'PushEngage')
cd /Users/admin/builder/spi-builder-workspace
/bin/mkdir -p /Users/admin/builder/spi-builder-workspace/.derivedData/Build/Products/Debug-watchos/PushEngage_PushEngage.bundle
WriteAuxiliaryFile /Users/admin/builder/spi-builder-workspace/.derivedData/Build/Intermediates.noindex/PushEngage.build/Debug-watchos/PushEngage-t.build/DerivedSources/resource_bundle_accessor.swift (in target 'PushEngage' from project 'PushEngage')
cd /Users/admin/builder/spi-builder-workspace
write-file /Users/admin/builder/spi-builder-workspace/.derivedData/Build/Intermediates.noindex/PushEngage.build/Debug-watchos/PushEngage-t.build/DerivedSources/resource_bundle_accessor.swift
DataModelCompile /Users/admin/builder/spi-builder-workspace/.derivedData/Build/Products/Debug-watchos/PushEngage_PushEngage.bundle/ /Users/admin/builder/spi-builder-workspace/Sources/PushEngage/InAppMessaging/CoreData/InAppMessaging.xcdatamodeld (in target 'PushEngage_PushEngage' from project 'PushEngage')
cd /Users/admin/builder/spi-builder-workspace
/Applications/Xcode-27.0.0-Release.Candidate.app/Contents/Developer/usr/bin/momc --sdkroot /Applications/Xcode-27.0.0-Release.Candidate.app/Contents/Developer/Platforms/WatchOS.platform/Developer/SDKs/WatchOS27.0.sdk --watchos-deployment-target 9.0 --module PushEngage_PushEngage /Users/admin/builder/spi-builder-workspace/Sources/PushEngage/InAppMessaging/CoreData/InAppMessaging.xcdatamodeld /Users/admin/builder/spi-builder-workspace/.derivedData/Build/Products/Debug-watchos/PushEngage_PushEngage.bundle/
InAppMessaging.xcdatamodel: note: Model InAppMessaging version checksum: DINswAhnu80li2ImzVoahgq9tNOc1nbZmoUpCpSfayU=
ProcessInfoPlistFile /Users/admin/builder/spi-builder-workspace/.derivedData/Build/Products/Debug-watchos/PushEngage_PushEngage.bundle/Info.plist /Users/admin/builder/spi-builder-workspace/.derivedData/Build/Intermediates.noindex/PushEngage.build/Debug-watchos/PushEngage_PushEngage-b.build/empty-PushEngage_PushEngage.plist (in target 'PushEngage_PushEngage' from project 'PushEngage')
cd /Users/admin/builder/spi-builder-workspace
builtin-infoPlistUtility /Users/admin/builder/spi-builder-workspace/.derivedData/Build/Intermediates.noindex/PushEngage.build/Debug-watchos/PushEngage_PushEngage-b.build/empty-PushEngage_PushEngage.plist -producttype com.apple.product-type.bundle -expandbuildsettings -format binary -platform watchos -o /Users/admin/builder/spi-builder-workspace/.derivedData/Build/Products/Debug-watchos/PushEngage_PushEngage.bundle/Info.plist
RegisterExecutionPolicyException /Users/admin/builder/spi-builder-workspace/.derivedData/Build/Products/Debug-watchos/PushEngage_PushEngage.bundle (in target 'PushEngage_PushEngage' from project 'PushEngage')
cd /Users/admin/builder/spi-builder-workspace
builtin-RegisterExecutionPolicyException /Users/admin/builder/spi-builder-workspace/.derivedData/Build/Products/Debug-watchos/PushEngage_PushEngage.bundle
Touch /Users/admin/builder/spi-builder-workspace/.derivedData/Build/Products/Debug-watchos/PushEngage_PushEngage.bundle (in target 'PushEngage_PushEngage' from project 'PushEngage')
cd /Users/admin/builder/spi-builder-workspace
/usr/bin/touch -c /Users/admin/builder/spi-builder-workspace/.derivedData/Build/Products/Debug-watchos/PushEngage_PushEngage.bundle
SwiftDriver PushEngageExtension normal arm64_32 com.apple.xcode.tools.swift.compiler (in target 'PushEngageExtension' from project 'PushEngage')
cd /Users/admin/builder/spi-builder-workspace/.swiftpm/xcode
builtin-SwiftDriver -- /Applications/Xcode-27.0.0-Release.Candidate.app/Contents/Developer/Toolchains/XcodeDefault.xctoolchain/usr/bin/swiftc -parse-as-library -module-name PushEngageExtension -Onone @/Users/admin/builder/spi-builder-workspace/.derivedData/Build/Intermediates.noindex/PushEngage.build/Debug-watchos/PushEngageExtension-t.build/Objects-normal/arm64_32/PushEngageExtension.SwiftFileList -DSWIFT_PACKAGE -DDEBUG -DSWIFT_MODULE_RESOURCE_BUNDLE_UNAVAILABLE -DXcode -plugin-path /Applications/Xcode-27.0.0-Release.Candidate.app/Contents/Developer/Toolchains/XcodeDefault.xctoolchain/usr/lib/swift/host/plugins/testing -enable-experimental-feature DebugDescriptionMacro -sdk /Applications/Xcode-27.0.0-Release.Candidate.app/Contents/Developer/Platforms/WatchOS.platform/Developer/SDKs/WatchOS27.0.sdk -target arm64_32-apple-watchos9.0 -g -module-cache-path /Users/admin/builder/spi-builder-workspace/.derivedData/ModuleCache.noindex -Xfrontend -serialize-debugging-options -profile-coverage-mapping -profile-generate -enable-testing -index-store-path /Users/admin/builder/spi-builder-workspace/.derivedData/Index.noindex/DataStore -Xcc -D_LIBCPP_HARDENING_MODE\=_LIBCPP_HARDENING_MODE_DEBUG -swift-version 5 -I /Users/admin/builder/spi-builder-workspace/.derivedData/Build/Products/Debug-watchos -Isystem /Applications/Xcode-27.0.0-Release.Candidate.app/Contents/Developer/Platforms/WatchOS.platform/Developer/usr/lib -F /Users/admin/builder/spi-builder-workspace/.derivedData/Build/Products/Debug-watchos -F /Applications/Xcode-27.0.0-Release.Candidate.app/Contents/Developer/Platforms/WatchOS.platform/Developer/Library/Frameworks -F /Applications/Xcode-27.0.0-Release.Candidate.app/Contents/Developer/Platforms/WatchOS.platform/Developer/SDKs/WatchOS27.0.sdk/Developer/Library/Frameworks -c -j10 -enable-batch-mode -incremental -Xcc -ivfsstatcache -Xcc /Users/admin/builder/spi-builder-workspace/.derivedData/SDKStatCaches.noindex/watchos27.0-24R360-e829b21a6f8c9b70876ba0858053c04477534ef55a1706bf4c1112bbb242f0a2.sdkstatcache -output-file-map /Users/admin/builder/spi-builder-workspace/.derivedData/Build/Intermediates.noindex/PushEngage.build/Debug-watchos/PushEngageExtension-t.build/Objects-normal/arm64_32/PushEngageExtension-OutputFileMap.json -save-temps -no-color-diagnostics -explicit-module-build -module-cache-path /Users/admin/builder/spi-builder-workspace/.derivedData/Build/Intermediates.noindex/SwiftExplicitPrecompiledModules -clang-scanner-module-cache-path /Users/admin/builder/spi-builder-workspace/.derivedData/ModuleCache.noindex -sdk-module-cache-path /Users/admin/builder/spi-builder-workspace/.derivedData/SDKExplicitPrecompiledModules -emit-dependencies -emit-module -emit-module-path /Users/admin/builder/spi-builder-workspace/.derivedData/Build/Intermediates.noindex/PushEngage.build/Debug-watchos/PushEngageExtension-t.build/Objects-normal/arm64_32/PushEngageExtension.swiftmodule -serialize-diagnostics -dependency-scan-serialize-diagnostics-path /Users/admin/builder/spi-builder-workspace/.derivedData/Build/Intermediates.noindex/PushEngage.build/Debug-watchos/PushEngageExtension-t.build/Objects-normal/arm64_32/PushEngageExtension-dependency-scan.dia -validate-clang-modules-once -clang-build-session-file /Users/admin/builder/spi-builder-workspace/.derivedData/ModuleCache.noindex/Session.modulevalidation -Xcc -fmodules-prune-interval\=86400 -Xcc -fmodules-prune-after\=345600 -package-name spi_builder_workspace -emit-const-values -const-gather-protocols-list /Users/admin/builder/spi-builder-workspace/.derivedData/Build/Intermediates.noindex/PushEngage.build/Debug-watchos/PushEngageExtension-t.build/Objects-normal/arm64_32/PushEngageExtension_const_extract_protocols.json -Xcc -I/Users/admin/builder/spi-builder-workspace/.derivedData/Build/Products/Debug-watchos/include -Xcc -I/Users/admin/builder/spi-builder-workspace/.derivedData/Build/Intermediates.noindex/PushEngage.build/Debug-watchos/PushEngageExtension-t.build/DerivedSources-normal/arm64_32 -Xcc -I/Users/admin/builder/spi-builder-workspace/.derivedData/Build/Intermediates.noindex/PushEngage.build/Debug-watchos/PushEngageExtension-t.build/DerivedSources/arm64_32 -Xcc -I/Users/admin/builder/spi-builder-workspace/.derivedData/Build/Intermediates.noindex/PushEngage.build/Debug-watchos/PushEngageExtension-t.build/DerivedSources -Xcc -DSWIFT_PACKAGE -Xcc -DDEBUG\=1 -emit-objc-header -emit-objc-header-path /Users/admin/builder/spi-builder-workspace/.derivedData/Build/Intermediates.noindex/PushEngage.build/Debug-watchos/PushEngageExtension-t.build/Objects-normal/arm64_32/PushEngageExtension-Swift.h -working-directory /Users/admin/builder/spi-builder-workspace/.swiftpm/xcode -experimental-emit-module-separately -disable-cmo
/Users/admin/builder/spi-builder-workspace/Sources/PushEngageExtension/NetworkLayer/Reachablity/NetworkReachablity.swift:9:8: error: Unable to resolve module dependency: 'SystemConfiguration' (in target 'PushEngageExtension' from project 'PushEngage')
note: A dependency of main module 'PushEngageExtension'
/Users/admin/builder/spi-builder-workspace/Sources/PushEngageExtension/NetworkLayer/Reachablity/NetworkReachablity.swift:9:8: note: A dependency of main module 'PushEngageExtension'
import SystemConfiguration
^ (in target 'PushEngageExtension' from project 'PushEngage')
SwiftDriver PushEngageExtension normal arm64 com.apple.xcode.tools.swift.compiler (in target 'PushEngageExtension' from project 'PushEngage')
cd /Users/admin/builder/spi-builder-workspace/.swiftpm/xcode
builtin-SwiftDriver -- /Applications/Xcode-27.0.0-Release.Candidate.app/Contents/Developer/Toolchains/XcodeDefault.xctoolchain/usr/bin/swiftc -parse-as-library -module-name PushEngageExtension -Onone @/Users/admin/builder/spi-builder-workspace/.derivedData/Build/Intermediates.noindex/PushEngage.build/Debug-watchos/PushEngageExtension-t.build/Objects-normal/arm64/PushEngageExtension.SwiftFileList -DSWIFT_PACKAGE -DDEBUG -DSWIFT_MODULE_RESOURCE_BUNDLE_UNAVAILABLE -DXcode -plugin-path /Applications/Xcode-27.0.0-Release.Candidate.app/Contents/Developer/Toolchains/XcodeDefault.xctoolchain/usr/lib/swift/host/plugins/testing -enable-experimental-feature DebugDescriptionMacro -sdk /Applications/Xcode-27.0.0-Release.Candidate.app/Contents/Developer/Platforms/WatchOS.platform/Developer/SDKs/WatchOS27.0.sdk -target arm64-apple-watchos9.0 -g -module-cache-path /Users/admin/builder/spi-builder-workspace/.derivedData/ModuleCache.noindex -Xfrontend -serialize-debugging-options -profile-coverage-mapping -profile-generate -enable-testing -index-store-path /Users/admin/builder/spi-builder-workspace/.derivedData/Index.noindex/DataStore -Xcc -D_LIBCPP_HARDENING_MODE\=_LIBCPP_HARDENING_MODE_DEBUG -swift-version 5 -I /Users/admin/builder/spi-builder-workspace/.derivedData/Build/Products/Debug-watchos -Isystem /Applications/Xcode-27.0.0-Release.Candidate.app/Contents/Developer/Platforms/WatchOS.platform/Developer/usr/lib -F /Users/admin/builder/spi-builder-workspace/.derivedData/Build/Products/Debug-watchos -F /Applications/Xcode-27.0.0-Release.Candidate.app/Contents/Developer/Platforms/WatchOS.platform/Developer/Library/Frameworks -F /Applications/Xcode-27.0.0-Release.Candidate.app/Contents/Developer/Platforms/WatchOS.platform/Developer/SDKs/WatchOS27.0.sdk/Developer/Library/Frameworks -c -j10 -enable-batch-mode -incremental -Xcc -ivfsstatcache -Xcc /Users/admin/builder/spi-builder-workspace/.derivedData/SDKStatCaches.noindex/watchos27.0-24R360-e829b21a6f8c9b70876ba0858053c04477534ef55a1706bf4c1112bbb242f0a2.sdkstatcache -output-file-map /Users/admin/builder/spi-builder-workspace/.derivedData/Build/Intermediates.noindex/PushEngage.build/Debug-watchos/PushEngageExtension-t.build/Objects-normal/arm64/PushEngageExtension-OutputFileMap.json -save-temps -no-color-diagnostics -explicit-module-build -module-cache-path /Users/admin/builder/spi-builder-workspace/.derivedData/Build/Intermediates.noindex/SwiftExplicitPrecompiledModules -clang-scanner-module-cache-path /Users/admin/builder/spi-builder-workspace/.derivedData/ModuleCache.noindex -sdk-module-cache-path /Users/admin/builder/spi-builder-workspace/.derivedData/SDKExplicitPrecompiledModules -emit-dependencies -emit-module -emit-module-path /Users/admin/builder/spi-builder-workspace/.derivedData/Build/Intermediates.noindex/PushEngage.build/Debug-watchos/PushEngageExtension-t.build/Objects-normal/arm64/PushEngageExtension.swiftmodule -serialize-diagnostics -dependency-scan-serialize-diagnostics-path /Users/admin/builder/spi-builder-workspace/.derivedData/Build/Intermediates.noindex/PushEngage.build/Debug-watchos/PushEngageExtension-t.build/Objects-normal/arm64/PushEngageExtension-dependency-scan.dia -validate-clang-modules-once -clang-build-session-file /Users/admin/builder/spi-builder-workspace/.derivedData/ModuleCache.noindex/Session.modulevalidation -Xcc -fmodules-prune-interval\=86400 -Xcc -fmodules-prune-after\=345600 -package-name spi_builder_workspace -emit-const-values -const-gather-protocols-list /Users/admin/builder/spi-builder-workspace/.derivedData/Build/Intermediates.noindex/PushEngage.build/Debug-watchos/PushEngageExtension-t.build/Objects-normal/arm64/PushEngageExtension_const_extract_protocols.json -Xcc -I/Users/admin/builder/spi-builder-workspace/.derivedData/Build/Products/Debug-watchos/include -Xcc -I/Users/admin/builder/spi-builder-workspace/.derivedData/Build/Intermediates.noindex/PushEngage.build/Debug-watchos/PushEngageExtension-t.build/DerivedSources-normal/arm64 -Xcc -I/Users/admin/builder/spi-builder-workspace/.derivedData/Build/Intermediates.noindex/PushEngage.build/Debug-watchos/PushEngageExtension-t.build/DerivedSources/arm64 -Xcc -I/Users/admin/builder/spi-builder-workspace/.derivedData/Build/Intermediates.noindex/PushEngage.build/Debug-watchos/PushEngageExtension-t.build/DerivedSources -Xcc -DSWIFT_PACKAGE -Xcc -DDEBUG\=1 -emit-objc-header -emit-objc-header-path /Users/admin/builder/spi-builder-workspace/.derivedData/Build/Intermediates.noindex/PushEngage.build/Debug-watchos/PushEngageExtension-t.build/Objects-normal/arm64/PushEngageExtension-Swift.h -working-directory /Users/admin/builder/spi-builder-workspace/.swiftpm/xcode -experimental-emit-module-separately -disable-cmo
/Users/admin/builder/spi-builder-workspace/Sources/PushEngageExtension/NetworkLayer/Reachablity/NetworkReachablity.swift:9:8: error: Unable to resolve module dependency: 'SystemConfiguration' (in target 'PushEngageExtension' from project 'PushEngage')
note: A dependency of main module 'PushEngageExtension'
/Users/admin/builder/spi-builder-workspace/Sources/PushEngageExtension/NetworkLayer/Reachablity/NetworkReachablity.swift:9:8: note: A dependency of main module 'PushEngageExtension'
import SystemConfiguration
^ (in target 'PushEngageExtension' from project 'PushEngage')
PruneExplicitPrecompiledModules /Users/admin/builder/spi-builder-workspace/.derivedData/Build/Intermediates.noindex/SwiftExplicitPrecompiledModules
PruneExplicitPrecompiledModules /Users/admin/builder/spi-builder-workspace/.derivedData/SDKExplicitPrecompiledModules
PruneExplicitPrecompiledModules /Users/admin/builder/spi-builder-workspace/.derivedData/Build/Intermediates.noindex/ExplicitPrecompiledModules
2026-10-03 04:55:56.527 xcodebuild[623:3835] [MT] IDERunDestination: Supported platforms for the buildables in the current scheme is empty.
** BUILD FAILED **
The following build commands failed:
SwiftDriver PushEngageExtension normal arm64_32 com.apple.xcode.tools.swift.compiler (in target 'PushEngageExtension' from project 'PushEngage')
SwiftDriver PushEngageExtension normal arm64 com.apple.xcode.tools.swift.compiler (in target 'PushEngageExtension' from project 'PushEngage')
Building workspace PushEngage with scheme PushEngage-Package
(3 failures)
Command line invocation:
/Applications/Xcode-27.0.0-Release.Candidate.app/Contents/Developer/usr/bin/xcodebuild -IDEClonedSourcePackagesDirPathOverride=/Users/admin/builder/spi-builder-workspace/.dependencies -resolvePackageDependencies
Resolve Package Graph
Resolved source packages:
PushEngage: /Users/admin/builder/spi-builder-workspace
resolved source packages: PushEngage
2026-10-03 04:56:00.203 xcodebuild[642:4090] [MT] IDERunDestination: Supported platforms for the buildables in the current scheme is empty.
{
"dependencies" : [
],
"manifest_display_name" : "PushEngage",
"name" : "PushEngage",
"path" : "/Users/admin/builder/spi-builder-workspace",
"platforms" : [
{
"name" : "ios",
"version" : "15.0"
}
],
"products" : [
{
"name" : "PushEngageExtension",
"targets" : [
"PushEngageExtension"
],
"type" : {
"library" : [
"automatic"
]
}
},
{
"name" : "PushEngage",
"targets" : [
"PushEngage"
],
"type" : {
"library" : [
"automatic"
]
}
}
],
"targets" : [
{
"c99name" : "PushEngageTests",
"module_type" : "SwiftTarget",
"name" : "PushEngageTests",
"path" : "Tests/PushEngageTests",
"sources" : [
"AnyCodableTests.swift",
"ApplicationServiceTests.swift",
"CoreWiringTests.swift",
"DataManagerTests.swift",
"Helpers/Fixtures.swift",
"Helpers/StubURLProtocol.swift",
"Helpers/XCTestCase+IsolatedDefaults.swift",
"IAMAnalyticsManagerTests.swift",
"IAMAudienceEvaluationTests.swift",
"IAMBackgroundRefreshTests.swift",
"IAMBannerWidthTests.swift",
"IAMCenterLandscapeWidthTests.swift",
"IAMControllerTests.swift",
"IAMCoreDataManagerTests.swift",
"IAMDisplayRulesEngineTests.swift",
"IAMMessageModelTests.swift",
"IAMNetworkServiceImplTests.swift",
"IAMOfflineQueueTests.swift",
"IAMOutboundURLTests.swift",
"IAMPrefsTests.swift",
"IAMQueueManagerTests.swift",
"IAMQueueStateManagerTests.swift",
"IAMRepositoryTests.swift",
"IAMResourceBundleTests.swift",
"IAMStoreMigrationTests.swift",
"IAMSubscriberStateTests.swift",
"IAMSyncManagerTests.swift",
"IAMTriggerDelayTests.swift",
"IAMTriggerMatcherTests.swift",
"IAMTriggerVocabularyTests.swift",
"IAMViewControllerLifecycleTests.swift",
"IAMWebViewUtilTests.swift",
"IAMWireFormatTests.swift",
"LoggingFlagPersistenceTests.swift",
"Mocks/MockApplicationService.swift",
"Mocks/MockDataSource.swift",
"Mocks/MockNetworkRouter.swift",
"Mocks/MockNotificationLifeCycleService.swift",
"Mocks/MockNotificationService.swift",
"Mocks/MockSubscriberService.swift",
"Mocks/MockTriggerCampaignManager.swift",
"Mocks/MockUNUserNotificationCenter.swift",
"Mocks/MockUserDefaultsService.swift",
"NotificationExtensionManagerTests.swift",
"NotificationLifeCycleManagerBackgroundTaskTests.swift",
"NotificationLifeCycleManagerTests.swift",
"NotificationSettingsManageriOS10Tests.swift",
"OperationsTests.swift",
"PEErrorTests.swift",
"PEManagerPlatformAndWrapperTests.swift",
"PEManagerTests.swift",
"PEManagerTrackEventTests.swift",
"PEManagerTriggerIAMEventTests.swift",
"PENetworkURLsSyncTests.swift",
"PENotificationActionRenameTests.swift",
"PENotificationTests.swift",
"PEPayloadTests.swift",
"PERouterGetSubscriberPathTests.swift",
"PERouterHeaderTests.swift",
"PERouterIdentifyLogoutTests.swift",
"PERouterTrackEventTests.swift",
"PESubscriberFieldsHandlerTests.swift",
"PESubscriberFieldsValidatorTests.swift",
"ParameterEncoderTests.swift",
"PushEngageAttributeAliasTests.swift",
"PushEngageExtensionFacadeTests.swift",
"RouterTests.swift",
"SanitizeUaSegmentTests.swift",
"SmokeTests.swift",
"SubscriberServiceManagerTests.swift",
"TriggerCampaignManagerTests.swift",
"UserAgentBuilderTests.swift",
"UserDefaultManagerTests.swift",
"UtilityHostInfoTests.swift",
"WKWebViewControllerTests.swift"
],
"target_dependencies" : [
"PushEngage",
"PushEngageExtension"
],
"type" : "test"
},
{
"c99name" : "PushEngageExtension",
"module_type" : "SwiftTarget",
"name" : "PushEngageExtension",
"path" : "Sources/PushEngageExtension",
"product_memberships" : [
"PushEngageExtension",
"PushEngage"
],
"sources" : [
"Constants/Constants.swift",
"Constants/PEPlatform.swift",
"Extensions/Extension.swift",
"HelperTypes/EnumTypes.swift",
"Model/DomainModels/PENotification.swift",
"Model/NetworkResponse.swift",
"Model/PEPayLoad.swift",
"Model/Postback.swift",
"Model/SubscriberDetails.swift",
"Model/Subscription.swift",
"Model/SyncAPIResponse.swift",
"Model/TrackEventRequest.swift",
"Model/TriggerModel.swift",
"NetworkLayer/Encoding/JSONParameterEncoder.swift",
"NetworkLayer/Encoding/URLParameterEncoder.swift",
"NetworkLayer/PERouter/PERouter.swift",
"NetworkLayer/Reachablity/NetworkReachablity.swift",
"NetworkLayer/Service/HTTPMethod.swift",
"NetworkLayer/Service/NetworkRouterType.swift",
"NetworkLayer/Service/Router.swift",
"Obserables/Observable.swift",
"PEError/PEError.swift",
"PushEngageExtension.swift",
"Services/Managers/DataManager.swift",
"Services/Managers/NotificationExtensionManager.swift",
"Services/Managers/NotificationLifeCycleManager.swift",
"Services/Managers/UserDefaultManager.swift",
"Services/PEOperationQueue/AsyncOperation.swift",
"Services/PEOperationQueue/AsyncResultOperation.swift",
"Services/PEOperationQueue/ChainedAsyncResultOperation.swift",
"Services/PEOperationQueue/PEOperations.swift",
"Services/Protocols/BackgroundTaskProviderType.swift",
"Services/Protocols/DatasourceProtocol.swift",
"Services/Protocols/NotificationExtensionType.swift",
"Services/Protocols/NotificationLifeCycleServiceType.swift",
"Services/Protocols/UserDefaultsType.swift",
"SupportingFiles/Configuration.swift",
"SupportingFiles/NotificationExtensionFactory.swift",
"SupportingFiles/PECoreServices.swift",
"Utility/EntitlementReader.swift",
"Utility/PELogger.swift",
"Utility/Utility.swift"
],
"type" : "library"
},
{
"c99name" : "PushEngage",
"module_type" : "SwiftTarget",
"name" : "PushEngage",
"path" : "Sources/PushEngage",
"product_memberships" : [
"PushEngage"
],
"sources" : [
"DependencyInjectionSetup/DependencyContainer.swift",
"DependencyInjectionSetup/DependencyInitialize.swift",
"DependencyInjectionSetup/DependencyProtocol.swift",
"Exports.swift",
"InAppMessaging/Analytics/IAMAnalyticsManager.swift",
"InAppMessaging/CoreData/IAMAnalyticsEvent+CoreDataClass.swift",
"InAppMessaging/CoreData/IAMAnalyticsEvent+CoreDataProperties.swift",
"InAppMessaging/CoreData/IAMCoreDataManager.swift",
"InAppMessaging/CoreData/IAMDisplayRecord+CoreDataClass.swift",
"InAppMessaging/CoreData/IAMDisplayRecord+CoreDataProperties.swift",
"InAppMessaging/CoreData/IAMMessage+CoreDataClass.swift",
"InAppMessaging/CoreData/IAMMessage+CoreDataProperties.swift",
"InAppMessaging/CoreData/IAMModels.swift",
"InAppMessaging/CoreData/IAMRawJSON.swift",
"InAppMessaging/CoreData/IAMRepository.swift",
"InAppMessaging/CoreData/IAMWireCodec.swift",
"InAppMessaging/Queue/IAMConditionEvaluator.swift",
"InAppMessaging/Queue/IAMController.swift",
"InAppMessaging/Queue/IAMDeviceProperties.swift",
"InAppMessaging/Queue/IAMDisplayRulesEngine.swift",
"InAppMessaging/Queue/IAMQueueManager.swift",
"InAppMessaging/Queue/IAMQueueStateManager.swift",
"InAppMessaging/Queue/IAMSubscriberState.swift",
"InAppMessaging/Queue/IAMTriggerDelayScheduler.swift",
"InAppMessaging/Queue/IAMTriggerMatcher.swift",
"InAppMessaging/Sync/IAMBackgroundRefresh.swift",
"InAppMessaging/Sync/IAMNetworkService.swift",
"InAppMessaging/Sync/IAMNetworkStateManager.swift",
"InAppMessaging/Sync/IAMOfflineQueue.swift",
"InAppMessaging/Sync/IAMPrefs.swift",
"InAppMessaging/Sync/IAMSyncManager.swift",
"InAppMessaging/Sync/IAMSyncModels.swift",
"InAppMessaging/UI/Base/IAMMessageDisplaying.swift",
"InAppMessaging/UI/Views/IAMViewController.swift",
"InAppMessaging/UI/WebView/IAMWebViewBridge.swift",
"InAppMessaging/UI/WebView/IAMWebViewUtil.swift",
"Interface/PushEngage.swift",
"Internal/Subscriber/PESubscriberFieldsHandler.swift",
"Internal/Subscriber/PESubscriberFieldsStringify.swift",
"Internal/Subscriber/PESubscriberFieldsValidator.swift",
"Model/GoalModel.swift",
"Model/TriggerCampaign.swift",
"PEViewModel/PEManager.swift",
"Services/Managers/ApplicationService.swift",
"Services/Managers/NotificationSettingsManageriOS10.swift",
"Services/Managers/SubscriberServiceManager.swift",
"Services/Managers/TriggerCampaignManager.swift",
"Services/Protocols/ApplicationServiceType.swift",
"Services/Protocols/NotificationServiceType.swift",
"Services/Protocols/SubscriberServiceType.swift",
"Services/Protocols/TriggerCampaignManagerType.swift",
"Services/Protocols/UNUserNotificationCenterProtocol.swift",
"SupportingFiles/PushEngageAppdelegate.swift",
"SupportingFiles/PushEngageUNUserNotificationCenter.swift",
"Utility/BackgroundTaskHandler.swift",
"Utility/PEResources.swift",
"Utility/PESelectorHelper.swift",
"Utility/Utility+App.swift",
"WKWebView/WKWebViewController.swift"
],
"target_dependencies" : [
"PushEngageExtension"
],
"type" : "library"
}
],
"tools_version" : "5.9"
}
{
"workspace" : {
"name" : "PushEngage",
"schemes" : [
"PushEngage",
"PushEngage-Package",
"PushEngageExtension"
]
}
}
2026-10-03 04:56:01.585 xcodebuild[650:4148] [MT] IDERunDestination: Supported platforms for the buildables in the current scheme is empty.
Running build ...
env DEVELOPER_DIR=/Applications/Xcode-27.0.0-Release.Candidate.app xcrun xcodebuild -IDEClonedSourcePackagesDirPathOverride=$PWD/.dependencies -skipMacroValidation -skipPackagePluginValidation -derivedDataPath $PWD/.derivedData build -scheme PushEngage-Package -destination generic/platform=watchOS
Command line invocation:
/Applications/Xcode-27.0.0-Release.Candidate.app/Contents/Developer/usr/bin/xcodebuild -IDEClonedSourcePackagesDirPathOverride=/Users/admin/builder/spi-builder-workspace/.dependencies -skipMacroValidation -skipPackagePluginValidation -derivedDataPath /Users/admin/builder/spi-builder-workspace/.derivedData build -scheme PushEngage-Package -destination generic/platform=watchOS
Resolve Package Graph
Resolved source packages:
PushEngage: /Users/admin/builder/spi-builder-workspace
ComputePackagePrebuildTargetDependencyGraph
Prepare packages
CreateBuildRequest
SendProjectDescription
CreateBuildOperation
ComputeTargetDependencyGraph
note: Building targets in dependency order
note: Target dependency graph (5 targets)
Target 'PushEngage-product' in project 'PushEngage'
➜ Explicit dependency on target 'PushEngage' in project 'PushEngage'
➜ Explicit dependency on target 'PushEngage_PushEngage' in project 'PushEngage'
➜ Explicit dependency on target 'PushEngageExtension' in project 'PushEngage'
Target 'PushEngage' in project 'PushEngage'
➜ Explicit dependency on target 'PushEngage_PushEngage' in project 'PushEngage'
➜ Explicit dependency on target 'PushEngageExtension' in project 'PushEngage'
Target 'PushEngage_PushEngage' in project 'PushEngage' (no dependencies)
Target 'PushEngageExtension-product' in project 'PushEngage'
➜ Explicit dependency on target 'PushEngageExtension' in project 'PushEngage'
Target 'PushEngageExtension' in project 'PushEngage' (no dependencies)
GatherProvisioningInputs
CreateBuildDescription
ClangStatCache /Applications/Xcode-27.0.0-Release.Candidate.app/Contents/Developer/Toolchains/XcodeDefault.xctoolchain/usr/bin/clang-stat-cache /Applications/Xcode-27.0.0-Release.Candidate.app/Contents/Developer/Platforms/WatchOS.platform/Developer/SDKs/WatchOS27.0.sdk /Users/admin/builder/spi-builder-workspace/.derivedData/SDKStatCaches.noindex/watchos27.0-24R360-e829b21a6f8c9b70876ba0858053c04477534ef55a1706bf4c1112bbb242f0a2.sdkstatcache
cd /Users/admin/builder/spi-builder-workspace/.swiftpm/xcode
/Applications/Xcode-27.0.0-Release.Candidate.app/Contents/Developer/Toolchains/XcodeDefault.xctoolchain/usr/bin/clang-stat-cache /Applications/Xcode-27.0.0-Release.Candidate.app/Contents/Developer/Platforms/WatchOS.platform/Developer/SDKs/WatchOS27.0.sdk -o /Users/admin/builder/spi-builder-workspace/.derivedData/SDKStatCaches.noindex/watchos27.0-24R360-e829b21a6f8c9b70876ba0858053c04477534ef55a1706bf4c1112bbb242f0a2.sdkstatcache
SwiftDriver PushEngageExtension normal arm64 com.apple.xcode.tools.swift.compiler (in target 'PushEngageExtension' from project 'PushEngage')
cd /Users/admin/builder/spi-builder-workspace/.swiftpm/xcode
builtin-SwiftDriver -- /Applications/Xcode-27.0.0-Release.Candidate.app/Contents/Developer/Toolchains/XcodeDefault.xctoolchain/usr/bin/swiftc -parse-as-library -module-name PushEngageExtension -Onone @/Users/admin/builder/spi-builder-workspace/.derivedData/Build/Intermediates.noindex/PushEngage.build/Debug-watchos/PushEngageExtension-t.build/Objects-normal/arm64/PushEngageExtension.SwiftFileList -DSWIFT_PACKAGE -DDEBUG -DSWIFT_MODULE_RESOURCE_BUNDLE_UNAVAILABLE -DXcode -plugin-path /Applications/Xcode-27.0.0-Release.Candidate.app/Contents/Developer/Toolchains/XcodeDefault.xctoolchain/usr/lib/swift/host/plugins/testing -enable-experimental-feature DebugDescriptionMacro -sdk /Applications/Xcode-27.0.0-Release.Candidate.app/Contents/Developer/Platforms/WatchOS.platform/Developer/SDKs/WatchOS27.0.sdk -target arm64-apple-watchos9.0 -g -module-cache-path /Users/admin/builder/spi-builder-workspace/.derivedData/ModuleCache.noindex -Xfrontend -serialize-debugging-options -profile-coverage-mapping -profile-generate -enable-testing -index-store-path /Users/admin/builder/spi-builder-workspace/.derivedData/Index.noindex/DataStore -Xcc -D_LIBCPP_HARDENING_MODE\=_LIBCPP_HARDENING_MODE_DEBUG -swift-version 5 -I /Users/admin/builder/spi-builder-workspace/.derivedData/Build/Products/Debug-watchos -Isystem /Applications/Xcode-27.0.0-Release.Candidate.app/Contents/Developer/Platforms/WatchOS.platform/Developer/usr/lib -F /Users/admin/builder/spi-builder-workspace/.derivedData/Build/Products/Debug-watchos -F /Applications/Xcode-27.0.0-Release.Candidate.app/Contents/Developer/Platforms/WatchOS.platform/Developer/Library/Frameworks -F /Applications/Xcode-27.0.0-Release.Candidate.app/Contents/Developer/Platforms/WatchOS.platform/Developer/SDKs/WatchOS27.0.sdk/Developer/Library/Frameworks -c -j10 -enable-batch-mode -incremental -Xcc -ivfsstatcache -Xcc /Users/admin/builder/spi-builder-workspace/.derivedData/SDKStatCaches.noindex/watchos27.0-24R360-e829b21a6f8c9b70876ba0858053c04477534ef55a1706bf4c1112bbb242f0a2.sdkstatcache -output-file-map /Users/admin/builder/spi-builder-workspace/.derivedData/Build/Intermediates.noindex/PushEngage.build/Debug-watchos/PushEngageExtension-t.build/Objects-normal/arm64/PushEngageExtension-OutputFileMap.json -save-temps -no-color-diagnostics -explicit-module-build -module-cache-path /Users/admin/builder/spi-builder-workspace/.derivedData/Build/Intermediates.noindex/SwiftExplicitPrecompiledModules -clang-scanner-module-cache-path /Users/admin/builder/spi-builder-workspace/.derivedData/ModuleCache.noindex -sdk-module-cache-path /Users/admin/builder/spi-builder-workspace/.derivedData/SDKExplicitPrecompiledModules -emit-dependencies -emit-module -emit-module-path /Users/admin/builder/spi-builder-workspace/.derivedData/Build/Intermediates.noindex/PushEngage.build/Debug-watchos/PushEngageExtension-t.build/Objects-normal/arm64/PushEngageExtension.swiftmodule -serialize-diagnostics -dependency-scan-serialize-diagnostics-path /Users/admin/builder/spi-builder-workspace/.derivedData/Build/Intermediates.noindex/PushEngage.build/Debug-watchos/PushEngageExtension-t.build/Objects-normal/arm64/PushEngageExtension-dependency-scan.dia -validate-clang-modules-once -clang-build-session-file /Users/admin/builder/spi-builder-workspace/.derivedData/ModuleCache.noindex/Session.modulevalidation -Xcc -fmodules-prune-interval\=86400 -Xcc -fmodules-prune-after\=345600 -package-name spi_builder_workspace -emit-const-values -const-gather-protocols-list /Users/admin/builder/spi-builder-workspace/.derivedData/Build/Intermediates.noindex/PushEngage.build/Debug-watchos/PushEngageExtension-t.build/Objects-normal/arm64/PushEngageExtension_const_extract_protocols.json -Xcc -I/Users/admin/builder/spi-builder-workspace/.derivedData/Build/Products/Debug-watchos/include -Xcc -I/Users/admin/builder/spi-builder-workspace/.derivedData/Build/Intermediates.noindex/PushEngage.build/Debug-watchos/PushEngageExtension-t.build/DerivedSources-normal/arm64 -Xcc -I/Users/admin/builder/spi-builder-workspace/.derivedData/Build/Intermediates.noindex/PushEngage.build/Debug-watchos/PushEngageExtension-t.build/DerivedSources/arm64 -Xcc -I/Users/admin/builder/spi-builder-workspace/.derivedData/Build/Intermediates.noindex/PushEngage.build/Debug-watchos/PushEngageExtension-t.build/DerivedSources -Xcc -DSWIFT_PACKAGE -Xcc -DDEBUG\=1 -emit-objc-header -emit-objc-header-path /Users/admin/builder/spi-builder-workspace/.derivedData/Build/Intermediates.noindex/PushEngage.build/Debug-watchos/PushEngageExtension-t.build/Objects-normal/arm64/PushEngageExtension-Swift.h -working-directory /Users/admin/builder/spi-builder-workspace/.swiftpm/xcode -experimental-emit-module-separately -disable-cmo
/Users/admin/builder/spi-builder-workspace/Sources/PushEngageExtension/NetworkLayer/Reachablity/NetworkReachablity.swift:9:8: error: Unable to resolve module dependency: 'SystemConfiguration' (in target 'PushEngageExtension' from project 'PushEngage')
note: A dependency of main module 'PushEngageExtension'
/Users/admin/builder/spi-builder-workspace/Sources/PushEngageExtension/NetworkLayer/Reachablity/NetworkReachablity.swift:9:8: note: A dependency of main module 'PushEngageExtension'
import SystemConfiguration
^ (in target 'PushEngageExtension' from project 'PushEngage')
SwiftDriver PushEngageExtension normal arm64_32 com.apple.xcode.tools.swift.compiler (in target 'PushEngageExtension' from project 'PushEngage')
cd /Users/admin/builder/spi-builder-workspace/.swiftpm/xcode
builtin-SwiftDriver -- /Applications/Xcode-27.0.0-Release.Candidate.app/Contents/Developer/Toolchains/XcodeDefault.xctoolchain/usr/bin/swiftc -parse-as-library -module-name PushEngageExtension -Onone @/Users/admin/builder/spi-builder-workspace/.derivedData/Build/Intermediates.noindex/PushEngage.build/Debug-watchos/PushEngageExtension-t.build/Objects-normal/arm64_32/PushEngageExtension.SwiftFileList -DSWIFT_PACKAGE -DDEBUG -DSWIFT_MODULE_RESOURCE_BUNDLE_UNAVAILABLE -DXcode -plugin-path /Applications/Xcode-27.0.0-Release.Candidate.app/Contents/Developer/Toolchains/XcodeDefault.xctoolchain/usr/lib/swift/host/plugins/testing -enable-experimental-feature DebugDescriptionMacro -sdk /Applications/Xcode-27.0.0-Release.Candidate.app/Contents/Developer/Platforms/WatchOS.platform/Developer/SDKs/WatchOS27.0.sdk -target arm64_32-apple-watchos9.0 -g -module-cache-path /Users/admin/builder/spi-builder-workspace/.derivedData/ModuleCache.noindex -Xfrontend -serialize-debugging-options -profile-coverage-mapping -profile-generate -enable-testing -index-store-path /Users/admin/builder/spi-builder-workspace/.derivedData/Index.noindex/DataStore -Xcc -D_LIBCPP_HARDENING_MODE\=_LIBCPP_HARDENING_MODE_DEBUG -swift-version 5 -I /Users/admin/builder/spi-builder-workspace/.derivedData/Build/Products/Debug-watchos -Isystem /Applications/Xcode-27.0.0-Release.Candidate.app/Contents/Developer/Platforms/WatchOS.platform/Developer/usr/lib -F /Users/admin/builder/spi-builder-workspace/.derivedData/Build/Products/Debug-watchos -F /Applications/Xcode-27.0.0-Release.Candidate.app/Contents/Developer/Platforms/WatchOS.platform/Developer/Library/Frameworks -F /Applications/Xcode-27.0.0-Release.Candidate.app/Contents/Developer/Platforms/WatchOS.platform/Developer/SDKs/WatchOS27.0.sdk/Developer/Library/Frameworks -c -j10 -enable-batch-mode -incremental -Xcc -ivfsstatcache -Xcc /Users/admin/builder/spi-builder-workspace/.derivedData/SDKStatCaches.noindex/watchos27.0-24R360-e829b21a6f8c9b70876ba0858053c04477534ef55a1706bf4c1112bbb242f0a2.sdkstatcache -output-file-map /Users/admin/builder/spi-builder-workspace/.derivedData/Build/Intermediates.noindex/PushEngage.build/Debug-watchos/PushEngageExtension-t.build/Objects-normal/arm64_32/PushEngageExtension-OutputFileMap.json -save-temps -no-color-diagnostics -explicit-module-build -module-cache-path /Users/admin/builder/spi-builder-workspace/.derivedData/Build/Intermediates.noindex/SwiftExplicitPrecompiledModules -clang-scanner-module-cache-path /Users/admin/builder/spi-builder-workspace/.derivedData/ModuleCache.noindex -sdk-module-cache-path /Users/admin/builder/spi-builder-workspace/.derivedData/SDKExplicitPrecompiledModules -emit-dependencies -emit-module -emit-module-path /Users/admin/builder/spi-builder-workspace/.derivedData/Build/Intermediates.noindex/PushEngage.build/Debug-watchos/PushEngageExtension-t.build/Objects-normal/arm64_32/PushEngageExtension.swiftmodule -serialize-diagnostics -dependency-scan-serialize-diagnostics-path /Users/admin/builder/spi-builder-workspace/.derivedData/Build/Intermediates.noindex/PushEngage.build/Debug-watchos/PushEngageExtension-t.build/Objects-normal/arm64_32/PushEngageExtension-dependency-scan.dia -validate-clang-modules-once -clang-build-session-file /Users/admin/builder/spi-builder-workspace/.derivedData/ModuleCache.noindex/Session.modulevalidation -Xcc -fmodules-prune-interval\=86400 -Xcc -fmodules-prune-after\=345600 -package-name spi_builder_workspace -emit-const-values -const-gather-protocols-list /Users/admin/builder/spi-builder-workspace/.derivedData/Build/Intermediates.noindex/PushEngage.build/Debug-watchos/PushEngageExtension-t.build/Objects-normal/arm64_32/PushEngageExtension_const_extract_protocols.json -Xcc -I/Users/admin/builder/spi-builder-workspace/.derivedData/Build/Products/Debug-watchos/include -Xcc -I/Users/admin/builder/spi-builder-workspace/.derivedData/Build/Intermediates.noindex/PushEngage.build/Debug-watchos/PushEngageExtension-t.build/DerivedSources-normal/arm64_32 -Xcc -I/Users/admin/builder/spi-builder-workspace/.derivedData/Build/Intermediates.noindex/PushEngage.build/Debug-watchos/PushEngageExtension-t.build/DerivedSources/arm64_32 -Xcc -I/Users/admin/builder/spi-builder-workspace/.derivedData/Build/Intermediates.noindex/PushEngage.build/Debug-watchos/PushEngageExtension-t.build/DerivedSources -Xcc -DSWIFT_PACKAGE -Xcc -DDEBUG\=1 -emit-objc-header -emit-objc-header-path /Users/admin/builder/spi-builder-workspace/.derivedData/Build/Intermediates.noindex/PushEngage.build/Debug-watchos/PushEngageExtension-t.build/Objects-normal/arm64_32/PushEngageExtension-Swift.h -working-directory /Users/admin/builder/spi-builder-workspace/.swiftpm/xcode -experimental-emit-module-separately -disable-cmo
/Users/admin/builder/spi-builder-workspace/Sources/PushEngageExtension/NetworkLayer/Reachablity/NetworkReachablity.swift:9:8: error: Unable to resolve module dependency: 'SystemConfiguration' (in target 'PushEngageExtension' from project 'PushEngage')
note: A dependency of main module 'PushEngageExtension'
/Users/admin/builder/spi-builder-workspace/Sources/PushEngageExtension/NetworkLayer/Reachablity/NetworkReachablity.swift:9:8: note: A dependency of main module 'PushEngageExtension'
import SystemConfiguration
^ (in target 'PushEngageExtension' from project 'PushEngage')
PruneExplicitPrecompiledModules /Users/admin/builder/spi-builder-workspace/.derivedData/Build/Intermediates.noindex/SwiftExplicitPrecompiledModules
PruneExplicitPrecompiledModules /Users/admin/builder/spi-builder-workspace/.derivedData/Build/Intermediates.noindex/ExplicitPrecompiledModules
PruneExplicitPrecompiledModules /Users/admin/builder/spi-builder-workspace/.derivedData/SDKExplicitPrecompiledModules
2026-10-03 04:56:02.644 xcodebuild[651:4176] [MT] IDERunDestination: Supported platforms for the buildables in the current scheme is empty.
** BUILD FAILED **
The following build commands failed:
SwiftDriver PushEngageExtension normal arm64 com.apple.xcode.tools.swift.compiler (in target 'PushEngageExtension' from project 'PushEngage')
SwiftDriver PushEngageExtension normal arm64_32 com.apple.xcode.tools.swift.compiler (in target 'PushEngageExtension' from project 'PushEngage')
Building workspace PushEngage with scheme PushEngage-Package
(3 failures)
BUILD FAILURE 6.4 watchOS