Build Information
Failed to build vapor-cursor-pagination, reference main (6cfe5d), with Swift 6.2 for Android on 29 Oct 2026 23:29:54 UTC.
Build Command
bash -c docker run --pull=always --rm -v "checkouts-53886768-0":/host -w "$PWD" -e JAVA_HOME="/root/.sdkman/candidates/java/current" -e SPI_BUILD="1" -e SPI_PROCESSING="1" registry.gitlab.com/saguaro1/spi-images:android-6.2-latest swift build --swift-sdk aarch64-unknown-linux-android28 2>&1Build Log
[1057/1391] Compiling sha512-586-linux.S
[1058/1391] Compiling sha512-armv4-linux.S
[1059/1391] Compiling sha512-armv8-linux.S
[1060/1391] Compiling sha512-586-apple.S
[1061/1391] Compiling sha256-x86_64-linux.S
[1062/1391] Compiling sha256-armv8-win.S
[1063/1391] Compiling sha256-x86_64-apple.S
[1064/1391] Compiling sha256-armv8-apple.S
[1065/1391] Compiling sha256-armv4-linux.S
[1066/1391] Compiling sha256-armv8-linux.S
[1067/1391] Compiling sha256-586-linux.S
[1068/1391] Compiling sha256-586-apple.S
[1069/1391] Compiling sha1-x86_64-linux.S
[1070/1391] Compiling err_data.cc
[1071/1391] Compiling sha1-x86_64-apple.S
[1072/1391] Compiling sha1-armv8-win.S
[1073/1391] Compiling sha1-armv8-apple.S
[1074/1391] Compiling sha1-armv4-large-linux.S
[1075/1391] Compiling sha1-586-apple.S
[1076/1391] Compiling sha1-586-linux.S
[1077/1391] Compiling sha1-armv8-linux.S
[1078/1391] Compiling rsaz-avx2-linux.S
[1079/1391] Compiling rdrand-x86_64-linux.S
[1080/1391] Compiling rsaz-avx2-apple.S
[1081/1391] Compiling rdrand-x86_64-apple.S
[1082/1391] Compiling p256_beeu-x86_64-asm-linux.S
[1083/1391] Compiling p256_beeu-x86_64-asm-apple.S
[1084/1391] Compiling p256_beeu-armv8-asm-win.S
[1085/1391] Compiling p256-x86_64-asm-linux.S
[1086/1391] Compiling p256_beeu-armv8-asm-linux.S
[1087/1391] Compiling p256_beeu-armv8-asm-apple.S
[1088/1391] Compiling p256-x86_64-asm-apple.S
[1089/1391] Compiling p256-armv8-asm-win.S
[1090/1391] Compiling p256-armv8-asm-linux.S
[1091/1391] Compiling ghashv8-armv8-win.S
[1092/1391] Compiling p256-armv8-asm-apple.S
[1092/1391] Compiling ghashv8-armv8-linux.S
[1094/1391] Compiling ghashv8-armv8-apple.S
[1095/1391] Compiling ghashv8-armv7-linux.S
[1096/1391] Compiling ghash-x86_64-linux.S
[1097/1391] Compiling ghash-x86_64-apple.S
[1098/1391] Compiling ghash-x86-linux.S
[1099/1391] Compiling ghash-ssse3-x86_64-linux.S
[1100/1391] Compiling ghash-x86-apple.S
[1101/1391] Compiling ghash-ssse3-x86_64-apple.S
[1102/1391] Compiling ghash-ssse3-x86-linux.S
[1103/1391] Compiling ghash-neon-armv8-win.S
[1104/1391] Compiling ghash-ssse3-x86-apple.S
[1105/1391] Compiling ghash-neon-armv8-linux.S
[1106/1391] Compiling ghash-neon-armv8-apple.S
[1107/1391] Compiling ghash-armv4-linux.S
[1108/1391] Compiling co-586-linux.S
[1109/1391] Compiling co-586-apple.S
[1110/1391] Compiling bn-armv8-win.S
[1111/1391] Compiling bsaes-armv7-linux.S
[1112/1391] Compiling bn-586-linux.S
[1113/1391] Compiling bn-armv8-apple.S
[1114/1391] Compiling bn-armv8-linux.S
[1115/1391] Compiling bn-586-apple.S
[1116/1391] Compiling armv8-mont-win.S
[1117/1391] Compiling armv8-mont-apple.S
[1118/1391] Compiling armv4-mont-linux.S
[1119/1391] Compiling aesv8-gcm-armv8-win.S
[1120/1391] Compiling armv8-mont-linux.S
[1121/1391] Compiling aesv8-gcm-armv8-apple.S
[1122/1391] Compiling aesv8-gcm-armv8-linux.S
[1123/1391] Compiling aesv8-armv8-apple.S
[1124/1391] Compiling aesv8-armv8-win.S
[1125/1391] Compiling aesv8-armv8-linux.S
[1126/1391] Compiling aesv8-armv7-linux.S
[1127/1391] Compiling aesni-x86_64-linux.S
[1128/1391] Compiling aesni-x86_64-apple.S
[1129/1391] Compiling aesni-x86-linux.S
[1130/1391] Compiling aesni-gcm-x86_64-linux.S
[1131/1391] Compiling aesni-x86-apple.S
[1132/1391] Compiling aesni-gcm-x86_64-apple.S
[1133/1391] Compiling aes-gcm-avx512-x86_64-linux.S
[1134/1391] Compiling aes-gcm-avx512-x86_64-apple.S
[1135/1391] Compiling aes-gcm-avx2-x86_64-linux.S
[1136/1391] Compiling aes-gcm-avx2-x86_64-apple.S
[1137/1391] Compiling xwing.cc
[1138/1391] Compiling x_sig.cc
[1139/1391] Compiling x_req.cc
[1140/1391] Compiling x_x509a.cc
[1141/1391] Compiling x_x509.cc
[1142/1391] Compiling x_spki.cc
[1143/1391] Compiling c-nioatomics.c
[1144/1391] Compiling x_exten.cc
[1145/1391] Compiling x_name.cc
[1146/1391] Compiling x_crl.cc
[1147/1391] Compiling x_attrib.cc
[1148/1391] Compiling x_pubkey.cc
[1149/1391] Compiling c-atomics.c
[1150/1391] Compiling x_all.cc
[1152/1398] Compiling NIOConcurrencyHelpers NIOLockedValueBox.swift
[1153/1398] Compiling NIOConcurrencyHelpers NIOLock.swift
[1153/1398] Compiling x_algor.cc
[1154/1398] Compiling x509spki.cc
[1155/1398] Compiling x509rset.cc
[1157/1398] Compiling NIOConcurrencyHelpers atomics.swift
[1158/1398] Compiling NIOConcurrencyHelpers NIOThreadPoolWorkAvailable.swift
[1159/1398] Compiling NIOConcurrencyHelpers lock.swift
[1159/1398] Compiling x509cset.cc
[1159/1398] Compiling x509name.cc
[1162/1398] Emitting module NIOConcurrencyHelpers
[1163/1398] Compiling NIOConcurrencyHelpers NIOAtomic.swift
[1164/1425] Compiling x509_vpm.cc
[1165/1425] Compiling x509_vfy.cc
[1167/1425] Compiling ConsoleKitTerminal Console+Wait.swift
[1168/1425] Compiling ConsoleKitTerminal ConsoleColor.swift
[1169/1425] Compiling ConsoleKitTerminal ConsoleStyle.swift
[1170/1428] Emitting module ConsoleKitTerminal
[1170/1428] Compiling x509_v3.cc
[1171/1428] Compiling x509_txt.cc
[1172/1428] Compiling x509_set.cc
[1173/1428] Compiling x509_req.cc
[1174/1428] Compiling x509_trs.cc
[1176/1428] Compiling ConsoleKitTerminal CustomActivity.swift
[1177/1428] Compiling ConsoleKitTerminal LoadingBar.swift
[1178/1428] Compiling ConsoleKitTerminal ProgressBar.swift
[1179/1428] Compiling ConsoleKitTerminal Console+Clear.swift
[1180/1428] Compiling ConsoleKitTerminal ActivityBar.swift
[1181/1428] Compiling ConsoleKitTerminal ActivityIndicator.swift
[1182/1428] Compiling ConsoleKitTerminal ActivityIndicatorRenderer.swift
[1183/1428] Compiling ConsoleKitTerminal ActivityIndicatorState.swift
[1184/1428] Compiling ConsoleKitTerminal Console+Ephemeral.swift
[1185/1428] Compiling ConsoleKitTerminal ConsoleClear.swift
[1186/1428] Compiling ConsoleKitTerminal Console+Ask.swift
[1187/1428] Compiling ConsoleKitTerminal Console+Choose.swift
[1187/1428] Compiling x509_lu.cc
[1188/1428] Compiling x509_obj.cc
[1190/1428] Compiling ConsoleKitTerminal Console+Confirm.swift
[1191/1428] Compiling ConsoleKitTerminal Console+Input.swift
[1192/1428] Compiling ConsoleKitTerminal Console+Center.swift
[1193/1428] Compiling ConsoleKitTerminal Console+Output.swift
[1194/1428] Compiling ConsoleKitTerminal Console.swift
[1195/1428] Compiling ConsoleKitTerminal Terminal.swift
[1196/1428] Compiling ConsoleKitTerminal readpassphrase_linux.swift
[1197/1428] Compiling ConsoleKitTerminal ConsoleText.swift
[1198/1428] Compiling ConsoleKitTerminal ConsoleTextFragment.swift
[1199/1428] Compiling ConsoleKitTerminal ANSI.swift
[1199/1428] Compiling x509_def.cc
[1201/1428] Compiling ConsoleKitTerminal AnySendableHashable.swift
[1202/1428] Compiling ConsoleKitTerminal ConsoleLogger.swift
[1203/1428] Compiling ConsoleKitTerminal LoggerFragment.swift
[1204/1429] Compiling x509_ext.cc
[1204/1429] Compiling x509_cmp.cc
[1206/1429] Compiling x509_d2.cc
[1207/1451] Compiling x509_att.cc
[1208/1451] Compiling x509.cc
[1210/1451] Compiling ConsoleKitCommands CommandSignature.swift
[1211/1451] Compiling ConsoleKitCommands Flag.swift
[1212/1451] Compiling ConsoleKitCommands Option.swift
[1212/1453] Compiling v3_utl.cc
[1214/1453] Emitting module ConsoleKitCommands
[1215/1453] Compiling ConsoleKitCommands GenerateAutocompleteCommand.swift
[1216/1453] Compiling ConsoleKitCommands MergedAsyncCommandGroup.swift
[1217/1453] Compiling ConsoleKitCommands Argument.swift
[1218/1453] Compiling ConsoleKitCommands AnyAsyncCommand.swift
[1219/1453] Compiling ConsoleKitCommands AsyncCommand.swift
[1220/1453] Compiling ConsoleKitCommands AsyncCommandGroup.swift
[1221/1453] Compiling ConsoleKitCommands String+LevenshteinDistance.swift
[1222/1453] Compiling ConsoleKitCommands Utilities.swift
[1222/1453] Compiling v3_skey.cc
[1223/1453] Compiling v3_prn.cc
[1224/1453] Compiling v3_ocsp.cc
[1225/1453] Compiling v3_pmaps.cc
[1226/1453] Compiling v3_purp.cc
[1227/1453] Compiling v3_pcons.cc
[1229/1453] Compiling ConsoleKitCommands CommandGroup.swift
[1230/1453] Compiling ConsoleKitCommands CommandInput.swift
[1231/1453] Compiling ConsoleKitCommands Commands.swift
[1232/1453] Compiling ConsoleKitCommands Console+Run.swift
[1233/1453] Compiling ConsoleKitCommands ConsoleError.swift
[1234/1453] Compiling ConsoleKitCommands Completion.swift
[1235/1453] Compiling ConsoleKitCommands AsyncCommands.swift
[1236/1453] Compiling ConsoleKitCommands GenerateAsyncAutocompleteCommand.swift
[1237/1453] Compiling ConsoleKitCommands AnyCommand.swift
[1238/1453] Compiling ConsoleKitCommands Command.swift
[1239/1453] Compiling ConsoleKitCommands CommandContext.swift
[1240/1453] Compiling ConsoleKitCommands CommandError.swift
[1240/1453] Compiling v3_ncons.cc
[1243/1456] Emitting module ConsoleKit
[1244/1456] Compiling ConsoleKit Exports.swift
[1244/1457] Compiling v3_lib.cc
[1246/1457] Compiling v3_int.cc
[1247/1457] Compiling v3_ia5.cc
[1248/1457] Compiling v3_genn.cc
[1249/1457] Compiling v3_extku.cc
[1250/1457] Compiling v3_info.cc
[1251/1457] Compiling v3_enum.cc
[1252/1457] Compiling v3_crld.cc
[1253/1457] Compiling v3_cpols.cc
[1254/1457] Compiling v3_conf.cc
[1255/1457] Compiling v3_bitst.cc
[1256/1457] Compiling v3_bcons.cc
[1257/1457] Compiling v3_alt.cc
[1258/1457] Compiling v3_akeya.cc
[1259/1457] Compiling v3_akey.cc
[1260/1457] Compiling t_x509a.cc
[1261/1457] Compiling t_crl.cc
[1262/1457] Compiling t_x509.cc
[1263/1457] Compiling t_req.cc
[1264/1457] Compiling name_print.cc
[1265/1457] Compiling rsa_pss.cc
[1266/1457] Compiling i2d_pr.cc
[1267/1457] Compiling policy.cc
[1268/1457] Compiling by_file.cc
[1269/1457] Compiling asn1_gen.cc
[1270/1457] Compiling by_dir.cc
[1270/1457] Compiling algorithm.cc
[1272/1457] Compiling a_verify.cc
[1273/1457] Compiling a_sign.cc
[1274/1457] Compiling voprf.cc
[1275/1457] Compiling a_digest.cc
[1276/1457] Compiling thread_win.cc
[1277/1457] Compiling thread_pthread.cc
[1278/1457] Compiling thread.cc
[1279/1457] Compiling thread_none.cc
[1280/1457] Compiling stack.cc
[1281/1457] Compiling trust_token.cc
[1282/1457] Compiling pmbtoken.cc
[1283/1457] Compiling spake2plus.cc
[1284/1457] Compiling siphash.cc
[1285/1457] Compiling sha256.cc
[1285/1457] Compiling sha512.cc
[1287/1457] Compiling sha1.cc
[1288/1457] Compiling slhdsa.cc
[1289/1457] Compiling rsa_extra.cc
[1290/1457] Compiling rsa_print.cc
[1291/1457] Compiling rsa_crypt.cc
[1292/1457] Compiling rc4.cc
[1293/1457] Compiling refcount.cc
[1294/1457] Compiling windows.cc
[1295/1457] Compiling urandom.cc
[1296/1457] Compiling trusty.cc
[1297/1457] Compiling rand.cc
[1298/1457] Compiling rsa_asn1.cc
[1299/1457] Compiling passive.cc
[1300/1457] Compiling getentropy.cc
[1301/1457] Compiling ios.cc
[1302/1457] Compiling poly1305_arm_asm.S
[1303/1457] Compiling forkunsafe.cc
[1304/1457] Compiling deterministic.cc
[1305/1457] Compiling fork_detect.cc
[1306/1457] Compiling pool.cc
[1307/1457] Compiling poly1305_vec.cc
[1308/1457] Compiling poly1305_arm.cc
[1309/1457] Compiling poly1305.cc
[1310/1457] Compiling pkcs8.cc
[1311/1457] Compiling p5_pbev2.cc
[1312/1457] Compiling pkcs8_x509.cc
[1313/1457] Compiling pkcs7_x509.cc
[1314/1457] Compiling pkcs7.cc
[1315/1457] Compiling pem_xaux.cc
[1316/1457] Compiling pem_pkey.cc
[1317/1457] Compiling pem_x509.cc
[1318/1457] Compiling mlkem.cc
[1319/1457] Compiling pem_oth.cc
[1320/1457] Compiling pem_pk8.cc
[1321/1457] Compiling pem_all.cc
[1322/1457] Compiling obj_xref.cc
[1323/1457] Compiling pem_lib.cc
[1324/1457] Compiling pem_info.cc
[1325/1457] Compiling obj.cc
[1326/1457] Compiling poly_rq_mul.S
[1327/1457] Compiling mldsa.cc
[1328/1457] Compiling mem.cc
[1329/1457] Compiling fips_shared_support.cc
[1330/1457] Compiling lhash.cc
[1331/1457] Compiling md5.cc
[1332/1457] Compiling md4.cc
[1333/1457] Compiling fuzzer_mode.cc
[1334/1457] Compiling kyber.cc
[1335/1457] Compiling ex_data.cc
[1336/1457] Compiling hpke.cc
[1337/1457] Compiling hrss.cc
[1338/1457] Compiling scrypt.cc
[1339/1457] Compiling print.cc
[1340/1457] Compiling pbkdf.cc
[1341/1457] Compiling sign.cc
[1342/1457] Compiling p_x25519_asn1.cc
[1343/1457] Compiling p_x25519.cc
[1344/1457] Compiling p_rsa_asn1.cc
[1345/1457] Compiling p_rsa.cc
[1346/1457] Compiling p_ed25519.cc
[1347/1457] Compiling p_hkdf.cc
[1348/1457] Compiling p_ed25519_asn1.cc
[1349/1457] Compiling p_ec.cc
[1350/1457] Compiling p_ec_asn1.cc
[1351/1457] Compiling p_dsa_asn1.cc
[1352/1457] Compiling p_dh_asn1.cc
[1353/1457] Compiling p_dh.cc
[1354/1457] Compiling evp_ctx.cc
[1355/1457] Compiling engine.cc
[1356/1457] Compiling err.cc
[1357/1457] Compiling evp_asn1.cc
[1358/1457] Compiling ecdsa_p1363.cc
[1359/1457] Compiling evp.cc
[1360/1457] Compiling ecdh.cc
[1361/1457] Compiling ec_derive.cc
[1362/1457] Compiling ecdsa_asn1.cc
[1363/1457] Compiling hash_to_curve.cc
[1364/1457] Compiling dsa_asn1.cc
[1365/1457] Compiling dsa.cc
[1366/1457] Compiling ec_asn1.cc
[1367/1457] Compiling digest_extra.cc
[1368/1457] Compiling x25519-asm-arm.S
[1369/1457] Compiling params.cc
[1370/1457] Compiling curve25519_64_adx.cc
[1371/1457] Compiling des.cc
[1371/1457] Compiling dh_asn1.cc
[1373/1457] Compiling spake25519.cc
[1374/1457] Compiling curve25519.cc
[1375/1457] Compiling crypto.cc
[1376/1457] Compiling cpu_intel.cc
[1377/1457] Compiling cpu_arm_linux.cc
[1378/1457] Compiling cpu_aarch64_sysreg.cc
[1379/1457] Compiling cpu_arm_freebsd.cc
[1380/1457] Compiling cpu_aarch64_win.cc
[1381/1457] Compiling cpu_aarch64_openbsd.cc
[1382/1457] Compiling cpu_aarch64_linux.cc
[1383/1457] Compiling cpu_aarch64_fuchsia.cc
[1384/1457] Compiling cpu_aarch64_apple.cc
[1385/1457] Compiling conf.cc
[1386/1457] Compiling tls_cbc.cc
[1387/1457] Compiling get_cipher.cc
[1388/1457] Compiling e_null.cc
[1388/1457] Compiling e_tls.cc
[1390/1457] Compiling e_rc2.cc
[1391/1457] Compiling cms.cc
[1392/1457] Compiling e_rc4.cc
[1393/1457] Compiling e_des.cc
[1394/1457] Compiling e_aesgcmsiv.cc
[1395/1457] Compiling e_aeseax.cc
[1396/1457] Compiling e_chacha20poly1305.cc
[1397/1457] Compiling e_aesctrhmac.cc
[1398/1457] Compiling chacha.cc
[1399/1457] Compiling derive_key.cc
[1400/1457] Compiling unicode.cc
[1401/1457] Compiling buf.cc
[1402/1457] Compiling sqrt.cc
[1403/1457] Compiling cbb.cc
[1404/1457] Compiling ber.cc
[1405/1457] Compiling cbs.cc
[1406/1457] Compiling asn1_compat.cc
[1407/1457] Compiling exponentiation.cc
[1408/1457] Compiling div.cc
[1409/1457] Compiling blake2.cc
[1410/1457] Compiling printf.cc
[1411/1457] Compiling hexdump.cc
[1412/1457] Compiling bn_asn1.cc
[1413/1457] Compiling pair.cc
[1414/1457] Compiling file.cc
[1415/1457] Compiling convert.cc
[1415/1457] Compiling fd.cc
[1417/1457] Compiling errno.cc
[1418/1457] Compiling bio_mem.cc
[1419/1457] Compiling bio.cc
[1420/1457] Compiling base64.cc
[1421/1457] Compiling tasn_fre.cc
[1422/1457] Compiling tasn_typ.cc
[1423/1457] Compiling tasn_utl.cc
[1424/1457] Compiling tasn_new.cc
[1425/1457] Compiling posix_time.cc
[1426/1457] Compiling tasn_enc.cc
[1427/1457] Compiling f_string.cc
[1428/1457] Compiling f_int.cc
[1429/1457] Compiling asn_pack.cc
[1430/1457] Compiling tasn_dec.cc
[1431/1457] Compiling asn1_par.cc
[1432/1457] Compiling asn1_lib.cc
[1433/1457] Compiling bcm.cc
[1434/1457] Compiling a_utctm.cc
[1435/1457] Compiling a_strnid.cc
[1436/1457] Compiling a_octet.cc
[1437/1457] Compiling a_time.cc
[1438/1457] Compiling a_strex.cc
[1439/1457] Compiling a_type.cc
[1440/1457] Compiling a_i2d_fp.cc
[1441/1457] Compiling a_dup.cc
[1442/1457] Compiling a_object.cc
[1443/1457] Compiling a_mbstr.cc
[1444/1457] Write sources
[1448/1457] Compiling CAsyncHTTPClient CAsyncHTTPClient.c
[1449/1457] Compiling a_d2i_fp.cc
[1449/1457] Write sources
[1452/1510] Compiling a_gentm.cc
[1453/1525] Compiling a_int.cc
[1455/1607] Compiling Algorithms Keyed.swift
[1456/1607] Compiling Algorithms MinMax.swift
[1457/1607] Compiling Algorithms Partition.swift
[1458/1607] Compiling Algorithms Permutations.swift
[1459/1609] Compiling Algorithms Intersperse.swift
[1460/1609] Compiling Algorithms Joined.swift
[1460/1609] Compiling a_bool.cc
[1462/1609] Compiling Algorithms Grouped.swift
[1463/1609] Compiling Algorithms Indexed.swift
[1464/1609] Compiling Algorithms FlattenCollection.swift
[1472/1616] Compiling Algorithms Combinations.swift
[1473/1616] Compiling Algorithms Compacted.swift
[1474/1616] Compiling Algorithms Cycle.swift
[1475/1616] Compiling Atomics IntegerOperations.swift
[1476/1616] Compiling Atomics Unmanaged extensions.swift
[1476/1616] Compiling aes.cc
[1478/1616] Emitting module BitCollections
[1478/1616] Compiling a_bitstr.cc
[1480/1624] Compiling AsyncAlgorithms AsyncMerge3Sequence.swift
[1481/1624] Compiling AsyncAlgorithms MergeStateMachine.swift
[1482/1624] Compiling AsyncAlgorithms MergeStorage.swift
[1483/1624] Compiling AsyncAlgorithms MultiProducerSingleConsumerAsyncChannel+Internal.swift
[1484/1624] Compiling AsyncAlgorithms MultiProducerSingleConsumerAsyncChannel.swift
[1485/1624] Compiling AsyncAlgorithms RangeReplaceableCollection.swift
[1486/1624] Compiling BitCollections BitSet.Counted.swift
[1487/1624] Emitting module AsyncAlgorithms
[1488/1631] Compiling Algorithms Split.swift
[1489/1631] Compiling Algorithms Stride.swift
[1490/1631] Compiling Algorithms Suffix.swift
[1492/1631] Compiling Algorithms Reductions.swift
[1493/1631] Compiling Algorithms Rotate.swift
[1494/1634] Compiling AsyncAlgorithms SetAlgebra.swift
[1495/1634] Compiling AsyncAlgorithms UnsafeTransfer.swift
[1496/1634] Compiling AsyncAlgorithms AsyncZip2Sequence.swift
[1497/1634] Compiling AsyncAlgorithms AsyncZip3Sequence.swift
[1498/1634] Compiling AsyncAlgorithms ZipStateMachine.swift
[1499/1634] Compiling AsyncAlgorithms ZipStorage.swift
[1500/1634] Compiling BitCollections _Word.swift
[1509/1634] Compiling Algorithms AdjacentPairs.swift
[1510/1634] Compiling Algorithms Chain.swift
[1511/1634] Compiling Algorithms Chunked.swift
[1515/1634] Compiling Algorithms EitherSequence.swift
[1516/1634] Compiling Algorithms FirstNonNil.swift
[1517/1634] Compiling AsyncAlgorithms UnboundedBufferStateMachine.swift
[1518/1634] Compiling AsyncAlgorithms UnboundedBufferStorage.swift
[1519/1634] Compiling AsyncAlgorithms AsyncChannel.swift
[1520/1634] Compiling AsyncAlgorithms AsyncThrowingChannel.swift
[1521/1634] Compiling AsyncAlgorithms ChannelStateMachine.swift
[1522/1634] Compiling AsyncAlgorithms ChannelStorage.swift
[1523/1634] Compiling AsyncAlgorithms AsyncCombineLatest2Sequence.swift
[1524/1634] Compiling AsyncAlgorithms AsyncFlatMapLatestSequence.swift
[1525/1634] Compiling AsyncAlgorithms FlatMapLatestStateMachine.swift
[1526/1634] Compiling AsyncAlgorithms FlatMapLatestStorage.swift
[1527/1634] Compiling AsyncAlgorithms Disconnected.swift
[1528/1634] Compiling AsyncAlgorithms _TinyArray.swift
[1529/1634] Compiling AsyncAlgorithms AsyncInterspersedSequence.swift
[1530/1634] Compiling AsyncAlgorithms Locking.swift
[1531/1634] Compiling AsyncAlgorithms AsyncMerge2Sequence.swift
[1532/1634] Compiling Algorithms Trim.swift
[1533/1634] Compiling Algorithms Unique.swift
[1534/1634] Compiling Algorithms Windows.swift
[1535/1634] Compiling AsyncAlgorithms AsyncDebounceSequence.swift
[1536/1634] Compiling AsyncAlgorithms DebounceStateMachine.swift
[1537/1634] Compiling AsyncAlgorithms DebounceStorage.swift
[1538/1634] Compiling AsyncAlgorithms Dictionary.swift
[1562/1635] Compiling CryptoBoringWrapper Data+Span.swift
[1563/1638] Compiling CryptoBoringWrapper RandomBytes.swift
[1564/1638] Compiling Collections Collections.swift
[1565/1638] Emitting module Collections
[1578/1639] Compiling CryptoBoringWrapper EllipticCurve.swift
[1579/1639] Emitting module CryptoBoringWrapper
[1580/1639] Compiling CryptoBoringWrapper EllipticCurvePoint.swift
[1581/1639] Compiling CryptoBoringWrapper FiniteFieldArithmeticContext.swift
[1582/1639] Compiling CryptoBoringWrapper CryptoKitErrors_boring.swift
[1583/1639] Compiling CryptoBoringWrapper ArbitraryPrecisionInteger.swift
[1584/1639] Compiling CryptoBoringWrapper BoringSSLAEAD.swift
[1590/1664] Emitting module Atomics
[1591/1669] Compiling Crypto Digest_xkcp.swift
[1592/1669] Compiling Crypto HPKE-AEAD.swift
[1593/1669] Compiling Crypto HPKE-Ciphersuite.swift
[1594/1669] Compiling Crypto Digest_boring.swift
[1595/1669] Compiling Crypto Digest.swift
[1596/1669] Compiling Crypto Digests.swift
[1597/1676] Compiling Crypto ASN1OctetString.swift
[1598/1676] Compiling Crypto ASN1Strings.swift
[1599/1676] Compiling Crypto ArraySliceBigint.swift
[1600/1676] Compiling Crypto GeneralizedTime.swift
[1601/1676] Compiling Crypto ObjectIdentifier.swift
[1602/1676] Compiling Crypto ECDSASignature.swift
[1603/1676] Compiling Crypto PEMDocument.swift
[1604/1677] Compiling Crypto PKCS8PrivateKey.swift
[1605/1677] Compiling Crypto SEC1PrivateKey.swift
[1606/1677] Compiling Crypto SubjectPublicKeyInfo.swift
[1607/1677] Compiling Crypto CryptoError_boring.swift
[1608/1677] Compiling Crypto CryptoKitErrors.swift
[1611/1677] Compiling Crypto HPKE-KEM.swift
[1612/1677] Compiling Crypto HPKE-Errors.swift
[1613/1677] Compiling Crypto HPKE.swift
[1614/1677] Compiling Crypto HPKE-Context.swift
[1615/1677] Compiling Crypto HPKE-KeySchedule.swift
[1616/1677] Compiling Crypto HPKE-Modes.swift
[1617/1677] Compiling Crypto Insecure.swift
[1618/1677] Compiling Crypto Insecure_HashFunctions.swift
[1620/1727] Compiling Crypto Cipher.swift
[1621/1727] Compiling Crypto Nonces.swift
[1622/1727] Compiling Crypto ASN1.swift
[1623/1727] Compiling Crypto ASN1Any.swift
[1624/1727] Compiling Crypto ASN1BitString.swift
[1625/1727] Compiling Crypto ASN1Boolean.swift
[1626/1727] Compiling Crypto ASN1Identifier.swift
[1627/1791] Compiling NIOCore NIOCoreSendableMetatype.swift
[1628/1791] Compiling NIOCore NIODecodedAsyncSequence.swift
[1629/1791] Compiling NIOCore NIOLoopBound.swift
[1630/1791] Compiling NIOCore NIOPooledRecvBufferAllocator.swift
[1631/1791] Compiling NIOCore NIOScheduledCallback.swift
[1632/1791] Compiling NIOCore NIOSendable.swift
[1633/1791] Compiling NIOCore NIOSplitLinesMessageDecoder.swift
[1634/1791] Compiling NIOCore EventLoopFuture.swift
[1635/1791] Compiling NIOCore FileDescriptor.swift
[1636/1791] Compiling NIOCore FileHandle.swift
[1637/1791] Compiling NIOCore FileRegion.swift
[1638/1791] Compiling NIOCore GlobalSingletons.swift
[1639/1791] Compiling NIOCore IO.swift
[1640/1791] Compiling NIOCore IOData.swift
[1642/1792] Compiling NIOCore ChannelInvoker.swift
/host/spi-builder-workspace/.build/checkouts/swift-crypto/Sources/Crypto/CryptoKitErrors.swift:19:2: error: unknown attribute 'nonexhaustive'
17 | #else
18 | /// General cryptography errors used by CryptoKit.
19 | @nonexhaustive
| `- error: unknown attribute 'nonexhaustive'
20 | public enum CryptoKitError: Error {
21 | /// The key size is incorrect.
/host/spi-builder-workspace/.build/checkouts/swift-crypto/Sources/Crypto/CryptoKitErrors.swift:41:2: error: unknown attribute 'nonexhaustive'
39 |
40 | /// Errors from decoding ASN.1 content.
41 | @nonexhaustive
| `- error: unknown attribute 'nonexhaustive'
42 | public enum CryptoKitASN1Error: Equatable, Error, Hashable {
43 | /// The ASN.1 tag for this field is invalid or unsupported.
[1643/1792] Compiling NIOCore ChannelOption.swift
/host/spi-builder-workspace/.build/checkouts/swift-crypto/Sources/Crypto/CryptoKitErrors.swift:19:2: error: unknown attribute 'nonexhaustive'
17 | #else
18 | /// General cryptography errors used by CryptoKit.
19 | @nonexhaustive
| `- error: unknown attribute 'nonexhaustive'
20 | public enum CryptoKitError: Error {
21 | /// The key size is incorrect.
/host/spi-builder-workspace/.build/checkouts/swift-crypto/Sources/Crypto/CryptoKitErrors.swift:41:2: error: unknown attribute 'nonexhaustive'
39 |
40 | /// Errors from decoding ASN.1 content.
41 | @nonexhaustive
| `- error: unknown attribute 'nonexhaustive'
42 | public enum CryptoKitASN1Error: Equatable, Error, Hashable {
43 | /// The ASN.1 tag for this field is invalid or unsupported.
[1644/1792] Compiling NIOCore ChannelPipeline.swift
/host/spi-builder-workspace/.build/checkouts/swift-crypto/Sources/Crypto/CryptoKitErrors.swift:19:2: error: unknown attribute 'nonexhaustive'
17 | #else
18 | /// General cryptography errors used by CryptoKit.
19 | @nonexhaustive
| `- error: unknown attribute 'nonexhaustive'
20 | public enum CryptoKitError: Error {
21 | /// The key size is incorrect.
/host/spi-builder-workspace/.build/checkouts/swift-crypto/Sources/Crypto/CryptoKitErrors.swift:41:2: error: unknown attribute 'nonexhaustive'
39 |
40 | /// Errors from decoding ASN.1 content.
41 | @nonexhaustive
| `- error: unknown attribute 'nonexhaustive'
42 | public enum CryptoKitASN1Error: Equatable, Error, Hashable {
43 | /// The ASN.1 tag for this field is invalid or unsupported.
[1645/1792] Compiling NIOCore CircularBuffer.swift
/host/spi-builder-workspace/.build/checkouts/swift-crypto/Sources/Crypto/CryptoKitErrors.swift:19:2: error: unknown attribute 'nonexhaustive'
17 | #else
18 | /// General cryptography errors used by CryptoKit.
19 | @nonexhaustive
| `- error: unknown attribute 'nonexhaustive'
20 | public enum CryptoKitError: Error {
21 | /// The key size is incorrect.
/host/spi-builder-workspace/.build/checkouts/swift-crypto/Sources/Crypto/CryptoKitErrors.swift:41:2: error: unknown attribute 'nonexhaustive'
39 |
40 | /// Errors from decoding ASN.1 content.
41 | @nonexhaustive
| `- error: unknown attribute 'nonexhaustive'
42 | public enum CryptoKitASN1Error: Equatable, Error, Hashable {
43 | /// The ASN.1 tag for this field is invalid or unsupported.
[1646/1792] Compiling NIOCore Codec.swift
/host/spi-builder-workspace/.build/checkouts/swift-crypto/Sources/Crypto/CryptoKitErrors.swift:19:2: error: unknown attribute 'nonexhaustive'
17 | #else
18 | /// General cryptography errors used by CryptoKit.
19 | @nonexhaustive
| `- error: unknown attribute 'nonexhaustive'
20 | public enum CryptoKitError: Error {
21 | /// The key size is incorrect.
/host/spi-builder-workspace/.build/checkouts/swift-crypto/Sources/Crypto/CryptoKitErrors.swift:41:2: error: unknown attribute 'nonexhaustive'
39 |
40 | /// Errors from decoding ASN.1 content.
41 | @nonexhaustive
| `- error: unknown attribute 'nonexhaustive'
42 | public enum CryptoKitASN1Error: Equatable, Error, Hashable {
43 | /// The ASN.1 tag for this field is invalid or unsupported.
[1647/1792] Compiling NIOCore ConvenienceOptionSupport.swift
/host/spi-builder-workspace/.build/checkouts/swift-crypto/Sources/Crypto/CryptoKitErrors.swift:19:2: error: unknown attribute 'nonexhaustive'
17 | #else
18 | /// General cryptography errors used by CryptoKit.
19 | @nonexhaustive
| `- error: unknown attribute 'nonexhaustive'
20 | public enum CryptoKitError: Error {
21 | /// The key size is incorrect.
/host/spi-builder-workspace/.build/checkouts/swift-crypto/Sources/Crypto/CryptoKitErrors.swift:41:2: error: unknown attribute 'nonexhaustive'
39 |
40 | /// Errors from decoding ASN.1 content.
41 | @nonexhaustive
| `- error: unknown attribute 'nonexhaustive'
42 | public enum CryptoKitASN1Error: Equatable, Error, Hashable {
43 | /// The ASN.1 tag for this field is invalid or unsupported.
[1648/1792] Compiling NIOCore DeadChannel.swift
/host/spi-builder-workspace/.build/checkouts/swift-crypto/Sources/Crypto/CryptoKitErrors.swift:19:2: error: unknown attribute 'nonexhaustive'
17 | #else
18 | /// General cryptography errors used by CryptoKit.
19 | @nonexhaustive
| `- error: unknown attribute 'nonexhaustive'
20 | public enum CryptoKitError: Error {
21 | /// The key size is incorrect.
/host/spi-builder-workspace/.build/checkouts/swift-crypto/Sources/Crypto/CryptoKitErrors.swift:41:2: error: unknown attribute 'nonexhaustive'
39 |
40 | /// Errors from decoding ASN.1 content.
41 | @nonexhaustive
| `- error: unknown attribute 'nonexhaustive'
42 | public enum CryptoKitASN1Error: Equatable, Error, Hashable {
43 | /// The ASN.1 tag for this field is invalid or unsupported.
[1649/1792] Compiling NIOCore DispatchQueue+WithFuture.swift
/host/spi-builder-workspace/.build/checkouts/swift-crypto/Sources/Crypto/CryptoKitErrors.swift:19:2: error: unknown attribute 'nonexhaustive'
17 | #else
18 | /// General cryptography errors used by CryptoKit.
19 | @nonexhaustive
| `- error: unknown attribute 'nonexhaustive'
20 | public enum CryptoKitError: Error {
21 | /// The key size is incorrect.
/host/spi-builder-workspace/.build/checkouts/swift-crypto/Sources/Crypto/CryptoKitErrors.swift:41:2: error: unknown attribute 'nonexhaustive'
39 |
40 | /// Errors from decoding ASN.1 content.
41 | @nonexhaustive
| `- error: unknown attribute 'nonexhaustive'
42 | public enum CryptoKitASN1Error: Equatable, Error, Hashable {
43 | /// The ASN.1 tag for this field is invalid or unsupported.
[1650/1792] Compiling NIOCore EventLoop+Deprecated.swift
/host/spi-builder-workspace/.build/checkouts/swift-crypto/Sources/Crypto/CryptoKitErrors.swift:19:2: error: unknown attribute 'nonexhaustive'
17 | #else
18 | /// General cryptography errors used by CryptoKit.
19 | @nonexhaustive
| `- error: unknown attribute 'nonexhaustive'
20 | public enum CryptoKitError: Error {
21 | /// The key size is incorrect.
/host/spi-builder-workspace/.build/checkouts/swift-crypto/Sources/Crypto/CryptoKitErrors.swift:41:2: error: unknown attribute 'nonexhaustive'
39 |
40 | /// Errors from decoding ASN.1 content.
41 | @nonexhaustive
| `- error: unknown attribute 'nonexhaustive'
42 | public enum CryptoKitASN1Error: Equatable, Error, Hashable {
43 | /// The ASN.1 tag for this field is invalid or unsupported.
[1651/1792] Compiling NIOCore EventLoop+SerialExecutor.swift
/host/spi-builder-workspace/.build/checkouts/swift-crypto/Sources/Crypto/CryptoKitErrors.swift:19:2: error: unknown attribute 'nonexhaustive'
17 | #else
18 | /// General cryptography errors used by CryptoKit.
19 | @nonexhaustive
| `- error: unknown attribute 'nonexhaustive'
20 | public enum CryptoKitError: Error {
21 | /// The key size is incorrect.
/host/spi-builder-workspace/.build/checkouts/swift-crypto/Sources/Crypto/CryptoKitErrors.swift:41:2: error: unknown attribute 'nonexhaustive'
39 |
40 | /// Errors from decoding ASN.1 content.
41 | @nonexhaustive
| `- error: unknown attribute 'nonexhaustive'
42 | public enum CryptoKitASN1Error: Equatable, Error, Hashable {
43 | /// The ASN.1 tag for this field is invalid or unsupported.
[1652/1792] Compiling NIOCore EventLoop.swift
/host/spi-builder-workspace/.build/checkouts/swift-crypto/Sources/Crypto/CryptoKitErrors.swift:19:2: error: unknown attribute 'nonexhaustive'
17 | #else
18 | /// General cryptography errors used by CryptoKit.
19 | @nonexhaustive
| `- error: unknown attribute 'nonexhaustive'
20 | public enum CryptoKitError: Error {
21 | /// The key size is incorrect.
/host/spi-builder-workspace/.build/checkouts/swift-crypto/Sources/Crypto/CryptoKitErrors.swift:41:2: error: unknown attribute 'nonexhaustive'
39 |
40 | /// Errors from decoding ASN.1 content.
41 | @nonexhaustive
| `- error: unknown attribute 'nonexhaustive'
42 | public enum CryptoKitASN1Error: Equatable, Error, Hashable {
43 | /// The ASN.1 tag for this field is invalid or unsupported.
[1653/1792] Compiling NIOCore EventLoopFuture+AssumeIsolated.swift
/host/spi-builder-workspace/.build/checkouts/swift-crypto/Sources/Crypto/CryptoKitErrors.swift:19:2: error: unknown attribute 'nonexhaustive'
17 | #else
18 | /// General cryptography errors used by CryptoKit.
19 | @nonexhaustive
| `- error: unknown attribute 'nonexhaustive'
20 | public enum CryptoKitError: Error {
21 | /// The key size is incorrect.
/host/spi-builder-workspace/.build/checkouts/swift-crypto/Sources/Crypto/CryptoKitErrors.swift:41:2: error: unknown attribute 'nonexhaustive'
39 |
40 | /// Errors from decoding ASN.1 content.
41 | @nonexhaustive
| `- error: unknown attribute 'nonexhaustive'
42 | public enum CryptoKitASN1Error: Equatable, Error, Hashable {
43 | /// The ASN.1 tag for this field is invalid or unsupported.
[1654/1813] Emitting module Algorithms
[1655/1814] Compiling ServiceLifecycle Service.swift
[1657/1815] Compiling ServiceLifecycle ClosureService.swift
[1658/1815] Compiling ServiceLifecycle GracefulShutdown.swift
[1659/1815] Compiling ServiceLifecycle CancellationWaiter.swift
[1660/1815] Compiling ServiceLifecycle AsyncCancelOnGracefulShutdownSequence.swift
[1661/1815] Compiling ServiceLifecycle AsyncGracefulShutdownSequence.swift
/host/spi-builder-workspace/.build/checkouts/swift-crypto/Sources/Crypto/HPKE/Ciphersuite/HPKE-AEAD.swift:27:6: error: unknown attribute 'nonexhaustive'
25 | extension HPKE {
26 | /// The authenticated encryption with associated data (AEAD) algorithms to use in HPKE.
27 | @nonexhaustive
| `- error: unknown attribute 'nonexhaustive'
28 | public enum AEAD: CaseIterable, Hashable, Sendable {
29 | /// An Advanced Encryption Standard cipher in Galois/Counter Mode with a key length of 128 bits.
/host/spi-builder-workspace/.build/checkouts/swift-crypto/Sources/Crypto/HPKE/Ciphersuite/HPKE-KDF.swift:27:6: error: unknown attribute 'nonexhaustive'
25 | extension HPKE {
26 | /// The key derivation functions to use in HPKE.
27 | @nonexhaustive
| `- error: unknown attribute 'nonexhaustive'
28 | public enum KDF: CaseIterable, Hashable, Sendable {
29 | /// An HMAC-based key derivation function that uses SHA-2 hashing with a 256-bit digest.
/host/spi-builder-workspace/.build/checkouts/swift-crypto/Sources/Crypto/HPKE/Ciphersuite/HPKE-AEAD.swift:27:6: error: unknown attribute 'nonexhaustive'
25 | extension HPKE {
26 | /// The authenticated encryption with associated data (AEAD) algorithms to use in HPKE.
27 | @nonexhaustive
| `- error: unknown attribute 'nonexhaustive'
28 | public enum AEAD: CaseIterable, Hashable, Sendable {
29 | /// An Advanced Encryption Standard cipher in Galois/Counter Mode with a key length of 128 bits.
/host/spi-builder-workspace/.build/checkouts/swift-crypto/Sources/Crypto/HPKE/Ciphersuite/HPKE-KDF.swift:27:6: error: unknown attribute 'nonexhaustive'
25 | extension HPKE {
26 | /// The key derivation functions to use in HPKE.
27 | @nonexhaustive
| `- error: unknown attribute 'nonexhaustive'
28 | public enum KDF: CaseIterable, Hashable, Sendable {
29 | /// An HMAC-based key derivation function that uses SHA-2 hashing with a 256-bit digest.
[1664/1815] Compiling NIOCore AsyncChannel.swift
/host/spi-builder-workspace/.build/checkouts/swift-crypto/Sources/Crypto/HPKE/Ciphersuite/HPKE-AEAD.swift:27:6: error: unknown attribute 'nonexhaustive'
25 | extension HPKE {
26 | /// The authenticated encryption with associated data (AEAD) algorithms to use in HPKE.
27 | @nonexhaustive
| `- error: unknown attribute 'nonexhaustive'
28 | public enum AEAD: CaseIterable, Hashable, Sendable {
29 | /// An Advanced Encryption Standard cipher in Galois/Counter Mode with a key length of 128 bits.
/host/spi-builder-workspace/.build/checkouts/swift-crypto/Sources/Crypto/HPKE/Ciphersuite/HPKE-KDF.swift:27:6: error: unknown attribute 'nonexhaustive'
25 | extension HPKE {
26 | /// The key derivation functions to use in HPKE.
27 | @nonexhaustive
| `- error: unknown attribute 'nonexhaustive'
28 | public enum KDF: CaseIterable, Hashable, Sendable {
29 | /// An HMAC-based key derivation function that uses SHA-2 hashing with a 256-bit digest.
[1665/1815] Compiling NIOCore AsyncChannelHandler.swift
/host/spi-builder-workspace/.build/checkouts/swift-crypto/Sources/Crypto/HPKE/Ciphersuite/HPKE-AEAD.swift:27:6: error: unknown attribute 'nonexhaustive'
25 | extension HPKE {
26 | /// The authenticated encryption with associated data (AEAD) algorithms to use in HPKE.
27 | @nonexhaustive
| `- error: unknown attribute 'nonexhaustive'
28 | public enum AEAD: CaseIterable, Hashable, Sendable {
29 | /// An Advanced Encryption Standard cipher in Galois/Counter Mode with a key length of 128 bits.
/host/spi-builder-workspace/.build/checkouts/swift-crypto/Sources/Crypto/HPKE/Ciphersuite/HPKE-KDF.swift:27:6: error: unknown attribute 'nonexhaustive'
25 | extension HPKE {
26 | /// The key derivation functions to use in HPKE.
27 | @nonexhaustive
| `- error: unknown attribute 'nonexhaustive'
28 | public enum KDF: CaseIterable, Hashable, Sendable {
29 | /// An HMAC-based key derivation function that uses SHA-2 hashing with a 256-bit digest.
[1666/1815] Compiling NIOCore AsyncChannelInboundStream.swift
/host/spi-builder-workspace/.build/checkouts/swift-crypto/Sources/Crypto/HPKE/Ciphersuite/HPKE-AEAD.swift:27:6: error: unknown attribute 'nonexhaustive'
25 | extension HPKE {
26 | /// The authenticated encryption with associated data (AEAD) algorithms to use in HPKE.
27 | @nonexhaustive
| `- error: unknown attribute 'nonexhaustive'
28 | public enum AEAD: CaseIterable, Hashable, Sendable {
29 | /// An Advanced Encryption Standard cipher in Galois/Counter Mode with a key length of 128 bits.
/host/spi-builder-workspace/.build/checkouts/swift-crypto/Sources/Crypto/HPKE/Ciphersuite/HPKE-KDF.swift:27:6: error: unknown attribute 'nonexhaustive'
25 | extension HPKE {
26 | /// The key derivation functions to use in HPKE.
27 | @nonexhaustive
| `- error: unknown attribute 'nonexhaustive'
28 | public enum KDF: CaseIterable, Hashable, Sendable {
29 | /// An HMAC-based key derivation function that uses SHA-2 hashing with a 256-bit digest.
[1667/1815] Compiling NIOCore AsyncChannelOutboundWriter.swift
/host/spi-builder-workspace/.build/checkouts/swift-crypto/Sources/Crypto/HPKE/Ciphersuite/HPKE-AEAD.swift:27:6: error: unknown attribute 'nonexhaustive'
25 | extension HPKE {
26 | /// The authenticated encryption with associated data (AEAD) algorithms to use in HPKE.
27 | @nonexhaustive
| `- error: unknown attribute 'nonexhaustive'
28 | public enum AEAD: CaseIterable, Hashable, Sendable {
29 | /// An Advanced Encryption Standard cipher in Galois/Counter Mode with a key length of 128 bits.
/host/spi-builder-workspace/.build/checkouts/swift-crypto/Sources/Crypto/HPKE/Ciphersuite/HPKE-KDF.swift:27:6: error: unknown attribute 'nonexhaustive'
25 | extension HPKE {
26 | /// The key derivation functions to use in HPKE.
27 | @nonexhaustive
| `- error: unknown attribute 'nonexhaustive'
28 | public enum KDF: CaseIterable, Hashable, Sendable {
29 | /// An HMAC-based key derivation function that uses SHA-2 hashing with a 256-bit digest.
[1668/1815] Compiling NIOCore NIOAsyncSequenceProducer.swift
/host/spi-builder-workspace/.build/checkouts/swift-crypto/Sources/Crypto/HPKE/Ciphersuite/HPKE-AEAD.swift:27:6: error: unknown attribute 'nonexhaustive'
25 | extension HPKE {
26 | /// The authenticated encryption with associated data (AEAD) algorithms to use in HPKE.
27 | @nonexhaustive
| `- error: unknown attribute 'nonexhaustive'
28 | public enum AEAD: CaseIterable, Hashable, Sendable {
29 | /// An Advanced Encryption Standard cipher in Galois/Counter Mode with a key length of 128 bits.
/host/spi-builder-workspace/.build/checkouts/swift-crypto/Sources/Crypto/HPKE/Ciphersuite/HPKE-KDF.swift:27:6: error: unknown attribute 'nonexhaustive'
25 | extension HPKE {
26 | /// The key derivation functions to use in HPKE.
27 | @nonexhaustive
| `- error: unknown attribute 'nonexhaustive'
28 | public enum KDF: CaseIterable, Hashable, Sendable {
29 | /// An HMAC-based key derivation function that uses SHA-2 hashing with a 256-bit digest.
[1669/1815] Compiling NIOCore NIOAsyncSequenceProducerStrategies.swift
/host/spi-builder-workspace/.build/checkouts/swift-crypto/Sources/Crypto/HPKE/Ciphersuite/HPKE-AEAD.swift:27:6: error: unknown attribute 'nonexhaustive'
25 | extension HPKE {
26 | /// The authenticated encryption with associated data (AEAD) algorithms to use in HPKE.
27 | @nonexhaustive
| `- error: unknown attribute 'nonexhaustive'
28 | public enum AEAD: CaseIterable, Hashable, Sendable {
29 | /// An Advanced Encryption Standard cipher in Galois/Counter Mode with a key length of 128 bits.
/host/spi-builder-workspace/.build/checkouts/swift-crypto/Sources/Crypto/HPKE/Ciphersuite/HPKE-KDF.swift:27:6: error: unknown attribute 'nonexhaustive'
25 | extension HPKE {
26 | /// The key derivation functions to use in HPKE.
27 | @nonexhaustive
| `- error: unknown attribute 'nonexhaustive'
28 | public enum KDF: CaseIterable, Hashable, Sendable {
29 | /// An HMAC-based key derivation function that uses SHA-2 hashing with a 256-bit digest.
[1670/1815] Compiling NIOCore NIOAsyncWriter.swift
/host/spi-builder-workspace/.build/checkouts/swift-crypto/Sources/Crypto/HPKE/Ciphersuite/HPKE-AEAD.swift:27:6: error: unknown attribute 'nonexhaustive'
25 | extension HPKE {
26 | /// The authenticated encryption with associated data (AEAD) algorithms to use in HPKE.
27 | @nonexhaustive
| `- error: unknown attribute 'nonexhaustive'
28 | public enum AEAD: CaseIterable, Hashable, Sendable {
29 | /// An Advanced Encryption Standard cipher in Galois/Counter Mode with a key length of 128 bits.
/host/spi-builder-workspace/.build/checkouts/swift-crypto/Sources/Crypto/HPKE/Ciphersuite/HPKE-KDF.swift:27:6: error: unknown attribute 'nonexhaustive'
25 | extension HPKE {
26 | /// The key derivation functions to use in HPKE.
27 | @nonexhaustive
| `- error: unknown attribute 'nonexhaustive'
28 | public enum KDF: CaseIterable, Hashable, Sendable {
29 | /// An HMAC-based key derivation function that uses SHA-2 hashing with a 256-bit digest.
[1671/1815] Compiling NIOCore NIOThrowingAsyncSequenceProducer.swift
/host/spi-builder-workspace/.build/checkouts/swift-crypto/Sources/Crypto/HPKE/Ciphersuite/HPKE-AEAD.swift:27:6: error: unknown attribute 'nonexhaustive'
25 | extension HPKE {
26 | /// The authenticated encryption with associated data (AEAD) algorithms to use in HPKE.
27 | @nonexhaustive
| `- error: unknown attribute 'nonexhaustive'
28 | public enum AEAD: CaseIterable, Hashable, Sendable {
29 | /// An Advanced Encryption Standard cipher in Galois/Counter Mode with a key length of 128 bits.
/host/spi-builder-workspace/.build/checkouts/swift-crypto/Sources/Crypto/HPKE/Ciphersuite/HPKE-KDF.swift:27:6: error: unknown attribute 'nonexhaustive'
25 | extension HPKE {
26 | /// The key derivation functions to use in HPKE.
27 | @nonexhaustive
| `- error: unknown attribute 'nonexhaustive'
28 | public enum KDF: CaseIterable, Hashable, Sendable {
29 | /// An HMAC-based key derivation function that uses SHA-2 hashing with a 256-bit digest.
[1672/1815] Compiling NIOCore BSDSocketAPI.swift
/host/spi-builder-workspace/.build/checkouts/swift-crypto/Sources/Crypto/HPKE/Ciphersuite/HPKE-AEAD.swift:27:6: error: unknown attribute 'nonexhaustive'
25 | extension HPKE {
26 | /// The authenticated encryption with associated data (AEAD) algorithms to use in HPKE.
27 | @nonexhaustive
| `- error: unknown attribute 'nonexhaustive'
28 | public enum AEAD: CaseIterable, Hashable, Sendable {
29 | /// An Advanced Encryption Standard cipher in Galois/Counter Mode with a key length of 128 bits.
/host/spi-builder-workspace/.build/checkouts/swift-crypto/Sources/Crypto/HPKE/Ciphersuite/HPKE-KDF.swift:27:6: error: unknown attribute 'nonexhaustive'
25 | extension HPKE {
26 | /// The key derivation functions to use in HPKE.
27 | @nonexhaustive
| `- error: unknown attribute 'nonexhaustive'
28 | public enum KDF: CaseIterable, Hashable, Sendable {
29 | /// An HMAC-based key derivation function that uses SHA-2 hashing with a 256-bit digest.
[1673/1815] Compiling NIOCore ByteBuffer-aux.swift
/host/spi-builder-workspace/.build/checkouts/swift-crypto/Sources/Crypto/HPKE/Ciphersuite/HPKE-AEAD.swift:27:6: error: unknown attribute 'nonexhaustive'
25 | extension HPKE {
26 | /// The authenticated encryption with associated data (AEAD) algorithms to use in HPKE.
27 | @nonexhaustive
| `- error: unknown attribute 'nonexhaustive'
28 | public enum AEAD: CaseIterable, Hashable, Sendable {
29 | /// An Advanced Encryption Standard cipher in Galois/Counter Mode with a key length of 128 bits.
/host/spi-builder-workspace/.build/checkouts/swift-crypto/Sources/Crypto/HPKE/Ciphersuite/HPKE-KDF.swift:27:6: error: unknown attribute 'nonexhaustive'
25 | extension HPKE {
26 | /// The key derivation functions to use in HPKE.
27 | @nonexhaustive
| `- error: unknown attribute 'nonexhaustive'
28 | public enum KDF: CaseIterable, Hashable, Sendable {
29 | /// An HMAC-based key derivation function that uses SHA-2 hashing with a 256-bit digest.
[1674/1815] Compiling NIOCore ByteBuffer-binaryEncodedLengthPrefix.swift
/host/spi-builder-workspace/.build/checkouts/swift-crypto/Sources/Crypto/HPKE/Ciphersuite/KEM/Conformances/DHKEM.swift:81:6: error: unknown attribute 'nonexhaustive'
79 | extension HPKE {
80 | /// A container for Diffie-Hellman key encapsulation mechanisms (KEMs).
81 | @nonexhaustive
| `- error: unknown attribute 'nonexhaustive'
82 | public enum DHKEM: Sendable {
83 | struct PublicKey<DHPK: HPKEDiffieHellmanPublicKey>: KEMPublicKey where DHPK == DHPK.EphemeralPrivateKey.PublicKey {
/host/spi-builder-workspace/.build/checkouts/swift-crypto/Sources/Crypto/HPKE/Ciphersuite/KEM/HPKE-KEM.swift:29:6: error: unknown attribute 'nonexhaustive'
27 | /// The module-lattice key encapsulation mechanism (ML-KEM) is designed to offer increased security in situations
28 | /// where an adversary uses a quantum computer.
29 | @nonexhaustive
| `- error: unknown attribute 'nonexhaustive'
30 | public enum KEM: CaseIterable, Hashable, Sendable {
31 | public static var allCases: [HPKE.KEM] {
/host/spi-builder-workspace/.build/checkouts/swift-crypto/Sources/Crypto/HPKE/HPKE-Errors.swift:27:6: error: unknown attribute 'nonexhaustive'
25 | extension HPKE {
26 | /// Hybrid public key encryption (HPKE) errors that CryptoKit uses.
27 | @nonexhaustive
| `- error: unknown attribute 'nonexhaustive'
28 | public enum Errors: Error {
29 | /// The parameters for initializing an HPKE sender or receiver are inconsistent.
/host/spi-builder-workspace/.build/checkouts/swift-crypto/Sources/Crypto/HPKE/HPKE.swift:53:2: error: unknown attribute 'nonexhaustive'
51 | /// ### Handling errors
52 | /// - ``Errors``
53 | @nonexhaustive
| `- error: unknown attribute 'nonexhaustive'
54 | public enum HPKE: Sendable {}
55 |
/host/spi-builder-workspace/.build/checkouts/swift-crypto/Sources/Crypto/Insecure/Insecure.swift:23:2: error: unknown attribute 'nonexhaustive'
21 | /// but the framework provides them for backward compatibility with older
22 | /// services that require them. For new services, avoid these algorithms.
23 | @nonexhaustive
| `- error: unknown attribute 'nonexhaustive'
24 | public enum Insecure: Sendable {}
25 | #endif // canImport(CryptoKit)
[1675/1815] Compiling NIOCore ByteBuffer-conversions.swift
/host/spi-builder-workspace/.build/checkouts/swift-crypto/Sources/Crypto/HPKE/Ciphersuite/KEM/Conformances/DHKEM.swift:81:6: error: unknown attribute 'nonexhaustive'
79 | extension HPKE {
80 | /// A container for Diffie-Hellman key encapsulation mechanisms (KEMs).
81 | @nonexhaustive
| `- error: unknown attribute 'nonexhaustive'
82 | public enum DHKEM: Sendable {
83 | struct PublicKey<DHPK: HPKEDiffieHellmanPublicKey>: KEMPublicKey where DHPK == DHPK.EphemeralPrivateKey.PublicKey {
/host/spi-builder-workspace/.build/checkouts/swift-crypto/Sources/Crypto/HPKE/Ciphersuite/KEM/HPKE-KEM.swift:29:6: error: unknown attribute 'nonexhaustive'
27 | /// The module-lattice key encapsulation mechanism (ML-KEM) is designed to offer increased security in situations
28 | /// where an adversary uses a quantum computer.
29 | @nonexhaustive
| `- error: unknown attribute 'nonexhaustive'
30 | public enum KEM: CaseIterable, Hashable, Sendable {
31 | public static var allCases: [HPKE.KEM] {
/host/spi-builder-workspace/.build/checkouts/swift-crypto/Sources/Crypto/HPKE/HPKE-Errors.swift:27:6: error: unknown attribute 'nonexhaustive'
25 | extension HPKE {
26 | /// Hybrid public key encryption (HPKE) errors that CryptoKit uses.
27 | @nonexhaustive
| `- error: unknown attribute 'nonexhaustive'
28 | public enum Errors: Error {
29 | /// The parameters for initializing an HPKE sender or receiver are inconsistent.
/host/spi-builder-workspace/.build/checkouts/swift-crypto/Sources/Crypto/HPKE/HPKE.swift:53:2: error: unknown attribute 'nonexhaustive'
51 | /// ### Handling errors
52 | /// - ``Errors``
53 | @nonexhaustive
| `- error: unknown attribute 'nonexhaustive'
54 | public enum HPKE: Sendable {}
55 |
/host/spi-builder-workspace/.build/checkouts/swift-crypto/Sources/Crypto/Insecure/Insecure.swift:23:2: error: unknown attribute 'nonexhaustive'
21 | /// but the framework provides them for backward compatibility with older
22 | /// services that require them. For new services, avoid these algorithms.
23 | @nonexhaustive
| `- error: unknown attribute 'nonexhaustive'
24 | public enum Insecure: Sendable {}
25 | #endif // canImport(CryptoKit)
[1676/1815] Compiling NIOCore ByteBuffer-core.swift
/host/spi-builder-workspace/.build/checkouts/swift-crypto/Sources/Crypto/HPKE/Ciphersuite/KEM/Conformances/DHKEM.swift:81:6: error: unknown attribute 'nonexhaustive'
79 | extension HPKE {
80 | /// A container for Diffie-Hellman key encapsulation mechanisms (KEMs).
81 | @nonexhaustive
| `- error: unknown attribute 'nonexhaustive'
82 | public enum DHKEM: Sendable {
83 | struct PublicKey<DHPK: HPKEDiffieHellmanPublicKey>: KEMPublicKey where DHPK == DHPK.EphemeralPrivateKey.PublicKey {
/host/spi-builder-workspace/.build/checkouts/swift-crypto/Sources/Crypto/HPKE/Ciphersuite/KEM/HPKE-KEM.swift:29:6: error: unknown attribute 'nonexhaustive'
27 | /// The module-lattice key encapsulation mechanism (ML-KEM) is designed to offer increased security in situations
28 | /// where an adversary uses a quantum computer.
29 | @nonexhaustive
| `- error: unknown attribute 'nonexhaustive'
30 | public enum KEM: CaseIterable, Hashable, Sendable {
31 | public static var allCases: [HPKE.KEM] {
/host/spi-builder-workspace/.build/checkouts/swift-crypto/Sources/Crypto/HPKE/HPKE-Errors.swift:27:6: error: unknown attribute 'nonexhaustive'
25 | extension HPKE {
26 | /// Hybrid public key encryption (HPKE) errors that CryptoKit uses.
27 | @nonexhaustive
| `- error: unknown attribute 'nonexhaustive'
28 | public enum Errors: Error {
29 | /// The parameters for initializing an HPKE sender or receiver are inconsistent.
/host/spi-builder-workspace/.build/checkouts/swift-crypto/Sources/Crypto/HPKE/HPKE.swift:53:2: error: unknown attribute 'nonexhaustive'
51 | /// ### Handling errors
52 | /// - ``Errors``
53 | @nonexhaustive
| `- error: unknown attribute 'nonexhaustive'
54 | public enum HPKE: Sendable {}
55 |
/host/spi-builder-workspace/.build/checkouts/swift-crypto/Sources/Crypto/Insecure/Insecure.swift:23:2: error: unknown attribute 'nonexhaustive'
21 | /// but the framework provides them for backward compatibility with older
22 | /// services that require them. For new services, avoid these algorithms.
23 | @nonexhaustive
| `- error: unknown attribute 'nonexhaustive'
24 | public enum Insecure: Sendable {}
25 | #endif // canImport(CryptoKit)
[1677/1815] Compiling NIOCore ByteBuffer-hex.swift
/host/spi-builder-workspace/.build/checkouts/swift-crypto/Sources/Crypto/HPKE/Ciphersuite/KEM/Conformances/DHKEM.swift:81:6: error: unknown attribute 'nonexhaustive'
79 | extension HPKE {
80 | /// A container for Diffie-Hellman key encapsulation mechanisms (KEMs).
81 | @nonexhaustive
| `- error: unknown attribute 'nonexhaustive'
82 | public enum DHKEM: Sendable {
83 | struct PublicKey<DHPK: HPKEDiffieHellmanPublicKey>: KEMPublicKey where DHPK == DHPK.EphemeralPrivateKey.PublicKey {
/host/spi-builder-workspace/.build/checkouts/swift-crypto/Sources/Crypto/HPKE/Ciphersuite/KEM/HPKE-KEM.swift:29:6: error: unknown attribute 'nonexhaustive'
27 | /// The module-lattice key encapsulation mechanism (ML-KEM) is designed to offer increased security in situations
28 | /// where an adversary uses a quantum computer.
29 | @nonexhaustive
| `- error: unknown attribute 'nonexhaustive'
30 | public enum KEM: CaseIterable, Hashable, Sendable {
31 | public static var allCases: [HPKE.KEM] {
/host/spi-builder-workspace/.build/checkouts/swift-crypto/Sources/Crypto/HPKE/HPKE-Errors.swift:27:6: error: unknown attribute 'nonexhaustive'
25 | extension HPKE {
26 | /// Hybrid public key encryption (HPKE) errors that CryptoKit uses.
27 | @nonexhaustive
| `- error: unknown attribute 'nonexhaustive'
28 | public enum Errors: Error {
29 | /// The parameters for initializing an HPKE sender or receiver are inconsistent.
/host/spi-builder-workspace/.build/checkouts/swift-crypto/Sources/Crypto/HPKE/HPKE.swift:53:2: error: unknown attribute 'nonexhaustive'
51 | /// ### Handling errors
52 | /// - ``Errors``
53 | @nonexhaustive
| `- error: unknown attribute 'nonexhaustive'
54 | public enum HPKE: Sendable {}
55 |
/host/spi-builder-workspace/.build/checkouts/swift-crypto/Sources/Crypto/Insecure/Insecure.swift:23:2: error: unknown attribute 'nonexhaustive'
21 | /// but the framework provides them for backward compatibility with older
22 | /// services that require them. For new services, avoid these algorithms.
23 | @nonexhaustive
| `- error: unknown attribute 'nonexhaustive'
24 | public enum Insecure: Sendable {}
25 | #endif // canImport(CryptoKit)
[1678/1815] Compiling NIOCore ByteBuffer-int.swift
/host/spi-builder-workspace/.build/checkouts/swift-crypto/Sources/Crypto/HPKE/Ciphersuite/KEM/Conformances/DHKEM.swift:81:6: error: unknown attribute 'nonexhaustive'
79 | extension HPKE {
80 | /// A container for Diffie-Hellman key encapsulation mechanisms (KEMs).
81 | @nonexhaustive
| `- error: unknown attribute 'nonexhaustive'
82 | public enum DHKEM: Sendable {
83 | struct PublicKey<DHPK: HPKEDiffieHellmanPublicKey>: KEMPublicKey where DHPK == DHPK.EphemeralPrivateKey.PublicKey {
/host/spi-builder-workspace/.build/checkouts/swift-crypto/Sources/Crypto/HPKE/Ciphersuite/KEM/HPKE-KEM.swift:29:6: error: unknown attribute 'nonexhaustive'
27 | /// The module-lattice key encapsulation mechanism (ML-KEM) is designed to offer increased security in situations
28 | /// where an adversary uses a quantum computer.
29 | @nonexhaustive
| `- error: unknown attribute 'nonexhaustive'
30 | public enum KEM: CaseIterable, Hashable, Sendable {
31 | public static var allCases: [HPKE.KEM] {
/host/spi-builder-workspace/.build/checkouts/swift-crypto/Sources/Crypto/HPKE/HPKE-Errors.swift:27:6: error: unknown attribute 'nonexhaustive'
25 | extension HPKE {
26 | /// Hybrid public key encryption (HPKE) errors that CryptoKit uses.
27 | @nonexhaustive
| `- error: unknown attribute 'nonexhaustive'
28 | public enum Errors: Error {
29 | /// The parameters for initializing an HPKE sender or receiver are inconsistent.
/host/spi-builder-workspace/.build/checkouts/swift-crypto/Sources/Crypto/HPKE/HPKE.swift:53:2: error: unknown attribute 'nonexhaustive'
51 | /// ### Handling errors
52 | /// - ``Errors``
53 | @nonexhaustive
| `- error: unknown attribute 'nonexhaustive'
54 | public enum HPKE: Sendable {}
55 |
/host/spi-builder-workspace/.build/checkouts/swift-crypto/Sources/Crypto/Insecure/Insecure.swift:23:2: error: unknown attribute 'nonexhaustive'
21 | /// but the framework provides them for backward compatibility with older
22 | /// services that require them. For new services, avoid these algorithms.
23 | @nonexhaustive
| `- error: unknown attribute 'nonexhaustive'
24 | public enum Insecure: Sendable {}
25 | #endif // canImport(CryptoKit)
[1679/1815] Compiling NIOCore ByteBuffer-lengthPrefix.swift
/host/spi-builder-workspace/.build/checkouts/swift-crypto/Sources/Crypto/HPKE/Ciphersuite/KEM/Conformances/DHKEM.swift:81:6: error: unknown attribute 'nonexhaustive'
79 | extension HPKE {
80 | /// A container for Diffie-Hellman key encapsulation mechanisms (KEMs).
81 | @nonexhaustive
| `- error: unknown attribute 'nonexhaustive'
82 | public enum DHKEM: Sendable {
83 | struct PublicKey<DHPK: HPKEDiffieHellmanPublicKey>: KEMPublicKey where DHPK == DHPK.EphemeralPrivateKey.PublicKey {
/host/spi-builder-workspace/.build/checkouts/swift-crypto/Sources/Crypto/HPKE/Ciphersuite/KEM/HPKE-KEM.swift:29:6: error: unknown attribute 'nonexhaustive'
27 | /// The module-lattice key encapsulation mechanism (ML-KEM) is designed to offer increased security in situations
28 | /// where an adversary uses a quantum computer.
29 | @nonexhaustive
| `- error: unknown attribute 'nonexhaustive'
30 | public enum KEM: CaseIterable, Hashable, Sendable {
31 | public static var allCases: [HPKE.KEM] {
/host/spi-builder-workspace/.build/checkouts/swift-crypto/Sources/Crypto/HPKE/HPKE-Errors.swift:27:6: error: unknown attribute 'nonexhaustive'
25 | extension HPKE {
26 | /// Hybrid public key encryption (HPKE) errors that CryptoKit uses.
27 | @nonexhaustive
| `- error: unknown attribute 'nonexhaustive'
28 | public enum Errors: Error {
29 | /// The parameters for initializing an HPKE sender or receiver are inconsistent.
/host/spi-builder-workspace/.build/checkouts/swift-crypto/Sources/Crypto/HPKE/HPKE.swift:53:2: error: unknown attribute 'nonexhaustive'
51 | /// ### Handling errors
52 | /// - ``Errors``
53 | @nonexhaustive
| `- error: unknown attribute 'nonexhaustive'
54 | public enum HPKE: Sendable {}
55 |
/host/spi-builder-workspace/.build/checkouts/swift-crypto/Sources/Crypto/Insecure/Insecure.swift:23:2: error: unknown attribute 'nonexhaustive'
21 | /// but the framework provides them for backward compatibility with older
22 | /// services that require them. For new services, avoid these algorithms.
23 | @nonexhaustive
| `- error: unknown attribute 'nonexhaustive'
24 | public enum Insecure: Sendable {}
25 | #endif // canImport(CryptoKit)
[1680/1815] Compiling NIOCore ByteBuffer-multi-int.swift
/host/spi-builder-workspace/.build/checkouts/swift-crypto/Sources/Crypto/HPKE/Ciphersuite/KEM/Conformances/DHKEM.swift:81:6: error: unknown attribute 'nonexhaustive'
79 | extension HPKE {
80 | /// A container for Diffie-Hellman key encapsulation mechanisms (KEMs).
81 | @nonexhaustive
| `- error: unknown attribute 'nonexhaustive'
82 | public enum DHKEM: Sendable {
83 | struct PublicKey<DHPK: HPKEDiffieHellmanPublicKey>: KEMPublicKey where DHPK == DHPK.EphemeralPrivateKey.PublicKey {
/host/spi-builder-workspace/.build/checkouts/swift-crypto/Sources/Crypto/HPKE/Ciphersuite/KEM/HPKE-KEM.swift:29:6: error: unknown attribute 'nonexhaustive'
27 | /// The module-lattice key encapsulation mechanism (ML-KEM) is designed to offer increased security in situations
28 | /// where an adversary uses a quantum computer.
29 | @nonexhaustive
| `- error: unknown attribute 'nonexhaustive'
30 | public enum KEM: CaseIterable, Hashable, Sendable {
31 | public static var allCases: [HPKE.KEM] {
/host/spi-builder-workspace/.build/checkouts/swift-crypto/Sources/Crypto/HPKE/HPKE-Errors.swift:27:6: error: unknown attribute 'nonexhaustive'
25 | extension HPKE {
26 | /// Hybrid public key encryption (HPKE) errors that CryptoKit uses.
27 | @nonexhaustive
| `- error: unknown attribute 'nonexhaustive'
28 | public enum Errors: Error {
29 | /// The parameters for initializing an HPKE sender or receiver are inconsistent.
/host/spi-builder-workspace/.build/checkouts/swift-crypto/Sources/Crypto/HPKE/HPKE.swift:53:2: error: unknown attribute 'nonexhaustive'
51 | /// ### Handling errors
52 | /// - ``Errors``
53 | @nonexhaustive
| `- error: unknown attribute 'nonexhaustive'
54 | public enum HPKE: Sendable {}
55 |
/host/spi-builder-workspace/.build/checkouts/swift-crypto/Sources/Crypto/Insecure/Insecure.swift:23:2: error: unknown attribute 'nonexhaustive'
21 | /// but the framework provides them for backward compatibility with older
22 | /// services that require them. For new services, avoid these algorithms.
23 | @nonexhaustive
| `- error: unknown attribute 'nonexhaustive'
24 | public enum Insecure: Sendable {}
25 | #endif // canImport(CryptoKit)
[1681/1815] Compiling NIOCore ByteBuffer-quicBinaryEncodingStrategy.swift
/host/spi-builder-workspace/.build/checkouts/swift-crypto/Sources/Crypto/HPKE/Ciphersuite/KEM/Conformances/DHKEM.swift:81:6: error: unknown attribute 'nonexhaustive'
79 | extension HPKE {
80 | /// A container for Diffie-Hellman key encapsulation mechanisms (KEMs).
81 | @nonexhaustive
| `- error: unknown attribute 'nonexhaustive'
82 | public enum DHKEM: Sendable {
83 | struct PublicKey<DHPK: HPKEDiffieHellmanPublicKey>: KEMPublicKey where DHPK == DHPK.EphemeralPrivateKey.PublicKey {
/host/spi-builder-workspace/.build/checkouts/swift-crypto/Sources/Crypto/HPKE/Ciphersuite/KEM/HPKE-KEM.swift:29:6: error: unknown attribute 'nonexhaustive'
27 | /// The module-lattice key encapsulation mechanism (ML-KEM) is designed to offer increased security in situations
28 | /// where an adversary uses a quantum computer.
29 | @nonexhaustive
| `- error: unknown attribute 'nonexhaustive'
30 | public enum KEM: CaseIterable, Hashable, Sendable {
31 | public static var allCases: [HPKE.KEM] {
/host/spi-builder-workspace/.build/checkouts/swift-crypto/Sources/Crypto/HPKE/HPKE-Errors.swift:27:6: error: unknown attribute 'nonexhaustive'
25 | extension HPKE {
26 | /// Hybrid public key encryption (HPKE) errors that CryptoKit uses.
27 | @nonexhaustive
| `- error: unknown attribute 'nonexhaustive'
28 | public enum Errors: Error {
29 | /// The parameters for initializing an HPKE sender or receiver are inconsistent.
/host/spi-builder-workspace/.build/checkouts/swift-crypto/Sources/Crypto/HPKE/HPKE.swift:53:2: error: unknown attribute 'nonexhaustive'
51 | /// ### Handling errors
52 | /// - ``Errors``
53 | @nonexhaustive
| `- error: unknown attribute 'nonexhaustive'
54 | public enum HPKE: Sendable {}
55 |
/host/spi-builder-workspace/.build/checkouts/swift-crypto/Sources/Crypto/Insecure/Insecure.swift:23:2: error: unknown attribute 'nonexhaustive'
21 | /// but the framework provides them for backward compatibility with older
22 | /// services that require them. For new services, avoid these algorithms.
23 | @nonexhaustive
| `- error: unknown attribute 'nonexhaustive'
24 | public enum Insecure: Sendable {}
25 | #endif // canImport(CryptoKit)
[1682/1815] Compiling NIOCore ByteBuffer-views.swift
/host/spi-builder-workspace/.build/checkouts/swift-crypto/Sources/Crypto/HPKE/Ciphersuite/KEM/Conformances/DHKEM.swift:81:6: error: unknown attribute 'nonexhaustive'
79 | extension HPKE {
80 | /// A container for Diffie-Hellman key encapsulation mechanisms (KEMs).
81 | @nonexhaustive
| `- error: unknown attribute 'nonexhaustive'
82 | public enum DHKEM: Sendable {
83 | struct PublicKey<DHPK: HPKEDiffieHellmanPublicKey>: KEMPublicKey where DHPK == DHPK.EphemeralPrivateKey.PublicKey {
/host/spi-builder-workspace/.build/checkouts/swift-crypto/Sources/Crypto/HPKE/Ciphersuite/KEM/HPKE-KEM.swift:29:6: error: unknown attribute 'nonexhaustive'
27 | /// The module-lattice key encapsulation mechanism (ML-KEM) is designed to offer increased security in situations
28 | /// where an adversary uses a quantum computer.
29 | @nonexhaustive
| `- error: unknown attribute 'nonexhaustive'
30 | public enum KEM: CaseIterable, Hashable, Sendable {
31 | public static var allCases: [HPKE.KEM] {
/host/spi-builder-workspace/.build/checkouts/swift-crypto/Sources/Crypto/HPKE/HPKE-Errors.swift:27:6: error: unknown attribute 'nonexhaustive'
25 | extension HPKE {
26 | /// Hybrid public key encryption (HPKE) errors that CryptoKit uses.
27 | @nonexhaustive
| `- error: unknown attribute 'nonexhaustive'
28 | public enum Errors: Error {
29 | /// The parameters for initializing an HPKE sender or receiver are inconsistent.
/host/spi-builder-workspace/.build/checkouts/swift-crypto/Sources/Crypto/HPKE/HPKE.swift:53:2: error: unknown attribute 'nonexhaustive'
51 | /// ### Handling errors
52 | /// - ``Errors``
53 | @nonexhaustive
| `- error: unknown attribute 'nonexhaustive'
54 | public enum HPKE: Sendable {}
55 |
/host/spi-builder-workspace/.build/checkouts/swift-crypto/Sources/Crypto/Insecure/Insecure.swift:23:2: error: unknown attribute 'nonexhaustive'
21 | /// but the framework provides them for backward compatibility with older
22 | /// services that require them. For new services, avoid these algorithms.
23 | @nonexhaustive
| `- error: unknown attribute 'nonexhaustive'
24 | public enum Insecure: Sendable {}
25 | #endif // canImport(CryptoKit)
[1683/1815] Compiling NIOCore Channel.swift
/host/spi-builder-workspace/.build/checkouts/swift-crypto/Sources/Crypto/HPKE/Ciphersuite/KEM/Conformances/DHKEM.swift:81:6: error: unknown attribute 'nonexhaustive'
79 | extension HPKE {
80 | /// A container for Diffie-Hellman key encapsulation mechanisms (KEMs).
81 | @nonexhaustive
| `- error: unknown attribute 'nonexhaustive'
82 | public enum DHKEM: Sendable {
83 | struct PublicKey<DHPK: HPKEDiffieHellmanPublicKey>: KEMPublicKey where DHPK == DHPK.EphemeralPrivateKey.PublicKey {
/host/spi-builder-workspace/.build/checkouts/swift-crypto/Sources/Crypto/HPKE/Ciphersuite/KEM/HPKE-KEM.swift:29:6: error: unknown attribute 'nonexhaustive'
27 | /// The module-lattice key encapsulation mechanism (ML-KEM) is designed to offer increased security in situations
28 | /// where an adversary uses a quantum computer.
29 | @nonexhaustive
| `- error: unknown attribute 'nonexhaustive'
30 | public enum KEM: CaseIterable, Hashable, Sendable {
31 | public static var allCases: [HPKE.KEM] {
/host/spi-builder-workspace/.build/checkouts/swift-crypto/Sources/Crypto/HPKE/HPKE-Errors.swift:27:6: error: unknown attribute 'nonexhaustive'
25 | extension HPKE {
26 | /// Hybrid public key encryption (HPKE) errors that CryptoKit uses.
27 | @nonexhaustive
| `- error: unknown attribute 'nonexhaustive'
28 | public enum Errors: Error {
29 | /// The parameters for initializing an HPKE sender or receiver are inconsistent.
/host/spi-builder-workspace/.build/checkouts/swift-crypto/Sources/Crypto/HPKE/HPKE.swift:53:2: error: unknown attribute 'nonexhaustive'
51 | /// ### Handling errors
52 | /// - ``Errors``
53 | @nonexhaustive
| `- error: unknown attribute 'nonexhaustive'
54 | public enum HPKE: Sendable {}
55 |
/host/spi-builder-workspace/.build/checkouts/swift-crypto/Sources/Crypto/Insecure/Insecure.swift:23:2: error: unknown attribute 'nonexhaustive'
21 | /// but the framework provides them for backward compatibility with older
22 | /// services that require them. For new services, avoid these algorithms.
23 | @nonexhaustive
| `- error: unknown attribute 'nonexhaustive'
24 | public enum Insecure: Sendable {}
25 | #endif // canImport(CryptoKit)
[1684/1815] Compiling NIOCore ChannelHandler.swift
/host/spi-builder-workspace/.build/checkouts/swift-crypto/Sources/Crypto/HPKE/Ciphersuite/KEM/Conformances/DHKEM.swift:81:6: error: unknown attribute 'nonexhaustive'
79 | extension HPKE {
80 | /// A container for Diffie-Hellman key encapsulation mechanisms (KEMs).
81 | @nonexhaustive
| `- error: unknown attribute 'nonexhaustive'
82 | public enum DHKEM: Sendable {
83 | struct PublicKey<DHPK: HPKEDiffieHellmanPublicKey>: KEMPublicKey where DHPK == DHPK.EphemeralPrivateKey.PublicKey {
/host/spi-builder-workspace/.build/checkouts/swift-crypto/Sources/Crypto/HPKE/Ciphersuite/KEM/HPKE-KEM.swift:29:6: error: unknown attribute 'nonexhaustive'
27 | /// The module-lattice key encapsulation mechanism (ML-KEM) is designed to offer increased security in situations
28 | /// where an adversary uses a quantum computer.
29 | @nonexhaustive
| `- error: unknown attribute 'nonexhaustive'
30 | public enum KEM: CaseIterable, Hashable, Sendable {
31 | public static var allCases: [HPKE.KEM] {
/host/spi-builder-workspace/.build/checkouts/swift-crypto/Sources/Crypto/HPKE/HPKE-Errors.swift:27:6: error: unknown attribute 'nonexhaustive'
25 | extension HPKE {
26 | /// Hybrid public key encryption (HPKE) errors that CryptoKit uses.
27 | @nonexhaustive
| `- error: unknown attribute 'nonexhaustive'
28 | public enum Errors: Error {
29 | /// The parameters for initializing an HPKE sender or receiver are inconsistent.
/host/spi-builder-workspace/.build/checkouts/swift-crypto/Sources/Crypto/HPKE/HPKE.swift:53:2: error: unknown attribute 'nonexhaustive'
51 | /// ### Handling errors
52 | /// - ``Errors``
53 | @nonexhaustive
| `- error: unknown attribute 'nonexhaustive'
54 | public enum HPKE: Sendable {}
55 |
/host/spi-builder-workspace/.build/checkouts/swift-crypto/Sources/Crypto/Insecure/Insecure.swift:23:2: error: unknown attribute 'nonexhaustive'
21 | /// but the framework provides them for backward compatibility with older
22 | /// services that require them. For new services, avoid these algorithms.
23 | @nonexhaustive
| `- error: unknown attribute 'nonexhaustive'
24 | public enum Insecure: Sendable {}
25 | #endif // canImport(CryptoKit)
[1685/1815] Compiling NIOCore ChannelHandlers.swift
/host/spi-builder-workspace/.build/checkouts/swift-crypto/Sources/Crypto/HPKE/Ciphersuite/KEM/Conformances/DHKEM.swift:81:6: error: unknown attribute 'nonexhaustive'
79 | extension HPKE {
80 | /// A container for Diffie-Hellman key encapsulation mechanisms (KEMs).
81 | @nonexhaustive
| `- error: unknown attribute 'nonexhaustive'
82 | public enum DHKEM: Sendable {
83 | struct PublicKey<DHPK: HPKEDiffieHellmanPublicKey>: KEMPublicKey where DHPK == DHPK.EphemeralPrivateKey.PublicKey {
/host/spi-builder-workspace/.build/checkouts/swift-crypto/Sources/Crypto/HPKE/Ciphersuite/KEM/HPKE-KEM.swift:29:6: error: unknown attribute 'nonexhaustive'
27 | /// The module-lattice key encapsulation mechanism (ML-KEM) is designed to offer increased security in situations
28 | /// where an adversary uses a quantum computer.
29 | @nonexhaustive
| `- error: unknown attribute 'nonexhaustive'
30 | public enum KEM: CaseIterable, Hashable, Sendable {
31 | public static var allCases: [HPKE.KEM] {
/host/spi-builder-workspace/.build/checkouts/swift-crypto/Sources/Crypto/HPKE/HPKE-Errors.swift:27:6: error: unknown attribute 'nonexhaustive'
25 | extension HPKE {
26 | /// Hybrid public key encryption (HPKE) errors that CryptoKit uses.
27 | @nonexhaustive
| `- error: unknown attribute 'nonexhaustive'
28 | public enum Errors: Error {
29 | /// The parameters for initializing an HPKE sender or receiver are inconsistent.
/host/spi-builder-workspace/.build/checkouts/swift-crypto/Sources/Crypto/HPKE/HPKE.swift:53:2: error: unknown attribute 'nonexhaustive'
51 | /// ### Handling errors
52 | /// - ``Errors``
53 | @nonexhaustive
| `- error: unknown attribute 'nonexhaustive'
54 | public enum HPKE: Sendable {}
55 |
/host/spi-builder-workspace/.build/checkouts/swift-crypto/Sources/Crypto/Insecure/Insecure.swift:23:2: error: unknown attribute 'nonexhaustive'
21 | /// but the framework provides them for backward compatibility with older
22 | /// services that require them. For new services, avoid these algorithms.
23 | @nonexhaustive
| `- error: unknown attribute 'nonexhaustive'
24 | public enum Insecure: Sendable {}
25 | #endif // canImport(CryptoKit)
[1686/1815] Compiling ServiceLifecycle ServiceRunnerError.swift
[1687/1815] Compiling ServiceLifecycle ServiceGroupConfiguration.swift
[1688/1815] Emitting module ServiceLifecycle
[1696/1815] Compiling NIOCore NIOTransportAccessibleChannelCore.swift
[1697/1815] Compiling NIOCore RecvByteBufferAllocator.swift
[1698/1823] Compiling Crypto MessageAuthenticationCode.swift
/host/spi-builder-workspace/.build/checkouts/swift-crypto/Sources/Crypto/PRF/AES.swift:19:2: error: unknown attribute 'nonexhaustive'
17 | #else
18 | /// A container for Advanced Encryption Standard (AES) ciphers.
19 | @nonexhaustive
| `- error: unknown attribute 'nonexhaustive'
20 | public enum AES: Sendable {
21 | static let blockSizeByteCount = 16
/host/spi-builder-workspace/.build/checkouts/swift-crypto/Sources/Crypto/Signatures/MLDSA.swift:29:2: error: unknown attribute 'nonexhaustive'
27 |
28 | /// The MLDSA65 Digital Signature Algorithm
29 | @nonexhaustive
| `- error: unknown attribute 'nonexhaustive'
30 | public enum MLDSA65: Sendable {}
31 |
/host/spi-builder-workspace/.build/checkouts/swift-crypto/Sources/Crypto/Signatures/MLDSA.swift:184:2: error: unknown attribute 'nonexhaustive'
182 |
183 | /// The MLDSA87 Digital Signature Algorithm
184 | @nonexhaustive
| `- error: unknown attribute 'nonexhaustive'
185 | public enum MLDSA87: Sendable {}
186 |
[1699/1823] Compiling Crypto AES.swift
/host/spi-builder-workspace/.build/checkouts/swift-crypto/Sources/Crypto/PRF/AES.swift:19:2: error: unknown attribute 'nonexhaustive'
17 | #else
18 | /// A container for Advanced Encryption Standard (AES) ciphers.
19 | @nonexhaustive
| `- error: unknown attribute 'nonexhaustive'
20 | public enum AES: Sendable {
21 | static let blockSizeByteCount = 16
/host/spi-builder-workspace/.build/checkouts/swift-crypto/Sources/Crypto/Signatures/MLDSA.swift:29:2: error: unknown attribute 'nonexhaustive'
27 |
28 | /// The MLDSA65 Digital Signature Algorithm
29 | @nonexhaustive
| `- error: unknown attribute 'nonexhaustive'
30 | public enum MLDSA65: Sendable {}
31 |
/host/spi-builder-workspace/.build/checkouts/swift-crypto/Sources/Crypto/Signatures/MLDSA.swift:184:2: error: unknown attribute 'nonexhaustive'
182 |
183 | /// The MLDSA87 Digital Signature Algorithm
184 | @nonexhaustive
| `- error: unknown attribute 'nonexhaustive'
185 | public enum MLDSA87: Sendable {}
186 |
[1700/1823] Compiling Crypto ECDSASignature_boring.swift
/host/spi-builder-workspace/.build/checkouts/swift-crypto/Sources/Crypto/PRF/AES.swift:19:2: error: unknown attribute 'nonexhaustive'
17 | #else
18 | /// A container for Advanced Encryption Standard (AES) ciphers.
19 | @nonexhaustive
| `- error: unknown attribute 'nonexhaustive'
20 | public enum AES: Sendable {
21 | static let blockSizeByteCount = 16
/host/spi-builder-workspace/.build/checkouts/swift-crypto/Sources/Crypto/Signatures/MLDSA.swift:29:2: error: unknown attribute 'nonexhaustive'
27 |
28 | /// The MLDSA65 Digital Signature Algorithm
29 | @nonexhaustive
| `- error: unknown attribute 'nonexhaustive'
30 | public enum MLDSA65: Sendable {}
31 |
/host/spi-builder-workspace/.build/checkouts/swift-crypto/Sources/Crypto/Signatures/MLDSA.swift:184:2: error: unknown attribute 'nonexhaustive'
182 |
183 | /// The MLDSA87 Digital Signature Algorithm
184 | @nonexhaustive
| `- error: unknown attribute 'nonexhaustive'
185 | public enum MLDSA87: Sendable {}
186 |
[1701/1823] Compiling Crypto ECDSA_boring.swift
/host/spi-builder-workspace/.build/checkouts/swift-crypto/Sources/Crypto/PRF/AES.swift:19:2: error: unknown attribute 'nonexhaustive'
17 | #else
18 | /// A container for Advanced Encryption Standard (AES) ciphers.
19 | @nonexhaustive
| `- error: unknown attribute 'nonexhaustive'
20 | public enum AES: Sendable {
21 | static let blockSizeByteCount = 16
/host/spi-builder-workspace/.build/checkouts/swift-crypto/Sources/Crypto/Signatures/MLDSA.swift:29:2: error: unknown attribute 'nonexhaustive'
27 |
28 | /// The MLDSA65 Digital Signature Algorithm
29 | @nonexhaustive
| `- error: unknown attribute 'nonexhaustive'
30 | public enum MLDSA65: Sendable {}
31 |
/host/spi-builder-workspace/.build/checkouts/swift-crypto/Sources/Crypto/Signatures/MLDSA.swift:184:2: error: unknown attribute 'nonexhaustive'
182 |
183 | /// The MLDSA87 Digital Signature Algorithm
184 | @nonexhaustive
| `- error: unknown attribute 'nonexhaustive'
185 | public enum MLDSA87: Sendable {}
186 |
[1702/1823] Compiling Crypto EdDSA_boring.swift
/host/spi-builder-workspace/.build/checkouts/swift-crypto/Sources/Crypto/PRF/AES.swift:19:2: error: unknown attribute 'nonexhaustive'
17 | #else
18 | /// A container for Advanced Encryption Standard (AES) ciphers.
19 | @nonexhaustive
| `- error: unknown attribute 'nonexhaustive'
20 | public enum AES: Sendable {
21 | static let blockSizeByteCount = 16
/host/spi-builder-workspace/.build/checkouts/swift-crypto/Sources/Crypto/Signatures/MLDSA.swift:29:2: error: unknown attribute 'nonexhaustive'
27 |
28 | /// The MLDSA65 Digital Signature Algorithm
29 | @nonexhaustive
| `- error: unknown attribute 'nonexhaustive'
30 | public enum MLDSA65: Sendable {}
31 |
/host/spi-builder-workspace/.build/checkouts/swift-crypto/Sources/Crypto/Signatures/MLDSA.swift:184:2: error: unknown attribute 'nonexhaustive'
182 |
183 | /// The MLDSA87 Digital Signature Algorithm
184 | @nonexhaustive
| `- error: unknown attribute 'nonexhaustive'
185 | public enum MLDSA87: Sendable {}
186 |
[1703/1823] Compiling Crypto MLDSA_boring.swift
/host/spi-builder-workspace/.build/checkouts/swift-crypto/Sources/Crypto/PRF/AES.swift:19:2: error: unknown attribute 'nonexhaustive'
17 | #else
18 | /// A container for Advanced Encryption Standard (AES) ciphers.
19 | @nonexhaustive
| `- error: unknown attribute 'nonexhaustive'
20 | public enum AES: Sendable {
21 | static let blockSizeByteCount = 16
/host/spi-builder-workspace/.build/checkouts/swift-crypto/Sources/Crypto/Signatures/MLDSA.swift:29:2: error: unknown attribute 'nonexhaustive'
27 |
28 | /// The MLDSA65 Digital Signature Algorithm
29 | @nonexhaustive
| `- error: unknown attribute 'nonexhaustive'
30 | public enum MLDSA65: Sendable {}
31 |
/host/spi-builder-workspace/.build/checkouts/swift-crypto/Sources/Crypto/Signatures/MLDSA.swift:184:2: error: unknown attribute 'nonexhaustive'
182 |
183 | /// The MLDSA87 Digital Signature Algorithm
184 | @nonexhaustive
| `- error: unknown attribute 'nonexhaustive'
185 | public enum MLDSA87: Sendable {}
186 |
[1704/1823] Compiling Crypto MLDSA_wrapper.swift
/host/spi-builder-workspace/.build/checkouts/swift-crypto/Sources/Crypto/PRF/AES.swift:19:2: error: unknown attribute 'nonexhaustive'
17 | #else
18 | /// A container for Advanced Encryption Standard (AES) ciphers.
19 | @nonexhaustive
| `- error: unknown attribute 'nonexhaustive'
20 | public enum AES: Sendable {
21 | static let blockSizeByteCount = 16
/host/spi-builder-workspace/.build/checkouts/swift-crypto/Sources/Crypto/Signatures/MLDSA.swift:29:2: error: unknown attribute 'nonexhaustive'
27 |
28 | /// The MLDSA65 Digital Signature Algorithm
29 | @nonexhaustive
| `- error: unknown attribute 'nonexhaustive'
30 | public enum MLDSA65: Sendable {}
31 |
/host/spi-builder-workspace/.build/checkouts/swift-crypto/Sources/Crypto/Signatures/MLDSA.swift:184:2: error: unknown attribute 'nonexhaustive'
182 |
183 | /// The MLDSA87 Digital Signature Algorithm
184 | @nonexhaustive
| `- error: unknown attribute 'nonexhaustive'
185 | public enum MLDSA87: Sendable {}
186 |
[1705/1823] Compiling Crypto ECDSA.swift
/host/spi-builder-workspace/.build/checkouts/swift-crypto/Sources/Crypto/PRF/AES.swift:19:2: error: unknown attribute 'nonexhaustive'
17 | #else
18 | /// A container for Advanced Encryption Standard (AES) ciphers.
19 | @nonexhaustive
| `- error: unknown attribute 'nonexhaustive'
20 | public enum AES: Sendable {
21 | static let blockSizeByteCount = 16
/host/spi-builder-workspace/.build/checkouts/swift-crypto/Sources/Crypto/Signatures/MLDSA.swift:29:2: error: unknown attribute 'nonexhaustive'
27 |
28 | /// The MLDSA65 Digital Signature Algorithm
29 | @nonexhaustive
| `- error: unknown attribute 'nonexhaustive'
30 | public enum MLDSA65: Sendable {}
31 |
/host/spi-builder-workspace/.build/checkouts/swift-crypto/Sources/Crypto/Signatures/MLDSA.swift:184:2: error: unknown attribute 'nonexhaustive'
182 |
183 | /// The MLDSA87 Digital Signature Algorithm
184 | @nonexhaustive
| `- error: unknown attribute 'nonexhaustive'
185 | public enum MLDSA87: Sendable {}
186 |
[1706/1823] Compiling Crypto Ed25519.swift
/host/spi-builder-workspace/.build/checkouts/swift-crypto/Sources/Crypto/PRF/AES.swift:19:2: error: unknown attribute 'nonexhaustive'
17 | #else
18 | /// A container for Advanced Encryption Standard (AES) ciphers.
19 | @nonexhaustive
| `- error: unknown attribute 'nonexhaustive'
20 | public enum AES: Sendable {
21 | static let blockSizeByteCount = 16
/host/spi-builder-workspace/.build/checkouts/swift-crypto/Sources/Crypto/Signatures/MLDSA.swift:29:2: error: unknown attribute 'nonexhaustive'
27 |
28 | /// The MLDSA65 Digital Signature Algorithm
29 | @nonexhaustive
| `- error: unknown attribute 'nonexhaustive'
30 | public enum MLDSA65: Sendable {}
31 |
/host/spi-builder-workspace/.build/checkouts/swift-crypto/Sources/Crypto/Signatures/MLDSA.swift:184:2: error: unknown attribute 'nonexhaustive'
182 |
183 | /// The MLDSA87 Digital Signature Algorithm
184 | @nonexhaustive
| `- error: unknown attribute 'nonexhaustive'
185 | public enum MLDSA87: Sendable {}
186 |
[1707/1823] Compiling Crypto MLDSA.swift
/host/spi-builder-workspace/.build/checkouts/swift-crypto/Sources/Crypto/PRF/AES.swift:19:2: error: unknown attribute 'nonexhaustive'
17 | #else
18 | /// A container for Advanced Encryption Standard (AES) ciphers.
19 | @nonexhaustive
| `- error: unknown attribute 'nonexhaustive'
20 | public enum AES: Sendable {
21 | static let blockSizeByteCount = 16
/host/spi-builder-workspace/.build/checkouts/swift-crypto/Sources/Crypto/Signatures/MLDSA.swift:29:2: error: unknown attribute 'nonexhaustive'
27 |
28 | /// The MLDSA65 Digital Signature Algorithm
29 | @nonexhaustive
| `- error: unknown attribute 'nonexhaustive'
30 | public enum MLDSA65: Sendable {}
31 |
/host/spi-builder-workspace/.build/checkouts/swift-crypto/Sources/Crypto/Signatures/MLDSA.swift:184:2: error: unknown attribute 'nonexhaustive'
182 |
183 | /// The MLDSA87 Digital Signature Algorithm
184 | @nonexhaustive
| `- error: unknown attribute 'nonexhaustive'
185 | public enum MLDSA87: Sendable {}
186 |
[1708/1823] Compiling Crypto Signature.swift
/host/spi-builder-workspace/.build/checkouts/swift-crypto/Sources/Crypto/PRF/AES.swift:19:2: error: unknown attribute 'nonexhaustive'
17 | #else
18 | /// A container for Advanced Encryption Standard (AES) ciphers.
19 | @nonexhaustive
| `- error: unknown attribute 'nonexhaustive'
20 | public enum AES: Sendable {
21 | static let blockSizeByteCount = 16
/host/spi-builder-workspace/.build/checkouts/swift-crypto/Sources/Crypto/Signatures/MLDSA.swift:29:2: error: unknown attribute 'nonexhaustive'
27 |
28 | /// The MLDSA65 Digital Signature Algorithm
29 | @nonexhaustive
| `- error: unknown attribute 'nonexhaustive'
30 | public enum MLDSA65: Sendable {}
31 |
/host/spi-builder-workspace/.build/checkouts/swift-crypto/Sources/Crypto/Signatures/MLDSA.swift:184:2: error: unknown attribute 'nonexhaustive'
182 |
183 | /// The MLDSA87 Digital Signature Algorithm
184 | @nonexhaustive
| `- error: unknown attribute 'nonexhaustive'
185 | public enum MLDSA87: Sendable {}
186 |
[1709/1823] Compiling Crypto ArraySpanHelpers.swift
/host/spi-builder-workspace/.build/checkouts/swift-crypto/Sources/Crypto/PRF/AES.swift:19:2: error: unknown attribute 'nonexhaustive'
17 | #else
18 | /// A container for Advanced Encryption Standard (AES) ciphers.
19 | @nonexhaustive
| `- error: unknown attribute 'nonexhaustive'
20 | public enum AES: Sendable {
21 | static let blockSizeByteCount = 16
/host/spi-builder-workspace/.build/checkouts/swift-crypto/Sources/Crypto/Signatures/MLDSA.swift:29:2: error: unknown attribute 'nonexhaustive'
27 |
28 | /// The MLDSA65 Digital Signature Algorithm
29 | @nonexhaustive
| `- error: unknown attribute 'nonexhaustive'
30 | public enum MLDSA65: Sendable {}
31 |
/host/spi-builder-workspace/.build/checkouts/swift-crypto/Sources/Crypto/Signatures/MLDSA.swift:184:2: error: unknown attribute 'nonexhaustive'
182 |
183 | /// The MLDSA87 Digital Signature Algorithm
184 | @nonexhaustive
| `- error: unknown attribute 'nonexhaustive'
185 | public enum MLDSA87: Sendable {}
186 |
[1710/1823] Compiling NIOCore NIOAny.swift
/host/spi-builder-workspace/.build/checkouts/swift-crypto/Sources/Crypto/Key Wrapping/AESWrap.swift:30:6: error: unknown attribute 'nonexhaustive'
28 | /// An implementation of AES Key Wrapping in accordance with the IETF RFC
29 | /// 3394 specification.
30 | @nonexhaustive
| `- error: unknown attribute 'nonexhaustive'
31 | public enum KeyWrap: Sendable {
32 | /// Wraps a key using the AES wrap algorithm.
/host/spi-builder-workspace/.build/checkouts/swift-crypto/Sources/Crypto/Keys/EC/Curve25519.swift:19:2: error: unknown attribute 'nonexhaustive'
17 | #else
18 | /// An elliptic curve that enables X25519 key agreement and Ed25519 signatures.
19 | @nonexhaustive
| `- error: unknown attribute 'nonexhaustive'
20 | public enum Curve25519: Sendable {}
21 | #endif // canImport(CryptoKit)
/host/spi-builder-workspace/.build/checkouts/swift-crypto/Sources/Crypto/Keys/EC/Ed25519Keys.swift:33:6: error: unknown attribute 'nonexhaustive'
31 | /// A mechanism used to create or verify a cryptographic signature using
32 | /// Ed25519.
33 | @nonexhaustive
| `- error: unknown attribute 'nonexhaustive'
34 | public enum Signing: Sendable {
35 | typealias Curve25519PrivateKeyImpl = Curve25519.Signing.OpenSSLCurve25519PrivateKeyImpl
/host/spi-builder-workspace/.build/checkouts/swift-crypto/Sources/Crypto/Keys/EC/NISTCurvesKeys.swift:51:2: error: unknown attribute 'nonexhaustive'
49 |
50 | /// An elliptic curve that enables NIST P-256 signatures and key agreement.
51 | @nonexhaustive
| `- error: unknown attribute 'nonexhaustive'
52 | public enum P256: Sendable { }
53 |
/host/spi-builder-workspace/.build/checkouts/swift-crypto/Sources/Crypto/Keys/EC/NISTCurvesKeys.swift:55:2: error: unknown attribute 'nonexhaustive'
53 |
54 | /// An elliptic curve that enables NIST P-384 signatures and key agreement.
55 | @nonexhaustive
| `- error: unknown attribute 'nonexhaustive'
56 | public enum P384: Sendable { }
57 |
/host/spi-builder-workspace/.build/checkouts/swift-crypto/Sources/Crypto/Keys/EC/NISTCurvesKeys.swift:59:2: error: unknown attribute 'nonexhaustive'
57 |
58 | /// An elliptic curve that enables NIST P-521 signatures and key agreement.
59 | @nonexhaustive
| `- error: unknown attribute 'nonexhaustive'
60 | public enum P521: Sendable { }
61 | #endif // canImport(CryptoKit)
/host/spi-builder-workspace/.build/checkouts/swift-crypto/Sources/Crypto/Keys/EC/X25519Keys.swift:33:6: error: unknown attribute 'nonexhaustive'
31 | /// A mechanism used to create a shared secret between two users by
32 | /// performing X25519 key agreement.
33 | @nonexhaustive
| `- error: unknown attribute 'nonexhaustive'
34 | public enum KeyAgreement: Sendable {
35 | typealias Curve25519PrivateKeyImpl = Curve25519.KeyAgreement.OpenSSLCurve25519PrivateKeyImpl
[1711/1823] Compiling NIOCore NIOCloseOnErrorHandler.swift
/host/spi-builder-workspace/.build/checkouts/swift-crypto/Sources/Crypto/Key Wrapping/AESWrap.swift:30:6: error: unknown attribute 'nonexhaustive'
28 | /// An implementation of AES Key Wrapping in accordance with the IETF RFC
29 | /// 3394 specification.
30 | @nonexhaustive
| `- error: unknown attribute 'nonexhaustive'
31 | public enum KeyWrap: Sendable {
32 | /// Wraps a key using the AES wrap algorithm.
/host/spi-builder-workspace/.build/checkouts/swift-crypto/Sources/Crypto/Keys/EC/Curve25519.swift:19:2: error: unknown attribute 'nonexhaustive'
17 | #else
18 | /// An elliptic curve that enables X25519 key agreement and Ed25519 signatures.
19 | @nonexhaustive
| `- error: unknown attribute 'nonexhaustive'
20 | public enum Curve25519: Sendable {}
21 | #endif // canImport(CryptoKit)
/host/spi-builder-workspace/.build/checkouts/swift-crypto/Sources/Crypto/Keys/EC/Ed25519Keys.swift:33:6: error: unknown attribute 'nonexhaustive'
31 | /// A mechanism used to create or verify a cryptographic signature using
32 | /// Ed25519.
33 | @nonexhaustive
| `- error: unknown attribute 'nonexhaustive'
34 | public enum Signing: Sendable {
35 | typealias Curve25519PrivateKeyImpl = Curve25519.Signing.OpenSSLCurve25519PrivateKeyImpl
/host/spi-builder-workspace/.build/checkouts/swift-crypto/Sources/Crypto/Keys/EC/NISTCurvesKeys.swift:51:2: error: unknown attribute 'nonexhaustive'
49 |
50 | /// An elliptic curve that enables NIST P-256 signatures and key agreement.
51 | @nonexhaustive
| `- error: unknown attribute 'nonexhaustive'
52 | public enum P256: Sendable { }
53 |
/host/spi-builder-workspace/.build/checkouts/swift-crypto/Sources/Crypto/Keys/EC/NISTCurvesKeys.swift:55:2: error: unknown attribute 'nonexhaustive'
53 |
54 | /// An elliptic curve that enables NIST P-384 signatures and key agreement.
55 | @nonexhaustive
| `- error: unknown attribute 'nonexhaustive'
56 | public enum P384: Sendable { }
57 |
/host/spi-builder-workspace/.build/checkouts/swift-crypto/Sources/Crypto/Keys/EC/NISTCurvesKeys.swift:59:2: error: unknown attribute 'nonexhaustive'
57 |
58 | /// An elliptic curve that enables NIST P-521 signatures and key agreement.
59 | @nonexhaustive
| `- error: unknown attribute 'nonexhaustive'
60 | public enum P521: Sendable { }
61 | #endif // canImport(CryptoKit)
/host/spi-builder-workspace/.build/checkouts/swift-crypto/Sources/Crypto/Keys/EC/X25519Keys.swift:33:6: error: unknown attribute 'nonexhaustive'
31 | /// A mechanism used to create a shared secret between two users by
32 | /// performing X25519 key agreement.
33 | @nonexhaustive
| `- error: unknown attribute 'nonexhaustive'
34 | public enum KeyAgreement: Sendable {
35 | typealias Curve25519PrivateKeyImpl = Curve25519.KeyAgreement.OpenSSLCurve25519PrivateKeyImpl
[1712/1823] Compiling NIOCore SingleStepByteToMessageDecoder.swift
/host/spi-builder-workspace/.build/checkouts/swift-crypto/Sources/Crypto/Key Wrapping/AESWrap.swift:30:6: error: unknown attribute 'nonexhaustive'
28 | /// An implementation of AES Key Wrapping in accordance with the IETF RFC
29 | /// 3394 specification.
30 | @nonexhaustive
| `- error: unknown attribute 'nonexhaustive'
31 | public enum KeyWrap: Sendable {
32 | /// Wraps a key using the AES wrap algorithm.
/host/spi-builder-workspace/.build/checkouts/swift-crypto/Sources/Crypto/Keys/EC/Curve25519.swift:19:2: error: unknown attribute 'nonexhaustive'
17 | #else
18 | /// An elliptic curve that enables X25519 key agreement and Ed25519 signatures.
19 | @nonexhaustive
| `- error: unknown attribute 'nonexhaustive'
20 | public enum Curve25519: Sendable {}
21 | #endif // canImport(CryptoKit)
/host/spi-builder-workspace/.build/checkouts/swift-crypto/Sources/Crypto/Keys/EC/Ed25519Keys.swift:33:6: error: unknown attribute 'nonexhaustive'
31 | /// A mechanism used to create or verify a cryptographic signature using
32 | /// Ed25519.
33 | @nonexhaustive
| `- error: unknown attribute 'nonexhaustive'
34 | public enum Signing: Sendable {
35 | typealias Curve25519PrivateKeyImpl = Curve25519.Signing.OpenSSLCurve25519PrivateKeyImpl
/host/spi-builder-workspace/.build/checkouts/swift-crypto/Sources/Crypto/Keys/EC/NISTCurvesKeys.swift:51:2: error: unknown attribute 'nonexhaustive'
49 |
50 | /// An elliptic curve that enables NIST P-256 signatures and key agreement.
51 | @nonexhaustive
| `- error: unknown attribute 'nonexhaustive'
52 | public enum P256: Sendable { }
53 |
/host/spi-builder-workspace/.build/checkouts/swift-crypto/Sources/Crypto/Keys/EC/NISTCurvesKeys.swift:55:2: error: unknown attribute 'nonexhaustive'
53 |
54 | /// An elliptic curve that enables NIST P-384 signatures and key agreement.
55 | @nonexhaustive
| `- error: unknown attribute 'nonexhaustive'
56 | public enum P384: Sendable { }
57 |
/host/spi-builder-workspace/.build/checkouts/swift-crypto/Sources/Crypto/Keys/EC/NISTCurvesKeys.swift:59:2: error: unknown attribute 'nonexhaustive'
57 |
58 | /// An elliptic curve that enables NIST P-521 signatures and key agreement.
59 | @nonexhaustive
| `- error: unknown attribute 'nonexhaustive'
60 | public enum P521: Sendable { }
61 | #endif // canImport(CryptoKit)
/host/spi-builder-workspace/.build/checkouts/swift-crypto/Sources/Crypto/Keys/EC/X25519Keys.swift:33:6: error: unknown attribute 'nonexhaustive'
31 | /// A mechanism used to create a shared secret between two users by
32 | /// performing X25519 key agreement.
33 | @nonexhaustive
| `- error: unknown attribute 'nonexhaustive'
34 | public enum KeyAgreement: Sendable {
35 | typealias Curve25519PrivateKeyImpl = Curve25519.KeyAgreement.OpenSSLCurve25519PrivateKeyImpl
[1713/1823] Compiling NIOCore SocketAddresses.swift
/host/spi-builder-workspace/.build/checkouts/swift-crypto/Sources/Crypto/Key Wrapping/AESWrap.swift:30:6: error: unknown attribute 'nonexhaustive'
28 | /// An implementation of AES Key Wrapping in accordance with the IETF RFC
29 | /// 3394 specification.
30 | @nonexhaustive
| `- error: unknown attribute 'nonexhaustive'
31 | public enum KeyWrap: Sendable {
32 | /// Wraps a key using the AES wrap algorithm.
/host/spi-builder-workspace/.build/checkouts/swift-crypto/Sources/Crypto/Keys/EC/Curve25519.swift:19:2: error: unknown attribute 'nonexhaustive'
17 | #else
18 | /// An elliptic curve that enables X25519 key agreement and Ed25519 signatures.
19 | @nonexhaustive
| `- error: unknown attribute 'nonexhaustive'
20 | public enum Curve25519: Sendable {}
21 | #endif // canImport(CryptoKit)
/host/spi-builder-workspace/.build/checkouts/swift-crypto/Sources/Crypto/Keys/EC/Ed25519Keys.swift:33:6: error: unknown attribute 'nonexhaustive'
31 | /// A mechanism used to create or verify a cryptographic signature using
32 | /// Ed25519.
33 | @nonexhaustive
| `- error: unknown attribute 'nonexhaustive'
34 | public enum Signing: Sendable {
35 | typealias Curve25519PrivateKeyImpl = Curve25519.Signing.OpenSSLCurve25519PrivateKeyImpl
/host/spi-builder-workspace/.build/checkouts/swift-crypto/Sources/Crypto/Keys/EC/NISTCurvesKeys.swift:51:2: error: unknown attribute 'nonexhaustive'
49 |
50 | /// An elliptic curve that enables NIST P-256 signatures and key agreement.
51 | @nonexhaustive
| `- error: unknown attribute 'nonexhaustive'
52 | public enum P256: Sendable { }
53 |
/host/spi-builder-workspace/.build/checkouts/swift-crypto/Sources/Crypto/Keys/EC/NISTCurvesKeys.swift:55:2: error: unknown attribute 'nonexhaustive'
53 |
54 | /// An elliptic curve that enables NIST P-384 signatures and key agreement.
55 | @nonexhaustive
| `- error: unknown attribute 'nonexhaustive'
56 | public enum P384: Sendable { }
57 |
/host/spi-builder-workspace/.build/checkouts/swift-crypto/Sources/Crypto/Keys/EC/NISTCurvesKeys.swift:59:2: error: unknown attribute 'nonexhaustive'
57 |
58 | /// An elliptic curve that enables NIST P-521 signatures and key agreement.
59 | @nonexhaustive
| `- error: unknown attribute 'nonexhaustive'
60 | public enum P521: Sendable { }
61 | #endif // canImport(CryptoKit)
/host/spi-builder-workspace/.build/checkouts/swift-crypto/Sources/Crypto/Keys/EC/X25519Keys.swift:33:6: error: unknown attribute 'nonexhaustive'
31 | /// A mechanism used to create a shared secret between two users by
32 | /// performing X25519 key agreement.
33 | @nonexhaustive
| `- error: unknown attribute 'nonexhaustive'
34 | public enum KeyAgreement: Sendable {
35 | typealias Curve25519PrivateKeyImpl = Curve25519.KeyAgreement.OpenSSLCurve25519PrivateKeyImpl
[1714/1823] Compiling NIOCore SocketOptionProvider.swift
/host/spi-builder-workspace/.build/checkouts/swift-crypto/Sources/Crypto/Key Wrapping/AESWrap.swift:30:6: error: unknown attribute 'nonexhaustive'
28 | /// An implementation of AES Key Wrapping in accordance with the IETF RFC
29 | /// 3394 specification.
30 | @nonexhaustive
| `- error: unknown attribute 'nonexhaustive'
31 | public enum KeyWrap: Sendable {
32 | /// Wraps a key using the AES wrap algorithm.
/host/spi-builder-workspace/.build/checkouts/swift-crypto/Sources/Crypto/Keys/EC/Curve25519.swift:19:2: error: unknown attribute 'nonexhaustive'
17 | #else
18 | /// An elliptic curve that enables X25519 key agreement and Ed25519 signatures.
19 | @nonexhaustive
| `- error: unknown attribute 'nonexhaustive'
20 | public enum Curve25519: Sendable {}
21 | #endif // canImport(CryptoKit)
/host/spi-builder-workspace/.build/checkouts/swift-crypto/Sources/Crypto/Keys/EC/Ed25519Keys.swift:33:6: error: unknown attribute 'nonexhaustive'
31 | /// A mechanism used to create or verify a cryptographic signature using
32 | /// Ed25519.
33 | @nonexhaustive
| `- error: unknown attribute 'nonexhaustive'
34 | public enum Signing: Sendable {
35 | typealias Curve25519PrivateKeyImpl = Curve25519.Signing.OpenSSLCurve25519PrivateKeyImpl
/host/spi-builder-workspace/.build/checkouts/swift-crypto/Sources/Crypto/Keys/EC/NISTCurvesKeys.swift:51:2: error: unknown attribute 'nonexhaustive'
49 |
50 | /// An elliptic curve that enables NIST P-256 signatures and key agreement.
51 | @nonexhaustive
| `- error: unknown attribute 'nonexhaustive'
52 | public enum P256: Sendable { }
53 |
/host/spi-builder-workspace/.build/checkouts/swift-crypto/Sources/Crypto/Keys/EC/NISTCurvesKeys.swift:55:2: error: unknown attribute 'nonexhaustive'
53 |
54 | /// An elliptic curve that enables NIST P-384 signatures and key agreement.
55 | @nonexhaustive
| `- error: unknown attribute 'nonexhaustive'
56 | public enum P384: Sendable { }
57 |
/host/spi-builder-workspace/.build/checkouts/swift-crypto/Sources/Crypto/Keys/EC/NISTCurvesKeys.swift:59:2: error: unknown attribute 'nonexhaustive'
57 |
58 | /// An elliptic curve that enables NIST P-521 signatures and key agreement.
59 | @nonexhaustive
| `- error: unknown attribute 'nonexhaustive'
60 | public enum P521: Sendable { }
61 | #endif // canImport(CryptoKit)
/host/spi-builder-workspace/.build/checkouts/swift-crypto/Sources/Crypto/Keys/EC/X25519Keys.swift:33:6: error: unknown attribute 'nonexhaustive'
31 | /// A mechanism used to create a shared secret between two users by
32 | /// performing X25519 key agreement.
33 | @nonexhaustive
| `- error: unknown attribute 'nonexhaustive'
34 | public enum KeyAgreement: Sendable {
35 | typealias Curve25519PrivateKeyImpl = Curve25519.KeyAgreement.OpenSSLCurve25519PrivateKeyImpl
[1715/1823] Compiling NIOCore SystemCallHelpers.swift
/host/spi-builder-workspace/.build/checkouts/swift-crypto/Sources/Crypto/Key Wrapping/AESWrap.swift:30:6: error: unknown attribute 'nonexhaustive'
28 | /// An implementation of AES Key Wrapping in accordance with the IETF RFC
29 | /// 3394 specification.
30 | @nonexhaustive
| `- error: unknown attribute 'nonexhaustive'
31 | public enum KeyWrap: Sendable {
32 | /// Wraps a key using the AES wrap algorithm.
/host/spi-builder-workspace/.build/checkouts/swift-crypto/Sources/Crypto/Keys/EC/Curve25519.swift:19:2: error: unknown attribute 'nonexhaustive'
17 | #else
18 | /// An elliptic curve that enables X25519 key agreement and Ed25519 signatures.
19 | @nonexhaustive
| `- error: unknown attribute 'nonexhaustive'
20 | public enum Curve25519: Sendable {}
21 | #endif // canImport(CryptoKit)
/host/spi-builder-workspace/.build/checkouts/swift-crypto/Sources/Crypto/Keys/EC/Ed25519Keys.swift:33:6: error: unknown attribute 'nonexhaustive'
31 | /// A mechanism used to create or verify a cryptographic signature using
32 | /// Ed25519.
33 | @nonexhaustive
| `- error: unknown attribute 'nonexhaustive'
34 | public enum Signing: Sendable {
35 | typealias Curve25519PrivateKeyImpl = Curve25519.Signing.OpenSSLCurve25519PrivateKeyImpl
/host/spi-builder-workspace/.build/checkouts/swift-crypto/Sources/Crypto/Keys/EC/NISTCurvesKeys.swift:51:2: error: unknown attribute 'nonexhaustive'
49 |
50 | /// An elliptic curve that enables NIST P-256 signatures and key agreement.
51 | @nonexhaustive
| `- error: unknown attribute 'nonexhaustive'
52 | public enum P256: Sendable { }
53 |
/host/spi-builder-workspace/.build/checkouts/swift-crypto/Sources/Crypto/Keys/EC/NISTCurvesKeys.swift:55:2: error: unknown attribute 'nonexhaustive'
53 |
54 | /// An elliptic curve that enables NIST P-384 signatures and key agreement.
55 | @nonexhaustive
| `- error: unknown attribute 'nonexhaustive'
56 | public enum P384: Sendable { }
57 |
/host/spi-builder-workspace/.build/checkouts/swift-crypto/Sources/Crypto/Keys/EC/NISTCurvesKeys.swift:59:2: error: unknown attribute 'nonexhaustive'
57 |
58 | /// An elliptic curve that enables NIST P-521 signatures and key agreement.
59 | @nonexhaustive
| `- error: unknown attribute 'nonexhaustive'
60 | public enum P521: Sendable { }
61 | #endif // canImport(CryptoKit)
/host/spi-builder-workspace/.build/checkouts/swift-crypto/Sources/Crypto/Keys/EC/X25519Keys.swift:33:6: error: unknown attribute 'nonexhaustive'
31 | /// A mechanism used to create a shared secret between two users by
32 | /// performing X25519 key agreement.
33 | @nonexhaustive
| `- error: unknown attribute 'nonexhaustive'
34 | public enum KeyAgreement: Sendable {
35 | typealias Curve25519PrivateKeyImpl = Curve25519.KeyAgreement.OpenSSLCurve25519PrivateKeyImpl
[1716/1823] Compiling NIOCore TimeAmount+Duration.swift
/host/spi-builder-workspace/.build/checkouts/swift-crypto/Sources/Crypto/Key Wrapping/AESWrap.swift:30:6: error: unknown attribute 'nonexhaustive'
28 | /// An implementation of AES Key Wrapping in accordance with the IETF RFC
29 | /// 3394 specification.
30 | @nonexhaustive
| `- error: unknown attribute 'nonexhaustive'
31 | public enum KeyWrap: Sendable {
32 | /// Wraps a key using the AES wrap algorithm.
/host/spi-builder-workspace/.build/checkouts/swift-crypto/Sources/Crypto/Keys/EC/Curve25519.swift:19:2: error: unknown attribute 'nonexhaustive'
17 | #else
18 | /// An elliptic curve that enables X25519 key agreement and Ed25519 signatures.
19 | @nonexhaustive
| `- error: unknown attribute 'nonexhaustive'
20 | public enum Curve25519: Sendable {}
21 | #endif // canImport(CryptoKit)
/host/spi-builder-workspace/.build/checkouts/swift-crypto/Sources/Crypto/Keys/EC/Ed25519Keys.swift:33:6: error: unknown attribute 'nonexhaustive'
31 | /// A mechanism used to create or verify a cryptographic signature using
32 | /// Ed25519.
33 | @nonexhaustive
| `- error: unknown attribute 'nonexhaustive'
34 | public enum Signing: Sendable {
35 | typealias Curve25519PrivateKeyImpl = Curve25519.Signing.OpenSSLCurve25519PrivateKeyImpl
/host/spi-builder-workspace/.build/checkouts/swift-crypto/Sources/Crypto/Keys/EC/NISTCurvesKeys.swift:51:2: error: unknown attribute 'nonexhaustive'
49 |
50 | /// An elliptic curve that enables NIST P-256 signatures and key agreement.
51 | @nonexhaustive
| `- error: unknown attribute 'nonexhaustive'
52 | public enum P256: Sendable { }
53 |
/host/spi-builder-workspace/.build/checkouts/swift-crypto/Sources/Crypto/Keys/EC/NISTCurvesKeys.swift:55:2: error: unknown attribute 'nonexhaustive'
53 |
54 | /// An elliptic curve that enables NIST P-384 signatures and key agreement.
55 | @nonexhaustive
| `- error: unknown attribute 'nonexhaustive'
56 | public enum P384: Sendable { }
57 |
/host/spi-builder-workspace/.build/checkouts/swift-crypto/Sources/Crypto/Keys/EC/NISTCurvesKeys.swift:59:2: error: unknown attribute 'nonexhaustive'
57 |
58 | /// An elliptic curve that enables NIST P-521 signatures and key agreement.
59 | @nonexhaustive
| `- error: unknown attribute 'nonexhaustive'
60 | public enum P521: Sendable { }
61 | #endif // canImport(CryptoKit)
/host/spi-builder-workspace/.build/checkouts/swift-crypto/Sources/Crypto/Keys/EC/X25519Keys.swift:33:6: error: unknown attribute 'nonexhaustive'
31 | /// A mechanism used to create a shared secret between two users by
32 | /// performing X25519 key agreement.
33 | @nonexhaustive
| `- error: unknown attribute 'nonexhaustive'
34 | public enum KeyAgreement: Sendable {
35 | typealias Curve25519PrivateKeyImpl = Curve25519.KeyAgreement.OpenSSLCurve25519PrivateKeyImpl
[1717/1823] Compiling NIOCore TypeAssistedChannelHandler.swift
/host/spi-builder-workspace/.build/checkouts/swift-crypto/Sources/Crypto/Key Wrapping/AESWrap.swift:30:6: error: unknown attribute 'nonexhaustive'
28 | /// An implementation of AES Key Wrapping in accordance with the IETF RFC
29 | /// 3394 specification.
30 | @nonexhaustive
| `- error: unknown attribute 'nonexhaustive'
31 | public enum KeyWrap: Sendable {
32 | /// Wraps a key using the AES wrap algorithm.
/host/spi-builder-workspace/.build/checkouts/swift-crypto/Sources/Crypto/Keys/EC/Curve25519.swift:19:2: error: unknown attribute 'nonexhaustive'
17 | #else
18 | /// An elliptic curve that enables X25519 key agreement and Ed25519 signatures.
19 | @nonexhaustive
| `- error: unknown attribute 'nonexhaustive'
20 | public enum Curve25519: Sendable {}
21 | #endif // canImport(CryptoKit)
/host/spi-builder-workspace/.build/checkouts/swift-crypto/Sources/Crypto/Keys/EC/Ed25519Keys.swift:33:6: error: unknown attribute 'nonexhaustive'
31 | /// A mechanism used to create or verify a cryptographic signature using
32 | /// Ed25519.
33 | @nonexhaustive
| `- error: unknown attribute 'nonexhaustive'
34 | public enum Signing: Sendable {
35 | typealias Curve25519PrivateKeyImpl = Curve25519.Signing.OpenSSLCurve25519PrivateKeyImpl
/host/spi-builder-workspace/.build/checkouts/swift-crypto/Sources/Crypto/Keys/EC/NISTCurvesKeys.swift:51:2: error: unknown attribute 'nonexhaustive'
49 |
50 | /// An elliptic curve that enables NIST P-256 signatures and key agreement.
51 | @nonexhaustive
| `- error: unknown attribute 'nonexhaustive'
52 | public enum P256: Sendable { }
53 |
/host/spi-builder-workspace/.build/checkouts/swift-crypto/Sources/Crypto/Keys/EC/NISTCurvesKeys.swift:55:2: error: unknown attribute 'nonexhaustive'
53 |
54 | /// An elliptic curve that enables NIST P-384 signatures and key agreement.
55 | @nonexhaustive
| `- error: unknown attribute 'nonexhaustive'
56 | public enum P384: Sendable { }
57 |
/host/spi-builder-workspace/.build/checkouts/swift-crypto/Sources/Crypto/Keys/EC/NISTCurvesKeys.swift:59:2: error: unknown attribute 'nonexhaustive'
57 |
58 | /// An elliptic curve that enables NIST P-521 signatures and key agreement.
59 | @nonexhaustive
| `- error: unknown attribute 'nonexhaustive'
60 | public enum P521: Sendable { }
61 | #endif // canImport(CryptoKit)
/host/spi-builder-workspace/.build/checkouts/swift-crypto/Sources/Crypto/Keys/EC/X25519Keys.swift:33:6: error: unknown attribute 'nonexhaustive'
31 | /// A mechanism used to create a shared secret between two users by
32 | /// performing X25519 key agreement.
33 | @nonexhaustive
| `- error: unknown attribute 'nonexhaustive'
34 | public enum KeyAgreement: Sendable {
35 | typealias Curve25519PrivateKeyImpl = Curve25519.KeyAgreement.OpenSSLCurve25519PrivateKeyImpl
[1718/1823] Compiling NIOCore UniversalBootstrapSupport.swift
/host/spi-builder-workspace/.build/checkouts/swift-crypto/Sources/Crypto/Key Wrapping/AESWrap.swift:30:6: error: unknown attribute 'nonexhaustive'
28 | /// An implementation of AES Key Wrapping in accordance with the IETF RFC
29 | /// 3394 specification.
30 | @nonexhaustive
| `- error: unknown attribute 'nonexhaustive'
31 | public enum KeyWrap: Sendable {
32 | /// Wraps a key using the AES wrap algorithm.
/host/spi-builder-workspace/.build/checkouts/swift-crypto/Sources/Crypto/Keys/EC/Curve25519.swift:19:2: error: unknown attribute 'nonexhaustive'
17 | #else
18 | /// An elliptic curve that enables X25519 key agreement and Ed25519 signatures.
19 | @nonexhaustive
| `- error: unknown attribute 'nonexhaustive'
20 | public enum Curve25519: Sendable {}
21 | #endif // canImport(CryptoKit)
/host/spi-builder-workspace/.build/checkouts/swift-crypto/Sources/Crypto/Keys/EC/Ed25519Keys.swift:33:6: error: unknown attribute 'nonexhaustive'
31 | /// A mechanism used to create or verify a cryptographic signature using
32 | /// Ed25519.
33 | @nonexhaustive
| `- error: unknown attribute 'nonexhaustive'
34 | public enum Signing: Sendable {
35 | typealias Curve25519PrivateKeyImpl = Curve25519.Signing.OpenSSLCurve25519PrivateKeyImpl
/host/spi-builder-workspace/.build/checkouts/swift-crypto/Sources/Crypto/Keys/EC/NISTCurvesKeys.swift:51:2: error: unknown attribute 'nonexhaustive'
49 |
50 | /// An elliptic curve that enables NIST P-256 signatures and key agreement.
51 | @nonexhaustive
| `- error: unknown attribute 'nonexhaustive'
52 | public enum P256: Sendable { }
53 |
/host/spi-builder-workspace/.build/checkouts/swift-crypto/Sources/Crypto/Keys/EC/NISTCurvesKeys.swift:55:2: error: unknown attribute 'nonexhaustive'
53 |
54 | /// An elliptic curve that enables NIST P-384 signatures and key agreement.
55 | @nonexhaustive
| `- error: unknown attribute 'nonexhaustive'
56 | public enum P384: Sendable { }
57 |
/host/spi-builder-workspace/.build/checkouts/swift-crypto/Sources/Crypto/Keys/EC/NISTCurvesKeys.swift:59:2: error: unknown attribute 'nonexhaustive'
57 |
58 | /// An elliptic curve that enables NIST P-521 signatures and key agreement.
59 | @nonexhaustive
| `- error: unknown attribute 'nonexhaustive'
60 | public enum P521: Sendable { }
61 | #endif // canImport(CryptoKit)
/host/spi-builder-workspace/.build/checkouts/swift-crypto/Sources/Crypto/Keys/EC/X25519Keys.swift:33:6: error: unknown attribute 'nonexhaustive'
31 | /// A mechanism used to create a shared secret between two users by
32 | /// performing X25519 key agreement.
33 | @nonexhaustive
| `- error: unknown attribute 'nonexhaustive'
34 | public enum KeyAgreement: Sendable {
35 | typealias Curve25519PrivateKeyImpl = Curve25519.KeyAgreement.OpenSSLCurve25519PrivateKeyImpl
[1719/1823] Compiling NIOCore Utilities.swift
/host/spi-builder-workspace/.build/checkouts/swift-crypto/Sources/Crypto/Key Wrapping/AESWrap.swift:30:6: error: unknown attribute 'nonexhaustive'
28 | /// An implementation of AES Key Wrapping in accordance with the IETF RFC
29 | /// 3394 specification.
30 | @nonexhaustive
| `- error: unknown attribute 'nonexhaustive'
31 | public enum KeyWrap: Sendable {
32 | /// Wraps a key using the AES wrap algorithm.
/host/spi-builder-workspace/.build/checkouts/swift-crypto/Sources/Crypto/Keys/EC/Curve25519.swift:19:2: error: unknown attribute 'nonexhaustive'
17 | #else
18 | /// An elliptic curve that enables X25519 key agreement and Ed25519 signatures.
19 | @nonexhaustive
| `- error: unknown attribute 'nonexhaustive'
20 | public enum Curve25519: Sendable {}
21 | #endif // canImport(CryptoKit)
/host/spi-builder-workspace/.build/checkouts/swift-crypto/Sources/Crypto/Keys/EC/Ed25519Keys.swift:33:6: error: unknown attribute 'nonexhaustive'
31 | /// A mechanism used to create or verify a cryptographic signature using
32 | /// Ed25519.
33 | @nonexhaustive
| `- error: unknown attribute 'nonexhaustive'
34 | public enum Signing: Sendable {
35 | typealias Curve25519PrivateKeyImpl = Curve25519.Signing.OpenSSLCurve25519PrivateKeyImpl
/host/spi-builder-workspace/.build/checkouts/swift-crypto/Sources/Crypto/Keys/EC/NISTCurvesKeys.swift:51:2: error: unknown attribute 'nonexhaustive'
49 |
50 | /// An elliptic curve that enables NIST P-256 signatures and key agreement.
51 | @nonexhaustive
| `- error: unknown attribute 'nonexhaustive'
52 | public enum P256: Sendable { }
53 |
/host/spi-builder-workspace/.build/checkouts/swift-crypto/Sources/Crypto/Keys/EC/NISTCurvesKeys.swift:55:2: error: unknown attribute 'nonexhaustive'
53 |
54 | /// An elliptic curve that enables NIST P-384 signatures and key agreement.
55 | @nonexhaustive
| `- error: unknown attribute 'nonexhaustive'
56 | public enum P384: Sendable { }
57 |
/host/spi-builder-workspace/.build/checkouts/swift-crypto/Sources/Crypto/Keys/EC/NISTCurvesKeys.swift:59:2: error: unknown attribute 'nonexhaustive'
57 |
58 | /// An elliptic curve that enables NIST P-521 signatures and key agreement.
59 | @nonexhaustive
| `- error: unknown attribute 'nonexhaustive'
60 | public enum P521: Sendable { }
61 | #endif // canImport(CryptoKit)
/host/spi-builder-workspace/.build/checkouts/swift-crypto/Sources/Crypto/Keys/EC/X25519Keys.swift:33:6: error: unknown attribute 'nonexhaustive'
31 | /// A mechanism used to create a shared secret between two users by
32 | /// performing X25519 key agreement.
33 | @nonexhaustive
| `- error: unknown attribute 'nonexhaustive'
34 | public enum KeyAgreement: Sendable {
35 | typealias Curve25519PrivateKeyImpl = Curve25519.KeyAgreement.OpenSSLCurve25519PrivateKeyImpl
[1720/1823] Compiling Crypto HMAC.swift
/host/spi-builder-workspace/.build/checkouts/swift-crypto/Sources/Crypto/Key Wrapping/AESWrap.swift:30:6: error: unknown attribute 'nonexhaustive'
28 | /// An implementation of AES Key Wrapping in accordance with the IETF RFC
29 | /// 3394 specification.
30 | @nonexhaustive
| `- error: unknown attribute 'nonexhaustive'
31 | public enum KeyWrap: Sendable {
32 | /// Wraps a key using the AES wrap algorithm.
/host/spi-builder-workspace/.build/checkouts/swift-crypto/Sources/Crypto/Keys/EC/Curve25519.swift:19:2: error: unknown attribute 'nonexhaustive'
17 | #else
18 | /// An elliptic curve that enables X25519 key agreement and Ed25519 signatures.
19 | @nonexhaustive
| `- error: unknown attribute 'nonexhaustive'
20 | public enum Curve25519: Sendable {}
21 | #endif // canImport(CryptoKit)
/host/spi-builder-workspace/.build/checkouts/swift-crypto/Sources/Crypto/Keys/EC/Ed25519Keys.swift:33:6: error: unknown attribute 'nonexhaustive'
31 | /// A mechanism used to create or verify a cryptographic signature using
32 | /// Ed25519.
33 | @nonexhaustive
| `- error: unknown attribute 'nonexhaustive'
34 | public enum Signing: Sendable {
35 | typealias Curve25519PrivateKeyImpl = Curve25519.Signing.OpenSSLCurve25519PrivateKeyImpl
/host/spi-builder-workspace/.build/checkouts/swift-crypto/Sources/Crypto/Keys/EC/NISTCurvesKeys.swift:51:2: error: unknown attribute 'nonexhaustive'
49 |
50 | /// An elliptic curve that enables NIST P-256 signatures and key agreement.
51 | @nonexhaustive
| `- error: unknown attribute 'nonexhaustive'
52 | public enum P256: Sendable { }
53 |
/host/spi-builder-workspace/.build/checkouts/swift-crypto/Sources/Crypto/Keys/EC/NISTCurvesKeys.swift:55:2: error: unknown attribute 'nonexhaustive'
53 |
54 | /// An elliptic curve that enables NIST P-384 signatures and key agreement.
55 | @nonexhaustive
| `- error: unknown attribute 'nonexhaustive'
56 | public enum P384: Sendable { }
57 |
/host/spi-builder-workspace/.build/checkouts/swift-crypto/Sources/Crypto/Keys/EC/NISTCurvesKeys.swift:59:2: error: unknown attribute 'nonexhaustive'
57 |
58 | /// An elliptic curve that enables NIST P-521 signatures and key agreement.
59 | @nonexhaustive
| `- error: unknown attribute 'nonexhaustive'
60 | public enum P521: Sendable { }
61 | #endif // canImport(CryptoKit)
/host/spi-builder-workspace/.build/checkouts/swift-crypto/Sources/Crypto/Keys/EC/X25519Keys.swift:33:6: error: unknown attribute 'nonexhaustive'
31 | /// A mechanism used to create a shared secret between two users by
32 | /// performing X25519 key agreement.
33 | @nonexhaustive
| `- error: unknown attribute 'nonexhaustive'
34 | public enum KeyAgreement: Sendable {
35 | typealias Curve25519PrivateKeyImpl = Curve25519.KeyAgreement.OpenSSLCurve25519PrivateKeyImpl
[1721/1823] Compiling Crypto MACFunctions.swift
/host/spi-builder-workspace/.build/checkouts/swift-crypto/Sources/Crypto/Key Wrapping/AESWrap.swift:30:6: error: unknown attribute 'nonexhaustive'
28 | /// An implementation of AES Key Wrapping in accordance with the IETF RFC
29 | /// 3394 specification.
30 | @nonexhaustive
| `- error: unknown attribute 'nonexhaustive'
31 | public enum KeyWrap: Sendable {
32 | /// Wraps a key using the AES wrap algorithm.
/host/spi-builder-workspace/.build/checkouts/swift-crypto/Sources/Crypto/Keys/EC/Curve25519.swift:19:2: error: unknown attribute 'nonexhaustive'
17 | #else
18 | /// An elliptic curve that enables X25519 key agreement and Ed25519 signatures.
19 | @nonexhaustive
| `- error: unknown attribute 'nonexhaustive'
20 | public enum Curve25519: Sendable {}
21 | #endif // canImport(CryptoKit)
/host/spi-builder-workspace/.build/checkouts/swift-crypto/Sources/Crypto/Keys/EC/Ed25519Keys.swift:33:6: error: unknown attribute 'nonexhaustive'
31 | /// A mechanism used to create or verify a cryptographic signature using
32 | /// Ed25519.
33 | @nonexhaustive
| `- error: unknown attribute 'nonexhaustive'
34 | public enum Signing: Sendable {
35 | typealias Curve25519PrivateKeyImpl = Curve25519.Signing.OpenSSLCurve25519PrivateKeyImpl
/host/spi-builder-workspace/.build/checkouts/swift-crypto/Sources/Crypto/Keys/EC/NISTCurvesKeys.swift:51:2: error: unknown attribute 'nonexhaustive'
49 |
50 | /// An elliptic curve that enables NIST P-256 signatures and key agreement.
51 | @nonexhaustive
| `- error: unknown attribute 'nonexhaustive'
52 | public enum P256: Sendable { }
53 |
/host/spi-builder-workspace/.build/checkouts/swift-crypto/Sources/Crypto/Keys/EC/NISTCurvesKeys.swift:55:2: error: unknown attribute 'nonexhaustive'
53 |
54 | /// An elliptic curve that enables NIST P-384 signatures and key agreement.
55 | @nonexhaustive
| `- error: unknown attribute 'nonexhaustive'
56 | public enum P384: Sendable { }
57 |
/host/spi-builder-workspace/.build/checkouts/swift-crypto/Sources/Crypto/Keys/EC/NISTCurvesKeys.swift:59:2: error: unknown attribute 'nonexhaustive'
57 |
58 | /// An elliptic curve that enables NIST P-521 signatures and key agreement.
59 | @nonexhaustive
| `- error: unknown attribute 'nonexhaustive'
60 | public enum P521: Sendable { }
61 | #endif // canImport(CryptoKit)
/host/spi-builder-workspace/.build/checkouts/swift-crypto/Sources/Crypto/Keys/EC/X25519Keys.swift:33:6: error: unknown attribute 'nonexhaustive'
31 | /// A mechanism used to create a shared secret between two users by
32 | /// performing X25519 key agreement.
33 | @nonexhaustive
| `- error: unknown attribute 'nonexhaustive'
34 | public enum KeyAgreement: Sendable {
35 | typealias Curve25519PrivateKeyImpl = Curve25519.KeyAgreement.OpenSSLCurve25519PrivateKeyImpl
/host/spi-builder-workspace/.build/checkouts/swift-crypto/Sources/Crypto/AEADs/AES/GCM/AES-GCM.swift:29:6: error: unknown attribute 'nonexhaustive'
27 | /// The Advanced Encryption Standard (AES) Galois Counter Mode (GCM) cipher
28 | /// suite.
29 | @nonexhaustive
| `- error: unknown attribute 'nonexhaustive'
30 | public enum GCM: Cipher, Sendable {
31 | static let tagByteCount = 16
/host/spi-builder-workspace/.build/checkouts/swift-crypto/Sources/Crypto/AEADs/ChachaPoly/ChaChaPoly.swift:28:2: error: unknown attribute 'nonexhaustive'
26 |
27 | /// An implementation of the ChaCha20-Poly1305 cipher.
28 | @nonexhaustive
| `- error: unknown attribute 'nonexhaustive'
29 | public enum ChaChaPoly: Cipher, Sendable {
30 | static let tagByteCount = 16
/host/spi-builder-workspace/.build/checkouts/swift-crypto/Sources/Crypto/AEADs/AES/GCM/AES-GCM.swift:29:6: error: unknown attribute 'nonexhaustive'
27 | /// The Advanced Encryption Standard (AES) Galois Counter Mode (GCM) cipher
28 | /// suite.
29 | @nonexhaustive
| `- error: unknown attribute 'nonexhaustive'
30 | public enum GCM: Cipher, Sendable {
31 | static let tagByteCount = 16
/host/spi-builder-workspace/.build/checkouts/swift-crypto/Sources/Crypto/AEADs/ChachaPoly/ChaChaPoly.swift:28:2: error: unknown attribute 'nonexhaustive'
26 |
27 | /// An implementation of the ChaCha20-Poly1305 cipher.
28 | @nonexhaustive
| `- error: unknown attribute 'nonexhaustive'
29 | public enum ChaChaPoly: Cipher, Sendable {
30 | static let tagByteCount = 16
/host/spi-builder-workspace/.build/checkouts/swift-crypto/Sources/Crypto/AEADs/AES/GCM/AES-GCM.swift:29:6: error: unknown attribute 'nonexhaustive'
27 | /// The Advanced Encryption Standard (AES) Galois Counter Mode (GCM) cipher
28 | /// suite.
29 | @nonexhaustive
| `- error: unknown attribute 'nonexhaustive'
30 | public enum GCM: Cipher, Sendable {
31 | static let tagByteCount = 16
/host/spi-builder-workspace/.build/checkouts/swift-crypto/Sources/Crypto/AEADs/ChachaPoly/ChaChaPoly.swift:28:2: error: unknown attribute 'nonexhaustive'
26 |
27 | /// An implementation of the ChaCha20-Poly1305 cipher.
28 | @nonexhaustive
| `- error: unknown attribute 'nonexhaustive'
29 | public enum ChaChaPoly: Cipher, Sendable {
30 | static let tagByteCount = 16
/host/spi-builder-workspace/.build/checkouts/swift-crypto/Sources/Crypto/AEADs/AES/GCM/AES-GCM.swift:29:6: error: unknown attribute 'nonexhaustive'
27 | /// The Advanced Encryption Standard (AES) Galois Counter Mode (GCM) cipher
28 | /// suite.
29 | @nonexhaustive
| `- error: unknown attribute 'nonexhaustive'
30 | public enum GCM: Cipher, Sendable {
31 | static let tagByteCount = 16
/host/spi-builder-workspace/.build/checkouts/swift-crypto/Sources/Crypto/AEADs/ChachaPoly/ChaChaPoly.swift:28:2: error: unknown attribute 'nonexhaustive'
26 |
27 | /// An implementation of the ChaCha20-Poly1305 cipher.
28 | @nonexhaustive
| `- error: unknown attribute 'nonexhaustive'
29 | public enum ChaChaPoly: Cipher, Sendable {
30 | static let tagByteCount = 16
/host/spi-builder-workspace/.build/checkouts/swift-crypto/Sources/Crypto/AEADs/AES/GCM/AES-GCM.swift:29:6: error: unknown attribute 'nonexhaustive'
27 | /// The Advanced Encryption Standard (AES) Galois Counter Mode (GCM) cipher
28 | /// suite.
29 | @nonexhaustive
| `- error: unknown attribute 'nonexhaustive'
30 | public enum GCM: Cipher, Sendable {
31 | static let tagByteCount = 16
/host/spi-builder-workspace/.build/checkouts/swift-crypto/Sources/Crypto/AEADs/ChachaPoly/ChaChaPoly.swift:28:2: error: unknown attribute 'nonexhaustive'
26 |
27 | /// An implementation of the ChaCha20-Poly1305 cipher.
28 | @nonexhaustive
| `- error: unknown attribute 'nonexhaustive'
29 | public enum ChaChaPoly: Cipher, Sendable {
30 | static let tagByteCount = 16
/host/spi-builder-workspace/.build/checkouts/swift-crypto/Sources/Crypto/AEADs/AES/GCM/AES-GCM.swift:29:6: error: unknown attribute 'nonexhaustive'
27 | /// The Advanced Encryption Standard (AES) Galois Counter Mode (GCM) cipher
28 | /// suite.
29 | @nonexhaustive
| `- error: unknown attribute 'nonexhaustive'
30 | public enum GCM: Cipher, Sendable {
31 | static let tagByteCount = 16
/host/spi-builder-workspace/.build/checkouts/swift-crypto/Sources/Crypto/AEADs/ChachaPoly/ChaChaPoly.swift:28:2: error: unknown attribute 'nonexhaustive'
26 |
27 | /// An implementation of the ChaCha20-Poly1305 cipher.
28 | @nonexhaustive
| `- error: unknown attribute 'nonexhaustive'
29 | public enum ChaChaPoly: Cipher, Sendable {
30 | static let tagByteCount = 16
[1728/1823] Compiling NIOCore IPProtocol.swift
/host/spi-builder-workspace/.build/checkouts/swift-crypto/Sources/Crypto/AEADs/AES/GCM/AES-GCM.swift:29:6: error: unknown attribute 'nonexhaustive'
27 | /// The Advanced Encryption Standard (AES) Galois Counter Mode (GCM) cipher
28 | /// suite.
29 | @nonexhaustive
| `- error: unknown attribute 'nonexhaustive'
30 | public enum GCM: Cipher, Sendable {
31 | static let tagByteCount = 16
/host/spi-builder-workspace/.build/checkouts/swift-crypto/Sources/Crypto/AEADs/ChachaPoly/ChaChaPoly.swift:28:2: error: unknown attribute 'nonexhaustive'
26 |
27 | /// An implementation of the ChaCha20-Poly1305 cipher.
28 | @nonexhaustive
| `- error: unknown attribute 'nonexhaustive'
29 | public enum ChaChaPoly: Cipher, Sendable {
30 | static let tagByteCount = 16
[1729/1823] Compiling NIOCore IntegerBitPacking.swift
/host/spi-builder-workspace/.build/checkouts/swift-crypto/Sources/Crypto/AEADs/AES/GCM/AES-GCM.swift:29:6: error: unknown attribute 'nonexhaustive'
27 | /// The Advanced Encryption Standard (AES) Galois Counter Mode (GCM) cipher
28 | /// suite.
29 | @nonexhaustive
| `- error: unknown attribute 'nonexhaustive'
30 | public enum GCM: Cipher, Sendable {
31 | static let tagByteCount = 16
/host/spi-builder-workspace/.build/checkouts/swift-crypto/Sources/Crypto/AEADs/ChachaPoly/ChaChaPoly.swift:28:2: error: unknown attribute 'nonexhaustive'
26 |
27 | /// An implementation of the ChaCha20-Poly1305 cipher.
28 | @nonexhaustive
| `- error: unknown attribute 'nonexhaustive'
29 | public enum ChaChaPoly: Cipher, Sendable {
30 | static let tagByteCount = 16
[1730/1823] Compiling NIOCore IntegerTypes.swift
/host/spi-builder-workspace/.build/checkouts/swift-crypto/Sources/Crypto/AEADs/AES/GCM/AES-GCM.swift:29:6: error: unknown attribute 'nonexhaustive'
27 | /// The Advanced Encryption Standard (AES) Galois Counter Mode (GCM) cipher
28 | /// suite.
29 | @nonexhaustive
| `- error: unknown attribute 'nonexhaustive'
30 | public enum GCM: Cipher, Sendable {
31 | static let tagByteCount = 16
/host/spi-builder-workspace/.build/checkouts/swift-crypto/Sources/Crypto/AEADs/ChachaPoly/ChaChaPoly.swift:28:2: error: unknown attribute 'nonexhaustive'
26 |
27 | /// An implementation of the ChaCha20-Poly1305 cipher.
28 | @nonexhaustive
| `- error: unknown attribute 'nonexhaustive'
29 | public enum ChaChaPoly: Cipher, Sendable {
30 | static let tagByteCount = 16
[1731/1823] Compiling NIOCore Interfaces.swift
/host/spi-builder-workspace/.build/checkouts/swift-crypto/Sources/Crypto/AEADs/AES/GCM/AES-GCM.swift:29:6: error: unknown attribute 'nonexhaustive'
27 | /// The Advanced Encryption Standard (AES) Galois Counter Mode (GCM) cipher
28 | /// suite.
29 | @nonexhaustive
| `- error: unknown attribute 'nonexhaustive'
30 | public enum GCM: Cipher, Sendable {
31 | static let tagByteCount = 16
/host/spi-builder-workspace/.build/checkouts/swift-crypto/Sources/Crypto/AEADs/ChachaPoly/ChaChaPoly.swift:28:2: error: unknown attribute 'nonexhaustive'
26 |
27 | /// An implementation of the ChaCha20-Poly1305 cipher.
28 | @nonexhaustive
| `- error: unknown attribute 'nonexhaustive'
29 | public enum ChaChaPoly: Cipher, Sendable {
30 | static let tagByteCount = 16
[1732/1823] Compiling NIOCore Linux.swift
/host/spi-builder-workspace/.build/checkouts/swift-crypto/Sources/Crypto/AEADs/AES/GCM/AES-GCM.swift:29:6: error: unknown attribute 'nonexhaustive'
27 | /// The Advanced Encryption Standard (AES) Galois Counter Mode (GCM) cipher
28 | /// suite.
29 | @nonexhaustive
| `- error: unknown attribute 'nonexhaustive'
30 | public enum GCM: Cipher, Sendable {
31 | static let tagByteCount = 16
/host/spi-builder-workspace/.build/checkouts/swift-crypto/Sources/Crypto/AEADs/ChachaPoly/ChaChaPoly.swift:28:2: error: unknown attribute 'nonexhaustive'
26 |
27 | /// An implementation of the ChaCha20-Poly1305 cipher.
28 | @nonexhaustive
| `- error: unknown attribute 'nonexhaustive'
29 | public enum ChaChaPoly: Cipher, Sendable {
30 | static let tagByteCount = 16
[1733/1823] Compiling NIOCore MarkedCircularBuffer.swift
/host/spi-builder-workspace/.build/checkouts/swift-crypto/Sources/Crypto/AEADs/AES/GCM/AES-GCM.swift:29:6: error: unknown attribute 'nonexhaustive'
27 | /// The Advanced Encryption Standard (AES) Galois Counter Mode (GCM) cipher
28 | /// suite.
29 | @nonexhaustive
| `- error: unknown attribute 'nonexhaustive'
30 | public enum GCM: Cipher, Sendable {
31 | static let tagByteCount = 16
/host/spi-builder-workspace/.build/checkouts/swift-crypto/Sources/Crypto/AEADs/ChachaPoly/ChaChaPoly.swift:28:2: error: unknown attribute 'nonexhaustive'
26 |
27 | /// An implementation of the ChaCha20-Poly1305 cipher.
28 | @nonexhaustive
| `- error: unknown attribute 'nonexhaustive'
29 | public enum ChaChaPoly: Cipher, Sendable {
30 | static let tagByteCount = 16
[1734/1823] Compiling NIOCore MulticastChannel.swift
/host/spi-builder-workspace/.build/checkouts/swift-crypto/Sources/Crypto/AEADs/AES/GCM/AES-GCM.swift:29:6: error: unknown attribute 'nonexhaustive'
27 | /// The Advanced Encryption Standard (AES) Galois Counter Mode (GCM) cipher
28 | /// suite.
29 | @nonexhaustive
| `- error: unknown attribute 'nonexhaustive'
30 | public enum GCM: Cipher, Sendable {
31 | static let tagByteCount = 16
/host/spi-builder-workspace/.build/checkouts/swift-crypto/Sources/Crypto/AEADs/ChachaPoly/ChaChaPoly.swift:28:2: error: unknown attribute 'nonexhaustive'
26 |
27 | /// An implementation of the ChaCha20-Poly1305 cipher.
28 | @nonexhaustive
| `- error: unknown attribute 'nonexhaustive'
29 | public enum ChaChaPoly: Cipher, Sendable {
30 | static let tagByteCount = 16
[1735/1823] Compiling NIOCore EventLoopFuture+Deprecated.swift
/host/spi-builder-workspace/.build/checkouts/swift-crypto/Sources/Crypto/KEM/KEM-Errors.swift:27:6: error: unknown attribute 'nonexhaustive'
25 | extension KEM {
26 | /// Errors that CryptoKit throws when it encounters problems in key encapsulation mechanism (KEM) operations.
27 | @nonexhaustive
| `- error: unknown attribute 'nonexhaustive'
28 | public enum Errors: Error {
29 | /// The public key CryptoKit receives when it initializes a key encapsulation operation doesn't match the expected value.
/host/spi-builder-workspace/.build/checkouts/swift-crypto/Sources/Crypto/KEM/KEM.swift:28:2: error: unknown attribute 'nonexhaustive'
26 | ///
27 | /// Use a key encapsulation mechanism (KEM) to protect a symmetric cryptographic key that you share with another party.
28 | @nonexhaustive
| `- error: unknown attribute 'nonexhaustive'
29 | public enum KEM: Sendable {
30 | /// The result of a key encapsulation operation.
/host/spi-builder-workspace/.build/checkouts/swift-crypto/Sources/Crypto/KEM/MLKEM.swift:30:2: error: unknown attribute 'nonexhaustive'
28 |
29 | /// The Module-Lattice key encapsulation mechanism (KEM).
30 | @nonexhaustive
| `- error: unknown attribute 'nonexhaustive'
31 | public enum MLKEM768: Sendable {}
32 |
/host/spi-builder-workspace/.build/checkouts/swift-crypto/Sources/Crypto/KEM/MLKEM.swift:201:2: error: unknown attribute 'nonexhaustive'
199 |
200 | /// The Module-Lattice key encapsulation mechanism (KEM).
201 | @nonexhaustive
| `- error: unknown attribute 'nonexhaustive'
202 | public enum MLKEM1024: Sendable {}
203 |
/host/spi-builder-workspace/.build/checkouts/swift-crypto/Sources/Crypto/KEM/XWing.swift:34:2: error: unknown attribute 'nonexhaustive'
32 | /// The X-Wing (ML-KEM768 with X25519) Key Encapsulation Mechanism, defined in
33 | /// https://datatracker.ietf.org/doc/html/draft-connolly-cfrg-xwing-kem-06
34 | @nonexhaustive
| `- error: unknown attribute 'nonexhaustive'
35 | public enum XWingMLKEM768X25519: Sendable {}
36 |
/host/spi-builder-workspace/.build/checkouts/swift-crypto/Sources/Crypto/Key Agreement/ECDH.swift:36:6: error: unknown attribute 'nonexhaustive'
34 | /// A mechanism used to create or verify a cryptographic signature using
35 | /// the NIST P-256 elliptic curve digital signature algorithm (ECDSA).
36 | @nonexhaustive
| `- error: unknown attribute 'nonexhaustive'
37 | public enum Signing: Sendable {
38 |
/host/spi-builder-workspace/.build/checkouts/swift-crypto/Sources/Crypto/Key Agreement/ECDH.swift:260:6: error: unknown attribute 'nonexhaustive'
258 | /// performing NIST P-256 elliptic curve Diffie Hellman (ECDH) key
259 | /// exchange.
260 | @nonexhaustive
| `- error: unknown attribute 'nonexhaustive'
261 | public enum KeyAgreement: Sendable {
262 |
/host/spi-builder-workspace/.build/checkouts/swift-crypto/Sources/Crypto/Key Agreement/ECDH.swift:483:6: error: unknown attribute 'nonexhaustive'
481 | /// A mechanism used to create or verify a cryptographic signature using
482 | /// the NIST P-384 elliptic curve digital signature algorithm (ECDSA).
483 | @nonexhaustive
| `- error: unknown attribute 'nonexhaustive'
484 | public enum Signing: Sendable {
485 |
/host/spi-builder-workspace/.build/checkouts/swift-crypto/Sources/Crypto/Key Agreement/ECDH.swift:707:6: error: unknown attribute 'nonexhaustive'
705 | /// performing NIST P-384 elliptic curve Diffie Hellman (ECDH) key
706 | /// exchange.
707 | @nonexhaustive
| `- error: unknown attribute 'nonexhaustive'
708 | public enum KeyAgreement: Sendable {
709 |
/host/spi-builder-workspace/.build/checkouts/swift-crypto/Sources/Crypto/Key Agreement/ECDH.swift:930:6: error: unknown attribute 'nonexhaustive'
928 | /// A mechanism used to create or verify a cryptographic signature using
929 | /// the NIST P-521 elliptic curve digital signature algorithm (ECDSA).
930 | @nonexhaustive
| `- error: unknown attribute 'nonexhaustive'
931 | public enum Signing: Sendable {
932 |
/host/spi-builder-workspace/.build/checkouts/swift-crypto/Sources/Crypto/Key Agreement/ECDH.swift:1154:6: error: unknown attribute 'nonexhaustive'
1152 | /// performing NIST P-521 elliptic curve Diffie Hellman (ECDH) key
1153 | /// exchange.
1154 | @nonexhaustive
| `- error: unknown attribute 'nonexhaustive'
1155 | public enum KeyAgreement: Sendable {
1156 |
[1736/1823] Compiling NIOCore EventLoopFuture+WithEventLoop.swift
/host/spi-builder-workspace/.build/checkouts/swift-crypto/Sources/Crypto/KEM/KEM-Errors.swift:27:6: error: unknown attribute 'nonexhaustive'
25 | extension KEM {
26 | /// Errors that CryptoKit throws when it encounters problems in key encapsulation mechanism (KEM) operations.
27 | @nonexhaustive
| `- error: unknown attribute 'nonexhaustive'
28 | public enum Errors: Error {
29 | /// The public key CryptoKit receives when it initializes a key encapsulation operation doesn't match the expected value.
/host/spi-builder-workspace/.build/checkouts/swift-crypto/Sources/Crypto/KEM/KEM.swift:28:2: error: unknown attribute 'nonexhaustive'
26 | ///
27 | /// Use a key encapsulation mechanism (KEM) to protect a symmetric cryptographic key that you share with another party.
28 | @nonexhaustive
| `- error: unknown attribute 'nonexhaustive'
29 | public enum KEM: Sendable {
30 | /// The result of a key encapsulation operation.
/host/spi-builder-workspace/.build/checkouts/swift-crypto/Sources/Crypto/KEM/MLKEM.swift:30:2: error: unknown attribute 'nonexhaustive'
28 |
29 | /// The Module-Lattice key encapsulation mechanism (KEM).
30 | @nonexhaustive
| `- error: unknown attribute 'nonexhaustive'
31 | public enum MLKEM768: Sendable {}
32 |
/host/spi-builder-workspace/.build/checkouts/swift-crypto/Sources/Crypto/KEM/MLKEM.swift:201:2: error: unknown attribute 'nonexhaustive'
199 |
200 | /// The Module-Lattice key encapsulation mechanism (KEM).
201 | @nonexhaustive
| `- error: unknown attribute 'nonexhaustive'
202 | public enum MLKEM1024: Sendable {}
203 |
/host/spi-builder-workspace/.build/checkouts/swift-crypto/Sources/Crypto/KEM/XWing.swift:34:2: error: unknown attribute 'nonexhaustive'
32 | /// The X-Wing (ML-KEM768 with X25519) Key Encapsulation Mechanism, defined in
33 | /// https://datatracker.ietf.org/doc/html/draft-connolly-cfrg-xwing-kem-06
34 | @nonexhaustive
| `- error: unknown attribute 'nonexhaustive'
35 | public enum XWingMLKEM768X25519: Sendable {}
36 |
/host/spi-builder-workspace/.build/checkouts/swift-crypto/Sources/Crypto/Key Agreement/ECDH.swift:36:6: error: unknown attribute 'nonexhaustive'
34 | /// A mechanism used to create or verify a cryptographic signature using
35 | /// the NIST P-256 elliptic curve digital signature algorithm (ECDSA).
36 | @nonexhaustive
| `- error: unknown attribute 'nonexhaustive'
37 | public enum Signing: Sendable {
38 |
/host/spi-builder-workspace/.build/checkouts/swift-crypto/Sources/Crypto/Key Agreement/ECDH.swift:260:6: error: unknown attribute 'nonexhaustive'
258 | /// performing NIST P-256 elliptic curve Diffie Hellman (ECDH) key
259 | /// exchange.
260 | @nonexhaustive
| `- error: unknown attribute 'nonexhaustive'
261 | public enum KeyAgreement: Sendable {
262 |
/host/spi-builder-workspace/.build/checkouts/swift-crypto/Sources/Crypto/Key Agreement/ECDH.swift:483:6: error: unknown attribute 'nonexhaustive'
481 | /// A mechanism used to create or verify a cryptographic signature using
482 | /// the NIST P-384 elliptic curve digital signature algorithm (ECDSA).
483 | @nonexhaustive
| `- error: unknown attribute 'nonexhaustive'
484 | public enum Signing: Sendable {
485 |
/host/spi-builder-workspace/.build/checkouts/swift-crypto/Sources/Crypto/Key Agreement/ECDH.swift:707:6: error: unknown attribute 'nonexhaustive'
705 | /// performing NIST P-384 elliptic curve Diffie Hellman (ECDH) key
706 | /// exchange.
707 | @nonexhaustive
| `- error: unknown attribute 'nonexhaustive'
708 | public enum KeyAgreement: Sendable {
709 |
/host/spi-builder-workspace/.build/checkouts/swift-crypto/Sources/Crypto/Key Agreement/ECDH.swift:930:6: error: unknown attribute 'nonexhaustive'
928 | /// A mechanism used to create or verify a cryptographic signature using
929 | /// the NIST P-521 elliptic curve digital signature algorithm (ECDSA).
930 | @nonexhaustive
| `- error: unknown attribute 'nonexhaustive'
931 | public enum Signing: Sendable {
932 |
/host/spi-builder-workspace/.build/checkouts/swift-crypto/Sources/Crypto/Key Agreement/ECDH.swift:1154:6: error: unknown attribute 'nonexhaustive'
1152 | /// performing NIST P-521 elliptic curve Diffie Hellman (ECDH) key
1153 | /// exchange.
1154 | @nonexhaustive
| `- error: unknown attribute 'nonexhaustive'
1155 | public enum KeyAgreement: Sendable {
1156 |
/host/spi-builder-workspace/.build/checkouts/swift-crypto/Sources/Crypto/KEM/KEM-Errors.swift:27:6: error: unknown attribute 'nonexhaustive'
25 | extension KEM {
26 | /// Errors that CryptoKit throws when it encounters problems in key encapsulation mechanism (KEM) operations.
27 | @nonexhaustive
| `- error: unknown attribute 'nonexhaustive'
28 | public enum Errors: Error {
29 | /// The public key CryptoKit receives when it initializes a key encapsulation operation doesn't match the expected value.
/host/spi-builder-workspace/.build/checkouts/swift-crypto/Sources/Crypto/KEM/KEM.swift:28:2: error: unknown attribute 'nonexhaustive'
26 | ///
27 | /// Use a key encapsulation mechanism (KEM) to protect a symmetric cryptographic key that you share with another party.
28 | @nonexhaustive
| `- error: unknown attribute 'nonexhaustive'
29 | public enum KEM: Sendable {
30 | /// The result of a key encapsulation operation.
/host/spi-builder-workspace/.build/checkouts/swift-crypto/Sources/Crypto/KEM/MLKEM.swift:30:2: error: unknown attribute 'nonexhaustive'
28 |
29 | /// The Module-Lattice key encapsulation mechanism (KEM).
30 | @nonexhaustive
| `- error: unknown attribute 'nonexhaustive'
31 | public enum MLKEM768: Sendable {}
32 |
/host/spi-builder-workspace/.build/checkouts/swift-crypto/Sources/Crypto/KEM/MLKEM.swift:201:2: error: unknown attribute 'nonexhaustive'
199 |
200 | /// The Module-Lattice key encapsulation mechanism (KEM).
201 | @nonexhaustive
| `- error: unknown attribute 'nonexhaustive'
202 | public enum MLKEM1024: Sendable {}
203 |
/host/spi-builder-workspace/.build/checkouts/swift-crypto/Sources/Crypto/KEM/XWing.swift:34:2: error: unknown attribute 'nonexhaustive'
32 | /// The X-Wing (ML-KEM768 with X25519) Key Encapsulation Mechanism, defined in
33 | /// https://datatracker.ietf.org/doc/html/draft-connolly-cfrg-xwing-kem-06
34 | @nonexhaustive
| `- error: unknown attribute 'nonexhaustive'
35 | public enum XWingMLKEM768X25519: Sendable {}
36 |
/host/spi-builder-workspace/.build/checkouts/swift-crypto/Sources/Crypto/Key Agreement/ECDH.swift:36:6: error: unknown attribute 'nonexhaustive'
34 | /// A mechanism used to create or verify a cryptographic signature using
35 | /// the NIST P-256 elliptic curve digital signature algorithm (ECDSA).
36 | @nonexhaustive
| `- error: unknown attribute 'nonexhaustive'
37 | public enum Signing: Sendable {
38 |
/host/spi-builder-workspace/.build/checkouts/swift-crypto/Sources/Crypto/Key Agreement/ECDH.swift:260:6: error: unknown attribute 'nonexhaustive'
258 | /// performing NIST P-256 elliptic curve Diffie Hellman (ECDH) key
259 | /// exchange.
260 | @nonexhaustive
| `- error: unknown attribute 'nonexhaustive'
261 | public enum KeyAgreement: Sendable {
262 |
/host/spi-builder-workspace/.build/checkouts/swift-crypto/Sources/Crypto/Key Agreement/ECDH.swift:483:6: error: unknown attribute 'nonexhaustive'
481 | /// A mechanism used to create or verify a cryptographic signature using
482 | /// the NIST P-384 elliptic curve digital signature algorithm (ECDSA).
483 | @nonexhaustive
| `- error: unknown attribute 'nonexhaustive'
484 | public enum Signing: Sendable {
485 |
/host/spi-builder-workspace/.build/checkouts/swift-crypto/Sources/Crypto/Key Agreement/ECDH.swift:707:6: error: unknown attribute 'nonexhaustive'
705 | /// performing NIST P-384 elliptic curve Diffie Hellman (ECDH) key
706 | /// exchange.
707 | @nonexhaustive
| `- error: unknown attribute 'nonexhaustive'
708 | public enum KeyAgreement: Sendable {
709 |
/host/spi-builder-workspace/.build/checkouts/swift-crypto/Sources/Crypto/Key Agreement/ECDH.swift:930:6: error: unknown attribute 'nonexhaustive'
928 | /// A mechanism used to create or verify a cryptographic signature using
929 | /// the NIST P-521 elliptic curve digital signature algorithm (ECDSA).
930 | @nonexhaustive
| `- error: unknown attribute 'nonexhaustive'
931 | public enum Signing: Sendable {
932 |
/host/spi-builder-workspace/.build/checkouts/swift-crypto/Sources/Crypto/Key Agreement/ECDH.swift:1154:6: error: unknown attribute 'nonexhaustive'
1152 | /// performing NIST P-521 elliptic curve Diffie Hellman (ECDH) key
1153 | /// exchange.
1154 | @nonexhaustive
| `- error: unknown attribute 'nonexhaustive'
1155 | public enum KeyAgreement: Sendable {
1156 |
/host/spi-builder-workspace/.build/checkouts/swift-crypto/Sources/Crypto/KEM/KEM-Errors.swift:27:6: error: unknown attribute 'nonexhaustive'
25 | extension KEM {
26 | /// Errors that CryptoKit throws when it encounters problems in key encapsulation mechanism (KEM) operations.
27 | @nonexhaustive
| `- error: unknown attribute 'nonexhaustive'
28 | public enum Errors: Error {
29 | /// The public key CryptoKit receives when it initializes a key encapsulation operation doesn't match the expected value.
/host/spi-builder-workspace/.build/checkouts/swift-crypto/Sources/Crypto/KEM/KEM.swift:28:2: error: unknown attribute 'nonexhaustive'
26 | ///
27 | /// Use a key encapsulation mechanism (KEM) to protect a symmetric cryptographic key that you share with another party.
28 | @nonexhaustive
| `- error: unknown attribute 'nonexhaustive'
29 | public enum KEM: Sendable {
30 | /// The result of a key encapsulation operation.
/host/spi-builder-workspace/.build/checkouts/swift-crypto/Sources/Crypto/KEM/MLKEM.swift:30:2: error: unknown attribute 'nonexhaustive'
28 |
29 | /// The Module-Lattice key encapsulation mechanism (KEM).
30 | @nonexhaustive
| `- error: unknown attribute 'nonexhaustive'
31 | public enum MLKEM768: Sendable {}
32 |
/host/spi-builder-workspace/.build/checkouts/swift-crypto/Sources/Crypto/KEM/MLKEM.swift:201:2: error: unknown attribute 'nonexhaustive'
199 |
200 | /// The Module-Lattice key encapsulation mechanism (KEM).
201 | @nonexhaustive
| `- error: unknown attribute 'nonexhaustive'
202 | public enum MLKEM1024: Sendable {}
203 |
/host/spi-builder-workspace/.build/checkouts/swift-crypto/Sources/Crypto/KEM/XWing.swift:34:2: error: unknown attribute 'nonexhaustive'
32 | /// The X-Wing (ML-KEM768 with X25519) Key Encapsulation Mechanism, defined in
33 | /// https://datatracker.ietf.org/doc/html/draft-connolly-cfrg-xwing-kem-06
34 | @nonexhaustive
| `- error: unknown attribute 'nonexhaustive'
35 | public enum XWingMLKEM768X25519: Sendable {}
36 |
/host/spi-builder-workspace/.build/checkouts/swift-crypto/Sources/Crypto/Key Agreement/ECDH.swift:36:6: error: unknown attribute 'nonexhaustive'
34 | /// A mechanism used to create or verify a cryptographic signature using
35 | /// the NIST P-256 elliptic curve digital signature algorithm (ECDSA).
36 | @nonexhaustive
| `- error: unknown attribute 'nonexhaustive'
37 | public enum Signing: Sendable {
38 |
/host/spi-builder-workspace/.build/checkouts/swift-crypto/Sources/Crypto/Key Agreement/ECDH.swift:260:6: error: unknown attribute 'nonexhaustive'
258 | /// performing NIST P-256 elliptic curve Diffie Hellman (ECDH) key
259 | /// exchange.
260 | @nonexhaustive
| `- error: unknown attribute 'nonexhaustive'
261 | public enum KeyAgreement: Sendable {
262 |
/host/spi-builder-workspace/.build/checkouts/swift-crypto/Sources/Crypto/Key Agreement/ECDH.swift:483:6: error: unknown attribute 'nonexhaustive'
481 | /// A mechanism used to create or verify a cryptographic signature using
482 | /// the NIST P-384 elliptic curve digital signature algorithm (ECDSA).
483 | @nonexhaustive
| `- error: unknown attribute 'nonexhaustive'
484 | public enum Signing: Sendable {
485 |
/host/spi-builder-workspace/.build/checkouts/swift-crypto/Sources/Crypto/Key Agreement/ECDH.swift:707:6: error: unknown attribute 'nonexhaustive'
705 | /// performing NIST P-384 elliptic curve Diffie Hellman (ECDH) key
706 | /// exchange.
707 | @nonexhaustive
| `- error: unknown attribute 'nonexhaustive'
708 | public enum KeyAgreement: Sendable {
709 |
/host/spi-builder-workspace/.build/checkouts/swift-crypto/Sources/Crypto/Key Agreement/ECDH.swift:930:6: error: unknown attribute 'nonexhaustive'
928 | /// A mechanism used to create or verify a cryptographic signature using
929 | /// the NIST P-521 elliptic curve digital signature algorithm (ECDSA).
930 | @nonexhaustive
| `- error: unknown attribute 'nonexhaustive'
931 | public enum Signing: Sendable {
932 |
/host/spi-builder-workspace/.build/checkouts/swift-crypto/Sources/Crypto/Key Agreement/ECDH.swift:1154:6: error: unknown attribute 'nonexhaustive'
1152 | /// performing NIST P-521 elliptic curve Diffie Hellman (ECDH) key
1153 | /// exchange.
1154 | @nonexhaustive
| `- error: unknown attribute 'nonexhaustive'
1155 | public enum KeyAgreement: Sendable {
1156 |
/host/spi-builder-workspace/.build/checkouts/swift-crypto/Sources/Crypto/KEM/KEM-Errors.swift:27:6: error: unknown attribute 'nonexhaustive'
25 | extension KEM {
26 | /// Errors that CryptoKit throws when it encounters problems in key encapsulation mechanism (KEM) operations.
27 | @nonexhaustive
| `- error: unknown attribute 'nonexhaustive'
28 | public enum Errors: Error {
29 | /// The public key CryptoKit receives when it initializes a key encapsulation operation doesn't match the expected value.
/host/spi-builder-workspace/.build/checkouts/swift-crypto/Sources/Crypto/KEM/KEM.swift:28:2: error: unknown attribute 'nonexhaustive'
26 | ///
27 | /// Use a key encapsulation mechanism (KEM) to protect a symmetric cryptographic key that you share with another party.
28 | @nonexhaustive
| `- error: unknown attribute 'nonexhaustive'
29 | public enum KEM: Sendable {
30 | /// The result of a key encapsulation operation.
/host/spi-builder-workspace/.build/checkouts/swift-crypto/Sources/Crypto/KEM/MLKEM.swift:30:2: error: unknown attribute 'nonexhaustive'
28 |
29 | /// The Module-Lattice key encapsulation mechanism (KEM).
30 | @nonexhaustive
| `- error: unknown attribute 'nonexhaustive'
31 | public enum MLKEM768: Sendable {}
32 |
/host/spi-builder-workspace/.build/checkouts/swift-crypto/Sources/Crypto/KEM/MLKEM.swift:201:2: error: unknown attribute 'nonexhaustive'
199 |
200 | /// The Module-Lattice key encapsulation mechanism (KEM).
201 | @nonexhaustive
| `- error: unknown attribute 'nonexhaustive'
202 | public enum MLKEM1024: Sendable {}
203 |
/host/spi-builder-workspace/.build/checkouts/swift-crypto/Sources/Crypto/KEM/XWing.swift:34:2: error: unknown attribute 'nonexhaustive'
32 | /// The X-Wing (ML-KEM768 with X25519) Key Encapsulation Mechanism, defined in
33 | /// https://datatracker.ietf.org/doc/html/draft-connolly-cfrg-xwing-kem-06
34 | @nonexhaustive
| `- error: unknown attribute 'nonexhaustive'
35 | public enum XWingMLKEM768X25519: Sendable {}
36 |
/host/spi-builder-workspace/.build/checkouts/swift-crypto/Sources/Crypto/Key Agreement/ECDH.swift:36:6: error: unknown attribute 'nonexhaustive'
34 | /// A mechanism used to create or verify a cryptographic signature using
35 | /// the NIST P-256 elliptic curve digital signature algorithm (ECDSA).
36 | @nonexhaustive
| `- error: unknown attribute 'nonexhaustive'
37 | public enum Signing: Sendable {
38 |
/host/spi-builder-workspace/.build/checkouts/swift-crypto/Sources/Crypto/Key Agreement/ECDH.swift:260:6: error: unknown attribute 'nonexhaustive'
258 | /// performing NIST P-256 elliptic curve Diffie Hellman (ECDH) key
259 | /// exchange.
260 | @nonexhaustive
| `- error: unknown attribute 'nonexhaustive'
261 | public enum KeyAgreement: Sendable {
262 |
/host/spi-builder-workspace/.build/checkouts/swift-crypto/Sources/Crypto/Key Agreement/ECDH.swift:483:6: error: unknown attribute 'nonexhaustive'
481 | /// A mechanism used to create or verify a cryptographic signature using
482 | /// the NIST P-384 elliptic curve digital signature algorithm (ECDSA).
483 | @nonexhaustive
| `- error: unknown attribute 'nonexhaustive'
484 | public enum Signing: Sendable {
485 |
/host/spi-builder-workspace/.build/checkouts/swift-crypto/Sources/Crypto/Key Agreement/ECDH.swift:707:6: error: unknown attribute 'nonexhaustive'
705 | /// performing NIST P-384 elliptic curve Diffie Hellman (ECDH) key
706 | /// exchange.
707 | @nonexhaustive
| `- error: unknown attribute 'nonexhaustive'
708 | public enum KeyAgreement: Sendable {
709 |
/host/spi-builder-workspace/.build/checkouts/swift-crypto/Sources/Crypto/Key Agreement/ECDH.swift:930:6: error: unknown attribute 'nonexhaustive'
928 | /// A mechanism used to create or verify a cryptographic signature using
929 | /// the NIST P-521 elliptic curve digital signature algorithm (ECDSA).
930 | @nonexhaustive
| `- error: unknown attribute 'nonexhaustive'
931 | public enum Signing: Sendable {
932 |
/host/spi-builder-workspace/.build/checkouts/swift-crypto/Sources/Crypto/Key Agreement/ECDH.swift:1154:6: error: unknown attribute 'nonexhaustive'
1152 | /// performing NIST P-521 elliptic curve Diffie Hellman (ECDH) key
1153 | /// exchange.
1154 | @nonexhaustive
| `- error: unknown attribute 'nonexhaustive'
1155 | public enum KeyAgreement: Sendable {
1156 |
/host/spi-builder-workspace/.build/checkouts/swift-crypto/Sources/Crypto/KEM/KEM-Errors.swift:27:6: error: unknown attribute 'nonexhaustive'
25 | extension KEM {
26 | /// Errors that CryptoKit throws when it encounters problems in key encapsulation mechanism (KEM) operations.
27 | @nonexhaustive
| `- error: unknown attribute 'nonexhaustive'
28 | public enum Errors: Error {
29 | /// The public key CryptoKit receives when it initializes a key encapsulation operation doesn't match the expected value.
/host/spi-builder-workspace/.build/checkouts/swift-crypto/Sources/Crypto/KEM/KEM.swift:28:2: error: unknown attribute 'nonexhaustive'
26 | ///
27 | /// Use a key encapsulation mechanism (KEM) to protect a symmetric cryptographic key that you share with another party.
28 | @nonexhaustive
| `- error: unknown attribute 'nonexhaustive'
29 | public enum KEM: Sendable {
30 | /// The result of a key encapsulation operation.
/host/spi-builder-workspace/.build/checkouts/swift-crypto/Sources/Crypto/KEM/MLKEM.swift:30:2: error: unknown attribute 'nonexhaustive'
28 |
29 | /// The Module-Lattice key encapsulation mechanism (KEM).
30 | @nonexhaustive
| `- error: unknown attribute 'nonexhaustive'
31 | public enum MLKEM768: Sendable {}
32 |
/host/spi-builder-workspace/.build/checkouts/swift-crypto/Sources/Crypto/KEM/MLKEM.swift:201:2: error: unknown attribute 'nonexhaustive'
199 |
200 | /// The Module-Lattice key encapsulation mechanism (KEM).
201 | @nonexhaustive
| `- error: unknown attribute 'nonexhaustive'
202 | public enum MLKEM1024: Sendable {}
203 |
/host/spi-builder-workspace/.build/checkouts/swift-crypto/Sources/Crypto/KEM/XWing.swift:34:2: error: unknown attribute 'nonexhaustive'
32 | /// The X-Wing (ML-KEM768 with X25519) Key Encapsulation Mechanism, defined in
33 | /// https://datatracker.ietf.org/doc/html/draft-connolly-cfrg-xwing-kem-06
34 | @nonexhaustive
| `- error: unknown attribute 'nonexhaustive'
35 | public enum XWingMLKEM768X25519: Sendable {}
36 |
/host/spi-builder-workspace/.build/checkouts/swift-crypto/Sources/Crypto/Key Agreement/ECDH.swift:36:6: error: unknown attribute 'nonexhaustive'
34 | /// A mechanism used to create or verify a cryptographic signature using
35 | /// the NIST P-256 elliptic curve digital signature algorithm (ECDSA).
36 | @nonexhaustive
| `- error: unknown attribute 'nonexhaustive'
37 | public enum Signing: Sendable {
38 |
/host/spi-builder-workspace/.build/checkouts/swift-crypto/Sources/Crypto/Key Agreement/ECDH.swift:260:6: error: unknown attribute 'nonexhaustive'
258 | /// performing NIST P-256 elliptic curve Diffie Hellman (ECDH) key
259 | /// exchange.
260 | @nonexhaustive
| `- error: unknown attribute 'nonexhaustive'
261 | public enum KeyAgreement: Sendable {
262 |
/host/spi-builder-workspace/.build/checkouts/swift-crypto/Sources/Crypto/Key Agreement/ECDH.swift:483:6: error: unknown attribute 'nonexhaustive'
481 | /// A mechanism used to create or verify a cryptographic signature using
482 | /// the NIST P-384 elliptic curve digital signature algorithm (ECDSA).
483 | @nonexhaustive
| `- error: unknown attribute 'nonexhaustive'
484 | public enum Signing: Sendable {
485 |
/host/spi-builder-workspace/.build/checkouts/swift-crypto/Sources/Crypto/Key Agreement/ECDH.swift:707:6: error: unknown attribute 'nonexhaustive'
705 | /// performing NIST P-384 elliptic curve Diffie Hellman (ECDH) key
706 | /// exchange.
707 | @nonexhaustive
| `- error: unknown attribute 'nonexhaustive'
708 | public enum KeyAgreement: Sendable {
709 |
/host/spi-builder-workspace/.build/checkouts/swift-crypto/Sources/Crypto/Key Agreement/ECDH.swift:930:6: error: unknown attribute 'nonexhaustive'
928 | /// A mechanism used to create or verify a cryptographic signature using
929 | /// the NIST P-521 elliptic curve digital signature algorithm (ECDSA).
930 | @nonexhaustive
| `- error: unknown attribute 'nonexhaustive'
931 | public enum Signing: Sendable {
932 |
/host/spi-builder-workspace/.build/checkouts/swift-crypto/Sources/Crypto/Key Agreement/ECDH.swift:1154:6: error: unknown attribute 'nonexhaustive'
1152 | /// performing NIST P-521 elliptic curve Diffie Hellman (ECDH) key
1153 | /// exchange.
1154 | @nonexhaustive
| `- error: unknown attribute 'nonexhaustive'
1155 | public enum KeyAgreement: Sendable {
1156 |
/host/spi-builder-workspace/.build/checkouts/swift-crypto/Sources/Crypto/KEM/KEM-Errors.swift:27:6: error: unknown attribute 'nonexhaustive'
25 | extension KEM {
26 | /// Errors that CryptoKit throws when it encounters problems in key encapsulation mechanism (KEM) operations.
27 | @nonexhaustive
| `- error: unknown attribute 'nonexhaustive'
28 | public enum Errors: Error {
29 | /// The public key CryptoKit receives when it initializes a key encapsulation operation doesn't match the expected value.
/host/spi-builder-workspace/.build/checkouts/swift-crypto/Sources/Crypto/KEM/KEM.swift:28:2: error: unknown attribute 'nonexhaustive'
26 | ///
27 | /// Use a key encapsulation mechanism (KEM) to protect a symmetric cryptographic key that you share with another party.
28 | @nonexhaustive
| `- error: unknown attribute 'nonexhaustive'
29 | public enum KEM: Sendable {
30 | /// The result of a key encapsulation operation.
/host/spi-builder-workspace/.build/checkouts/swift-crypto/Sources/Crypto/KEM/MLKEM.swift:30:2: error: unknown attribute 'nonexhaustive'
28 |
29 | /// The Module-Lattice key encapsulation mechanism (KEM).
30 | @nonexhaustive
| `- error: unknown attribute 'nonexhaustive'
31 | public enum MLKEM768: Sendable {}
32 |
/host/spi-builder-workspace/.build/checkouts/swift-crypto/Sources/Crypto/KEM/MLKEM.swift:201:2: error: unknown attribute 'nonexhaustive'
199 |
200 | /// The Module-Lattice key encapsulation mechanism (KEM).
201 | @nonexhaustive
| `- error: unknown attribute 'nonexhaustive'
202 | public enum MLKEM1024: Sendable {}
203 |
/host/spi-builder-workspace/.build/checkouts/swift-crypto/Sources/Crypto/KEM/XWing.swift:34:2: error: unknown attribute 'nonexhaustive'
32 | /// The X-Wing (ML-KEM768 with X25519) Key Encapsulation Mechanism, defined in
33 | /// https://datatracker.ietf.org/doc/html/draft-connolly-cfrg-xwing-kem-06
34 | @nonexhaustive
| `- error: unknown attribute 'nonexhaustive'
35 | public enum XWingMLKEM768X25519: Sendable {}
36 |
/host/spi-builder-workspace/.build/checkouts/swift-crypto/Sources/Crypto/Key Agreement/ECDH.swift:36:6: error: unknown attribute 'nonexhaustive'
34 | /// A mechanism used to create or verify a cryptographic signature using
35 | /// the NIST P-256 elliptic curve digital signature algorithm (ECDSA).
36 | @nonexhaustive
| `- error: unknown attribute 'nonexhaustive'
37 | public enum Signing: Sendable {
38 |
/host/spi-builder-workspace/.build/checkouts/swift-crypto/Sources/Crypto/Key Agreement/ECDH.swift:260:6: error: unknown attribute 'nonexhaustive'
258 | /// performing NIST P-256 elliptic curve Diffie Hellman (ECDH) key
259 | /// exchange.
260 | @nonexhaustive
| `- error: unknown attribute 'nonexhaustive'
261 | public enum KeyAgreement: Sendable {
262 |
/host/spi-builder-workspace/.build/checkouts/swift-crypto/Sources/Crypto/Key Agreement/ECDH.swift:483:6: error: unknown attribute 'nonexhaustive'
481 | /// A mechanism used to create or verify a cryptographic signature using
482 | /// the NIST P-384 elliptic curve digital signature algorithm (ECDSA).
483 | @nonexhaustive
| `- error: unknown attribute 'nonexhaustive'
484 | public enum Signing: Sendable {
485 |
/host/spi-builder-workspace/.build/checkouts/swift-crypto/Sources/Crypto/Key Agreement/ECDH.swift:707:6: error: unknown attribute 'nonexhaustive'
705 | /// performing NIST P-384 elliptic curve Diffie Hellman (ECDH) key
706 | /// exchange.
707 | @nonexhaustive
| `- error: unknown attribute 'nonexhaustive'
708 | public enum KeyAgreement: Sendable {
709 |
/host/spi-builder-workspace/.build/checkouts/swift-crypto/Sources/Crypto/Key Agreement/ECDH.swift:930:6: error: unknown attribute 'nonexhaustive'
928 | /// A mechanism used to create or verify a cryptographic signature using
929 | /// the NIST P-521 elliptic curve digital signature algorithm (ECDSA).
930 | @nonexhaustive
| `- error: unknown attribute 'nonexhaustive'
931 | public enum Signing: Sendable {
932 |
/host/spi-builder-workspace/.build/checkouts/swift-crypto/Sources/Crypto/Key Agreement/ECDH.swift:1154:6: error: unknown attribute 'nonexhaustive'
1152 | /// performing NIST P-521 elliptic curve Diffie Hellman (ECDH) key
1153 | /// exchange.
1154 | @nonexhaustive
| `- error: unknown attribute 'nonexhaustive'
1155 | public enum KeyAgreement: Sendable {
1156 |
/host/spi-builder-workspace/.build/checkouts/swift-crypto/Sources/Crypto/KEM/KEM-Errors.swift:27:6: error: unknown attribute 'nonexhaustive'
25 | extension KEM {
26 | /// Errors that CryptoKit throws when it encounters problems in key encapsulation mechanism (KEM) operations.
27 | @nonexhaustive
| `- error: unknown attribute 'nonexhaustive'
28 | public enum Errors: Error {
29 | /// The public key CryptoKit receives when it initializes a key encapsulation operation doesn't match the expected value.
/host/spi-builder-workspace/.build/checkouts/swift-crypto/Sources/Crypto/KEM/KEM.swift:28:2: error: unknown attribute 'nonexhaustive'
26 | ///
27 | /// Use a key encapsulation mechanism (KEM) to protect a symmetric cryptographic key that you share with another party.
28 | @nonexhaustive
| `- error: unknown attribute 'nonexhaustive'
29 | public enum KEM: Sendable {
30 | /// The result of a key encapsulation operation.
/host/spi-builder-workspace/.build/checkouts/swift-crypto/Sources/Crypto/KEM/MLKEM.swift:30:2: error: unknown attribute 'nonexhaustive'
28 |
29 | /// The Module-Lattice key encapsulation mechanism (KEM).
30 | @nonexhaustive
| `- error: unknown attribute 'nonexhaustive'
31 | public enum MLKEM768: Sendable {}
32 |
/host/spi-builder-workspace/.build/checkouts/swift-crypto/Sources/Crypto/KEM/MLKEM.swift:201:2: error: unknown attribute 'nonexhaustive'
199 |
200 | /// The Module-Lattice key encapsulation mechanism (KEM).
201 | @nonexhaustive
| `- error: unknown attribute 'nonexhaustive'
202 | public enum MLKEM1024: Sendable {}
203 |
/host/spi-builder-workspace/.build/checkouts/swift-crypto/Sources/Crypto/KEM/XWing.swift:34:2: error: unknown attribute 'nonexhaustive'
32 | /// The X-Wing (ML-KEM768 with X25519) Key Encapsulation Mechanism, defined in
33 | /// https://datatracker.ietf.org/doc/html/draft-connolly-cfrg-xwing-kem-06
34 | @nonexhaustive
| `- error: unknown attribute 'nonexhaustive'
35 | public enum XWingMLKEM768X25519: Sendable {}
36 |
/host/spi-builder-workspace/.build/checkouts/swift-crypto/Sources/Crypto/Key Agreement/ECDH.swift:36:6: error: unknown attribute 'nonexhaustive'
34 | /// A mechanism used to create or verify a cryptographic signature using
35 | /// the NIST P-256 elliptic curve digital signature algorithm (ECDSA).
36 | @nonexhaustive
| `- error: unknown attribute 'nonexhaustive'
37 | public enum Signing: Sendable {
38 |
/host/spi-builder-workspace/.build/checkouts/swift-crypto/Sources/Crypto/Key Agreement/ECDH.swift:260:6: error: unknown attribute 'nonexhaustive'
258 | /// performing NIST P-256 elliptic curve Diffie Hellman (ECDH) key
259 | /// exchange.
260 | @nonexhaustive
| `- error: unknown attribute 'nonexhaustive'
261 | public enum KeyAgreement: Sendable {
262 |
/host/spi-builder-workspace/.build/checkouts/swift-crypto/Sources/Crypto/Key Agreement/ECDH.swift:483:6: error: unknown attribute 'nonexhaustive'
481 | /// A mechanism used to create or verify a cryptographic signature using
482 | /// the NIST P-384 elliptic curve digital signature algorithm (ECDSA).
483 | @nonexhaustive
| `- error: unknown attribute 'nonexhaustive'
484 | public enum Signing: Sendable {
485 |
/host/spi-builder-workspace/.build/checkouts/swift-crypto/Sources/Crypto/Key Agreement/ECDH.swift:707:6: error: unknown attribute 'nonexhaustive'
705 | /// performing NIST P-384 elliptic curve Diffie Hellman (ECDH) key
706 | /// exchange.
707 | @nonexhaustive
| `- error: unknown attribute 'nonexhaustive'
708 | public enum KeyAgreement: Sendable {
709 |
/host/spi-builder-workspace/.build/checkouts/swift-crypto/Sources/Crypto/Key Agreement/ECDH.swift:930:6: error: unknown attribute 'nonexhaustive'
928 | /// A mechanism used to create or verify a cryptographic signature using
929 | /// the NIST P-521 elliptic curve digital signature algorithm (ECDSA).
930 | @nonexhaustive
| `- error: unknown attribute 'nonexhaustive'
931 | public enum Signing: Sendable {
932 |
/host/spi-builder-workspace/.build/checkouts/swift-crypto/Sources/Crypto/Key Agreement/ECDH.swift:1154:6: error: unknown attribute 'nonexhaustive'
1152 | /// performing NIST P-521 elliptic curve Diffie Hellman (ECDH) key
1153 | /// exchange.
1154 | @nonexhaustive
| `- error: unknown attribute 'nonexhaustive'
1155 | public enum KeyAgreement: Sendable {
1156 |
/host/spi-builder-workspace/.build/checkouts/swift-crypto/Sources/Crypto/KEM/KEM-Errors.swift:27:6: error: unknown attribute 'nonexhaustive'
25 | extension KEM {
26 | /// Errors that CryptoKit throws when it encounters problems in key encapsulation mechanism (KEM) operations.
27 | @nonexhaustive
| `- error: unknown attribute 'nonexhaustive'
28 | public enum Errors: Error {
29 | /// The public key CryptoKit receives when it initializes a key encapsulation operation doesn't match the expected value.
/host/spi-builder-workspace/.build/checkouts/swift-crypto/Sources/Crypto/KEM/KEM.swift:28:2: error: unknown attribute 'nonexhaustive'
26 | ///
27 | /// Use a key encapsulation mechanism (KEM) to protect a symmetric cryptographic key that you share with another party.
28 | @nonexhaustive
| `- error: unknown attribute 'nonexhaustive'
29 | public enum KEM: Sendable {
30 | /// The result of a key encapsulation operation.
/host/spi-builder-workspace/.build/checkouts/swift-crypto/Sources/Crypto/KEM/MLKEM.swift:30:2: error: unknown attribute 'nonexhaustive'
28 |
29 | /// The Module-Lattice key encapsulation mechanism (KEM).
30 | @nonexhaustive
| `- error: unknown attribute 'nonexhaustive'
31 | public enum MLKEM768: Sendable {}
32 |
/host/spi-builder-workspace/.build/checkouts/swift-crypto/Sources/Crypto/KEM/MLKEM.swift:201:2: error: unknown attribute 'nonexhaustive'
199 |
200 | /// The Module-Lattice key encapsulation mechanism (KEM).
201 | @nonexhaustive
| `- error: unknown attribute 'nonexhaustive'
202 | public enum MLKEM1024: Sendable {}
203 |
/host/spi-builder-workspace/.build/checkouts/swift-crypto/Sources/Crypto/KEM/XWing.swift:34:2: error: unknown attribute 'nonexhaustive'
32 | /// The X-Wing (ML-KEM768 with X25519) Key Encapsulation Mechanism, defined in
33 | /// https://datatracker.ietf.org/doc/html/draft-connolly-cfrg-xwing-kem-06
34 | @nonexhaustive
| `- error: unknown attribute 'nonexhaustive'
35 | public enum XWingMLKEM768X25519: Sendable {}
36 |
/host/spi-builder-workspace/.build/checkouts/swift-crypto/Sources/Crypto/Key Agreement/ECDH.swift:36:6: error: unknown attribute 'nonexhaustive'
34 | /// A mechanism used to create or verify a cryptographic signature using
35 | /// the NIST P-256 elliptic curve digital signature algorithm (ECDSA).
36 | @nonexhaustive
| `- error: unknown attribute 'nonexhaustive'
37 | public enum Signing: Sendable {
38 |
/host/spi-builder-workspace/.build/checkouts/swift-crypto/Sources/Crypto/Key Agreement/ECDH.swift:260:6: error: unknown attribute 'nonexhaustive'
258 | /// performing NIST P-256 elliptic curve Diffie Hellman (ECDH) key
259 | /// exchange.
260 | @nonexhaustive
| `- error: unknown attribute 'nonexhaustive'
261 | public enum KeyAgreement: Sendable {
262 |
/host/spi-builder-workspace/.build/checkouts/swift-crypto/Sources/Crypto/Key Agreement/ECDH.swift:483:6: error: unknown attribute 'nonexhaustive'
481 | /// A mechanism used to create or verify a cryptographic signature using
482 | /// the NIST P-384 elliptic curve digital signature algorithm (ECDSA).
483 | @nonexhaustive
| `- error: unknown attribute 'nonexhaustive'
484 | public enum Signing: Sendable {
485 |
/host/spi-builder-workspace/.build/checkouts/swift-crypto/Sources/Crypto/Key Agreement/ECDH.swift:707:6: error: unknown attribute 'nonexhaustive'
705 | /// performing NIST P-384 elliptic curve Diffie Hellman (ECDH) key
706 | /// exchange.
707 | @nonexhaustive
| `- error: unknown attribute 'nonexhaustive'
708 | public enum KeyAgreement: Sendable {
709 |
/host/spi-builder-workspace/.build/checkouts/swift-crypto/Sources/Crypto/Key Agreement/ECDH.swift:930:6: error: unknown attribute 'nonexhaustive'
928 | /// A mechanism used to create or verify a cryptographic signature using
929 | /// the NIST P-521 elliptic curve digital signature algorithm (ECDSA).
930 | @nonexhaustive
| `- error: unknown attribute 'nonexhaustive'
931 | public enum Signing: Sendable {
932 |
/host/spi-builder-workspace/.build/checkouts/swift-crypto/Sources/Crypto/Key Agreement/ECDH.swift:1154:6: error: unknown attribute 'nonexhaustive'
1152 | /// performing NIST P-521 elliptic curve Diffie Hellman (ECDH) key
1153 | /// exchange.
1154 | @nonexhaustive
| `- error: unknown attribute 'nonexhaustive'
1155 | public enum KeyAgreement: Sendable {
1156 |
/host/spi-builder-workspace/.build/checkouts/swift-crypto/Sources/Crypto/KEM/KEM-Errors.swift:27:6: error: unknown attribute 'nonexhaustive'
25 | extension KEM {
26 | /// Errors that CryptoKit throws when it encounters problems in key encapsulation mechanism (KEM) operations.
27 | @nonexhaustive
| `- error: unknown attribute 'nonexhaustive'
28 | public enum Errors: Error {
29 | /// The public key CryptoKit receives when it initializes a key encapsulation operation doesn't match the expected value.
/host/spi-builder-workspace/.build/checkouts/swift-crypto/Sources/Crypto/KEM/KEM.swift:28:2: error: unknown attribute 'nonexhaustive'
26 | ///
27 | /// Use a key encapsulation mechanism (KEM) to protect a symmetric cryptographic key that you share with another party.
28 | @nonexhaustive
| `- error: unknown attribute 'nonexhaustive'
29 | public enum KEM: Sendable {
30 | /// The result of a key encapsulation operation.
/host/spi-builder-workspace/.build/checkouts/swift-crypto/Sources/Crypto/KEM/MLKEM.swift:30:2: error: unknown attribute 'nonexhaustive'
28 |
29 | /// The Module-Lattice key encapsulation mechanism (KEM).
30 | @nonexhaustive
| `- error: unknown attribute 'nonexhaustive'
31 | public enum MLKEM768: Sendable {}
32 |
/host/spi-builder-workspace/.build/checkouts/swift-crypto/Sources/Crypto/KEM/MLKEM.swift:201:2: error: unknown attribute 'nonexhaustive'
199 |
200 | /// The Module-Lattice key encapsulation mechanism (KEM).
201 | @nonexhaustive
| `- error: unknown attribute 'nonexhaustive'
202 | public enum MLKEM1024: Sendable {}
203 |
/host/spi-builder-workspace/.build/checkouts/swift-crypto/Sources/Crypto/KEM/XWing.swift:34:2: error: unknown attribute 'nonexhaustive'
32 | /// The X-Wing (ML-KEM768 with X25519) Key Encapsulation Mechanism, defined in
33 | /// https://datatracker.ietf.org/doc/html/draft-connolly-cfrg-xwing-kem-06
34 | @nonexhaustive
| `- error: unknown attribute 'nonexhaustive'
35 | public enum XWingMLKEM768X25519: Sendable {}
36 |
/host/spi-builder-workspace/.build/checkouts/swift-crypto/Sources/Crypto/Key Agreement/ECDH.swift:36:6: error: unknown attribute 'nonexhaustive'
34 | /// A mechanism used to create or verify a cryptographic signature using
35 | /// the NIST P-256 elliptic curve digital signature algorithm (ECDSA).
36 | @nonexhaustive
| `- error: unknown attribute 'nonexhaustive'
37 | public enum Signing: Sendable {
38 |
/host/spi-builder-workspace/.build/checkouts/swift-crypto/Sources/Crypto/Key Agreement/ECDH.swift:260:6: error: unknown attribute 'nonexhaustive'
258 | /// performing NIST P-256 elliptic curve Diffie Hellman (ECDH) key
259 | /// exchange.
260 | @nonexhaustive
| `- error: unknown attribute 'nonexhaustive'
261 | public enum KeyAgreement: Sendable {
262 |
/host/spi-builder-workspace/.build/checkouts/swift-crypto/Sources/Crypto/Key Agreement/ECDH.swift:483:6: error: unknown attribute 'nonexhaustive'
481 | /// A mechanism used to create or verify a cryptographic signature using
482 | /// the NIST P-384 elliptic curve digital signature algorithm (ECDSA).
483 | @nonexhaustive
| `- error: unknown attribute 'nonexhaustive'
484 | public enum Signing: Sendable {
485 |
/host/spi-builder-workspace/.build/checkouts/swift-crypto/Sources/Crypto/Key Agreement/ECDH.swift:707:6: error: unknown attribute 'nonexhaustive'
705 | /// performing NIST P-384 elliptic curve Diffie Hellman (ECDH) key
706 | /// exchange.
707 | @nonexhaustive
| `- error: unknown attribute 'nonexhaustive'
708 | public enum KeyAgreement: Sendable {
709 |
/host/spi-builder-workspace/.build/checkouts/swift-crypto/Sources/Crypto/Key Agreement/ECDH.swift:930:6: error: unknown attribute 'nonexhaustive'
928 | /// A mechanism used to create or verify a cryptographic signature using
929 | /// the NIST P-521 elliptic curve digital signature algorithm (ECDSA).
930 | @nonexhaustive
| `- error: unknown attribute 'nonexhaustive'
931 | public enum Signing: Sendable {
932 |
/host/spi-builder-workspace/.build/checkouts/swift-crypto/Sources/Crypto/Key Agreement/ECDH.swift:1154:6: error: unknown attribute 'nonexhaustive'
1152 | /// performing NIST P-521 elliptic curve Diffie Hellman (ECDH) key
1153 | /// exchange.
1154 | @nonexhaustive
| `- error: unknown attribute 'nonexhaustive'
1155 | public enum KeyAgreement: Sendable {
1156 |
/host/spi-builder-workspace/.build/checkouts/swift-crypto/Sources/Crypto/KEM/KEM-Errors.swift:27:6: error: unknown attribute 'nonexhaustive'
25 | extension KEM {
26 | /// Errors that CryptoKit throws when it encounters problems in key encapsulation mechanism (KEM) operations.
27 | @nonexhaustive
| `- error: unknown attribute 'nonexhaustive'
28 | public enum Errors: Error {
29 | /// The public key CryptoKit receives when it initializes a key encapsulation operation doesn't match the expected value.
/host/spi-builder-workspace/.build/checkouts/swift-crypto/Sources/Crypto/KEM/KEM.swift:28:2: error: unknown attribute 'nonexhaustive'
26 | ///
27 | /// Use a key encapsulation mechanism (KEM) to protect a symmetric cryptographic key that you share with another party.
28 | @nonexhaustive
| `- error: unknown attribute 'nonexhaustive'
29 | public enum KEM: Sendable {
30 | /// The result of a key encapsulation operation.
/host/spi-builder-workspace/.build/checkouts/swift-crypto/Sources/Crypto/KEM/MLKEM.swift:30:2: error: unknown attribute 'nonexhaustive'
28 |
29 | /// The Module-Lattice key encapsulation mechanism (KEM).
30 | @nonexhaustive
| `- error: unknown attribute 'nonexhaustive'
31 | public enum MLKEM768: Sendable {}
32 |
/host/spi-builder-workspace/.build/checkouts/swift-crypto/Sources/Crypto/KEM/MLKEM.swift:201:2: error: unknown attribute 'nonexhaustive'
199 |
200 | /// The Module-Lattice key encapsulation mechanism (KEM).
201 | @nonexhaustive
| `- error: unknown attribute 'nonexhaustive'
202 | public enum MLKEM1024: Sendable {}
203 |
/host/spi-builder-workspace/.build/checkouts/swift-crypto/Sources/Crypto/KEM/XWing.swift:34:2: error: unknown attribute 'nonexhaustive'
32 | /// The X-Wing (ML-KEM768 with X25519) Key Encapsulation Mechanism, defined in
33 | /// https://datatracker.ietf.org/doc/html/draft-connolly-cfrg-xwing-kem-06
34 | @nonexhaustive
| `- error: unknown attribute 'nonexhaustive'
35 | public enum XWingMLKEM768X25519: Sendable {}
36 |
/host/spi-builder-workspace/.build/checkouts/swift-crypto/Sources/Crypto/Key Agreement/ECDH.swift:36:6: error: unknown attribute 'nonexhaustive'
34 | /// A mechanism used to create or verify a cryptographic signature using
35 | /// the NIST P-256 elliptic curve digital signature algorithm (ECDSA).
36 | @nonexhaustive
| `- error: unknown attribute 'nonexhaustive'
37 | public enum Signing: Sendable {
38 |
/host/spi-builder-workspace/.build/checkouts/swift-crypto/Sources/Crypto/Key Agreement/ECDH.swift:260:6: error: unknown attribute 'nonexhaustive'
258 | /// performing NIST P-256 elliptic curve Diffie Hellman (ECDH) key
259 | /// exchange.
260 | @nonexhaustive
| `- error: unknown attribute 'nonexhaustive'
261 | public enum KeyAgreement: Sendable {
262 |
/host/spi-builder-workspace/.build/checkouts/swift-crypto/Sources/Crypto/Key Agreement/ECDH.swift:483:6: error: unknown attribute 'nonexhaustive'
481 | /// A mechanism used to create or verify a cryptographic signature using
482 | /// the NIST P-384 elliptic curve digital signature algorithm (ECDSA).
483 | @nonexhaustive
| `- error: unknown attribute 'nonexhaustive'
484 | public enum Signing: Sendable {
485 |
/host/spi-builder-workspace/.build/checkouts/swift-crypto/Sources/Crypto/Key Agreement/ECDH.swift:707:6: error: unknown attribute 'nonexhaustive'
705 | /// performing NIST P-384 elliptic curve Diffie Hellman (ECDH) key
706 | /// exchange.
707 | @nonexhaustive
| `- error: unknown attribute 'nonexhaustive'
708 | public enum KeyAgreement: Sendable {
709 |
/host/spi-builder-workspace/.build/checkouts/swift-crypto/Sources/Crypto/Key Agreement/ECDH.swift:930:6: error: unknown attribute 'nonexhaustive'
928 | /// A mechanism used to create or verify a cryptographic signature using
929 | /// the NIST P-521 elliptic curve digital signature algorithm (ECDSA).
930 | @nonexhaustive
| `- error: unknown attribute 'nonexhaustive'
931 | public enum Signing: Sendable {
932 |
/host/spi-builder-workspace/.build/checkouts/swift-crypto/Sources/Crypto/Key Agreement/ECDH.swift:1154:6: error: unknown attribute 'nonexhaustive'
1152 | /// performing NIST P-521 elliptic curve Diffie Hellman (ECDH) key
1153 | /// exchange.
1154 | @nonexhaustive
| `- error: unknown attribute 'nonexhaustive'
1155 | public enum KeyAgreement: Sendable {
1156 |
/host/spi-builder-workspace/.build/checkouts/swift-crypto/Sources/Crypto/KEM/KEM-Errors.swift:27:6: error: unknown attribute 'nonexhaustive'
25 | extension KEM {
26 | /// Errors that CryptoKit throws when it encounters problems in key encapsulation mechanism (KEM) operations.
27 | @nonexhaustive
| `- error: unknown attribute 'nonexhaustive'
28 | public enum Errors: Error {
29 | /// The public key CryptoKit receives when it initializes a key encapsulation operation doesn't match the expected value.
/host/spi-builder-workspace/.build/checkouts/swift-crypto/Sources/Crypto/KEM/KEM.swift:28:2: error: unknown attribute 'nonexhaustive'
26 | ///
27 | /// Use a key encapsulation mechanism (KEM) to protect a symmetric cryptographic key that you share with another party.
28 | @nonexhaustive
| `- error: unknown attribute 'nonexhaustive'
29 | public enum KEM: Sendable {
30 | /// The result of a key encapsulation operation.
/host/spi-builder-workspace/.build/checkouts/swift-crypto/Sources/Crypto/KEM/MLKEM.swift:30:2: error: unknown attribute 'nonexhaustive'
28 |
29 | /// The Module-Lattice key encapsulation mechanism (KEM).
30 | @nonexhaustive
| `- error: unknown attribute 'nonexhaustive'
31 | public enum MLKEM768: Sendable {}
32 |
/host/spi-builder-workspace/.build/checkouts/swift-crypto/Sources/Crypto/KEM/MLKEM.swift:201:2: error: unknown attribute 'nonexhaustive'
199 |
200 | /// The Module-Lattice key encapsulation mechanism (KEM).
201 | @nonexhaustive
| `- error: unknown attribute 'nonexhaustive'
202 | public enum MLKEM1024: Sendable {}
203 |
/host/spi-builder-workspace/.build/checkouts/swift-crypto/Sources/Crypto/KEM/XWing.swift:34:2: error: unknown attribute 'nonexhaustive'
32 | /// The X-Wing (ML-KEM768 with X25519) Key Encapsulation Mechanism, defined in
33 | /// https://datatracker.ietf.org/doc/html/draft-connolly-cfrg-xwing-kem-06
34 | @nonexhaustive
| `- error: unknown attribute 'nonexhaustive'
35 | public enum XWingMLKEM768X25519: Sendable {}
36 |
/host/spi-builder-workspace/.build/checkouts/swift-crypto/Sources/Crypto/Key Agreement/ECDH.swift:36:6: error: unknown attribute 'nonexhaustive'
34 | /// A mechanism used to create or verify a cryptographic signature using
35 | /// the NIST P-256 elliptic curve digital signature algorithm (ECDSA).
36 | @nonexhaustive
| `- error: unknown attribute 'nonexhaustive'
37 | public enum Signing: Sendable {
38 |
/host/spi-builder-workspace/.build/checkouts/swift-crypto/Sources/Crypto/Key Agreement/ECDH.swift:260:6: error: unknown attribute 'nonexhaustive'
258 | /// performing NIST P-256 elliptic curve Diffie Hellman (ECDH) key
259 | /// exchange.
260 | @nonexhaustive
| `- error: unknown attribute 'nonexhaustive'
261 | public enum KeyAgreement: Sendable {
262 |
/host/spi-builder-workspace/.build/checkouts/swift-crypto/Sources/Crypto/Key Agreement/ECDH.swift:483:6: error: unknown attribute 'nonexhaustive'
481 | /// A mechanism used to create or verify a cryptographic signature using
482 | /// the NIST P-384 elliptic curve digital signature algorithm (ECDSA).
483 | @nonexhaustive
| `- error: unknown attribute 'nonexhaustive'
484 | public enum Signing: Sendable {
485 |
/host/spi-builder-workspace/.build/checkouts/swift-crypto/Sources/Crypto/Key Agreement/ECDH.swift:707:6: error: unknown attribute 'nonexhaustive'
705 | /// performing NIST P-384 elliptic curve Diffie Hellman (ECDH) key
706 | /// exchange.
707 | @nonexhaustive
| `- error: unknown attribute 'nonexhaustive'
708 | public enum KeyAgreement: Sendable {
709 |
/host/spi-builder-workspace/.build/checkouts/swift-crypto/Sources/Crypto/Key Agreement/ECDH.swift:930:6: error: unknown attribute 'nonexhaustive'
928 | /// A mechanism used to create or verify a cryptographic signature using
929 | /// the NIST P-521 elliptic curve digital signature algorithm (ECDSA).
930 | @nonexhaustive
| `- error: unknown attribute 'nonexhaustive'
931 | public enum Signing: Sendable {
932 |
/host/spi-builder-workspace/.build/checkouts/swift-crypto/Sources/Crypto/Key Agreement/ECDH.swift:1154:6: error: unknown attribute 'nonexhaustive'
1152 | /// performing NIST P-521 elliptic curve Diffie Hellman (ECDH) key
1153 | /// exchange.
1154 | @nonexhaustive
| `- error: unknown attribute 'nonexhaustive'
1155 | public enum KeyAgreement: Sendable {
1156 |
error: emit-module command failed with exit code 1 (use -v to see invocation)
[1747/1823] Emitting module Crypto
/host/spi-builder-workspace/.build/checkouts/swift-crypto/Sources/Crypto/AEADs/AES/GCM/AES-GCM.swift:29:6: error: unknown attribute 'nonexhaustive'
27 | /// The Advanced Encryption Standard (AES) Galois Counter Mode (GCM) cipher
28 | /// suite.
29 | @nonexhaustive
| `- error: unknown attribute 'nonexhaustive'
30 | public enum GCM: Cipher, Sendable {
31 | static let tagByteCount = 16
/host/spi-builder-workspace/.build/checkouts/swift-crypto/Sources/Crypto/AEADs/ChachaPoly/ChaChaPoly.swift:28:2: error: unknown attribute 'nonexhaustive'
26 |
27 | /// An implementation of the ChaCha20-Poly1305 cipher.
28 | @nonexhaustive
| `- error: unknown attribute 'nonexhaustive'
29 | public enum ChaChaPoly: Cipher, Sendable {
30 | static let tagByteCount = 16
/host/spi-builder-workspace/.build/checkouts/swift-crypto/Sources/Crypto/CryptoKitErrors.swift:19:2: error: unknown attribute 'nonexhaustive'
17 | #else
18 | /// General cryptography errors used by CryptoKit.
19 | @nonexhaustive
| `- error: unknown attribute 'nonexhaustive'
20 | public enum CryptoKitError: Error {
21 | /// The key size is incorrect.
/host/spi-builder-workspace/.build/checkouts/swift-crypto/Sources/Crypto/CryptoKitErrors.swift:41:2: error: unknown attribute 'nonexhaustive'
39 |
40 | /// Errors from decoding ASN.1 content.
41 | @nonexhaustive
| `- error: unknown attribute 'nonexhaustive'
42 | public enum CryptoKitASN1Error: Equatable, Error, Hashable {
43 | /// The ASN.1 tag for this field is invalid or unsupported.
/host/spi-builder-workspace/.build/checkouts/swift-crypto/Sources/Crypto/HPKE/Ciphersuite/HPKE-AEAD.swift:27:6: error: unknown attribute 'nonexhaustive'
25 | extension HPKE {
26 | /// The authenticated encryption with associated data (AEAD) algorithms to use in HPKE.
27 | @nonexhaustive
| `- error: unknown attribute 'nonexhaustive'
28 | public enum AEAD: CaseIterable, Hashable, Sendable {
29 | /// An Advanced Encryption Standard cipher in Galois/Counter Mode with a key length of 128 bits.
/host/spi-builder-workspace/.build/checkouts/swift-crypto/Sources/Crypto/HPKE/Ciphersuite/HPKE-KDF.swift:27:6: error: unknown attribute 'nonexhaustive'
25 | extension HPKE {
26 | /// The key derivation functions to use in HPKE.
27 | @nonexhaustive
| `- error: unknown attribute 'nonexhaustive'
28 | public enum KDF: CaseIterable, Hashable, Sendable {
29 | /// An HMAC-based key derivation function that uses SHA-2 hashing with a 256-bit digest.
/host/spi-builder-workspace/.build/checkouts/swift-crypto/Sources/Crypto/HPKE/Ciphersuite/KEM/Conformances/DHKEM.swift:81:6: error: unknown attribute 'nonexhaustive'
79 | extension HPKE {
80 | /// A container for Diffie-Hellman key encapsulation mechanisms (KEMs).
81 | @nonexhaustive
| `- error: unknown attribute 'nonexhaustive'
82 | public enum DHKEM: Sendable {
83 | struct PublicKey<DHPK: HPKEDiffieHellmanPublicKey>: KEMPublicKey where DHPK == DHPK.EphemeralPrivateKey.PublicKey {
/host/spi-builder-workspace/.build/checkouts/swift-crypto/Sources/Crypto/HPKE/Ciphersuite/KEM/HPKE-KEM.swift:29:6: error: unknown attribute 'nonexhaustive'
27 | /// The module-lattice key encapsulation mechanism (ML-KEM) is designed to offer increased security in situations
28 | /// where an adversary uses a quantum computer.
29 | @nonexhaustive
| `- error: unknown attribute 'nonexhaustive'
30 | public enum KEM: CaseIterable, Hashable, Sendable {
31 | public static var allCases: [HPKE.KEM] {
/host/spi-builder-workspace/.build/checkouts/swift-crypto/Sources/Crypto/HPKE/HPKE-Errors.swift:27:6: error: unknown attribute 'nonexhaustive'
25 | extension HPKE {
26 | /// Hybrid public key encryption (HPKE) errors that CryptoKit uses.
27 | @nonexhaustive
| `- error: unknown attribute 'nonexhaustive'
28 | public enum Errors: Error {
29 | /// The parameters for initializing an HPKE sender or receiver are inconsistent.
/host/spi-builder-workspace/.build/checkouts/swift-crypto/Sources/Crypto/HPKE/HPKE.swift:53:2: error: unknown attribute 'nonexhaustive'
51 | /// ### Handling errors
52 | /// - ``Errors``
53 | @nonexhaustive
| `- error: unknown attribute 'nonexhaustive'
54 | public enum HPKE: Sendable {}
55 |
/host/spi-builder-workspace/.build/checkouts/swift-crypto/Sources/Crypto/Insecure/Insecure.swift:23:2: error: unknown attribute 'nonexhaustive'
21 | /// but the framework provides them for backward compatibility with older
22 | /// services that require them. For new services, avoid these algorithms.
23 | @nonexhaustive
| `- error: unknown attribute 'nonexhaustive'
24 | public enum Insecure: Sendable {}
25 | #endif // canImport(CryptoKit)
/host/spi-builder-workspace/.build/checkouts/swift-crypto/Sources/Crypto/KEM/KEM-Errors.swift:27:6: error: unknown attribute 'nonexhaustive'
25 | extension KEM {
26 | /// Errors that CryptoKit throws when it encounters problems in key encapsulation mechanism (KEM) operations.
27 | @nonexhaustive
| `- error: unknown attribute 'nonexhaustive'
28 | public enum Errors: Error {
29 | /// The public key CryptoKit receives when it initializes a key encapsulation operation doesn't match the expected value.
/host/spi-builder-workspace/.build/checkouts/swift-crypto/Sources/Crypto/KEM/KEM.swift:28:2: error: unknown attribute 'nonexhaustive'
26 | ///
27 | /// Use a key encapsulation mechanism (KEM) to protect a symmetric cryptographic key that you share with another party.
28 | @nonexhaustive
| `- error: unknown attribute 'nonexhaustive'
29 | public enum KEM: Sendable {
30 | /// The result of a key encapsulation operation.
/host/spi-builder-workspace/.build/checkouts/swift-crypto/Sources/Crypto/KEM/MLKEM.swift:30:2: error: unknown attribute 'nonexhaustive'
28 |
29 | /// The Module-Lattice key encapsulation mechanism (KEM).
30 | @nonexhaustive
| `- error: unknown attribute 'nonexhaustive'
31 | public enum MLKEM768: Sendable {}
32 |
/host/spi-builder-workspace/.build/checkouts/swift-crypto/Sources/Crypto/KEM/MLKEM.swift:201:2: error: unknown attribute 'nonexhaustive'
199 |
200 | /// The Module-Lattice key encapsulation mechanism (KEM).
201 | @nonexhaustive
| `- error: unknown attribute 'nonexhaustive'
202 | public enum MLKEM1024: Sendable {}
203 |
/host/spi-builder-workspace/.build/checkouts/swift-crypto/Sources/Crypto/KEM/XWing.swift:34:2: error: unknown attribute 'nonexhaustive'
32 | /// The X-Wing (ML-KEM768 with X25519) Key Encapsulation Mechanism, defined in
33 | /// https://datatracker.ietf.org/doc/html/draft-connolly-cfrg-xwing-kem-06
34 | @nonexhaustive
| `- error: unknown attribute 'nonexhaustive'
35 | public enum XWingMLKEM768X25519: Sendable {}
36 |
/host/spi-builder-workspace/.build/checkouts/swift-crypto/Sources/Crypto/Key Agreement/ECDH.swift:36:6: error: unknown attribute 'nonexhaustive'
34 | /// A mechanism used to create or verify a cryptographic signature using
35 | /// the NIST P-256 elliptic curve digital signature algorithm (ECDSA).
36 | @nonexhaustive
| `- error: unknown attribute 'nonexhaustive'
37 | public enum Signing: Sendable {
38 |
/host/spi-builder-workspace/.build/checkouts/swift-crypto/Sources/Crypto/Key Agreement/ECDH.swift:260:6: error: unknown attribute 'nonexhaustive'
258 | /// performing NIST P-256 elliptic curve Diffie Hellman (ECDH) key
259 | /// exchange.
260 | @nonexhaustive
| `- error: unknown attribute 'nonexhaustive'
261 | public enum KeyAgreement: Sendable {
262 |
/host/spi-builder-workspace/.build/checkouts/swift-crypto/Sources/Crypto/Key Agreement/ECDH.swift:483:6: error: unknown attribute 'nonexhaustive'
481 | /// A mechanism used to create or verify a cryptographic signature using
482 | /// the NIST P-384 elliptic curve digital signature algorithm (ECDSA).
483 | @nonexhaustive
| `- error: unknown attribute 'nonexhaustive'
484 | public enum Signing: Sendable {
485 |
/host/spi-builder-workspace/.build/checkouts/swift-crypto/Sources/Crypto/Key Agreement/ECDH.swift:707:6: error: unknown attribute 'nonexhaustive'
705 | /// performing NIST P-384 elliptic curve Diffie Hellman (ECDH) key
706 | /// exchange.
707 | @nonexhaustive
| `- error: unknown attribute 'nonexhaustive'
708 | public enum KeyAgreement: Sendable {
709 |
/host/spi-builder-workspace/.build/checkouts/swift-crypto/Sources/Crypto/Key Agreement/ECDH.swift:930:6: error: unknown attribute 'nonexhaustive'
928 | /// A mechanism used to create or verify a cryptographic signature using
929 | /// the NIST P-521 elliptic curve digital signature algorithm (ECDSA).
930 | @nonexhaustive
| `- error: unknown attribute 'nonexhaustive'
931 | public enum Signing: Sendable {
932 |
/host/spi-builder-workspace/.build/checkouts/swift-crypto/Sources/Crypto/Key Agreement/ECDH.swift:1154:6: error: unknown attribute 'nonexhaustive'
1152 | /// performing NIST P-521 elliptic curve Diffie Hellman (ECDH) key
1153 | /// exchange.
1154 | @nonexhaustive
| `- error: unknown attribute 'nonexhaustive'
1155 | public enum KeyAgreement: Sendable {
1156 |
/host/spi-builder-workspace/.build/checkouts/swift-crypto/Sources/Crypto/Key Wrapping/AESWrap.swift:30:6: error: unknown attribute 'nonexhaustive'
28 | /// An implementation of AES Key Wrapping in accordance with the IETF RFC
29 | /// 3394 specification.
30 | @nonexhaustive
| `- error: unknown attribute 'nonexhaustive'
31 | public enum KeyWrap: Sendable {
32 | /// Wraps a key using the AES wrap algorithm.
/host/spi-builder-workspace/.build/checkouts/swift-crypto/Sources/Crypto/Keys/EC/Curve25519.swift:19:2: error: unknown attribute 'nonexhaustive'
17 | #else
18 | /// An elliptic curve that enables X25519 key agreement and Ed25519 signatures.
19 | @nonexhaustive
| `- error: unknown attribute 'nonexhaustive'
20 | public enum Curve25519: Sendable {}
21 | #endif // canImport(CryptoKit)
/host/spi-builder-workspace/.build/checkouts/swift-crypto/Sources/Crypto/Keys/EC/Ed25519Keys.swift:33:6: error: unknown attribute 'nonexhaustive'
31 | /// A mechanism used to create or verify a cryptographic signature using
32 | /// Ed25519.
33 | @nonexhaustive
| `- error: unknown attribute 'nonexhaustive'
34 | public enum Signing: Sendable {
35 | typealias Curve25519PrivateKeyImpl = Curve25519.Signing.OpenSSLCurve25519PrivateKeyImpl
/host/spi-builder-workspace/.build/checkouts/swift-crypto/Sources/Crypto/Keys/EC/NISTCurvesKeys.swift:51:2: error: unknown attribute 'nonexhaustive'
49 |
50 | /// An elliptic curve that enables NIST P-256 signatures and key agreement.
51 | @nonexhaustive
| `- error: unknown attribute 'nonexhaustive'
52 | public enum P256: Sendable { }
53 |
/host/spi-builder-workspace/.build/checkouts/swift-crypto/Sources/Crypto/Keys/EC/NISTCurvesKeys.swift:55:2: error: unknown attribute 'nonexhaustive'
53 |
54 | /// An elliptic curve that enables NIST P-384 signatures and key agreement.
55 | @nonexhaustive
| `- error: unknown attribute 'nonexhaustive'
56 | public enum P384: Sendable { }
57 |
/host/spi-builder-workspace/.build/checkouts/swift-crypto/Sources/Crypto/Keys/EC/NISTCurvesKeys.swift:59:2: error: unknown attribute 'nonexhaustive'
57 |
58 | /// An elliptic curve that enables NIST P-521 signatures and key agreement.
59 | @nonexhaustive
| `- error: unknown attribute 'nonexhaustive'
60 | public enum P521: Sendable { }
61 | #endif // canImport(CryptoKit)
/host/spi-builder-workspace/.build/checkouts/swift-crypto/Sources/Crypto/Keys/EC/X25519Keys.swift:33:6: error: unknown attribute 'nonexhaustive'
31 | /// A mechanism used to create a shared secret between two users by
32 | /// performing X25519 key agreement.
33 | @nonexhaustive
| `- error: unknown attribute 'nonexhaustive'
34 | public enum KeyAgreement: Sendable {
35 | typealias Curve25519PrivateKeyImpl = Curve25519.KeyAgreement.OpenSSLCurve25519PrivateKeyImpl
/host/spi-builder-workspace/.build/checkouts/swift-crypto/Sources/Crypto/PRF/AES.swift:19:2: error: unknown attribute 'nonexhaustive'
17 | #else
18 | /// A container for Advanced Encryption Standard (AES) ciphers.
19 | @nonexhaustive
| `- error: unknown attribute 'nonexhaustive'
20 | public enum AES: Sendable {
21 | static let blockSizeByteCount = 16
/host/spi-builder-workspace/.build/checkouts/swift-crypto/Sources/Crypto/Signatures/MLDSA.swift:29:2: error: unknown attribute 'nonexhaustive'
27 |
28 | /// The MLDSA65 Digital Signature Algorithm
29 | @nonexhaustive
| `- error: unknown attribute 'nonexhaustive'
30 | public enum MLDSA65: Sendable {}
31 |
/host/spi-builder-workspace/.build/checkouts/swift-crypto/Sources/Crypto/Signatures/MLDSA.swift:184:2: error: unknown attribute 'nonexhaustive'
182 |
183 | /// The MLDSA87 Digital Signature Algorithm
184 | @nonexhaustive
| `- error: unknown attribute 'nonexhaustive'
185 | public enum MLDSA87: Sendable {}
186 |
[1748/1823] Compiling ServiceLifecycle ServiceGroup.swift
[1768/1824] Compiling Crypto CryptoKitErrors_boring.swift
[1769/1824] Compiling Crypto InlineArray+withBytes_boring.swift
[1770/1824] Compiling Crypto Optional+withUnsafeBytes_boring.swift
[1771/1824] Compiling Crypto RNG_boring.swift
[1772/1824] Compiling Crypto SafeCompare_boring.swift
[1773/1824] Compiling Crypto Zeroization_boring.swift
[1774/1824] Compiling Crypto _CryptoModuleAnchor.swift
[1775/1824] Compiling Crypto Data+ArraySpan.swift
[1776/1824] Compiling Crypto PrettyBytes.swift
[1777/1824] Compiling Crypto SafeCompare.swift
[1778/1824] Compiling Crypto SecureBytes.swift
[1779/1824] Compiling Crypto Zeroization.swift
BUILD FAILURE 6.2 android