Build Information
Failed to build SQift, reference master (3014ab), with Swift 6.1 for Linux on 11 Aug 2026 07:19:48 UTC.
Build Command
bash -c docker run --pull=always --rm -v "checkouts-54344847-1":/host -w "$PWD" -e JAVA_HOME="/root/.sdkman/candidates/java/current" -e SPI_BUILD="1" -e SPI_PROCESSING="1" registry.gitlab.com/saguaro1/spi-images:basic-6.1-latest swift build --triple x86_64-unknown-linux-gnu 2>&1Build Log
========================================
RunAll
========================================
Builder version: 729ceb5fcd9493dc13ee340bc4f0908bd201f85d
Interrupt handler set up.
========================================
Checkout
========================================
Clone URL: https://github.com/nike-inc/SQift.git
Reference: master
Initialized empty Git repository in /host/spi-builder-workspace/.git/
hint: Using 'master' as the name for the initial branch. This default branch name
hint: is subject to change. To configure the initial branch name to use in all
hint: of your new repositories, which will suppress this warning, call:
hint:
hint: git config --global init.defaultBranch <name>
hint:
hint: Names commonly chosen instead of 'master' are 'main', 'trunk' and
hint: 'development'. The just-created branch can be renamed via this command:
hint:
hint: git branch -m <name>
From https://github.com/nike-inc/SQift
* branch master -> FETCH_HEAD
* [new branch] master -> origin/master
HEAD is now at 3014ab4 Minor correction in README.md (#43)
Cloned https://github.com/nike-inc/SQift.git
Revision (git rev-parse @):
3014ab40dac372337e2bdb336a3472dc36221f41
SUCCESS checkout https://github.com/nike-inc/SQift.git at master
========================================
Build
========================================
Selected platform: linux
Swift version: 6.1
Building package at path: $PWD
https://github.com/nike-inc/SQift.git
https://github.com/nike-inc/SQift.git
WARNING: environment variable SUPPRESS_SWIFT_6_FLAGS is not set
Running build ...
bash -c docker run --pull=always --rm -v "checkouts-54344847-1":/host -w "$PWD" -e JAVA_HOME="/root/.sdkman/candidates/java/current" -e SPI_BUILD="1" -e SPI_PROCESSING="1" registry.gitlab.com/saguaro1/spi-images:basic-6.1-latest swift build --triple x86_64-unknown-linux-gnu -Xswiftc -Xfrontend -Xswiftc -stats-output-dir -Xswiftc -Xfrontend -Xswiftc .stats -Xswiftc -strict-concurrency=complete -Xswiftc -enable-upcoming-feature -Xswiftc StrictConcurrency -Xswiftc -enable-upcoming-feature -Xswiftc DisableOutwardActorInference -Xswiftc -enable-upcoming-feature -Xswiftc GlobalActorIsolatedTypesUsability -Xswiftc -enable-upcoming-feature -Xswiftc InferSendableFromCaptures 2>&1
basic-6.1-latest: Pulling from saguaro1/spi-images
Digest: sha256:dff62030f4387a2d827d2b365d39a91716bd1d13650763ccbcbfe23419000563
Status: Image is up to date for registry.gitlab.com/saguaro1/spi-images:basic-6.1-latest
Building for debugging...
[0/2] Write sources
[1/2] Write swift-version-24593BA9C3E375BF.txt
error: emit-module command failed with exit code 1 (use -v to see invocation)
[3/24] Emitting module SQift
/host/spi-builder-workspace/Source/Connection/Connection.swift:12:8: error: no such module 'SQLite3'
10 |
11 | import Foundation
12 | import SQLite3
| `- error: no such module 'SQLite3'
13 |
14 | /// Represents a SQL statement to be compiled as a string.
[4/26] Compiling SQift Hook.swift
/host/spi-builder-workspace/Source/Connection/Connection.swift:12:8: error: no such module 'SQLite3'
10 |
11 | import Foundation
12 | import SQLite3
| `- error: no such module 'SQLite3'
13 |
14 | /// Represents a SQL statement to be compiled as a string.
[5/26] Compiling SQift Query.swift
/host/spi-builder-workspace/Source/Connection/Connection.swift:12:8: error: no such module 'SQLite3'
10 |
11 | import Foundation
12 | import SQLite3
| `- error: no such module 'SQLite3'
13 |
14 | /// Represents a SQL statement to be compiled as a string.
[6/26] Compiling SQift Trace.swift
/host/spi-builder-workspace/Source/Connection/Connection.swift:12:8: error: no such module 'SQLite3'
10 |
11 | import Foundation
12 | import SQLite3
| `- error: no such module 'SQLite3'
13 |
14 | /// Represents a SQL statement to be compiled as a string.
[7/26] Compiling SQift Connection.swift
/host/spi-builder-workspace/Source/Connection/Connection.swift:12:8: error: no such module 'SQLite3'
10 |
11 | import Foundation
12 | import SQLite3
| `- error: no such module 'SQLite3'
13 |
14 | /// Represents a SQL statement to be compiled as a string.
[8/26] Compiling SQift ConnectionPool.swift
/host/spi-builder-workspace/Source/Connection/Connection.swift:12:8: error: no such module 'SQLite3'
10 |
11 | import Foundation
12 | import SQLite3
| `- error: no such module 'SQLite3'
13 |
14 | /// Represents a SQL statement to be compiled as a string.
[9/26] Compiling SQift ConnectionQueue.swift
/host/spi-builder-workspace/Source/Connection/Connection.swift:12:8: error: no such module 'SQLite3'
10 |
11 | import Foundation
12 | import SQLite3
| `- error: no such module 'SQLite3'
13 |
14 | /// Represents a SQL statement to be compiled as a string.
[10/26] Compiling SQift Binding.swift
/host/spi-builder-workspace/Source/Connection/Connection.swift:12:8: error: no such module 'SQLite3'
10 |
11 | import Foundation
12 | import SQLite3
| `- error: no such module 'SQLite3'
13 |
14 | /// Represents a SQL statement to be compiled as a string.
[11/26] Compiling SQift Row.swift
/host/spi-builder-workspace/Source/Connection/Connection.swift:12:8: error: no such module 'SQLite3'
10 |
11 | import Foundation
12 | import SQLite3
| `- error: no such module 'SQLite3'
13 |
14 | /// Represents a SQL statement to be compiled as a string.
[12/26] Compiling SQift Transaction.swift
/host/spi-builder-workspace/Source/Connection/Connection.swift:12:8: error: no such module 'SQLite3'
10 |
11 | import Foundation
12 | import SQLite3
| `- error: no such module 'SQLite3'
13 |
14 | /// Represents a SQL statement to be compiled as a string.
[13/26] Compiling SQift Statement.swift
/host/spi-builder-workspace/Source/Connection/Connection.swift:12:8: error: no such module 'SQLite3'
10 |
11 | import Foundation
12 | import SQLite3
| `- error: no such module 'SQLite3'
13 |
14 | /// Represents a SQL statement to be compiled as a string.
[14/26] Compiling SQift Database.swift
/host/spi-builder-workspace/Source/Connection/Connection.swift:12:8: error: no such module 'SQLite3'
10 |
11 | import Foundation
12 | import SQLite3
| `- error: no such module 'SQLite3'
13 |
14 | /// Represents a SQL statement to be compiled as a string.
[15/26] Compiling SQift ExpressibleByRowError.swift
/host/spi-builder-workspace/Source/Connection/Connection.swift:12:8: error: no such module 'SQLite3'
10 |
11 | import Foundation
12 | import SQLite3
| `- error: no such module 'SQLite3'
13 |
14 | /// Represents a SQL statement to be compiled as a string.
[16/26] Compiling SQift SQLiteError.swift
/host/spi-builder-workspace/Source/Connection/Connection.swift:12:8: error: no such module 'SQLite3'
10 |
11 | import Foundation
12 | import SQLite3
| `- error: no such module 'SQLite3'
13 |
14 | /// Represents a SQL statement to be compiled as a string.
[17/26] Compiling SQift StringExtension.swift
/host/spi-builder-workspace/Source/Connection/Connection.swift:12:8: error: no such module 'SQLite3'
10 |
11 | import Foundation
12 | import SQLite3
| `- error: no such module 'SQLite3'
13 |
14 | /// Represents a SQL statement to be compiled as a string.
[18/26] Compiling SQift Migrator.swift
/host/spi-builder-workspace/Source/Connection/Connection.swift:12:8: error: no such module 'SQLite3'
10 |
11 | import Foundation
12 | import SQLite3
| `- error: no such module 'SQLite3'
13 |
14 | /// Represents a SQL statement to be compiled as a string.
[19/26] Compiling SQift StorageLocation.swift
/host/spi-builder-workspace/Source/Connection/Connection.swift:12:8: error: no such module 'SQLite3'
10 |
11 | import Foundation
12 | import SQLite3
| `- error: no such module 'SQLite3'
13 |
14 | /// Represents a SQL statement to be compiled as a string.
[20/26] Compiling SQift TableLockPolicy.swift
/host/spi-builder-workspace/Source/Connection/Connection.swift:12:8: error: no such module 'SQLite3'
10 |
11 | import Foundation
12 | import SQLite3
| `- error: no such module 'SQLite3'
13 |
14 | /// Represents a SQL statement to be compiled as a string.
[21/26] Compiling SQift Authorizer.swift
/host/spi-builder-workspace/Source/Connection/Connection.swift:12:8: error: no such module 'SQLite3'
10 |
11 | import Foundation
12 | import SQLite3
| `- error: no such module 'SQLite3'
13 |
14 | /// Represents a SQL statement to be compiled as a string.
[22/26] Compiling SQift Backup.swift
/host/spi-builder-workspace/Source/Connection/Connection.swift:12:8: error: no such module 'SQLite3'
10 |
11 | import Foundation
12 | import SQLite3
| `- error: no such module 'SQLite3'
13 |
14 | /// Represents a SQL statement to be compiled as a string.
[23/26] Compiling SQift Busy.swift
/host/spi-builder-workspace/Source/Connection/Connection.swift:12:8: error: no such module 'SQLite3'
10 |
11 | import Foundation
12 | import SQLite3
| `- error: no such module 'SQLite3'
13 |
14 | /// Represents a SQL statement to be compiled as a string.
[24/26] Compiling SQift Checkpoint.swift
/host/spi-builder-workspace/Source/Connection/Connection.swift:12:8: error: no such module 'SQLite3'
10 |
11 | import Foundation
12 | import SQLite3
| `- error: no such module 'SQLite3'
13 |
14 | /// Represents a SQL statement to be compiled as a string.
[25/26] Compiling SQift Collation.swift
/host/spi-builder-workspace/Source/Connection/Connection.swift:12:8: error: no such module 'SQLite3'
10 |
11 | import Foundation
12 | import SQLite3
| `- error: no such module 'SQLite3'
13 |
14 | /// Represents a SQL statement to be compiled as a string.
[26/26] Compiling SQift Function.swift
/host/spi-builder-workspace/Source/Connection/Connection.swift:12:8: error: no such module 'SQLite3'
10 |
11 | import Foundation
12 | import SQLite3
| `- error: no such module 'SQLite3'
13 |
14 | /// Represents a SQL statement to be compiled as a string.
Running build ...
bash -c docker run --pull=always --rm -v "checkouts-54344847-1":/host -w "$PWD" -e JAVA_HOME="/root/.sdkman/candidates/java/current" -e SPI_BUILD="1" -e SPI_PROCESSING="1" registry.gitlab.com/saguaro1/spi-images:basic-6.1-latest swift build --triple x86_64-unknown-linux-gnu 2>&1
basic-6.1-latest: Pulling from saguaro1/spi-images
Digest: sha256:dff62030f4387a2d827d2b365d39a91716bd1d13650763ccbcbfe23419000563
Status: Image is up to date for registry.gitlab.com/saguaro1/spi-images:basic-6.1-latest
[0/1] Planning build
Building for debugging...
[0/1] Write swift-version-24593BA9C3E375BF.txt
[2/23] Compiling SQift Connection.swift
/host/spi-builder-workspace/Source/Connection/Connection.swift:12:8: error: no such module 'SQLite3'
10 |
11 | import Foundation
12 | import SQLite3
| `- error: no such module 'SQLite3'
13 |
14 | /// Represents a SQL statement to be compiled as a string.
[3/23] Compiling SQift ConnectionPool.swift
/host/spi-builder-workspace/Source/Connection/Connection.swift:12:8: error: no such module 'SQLite3'
10 |
11 | import Foundation
12 | import SQLite3
| `- error: no such module 'SQLite3'
13 |
14 | /// Represents a SQL statement to be compiled as a string.
[4/23] Compiling SQift ConnectionQueue.swift
/host/spi-builder-workspace/Source/Connection/Connection.swift:12:8: error: no such module 'SQLite3'
10 |
11 | import Foundation
12 | import SQLite3
| `- error: no such module 'SQLite3'
13 |
14 | /// Represents a SQL statement to be compiled as a string.
error: emit-module command failed with exit code 1 (use -v to see invocation)
[5/25] Emitting module SQift
/host/spi-builder-workspace/Source/Connection/Connection.swift:12:8: error: no such module 'SQLite3'
10 |
11 | import Foundation
12 | import SQLite3
| `- error: no such module 'SQLite3'
13 |
14 | /// Represents a SQL statement to be compiled as a string.
[6/25] Compiling SQift Checkpoint.swift
/host/spi-builder-workspace/Source/Connection/Connection.swift:12:8: error: no such module 'SQLite3'
10 |
11 | import Foundation
12 | import SQLite3
| `- error: no such module 'SQLite3'
13 |
14 | /// Represents a SQL statement to be compiled as a string.
[7/25] Compiling SQift Collation.swift
/host/spi-builder-workspace/Source/Connection/Connection.swift:12:8: error: no such module 'SQLite3'
10 |
11 | import Foundation
12 | import SQLite3
| `- error: no such module 'SQLite3'
13 |
14 | /// Represents a SQL statement to be compiled as a string.
[8/25] Compiling SQift Function.swift
/host/spi-builder-workspace/Source/Connection/Connection.swift:12:8: error: no such module 'SQLite3'
10 |
11 | import Foundation
12 | import SQLite3
| `- error: no such module 'SQLite3'
13 |
14 | /// Represents a SQL statement to be compiled as a string.
[9/25] Compiling SQift Authorizer.swift
/host/spi-builder-workspace/Source/Connection/Connection.swift:12:8: error: no such module 'SQLite3'
10 |
11 | import Foundation
12 | import SQLite3
| `- error: no such module 'SQLite3'
13 |
14 | /// Represents a SQL statement to be compiled as a string.
[10/25] Compiling SQift Backup.swift
/host/spi-builder-workspace/Source/Connection/Connection.swift:12:8: error: no such module 'SQLite3'
10 |
11 | import Foundation
12 | import SQLite3
| `- error: no such module 'SQLite3'
13 |
14 | /// Represents a SQL statement to be compiled as a string.
[11/25] Compiling SQift Busy.swift
/host/spi-builder-workspace/Source/Connection/Connection.swift:12:8: error: no such module 'SQLite3'
10 |
11 | import Foundation
12 | import SQLite3
| `- error: no such module 'SQLite3'
13 |
14 | /// Represents a SQL statement to be compiled as a string.
[12/25] Compiling SQift Migrator.swift
/host/spi-builder-workspace/Source/Connection/Connection.swift:12:8: error: no such module 'SQLite3'
10 |
11 | import Foundation
12 | import SQLite3
| `- error: no such module 'SQLite3'
13 |
14 | /// Represents a SQL statement to be compiled as a string.
[13/25] Compiling SQift StorageLocation.swift
/host/spi-builder-workspace/Source/Connection/Connection.swift:12:8: error: no such module 'SQLite3'
10 |
11 | import Foundation
12 | import SQLite3
| `- error: no such module 'SQLite3'
13 |
14 | /// Represents a SQL statement to be compiled as a string.
[14/25] Compiling SQift TableLockPolicy.swift
/host/spi-builder-workspace/Source/Connection/Connection.swift:12:8: error: no such module 'SQLite3'
10 |
11 | import Foundation
12 | import SQLite3
| `- error: no such module 'SQLite3'
13 |
14 | /// Represents a SQL statement to be compiled as a string.
[15/25] Compiling SQift ExpressibleByRowError.swift
/host/spi-builder-workspace/Source/Connection/Connection.swift:12:8: error: no such module 'SQLite3'
10 |
11 | import Foundation
12 | import SQLite3
| `- error: no such module 'SQLite3'
13 |
14 | /// Represents a SQL statement to be compiled as a string.
[16/25] Compiling SQift SQLiteError.swift
/host/spi-builder-workspace/Source/Connection/Connection.swift:12:8: error: no such module 'SQLite3'
10 |
11 | import Foundation
12 | import SQLite3
| `- error: no such module 'SQLite3'
13 |
14 | /// Represents a SQL statement to be compiled as a string.
[17/25] Compiling SQift StringExtension.swift
/host/spi-builder-workspace/Source/Connection/Connection.swift:12:8: error: no such module 'SQLite3'
10 |
11 | import Foundation
12 | import SQLite3
| `- error: no such module 'SQLite3'
13 |
14 | /// Represents a SQL statement to be compiled as a string.
[18/25] Compiling SQift Transaction.swift
/host/spi-builder-workspace/Source/Connection/Connection.swift:12:8: error: no such module 'SQLite3'
10 |
11 | import Foundation
12 | import SQLite3
| `- error: no such module 'SQLite3'
13 |
14 | /// Represents a SQL statement to be compiled as a string.
[19/25] Compiling SQift Statement.swift
/host/spi-builder-workspace/Source/Connection/Connection.swift:12:8: error: no such module 'SQLite3'
10 |
11 | import Foundation
12 | import SQLite3
| `- error: no such module 'SQLite3'
13 |
14 | /// Represents a SQL statement to be compiled as a string.
[20/25] Compiling SQift Database.swift
/host/spi-builder-workspace/Source/Connection/Connection.swift:12:8: error: no such module 'SQLite3'
10 |
11 | import Foundation
12 | import SQLite3
| `- error: no such module 'SQLite3'
13 |
14 | /// Represents a SQL statement to be compiled as a string.
[21/25] Compiling SQift Hook.swift
/host/spi-builder-workspace/Source/Connection/Connection.swift:12:8: error: no such module 'SQLite3'
10 |
11 | import Foundation
12 | import SQLite3
| `- error: no such module 'SQLite3'
13 |
14 | /// Represents a SQL statement to be compiled as a string.
[22/25] Compiling SQift Query.swift
/host/spi-builder-workspace/Source/Connection/Connection.swift:12:8: error: no such module 'SQLite3'
10 |
11 | import Foundation
12 | import SQLite3
| `- error: no such module 'SQLite3'
13 |
14 | /// Represents a SQL statement to be compiled as a string.
[23/25] Compiling SQift Trace.swift
/host/spi-builder-workspace/Source/Connection/Connection.swift:12:8: error: no such module 'SQLite3'
10 |
11 | import Foundation
12 | import SQLite3
| `- error: no such module 'SQLite3'
13 |
14 | /// Represents a SQL statement to be compiled as a string.
[24/25] Compiling SQift Binding.swift
/host/spi-builder-workspace/Source/Connection/Connection.swift:12:8: error: no such module 'SQLite3'
10 |
11 | import Foundation
12 | import SQLite3
| `- error: no such module 'SQLite3'
13 |
14 | /// Represents a SQL statement to be compiled as a string.
[25/25] Compiling SQift Row.swift
/host/spi-builder-workspace/Source/Connection/Connection.swift:12:8: error: no such module 'SQLite3'
10 |
11 | import Foundation
12 | import SQLite3
| `- error: no such module 'SQLite3'
13 |
14 | /// Represents a SQL statement to be compiled as a string.
BUILD FAILURE 6.1 linux