The Swift Package Index logo.Swift Package Index

Build Information

Failed to build Cuneiform, reference main (4c9523), with Swift 6.4 for watchOS using Xcode 27.0 on 24 Sep 2026 00:13:28 UTC.

Build Command

env DEVELOPER_DIR=/Applications/Xcode-27.0.0-Release.Candidate.app xcrun xcodebuild -IDEClonedSourcePackagesDirPathOverride=$PWD/.dependencies -skipMacroValidation -skipPackagePluginValidation -derivedDataPath $PWD/.derivedData build -scheme Cuneiform -destination generic/platform=watchOS

Build Log

========================================
RunAll
========================================
Builder version: 5.1.0
Interrupt handler set up.
========================================
Checkout
========================================
Clone URL: https://github.com/Jramos57/cuneiform.git
Reference: main
Initialized empty Git repository in /Users/admin/builder/spi-builder-workspace/.git/
From https://github.com/Jramos57/cuneiform
 * branch            main       -> FETCH_HEAD
 * [new branch]      main       -> origin/main
HEAD is now at 4c95239 fix: install zip command in Linux CI
Cloned https://github.com/Jramos57/cuneiform.git
Revision (git rev-parse @):
4c952394f42c08cde0baef005fe7be7613a290ca
SUCCESS checkout https://github.com/Jramos57/cuneiform.git at main
========================================
Build
========================================
Selected platform:         watchOS
Swift version:             6.4
Building package at path:  $PWD
https://github.com/Jramos57/cuneiform.git
Command line invocation:
    /Applications/Xcode-27.0.0-Release.Candidate.app/Contents/Developer/usr/bin/xcodebuild -IDEClonedSourcePackagesDirPathOverride=/Users/admin/builder/spi-builder-workspace/.dependencies -resolvePackageDependencies
Resolve Package Graph
Fetching from https://github.com/swiftlang/swift-testing.git
Fetching from https://github.com/swiftlang/swift-syntax.git
Creating working copy of package ‘swift-testing’
Checking out 0.99.0 of package ‘swift-testing’
Creating working copy of package ‘swift-syntax’
Checking out 600.0.1 of package ‘swift-syntax’
failed to retrieve search paths with pkg-config; maybe pkg-config is not installedyou may be able to install zlib using your system-packager:
    brew install zlib
Resolve Package Graph
you may be able to install zlib using your system-packager:
    brew install zlib
Resolved source packages:
  Cuneiform: /Users/admin/builder/spi-builder-workspace
  swift-syntax: https://github.com/swiftlang/swift-syntax.git @ 600.0.1
  swift-testing: https://github.com/swiftlang/swift-testing.git @ 0.99.0
resolved source packages: Cuneiform, swift-syntax, swift-testing
2026-09-23 20:12:37.111 xcodebuild[525:3022] [MT] IDERunDestination: Supported platforms for the buildables in the current scheme is empty.
{
  "default_localization" : "en",
  "dependencies" : [
    {
      "identity" : "swift-testing",
      "requirement" : {
        "range" : [
          {
            "lower_bound" : "0.12.0",
            "upper_bound" : "1.0.0"
          }
        ]
      },
      "type" : "sourceControl",
      "url" : "https://github.com/swiftlang/swift-testing.git"
    }
  ],
  "manifest_display_name" : "Cuneiform",
  "name" : "Cuneiform",
  "path" : "/Users/admin/builder/spi-builder-workspace",
  "platforms" : [
    {
      "name" : "macos",
      "version" : "13.0"
    },
    {
      "name" : "ios",
      "version" : "16.0"
    },
    {
      "name" : "tvos",
      "version" : "16.0"
    },
    {
      "name" : "watchos",
      "version" : "9.0"
    },
    {
      "name" : "visionos",
      "version" : "1.0"
    }
  ],
  "products" : [
    {
      "name" : "Cuneiform",
      "targets" : [
        "Cuneiform"
      ],
      "type" : {
        "library" : [
          "automatic"
        ]
      }
    }
  ],
  "targets" : [
    {
      "c99name" : "CuneiformTests",
      "module_type" : "SwiftTarget",
      "name" : "CuneiformTests",
      "path" : "Tests/CuneiformTests",
      "product_dependencies" : [
        "Testing"
      ],
      "sources" : [
        "AdvancedQueryTests.swift",
        "AutoFilterTests.swift",
        "CellFormulaTests.swift",
        "ChartBuilderTests.swift",
        "ChartIntegrationTests.swift",
        "ChartParserTests.swift",
        "CommentsParserTests.swift",
        "CommentsWriteTests.swift",
        "ConditionalFormattingTests.swift",
        "CuneiformTests.swift",
        "DataValidationExpandedTests.swift",
        "DataValidationHelpersTests.swift",
        "DataValidationReadTests.swift",
        "DataValidationVariantTests.swift",
        "DependencyGraphTests.swift",
        "FormulaEvaluatorTests.swift",
        "FormulaFunctionsExtendedTests.swift",
        "FormulaParserTests.swift",
        "HyperlinksReadTests.swift",
        "HyperlinksWriteTests.swift",
        "LargeWorkbookStressTests.swift",
        "NamedRangesReadTests.swift",
        "NamedRangesWriteTests.swift",
        "OPCPackageTests.swift",
        "PageSetupTests.swift",
        "PerformanceBenchmarks.swift",
        "Phase41StylesTests.swift",
        "PivotTableParserTests.swift",
        "RichTextTests.swift",
        "SharedStringsOptimizationTests.swift",
        "SharedStringsTests.swift",
        "SheetProtectionParserTests.swift",
        "SheetProtectionWriteTests.swift",
        "StylesParserTests.swift",
        "StylingTests.swift",
        "TableIntegrationTests.swift",
        "TableParserTests.swift",
        "TableWriteTests.swift",
        "WorkbookIntegrationTests.swift",
        "WorkbookParserTests.swift",
        "WorkbookProtectionParserTests.swift",
        "WorkbookProtectionWriteTests.swift",
        "WorkbookWriterTests.swift",
        "WorksheetParserTests.swift",
        "WorksheetWriteExtrasTests.swift"
      ],
      "target_dependencies" : [
        "Cuneiform"
      ],
      "type" : "test"
    },
    {
      "c99name" : "Cuneiform",
      "module_type" : "SwiftTarget",
      "name" : "Cuneiform",
      "path" : "Sources/Cuneiform",
      "product_memberships" : [
        "Cuneiform"
      ],
      "sources" : [
        "Core/ContentType.swift",
        "Core/Errors.swift",
        "Core/PartPath.swift",
        "Core/Relationship.swift",
        "Cuneiform.swift",
        "Package/ContentTypesParser.swift",
        "Package/OPCBuilders.swift",
        "Package/OPCPackage.swift",
        "Package/RelationshipsParser.swift",
        "Package/ZipArchive.swift",
        "Package/ZipWriter.swift",
        "SpreadsheetML/CellFormula.swift",
        "SpreadsheetML/CellValue.swift",
        "SpreadsheetML/ChartBuilder.swift",
        "SpreadsheetML/ChartParser.swift",
        "SpreadsheetML/CommentsBuilder.swift",
        "SpreadsheetML/CommentsParser.swift",
        "SpreadsheetML/DependencyGraph.swift",
        "SpreadsheetML/FormulaEvaluator.swift",
        "SpreadsheetML/FormulaParser.swift",
        "SpreadsheetML/PageSetup.swift",
        "SpreadsheetML/PivotTableParser.swift",
        "SpreadsheetML/RichText.swift",
        "SpreadsheetML/SharedStringsParser.swift",
        "SpreadsheetML/Sheet.swift",
        "SpreadsheetML/SpreadsheetMLBuilders.swift",
        "SpreadsheetML/StylesParser.swift",
        "SpreadsheetML/TableParser.swift",
        "SpreadsheetML/VMLCommentsBuilder.swift",
        "SpreadsheetML/Workbook.swift",
        "SpreadsheetML/WorkbookParser.swift",
        "SpreadsheetML/WorkbookWriter.swift",
        "SpreadsheetML/WorksheetParser.swift"
      ],
      "target_dependencies" : [
        "CZlib"
      ],
      "type" : "library"
    },
    {
      "c99name" : "CZlib",
      "module_type" : "SystemLibraryTarget",
      "name" : "CZlib",
      "path" : "Sources/CZlib",
      "product_memberships" : [
        "Cuneiform"
      ],
      "sources" : [
      ],
      "type" : "system-target"
    }
  ],
  "tools_version" : "6.0"
}
{
  "workspace" : {
    "name" : "Cuneiform",
    "schemes" : [
      "Cuneiform",
      "Testing"
    ]
  }
}
2026-09-23 20:13:10.159 xcodebuild[737:4570] [MT] IDERunDestination: Supported platforms for the buildables in the current scheme is empty.
{
  "workspace" : {
    "name" : "Cuneiform",
    "schemes" : [
      "Cuneiform",
      "Testing"
    ]
  }
}
2026-09-23 20:13:11.568 xcodebuild[747:4637] [MT] IDERunDestination: Supported platforms for the buildables in the current scheme is empty.
Running build ...
env DEVELOPER_DIR=/Applications/Xcode-27.0.0-Release.Candidate.app xcrun xcodebuild -IDEClonedSourcePackagesDirPathOverride=$PWD/.dependencies -skipMacroValidation -skipPackagePluginValidation -derivedDataPath $PWD/.derivedData build -scheme Cuneiform -destination generic/platform=watchOS
Command line invocation:
    /Applications/Xcode-27.0.0-Release.Candidate.app/Contents/Developer/usr/bin/xcodebuild -IDEClonedSourcePackagesDirPathOverride=/Users/admin/builder/spi-builder-workspace/.dependencies -skipMacroValidation -skipPackagePluginValidation -derivedDataPath /Users/admin/builder/spi-builder-workspace/.derivedData build -scheme Cuneiform -destination generic/platform=watchOS
Resolve Package Graph
failed to retrieve search paths with pkg-config; maybe pkg-config is not installedyou may be able to install zlib using your system-packager:
    brew install zlib
Resolve Package Graph
you may be able to install zlib using your system-packager:
    brew install zlib
Resolved source packages:
  swift-syntax: https://github.com/swiftlang/swift-syntax.git @ 600.0.1
  swift-testing: https://github.com/swiftlang/swift-testing.git @ 0.99.0
  Cuneiform: /Users/admin/builder/spi-builder-workspace
ComputePackagePrebuildTargetDependencyGraph
Prepare packages
CreateBuildRequest
SendProjectDescription
CreateBuildOperation
ComputeTargetDependencyGraph
note: Building targets in dependency order
note: Target dependency graph (3 targets)
    Target 'Cuneiform-product' in project 'Cuneiform'
        ➜ Explicit dependency on target 'Cuneiform' in project 'Cuneiform'
    Target 'Cuneiform' in project 'Cuneiform'
        ➜ Explicit dependency on target 'CZlib' in project 'Cuneiform'
    Target 'CZlib' in project 'Cuneiform' (no dependencies)
GatherProvisioningInputs
CreateBuildDescription
ExecuteExternalTool /Applications/Xcode-27.0.0-Release.Candidate.app/Contents/Developer/Toolchains/XcodeDefault.xctoolchain/usr/bin/clang -v -E -dM -isysroot /Applications/Xcode-27.0.0-Release.Candidate.app/Contents/Developer/Platforms/WatchOS.platform/Developer/SDKs/WatchOS27.0.sdk -x c -c /dev/null
ExecuteExternalTool /Applications/Xcode-27.0.0-Release.Candidate.app/Contents/Developer/Toolchains/XcodeDefault.xctoolchain/usr/bin/swiftc --version
ExecuteExternalTool /Applications/Xcode-27.0.0-Release.Candidate.app/Contents/Developer/Toolchains/XcodeDefault.xctoolchain/usr/bin/ld -version_details
ReadFileContents /Applications/Xcode-27.0.0-Release.Candidate.app/Contents/Developer/Toolchains/XcodeDefault.xctoolchain/usr/share/docc/features.json
Build description signature: 89522a82c0a90d6a33e2917d03f12889
Build description path: /Users/admin/builder/spi-builder-workspace/.derivedData/Build/Intermediates.noindex/XCBuildData/89522a82c0a90d6a33e2917d03f12889.xcbuilddata
CreateBuildDirectory /Users/admin/builder/spi-builder-workspace/.derivedData/SDKExplicitPrecompiledModules
    cd /Users/admin/builder/spi-builder-workspace/.swiftpm/xcode
    builtin-create-build-directory /Users/admin/builder/spi-builder-workspace/.derivedData/SDKExplicitPrecompiledModules
CreateBuildDirectory /Users/admin/builder/spi-builder-workspace/.derivedData/CompilationCache.noindex
    cd /Users/admin/builder/spi-builder-workspace/.swiftpm/xcode
    builtin-create-build-directory /Users/admin/builder/spi-builder-workspace/.derivedData/CompilationCache.noindex
CreateBuildDirectory /Users/admin/builder/spi-builder-workspace/.derivedData/ModuleCache.noindex
    cd /Users/admin/builder/spi-builder-workspace/.swiftpm/xcode
    builtin-create-build-directory /Users/admin/builder/spi-builder-workspace/.derivedData/ModuleCache.noindex
ClangStatCache /Applications/Xcode-27.0.0-Release.Candidate.app/Contents/Developer/Toolchains/XcodeDefault.xctoolchain/usr/bin/clang-stat-cache /Applications/Xcode-27.0.0-Release.Candidate.app/Contents/Developer/Platforms/WatchOS.platform/Developer/SDKs/WatchOS27.0.sdk /Users/admin/builder/spi-builder-workspace/.derivedData/SDKStatCaches.noindex/watchos27.0-24R360-e829b21a6f8c9b70876ba0858053c04477534ef55a1706bf4c1112bbb242f0a2.sdkstatcache
    cd /Users/admin/builder/spi-builder-workspace/.swiftpm/xcode
    /Applications/Xcode-27.0.0-Release.Candidate.app/Contents/Developer/Toolchains/XcodeDefault.xctoolchain/usr/bin/clang-stat-cache /Applications/Xcode-27.0.0-Release.Candidate.app/Contents/Developer/Platforms/WatchOS.platform/Developer/SDKs/WatchOS27.0.sdk -o /Users/admin/builder/spi-builder-workspace/.derivedData/SDKStatCaches.noindex/watchos27.0-24R360-e829b21a6f8c9b70876ba0858053c04477534ef55a1706bf4c1112bbb242f0a2.sdkstatcache
CreateBuildDirectory /Users/admin/builder/spi-builder-workspace/.derivedData/Build/Products
    cd /Users/admin/builder/spi-builder-workspace/.swiftpm/xcode
    builtin-create-build-directory /Users/admin/builder/spi-builder-workspace/.derivedData/Build/Products
CreateBuildDirectory /Users/admin/builder/spi-builder-workspace/.derivedData/Build/Intermediates.noindex
    cd /Users/admin/builder/spi-builder-workspace/.swiftpm/xcode
    builtin-create-build-directory /Users/admin/builder/spi-builder-workspace/.derivedData/Build/Intermediates.noindex
CreateBuildDirectory /Users/admin/builder/spi-builder-workspace/.derivedData/Build/Intermediates.noindex/SwiftExplicitPrecompiledModules
    cd /Users/admin/builder/spi-builder-workspace/.swiftpm/xcode
    builtin-create-build-directory /Users/admin/builder/spi-builder-workspace/.derivedData/Build/Intermediates.noindex/SwiftExplicitPrecompiledModules
CreateBuildDirectory /Users/admin/builder/spi-builder-workspace/.derivedData/Build/Products/Debug-watchos
    cd /Users/admin/builder/spi-builder-workspace/.swiftpm/xcode
    builtin-create-build-directory /Users/admin/builder/spi-builder-workspace/.derivedData/Build/Products/Debug-watchos
CreateBuildDirectory /Users/admin/builder/spi-builder-workspace/.derivedData/Build/Intermediates.noindex/ExplicitPrecompiledModules
    cd /Users/admin/builder/spi-builder-workspace/.swiftpm/xcode
    builtin-create-build-directory /Users/admin/builder/spi-builder-workspace/.derivedData/Build/Intermediates.noindex/ExplicitPrecompiledModules
CreateBuildDirectory /Users/admin/builder/spi-builder-workspace/.derivedData/Build/Intermediates.noindex/PrecompiledHeaders
    cd /Users/admin/builder/spi-builder-workspace/.swiftpm/xcode
    builtin-create-build-directory /Users/admin/builder/spi-builder-workspace/.derivedData/Build/Intermediates.noindex/PrecompiledHeaders
CreateBuildDirectory /Users/admin/builder/spi-builder-workspace/.derivedData/Build/Intermediates.noindex/EagerLinkingTBDs/Debug-watchos
    cd /Users/admin/builder/spi-builder-workspace/.swiftpm/xcode
    builtin-create-build-directory /Users/admin/builder/spi-builder-workspace/.derivedData/Build/Intermediates.noindex/EagerLinkingTBDs/Debug-watchos
CreateBuildDirectory /Users/admin/builder/spi-builder-workspace/.derivedData/Build/Products/Debug-watchos/PackageFrameworks
    cd /Users/admin/builder/spi-builder-workspace/.swiftpm/xcode
    builtin-create-build-directory /Users/admin/builder/spi-builder-workspace/.derivedData/Build/Products/Debug-watchos/PackageFrameworks
WriteAuxiliaryFile /Users/admin/builder/spi-builder-workspace/.derivedData/Build/Intermediates.noindex/Cuneiform.build/Debug-watchos/Cuneiform-t.build/Cuneiform.modulemap (in target 'Cuneiform' from project 'Cuneiform')
    cd /Users/admin/builder/spi-builder-workspace
    write-file /Users/admin/builder/spi-builder-workspace/.derivedData/Build/Intermediates.noindex/Cuneiform.build/Debug-watchos/Cuneiform-t.build/Cuneiform.modulemap
WriteAuxiliaryFile /Users/admin/builder/spi-builder-workspace/.derivedData/Build/Intermediates.noindex/Cuneiform.build/Debug-watchos/Cuneiform-t.build/Objects-normal/arm64_32/Cuneiform_const_extract_protocols.json (in target 'Cuneiform' from project 'Cuneiform')
    cd /Users/admin/builder/spi-builder-workspace
    write-file /Users/admin/builder/spi-builder-workspace/.derivedData/Build/Intermediates.noindex/Cuneiform.build/Debug-watchos/Cuneiform-t.build/Objects-normal/arm64_32/Cuneiform_const_extract_protocols.json
WriteAuxiliaryFile /Users/admin/builder/spi-builder-workspace/.derivedData/Build/Intermediates.noindex/Cuneiform.build/Debug-watchos/Cuneiform-t.build/Objects-normal/arm64_32/Cuneiform.SwiftConstValuesFileList (in target 'Cuneiform' from project 'Cuneiform')
    cd /Users/admin/builder/spi-builder-workspace
    write-file /Users/admin/builder/spi-builder-workspace/.derivedData/Build/Intermediates.noindex/Cuneiform.build/Debug-watchos/Cuneiform-t.build/Objects-normal/arm64_32/Cuneiform.SwiftConstValuesFileList
WriteAuxiliaryFile /Users/admin/builder/spi-builder-workspace/.derivedData/Build/Intermediates.noindex/Cuneiform.build/Debug-watchos/Cuneiform-t.build/Objects-normal/arm64_32/Cuneiform.LinkFileList (in target 'Cuneiform' from project 'Cuneiform')
    cd /Users/admin/builder/spi-builder-workspace
    write-file /Users/admin/builder/spi-builder-workspace/.derivedData/Build/Intermediates.noindex/Cuneiform.build/Debug-watchos/Cuneiform-t.build/Objects-normal/arm64_32/Cuneiform.LinkFileList
WriteAuxiliaryFile /Users/admin/builder/spi-builder-workspace/.derivedData/Build/Intermediates.noindex/Cuneiform.build/Debug-watchos/Cuneiform-t.build/Objects-normal/arm64_32/Cuneiform.SwiftFileList (in target 'Cuneiform' from project 'Cuneiform')
    cd /Users/admin/builder/spi-builder-workspace
    write-file /Users/admin/builder/spi-builder-workspace/.derivedData/Build/Intermediates.noindex/Cuneiform.build/Debug-watchos/Cuneiform-t.build/Objects-normal/arm64_32/Cuneiform.SwiftFileList
WriteAuxiliaryFile /Users/admin/builder/spi-builder-workspace/.derivedData/Build/Intermediates.noindex/Cuneiform.build/Debug-watchos/Cuneiform-t.build/Objects-normal/arm64_32/Cuneiform-OutputFileMap.json (in target 'Cuneiform' from project 'Cuneiform')
    cd /Users/admin/builder/spi-builder-workspace
    write-file /Users/admin/builder/spi-builder-workspace/.derivedData/Build/Intermediates.noindex/Cuneiform.build/Debug-watchos/Cuneiform-t.build/Objects-normal/arm64_32/Cuneiform-OutputFileMap.json
WriteAuxiliaryFile /Users/admin/builder/spi-builder-workspace/.derivedData/Build/Intermediates.noindex/Cuneiform.build/Debug-watchos/Cuneiform-t.build/Objects-normal/arm64/Cuneiform_const_extract_protocols.json (in target 'Cuneiform' from project 'Cuneiform')
    cd /Users/admin/builder/spi-builder-workspace
    write-file /Users/admin/builder/spi-builder-workspace/.derivedData/Build/Intermediates.noindex/Cuneiform.build/Debug-watchos/Cuneiform-t.build/Objects-normal/arm64/Cuneiform_const_extract_protocols.json
WriteAuxiliaryFile /Users/admin/builder/spi-builder-workspace/.derivedData/Build/Intermediates.noindex/Cuneiform.build/Debug-watchos/Cuneiform-t.build/Objects-normal/arm64/Cuneiform.SwiftConstValuesFileList (in target 'Cuneiform' from project 'Cuneiform')
    cd /Users/admin/builder/spi-builder-workspace
    write-file /Users/admin/builder/spi-builder-workspace/.derivedData/Build/Intermediates.noindex/Cuneiform.build/Debug-watchos/Cuneiform-t.build/Objects-normal/arm64/Cuneiform.SwiftConstValuesFileList
WriteAuxiliaryFile /Users/admin/builder/spi-builder-workspace/.derivedData/Build/Intermediates.noindex/Cuneiform.build/Debug-watchos/Cuneiform-t.build/Objects-normal/arm64/Cuneiform.SwiftFileList (in target 'Cuneiform' from project 'Cuneiform')
    cd /Users/admin/builder/spi-builder-workspace
    write-file /Users/admin/builder/spi-builder-workspace/.derivedData/Build/Intermediates.noindex/Cuneiform.build/Debug-watchos/Cuneiform-t.build/Objects-normal/arm64/Cuneiform.SwiftFileList
WriteAuxiliaryFile /Users/admin/builder/spi-builder-workspace/.derivedData/Build/Intermediates.noindex/Cuneiform.build/Debug-watchos/Cuneiform-t.build/Objects-normal/arm64/Cuneiform.LinkFileList (in target 'Cuneiform' from project 'Cuneiform')
    cd /Users/admin/builder/spi-builder-workspace
    write-file /Users/admin/builder/spi-builder-workspace/.derivedData/Build/Intermediates.noindex/Cuneiform.build/Debug-watchos/Cuneiform-t.build/Objects-normal/arm64/Cuneiform.LinkFileList
WriteAuxiliaryFile /Users/admin/builder/spi-builder-workspace/.derivedData/Build/Intermediates.noindex/Cuneiform.build/Debug-watchos/Cuneiform-t.build/Objects-normal/arm64/Cuneiform-OutputFileMap.json (in target 'Cuneiform' from project 'Cuneiform')
    cd /Users/admin/builder/spi-builder-workspace
    write-file /Users/admin/builder/spi-builder-workspace/.derivedData/Build/Intermediates.noindex/Cuneiform.build/Debug-watchos/Cuneiform-t.build/Objects-normal/arm64/Cuneiform-OutputFileMap.json
WriteAuxiliaryFile /Users/admin/builder/spi-builder-workspace/.derivedData/Build/Intermediates.noindex/Cuneiform.build/Debug-watchos/Cuneiform-t.build/Cuneiform.DependencyStaticMetadataFileList (in target 'Cuneiform' from project 'Cuneiform')
    cd /Users/admin/builder/spi-builder-workspace
    write-file /Users/admin/builder/spi-builder-workspace/.derivedData/Build/Intermediates.noindex/Cuneiform.build/Debug-watchos/Cuneiform-t.build/Cuneiform.DependencyStaticMetadataFileList
WriteAuxiliaryFile /Users/admin/builder/spi-builder-workspace/.derivedData/Build/Intermediates.noindex/Cuneiform.build/Debug-watchos/Cuneiform-t.build/Cuneiform.DependencyMetadataFileList (in target 'Cuneiform' from project 'Cuneiform')
    cd /Users/admin/builder/spi-builder-workspace
    write-file /Users/admin/builder/spi-builder-workspace/.derivedData/Build/Intermediates.noindex/Cuneiform.build/Debug-watchos/Cuneiform-t.build/Cuneiform.DependencyMetadataFileList
Copy /Users/admin/builder/spi-builder-workspace/.derivedData/Build/Intermediates.noindex/GeneratedModuleMaps-watchos/Cuneiform.modulemap /Users/admin/builder/spi-builder-workspace/.derivedData/Build/Intermediates.noindex/Cuneiform.build/Debug-watchos/Cuneiform-t.build/Cuneiform.modulemap (in target 'Cuneiform' from project 'Cuneiform')
    cd /Users/admin/builder/spi-builder-workspace
    builtin-copy -exclude .DS_Store -exclude CVS -exclude .svn -exclude .git -exclude .hg -resolve-src-symlinks /Users/admin/builder/spi-builder-workspace/.derivedData/Build/Intermediates.noindex/Cuneiform.build/Debug-watchos/Cuneiform-t.build/Cuneiform.modulemap /Users/admin/builder/spi-builder-workspace/.derivedData/Build/Intermediates.noindex/GeneratedModuleMaps-watchos
SwiftDriver Cuneiform normal arm64 com.apple.xcode.tools.swift.compiler (in target 'Cuneiform' from project 'Cuneiform')
    cd /Users/admin/builder/spi-builder-workspace/.swiftpm/xcode
    builtin-SwiftDriver -- /Applications/Xcode-27.0.0-Release.Candidate.app/Contents/Developer/Toolchains/XcodeDefault.xctoolchain/usr/bin/swiftc -parse-as-library -module-name Cuneiform -Onone @/Users/admin/builder/spi-builder-workspace/.derivedData/Build/Intermediates.noindex/Cuneiform.build/Debug-watchos/Cuneiform-t.build/Objects-normal/arm64/Cuneiform.SwiftFileList -DSWIFT_PACKAGE -DDEBUG -DSWIFT_MODULE_RESOURCE_BUNDLE_UNAVAILABLE -Xcc -fmodule-map-file\=/Users/admin/builder/spi-builder-workspace/Sources/CZlib/module.modulemap -DXcode -plugin-path /Applications/Xcode-27.0.0-Release.Candidate.app/Contents/Developer/Toolchains/XcodeDefault.xctoolchain/usr/lib/swift/host/plugins/testing -enable-experimental-feature DebugDescriptionMacro -sdk /Applications/Xcode-27.0.0-Release.Candidate.app/Contents/Developer/Platforms/WatchOS.platform/Developer/SDKs/WatchOS27.0.sdk -target arm64-apple-watchos9.0 -g -module-cache-path /Users/admin/builder/spi-builder-workspace/.derivedData/ModuleCache.noindex -Xfrontend -serialize-debugging-options -profile-coverage-mapping -profile-generate -enable-testing -index-store-path /Users/admin/builder/spi-builder-workspace/.derivedData/Index.noindex/DataStore -Xcc -D_LIBCPP_HARDENING_MODE\=_LIBCPP_HARDENING_MODE_DEBUG -swift-version 6 -I /Users/admin/builder/spi-builder-workspace/.derivedData/Build/Products/Debug-watchos -Isystem /Applications/Xcode-27.0.0-Release.Candidate.app/Contents/Developer/Platforms/WatchOS.platform/Developer/usr/lib -F /Users/admin/builder/spi-builder-workspace/.derivedData/Build/Products/Debug-watchos -F /Applications/Xcode-27.0.0-Release.Candidate.app/Contents/Developer/Platforms/WatchOS.platform/Developer/Library/Frameworks -F /Applications/Xcode-27.0.0-Release.Candidate.app/Contents/Developer/Platforms/WatchOS.platform/Developer/SDKs/WatchOS27.0.sdk/Developer/Library/Frameworks -emit-localized-strings -emit-localized-strings-path /Users/admin/builder/spi-builder-workspace/.derivedData/Build/Intermediates.noindex/Cuneiform.build/Debug-watchos/Cuneiform-t.build/Objects-normal/arm64 -c -j10 -enable-batch-mode -incremental -Xcc -ivfsstatcache -Xcc /Users/admin/builder/spi-builder-workspace/.derivedData/SDKStatCaches.noindex/watchos27.0-24R360-e829b21a6f8c9b70876ba0858053c04477534ef55a1706bf4c1112bbb242f0a2.sdkstatcache -output-file-map /Users/admin/builder/spi-builder-workspace/.derivedData/Build/Intermediates.noindex/Cuneiform.build/Debug-watchos/Cuneiform-t.build/Objects-normal/arm64/Cuneiform-OutputFileMap.json -save-temps -no-color-diagnostics -explicit-module-build -module-cache-path /Users/admin/builder/spi-builder-workspace/.derivedData/Build/Intermediates.noindex/SwiftExplicitPrecompiledModules -clang-scanner-module-cache-path /Users/admin/builder/spi-builder-workspace/.derivedData/ModuleCache.noindex -sdk-module-cache-path /Users/admin/builder/spi-builder-workspace/.derivedData/SDKExplicitPrecompiledModules -emit-dependencies -emit-module -emit-module-path /Users/admin/builder/spi-builder-workspace/.derivedData/Build/Intermediates.noindex/Cuneiform.build/Debug-watchos/Cuneiform-t.build/Objects-normal/arm64/Cuneiform.swiftmodule -serialize-diagnostics -dependency-scan-serialize-diagnostics-path /Users/admin/builder/spi-builder-workspace/.derivedData/Build/Intermediates.noindex/Cuneiform.build/Debug-watchos/Cuneiform-t.build/Objects-normal/arm64/Cuneiform-dependency-scan.dia -validate-clang-modules-once -clang-build-session-file /Users/admin/builder/spi-builder-workspace/.derivedData/ModuleCache.noindex/Session.modulevalidation -Xcc -fmodules-prune-interval\=86400 -Xcc -fmodules-prune-after\=345600 -package-name spi_builder_workspace -emit-const-values -const-gather-protocols-list /Users/admin/builder/spi-builder-workspace/.derivedData/Build/Intermediates.noindex/Cuneiform.build/Debug-watchos/Cuneiform-t.build/Objects-normal/arm64/Cuneiform_const_extract_protocols.json -Xcc -I/Users/admin/builder/spi-builder-workspace/.derivedData/Build/Products/Debug-watchos/include -Xcc -I/Users/admin/builder/spi-builder-workspace/.derivedData/Build/Intermediates.noindex/Cuneiform.build/Debug-watchos/Cuneiform-t.build/DerivedSources-normal/arm64 -Xcc -I/Users/admin/builder/spi-builder-workspace/.derivedData/Build/Intermediates.noindex/Cuneiform.build/Debug-watchos/Cuneiform-t.build/DerivedSources/arm64 -Xcc -I/Users/admin/builder/spi-builder-workspace/.derivedData/Build/Intermediates.noindex/Cuneiform.build/Debug-watchos/Cuneiform-t.build/DerivedSources -Xcc -DSWIFT_PACKAGE -Xcc -DDEBUG\=1 -emit-objc-header -emit-objc-header-path /Users/admin/builder/spi-builder-workspace/.derivedData/Build/Intermediates.noindex/Cuneiform.build/Debug-watchos/Cuneiform-t.build/Objects-normal/arm64/Cuneiform-Swift.h -working-directory /Users/admin/builder/spi-builder-workspace/.swiftpm/xcode -experimental-emit-module-separately -disable-cmo
SwiftDriver Cuneiform normal arm64_32 com.apple.xcode.tools.swift.compiler (in target 'Cuneiform' from project 'Cuneiform')
    cd /Users/admin/builder/spi-builder-workspace/.swiftpm/xcode
    builtin-SwiftDriver -- /Applications/Xcode-27.0.0-Release.Candidate.app/Contents/Developer/Toolchains/XcodeDefault.xctoolchain/usr/bin/swiftc -parse-as-library -module-name Cuneiform -Onone @/Users/admin/builder/spi-builder-workspace/.derivedData/Build/Intermediates.noindex/Cuneiform.build/Debug-watchos/Cuneiform-t.build/Objects-normal/arm64_32/Cuneiform.SwiftFileList -DSWIFT_PACKAGE -DDEBUG -DSWIFT_MODULE_RESOURCE_BUNDLE_UNAVAILABLE -Xcc -fmodule-map-file\=/Users/admin/builder/spi-builder-workspace/Sources/CZlib/module.modulemap -DXcode -plugin-path /Applications/Xcode-27.0.0-Release.Candidate.app/Contents/Developer/Toolchains/XcodeDefault.xctoolchain/usr/lib/swift/host/plugins/testing -enable-experimental-feature DebugDescriptionMacro -sdk /Applications/Xcode-27.0.0-Release.Candidate.app/Contents/Developer/Platforms/WatchOS.platform/Developer/SDKs/WatchOS27.0.sdk -target arm64_32-apple-watchos9.0 -g -module-cache-path /Users/admin/builder/spi-builder-workspace/.derivedData/ModuleCache.noindex -Xfrontend -serialize-debugging-options -profile-coverage-mapping -profile-generate -enable-testing -index-store-path /Users/admin/builder/spi-builder-workspace/.derivedData/Index.noindex/DataStore -Xcc -D_LIBCPP_HARDENING_MODE\=_LIBCPP_HARDENING_MODE_DEBUG -swift-version 6 -I /Users/admin/builder/spi-builder-workspace/.derivedData/Build/Products/Debug-watchos -Isystem /Applications/Xcode-27.0.0-Release.Candidate.app/Contents/Developer/Platforms/WatchOS.platform/Developer/usr/lib -F /Users/admin/builder/spi-builder-workspace/.derivedData/Build/Products/Debug-watchos -F /Applications/Xcode-27.0.0-Release.Candidate.app/Contents/Developer/Platforms/WatchOS.platform/Developer/Library/Frameworks -F /Applications/Xcode-27.0.0-Release.Candidate.app/Contents/Developer/Platforms/WatchOS.platform/Developer/SDKs/WatchOS27.0.sdk/Developer/Library/Frameworks -emit-localized-strings -emit-localized-strings-path /Users/admin/builder/spi-builder-workspace/.derivedData/Build/Intermediates.noindex/Cuneiform.build/Debug-watchos/Cuneiform-t.build/Objects-normal/arm64_32 -c -j10 -enable-batch-mode -incremental -Xcc -ivfsstatcache -Xcc /Users/admin/builder/spi-builder-workspace/.derivedData/SDKStatCaches.noindex/watchos27.0-24R360-e829b21a6f8c9b70876ba0858053c04477534ef55a1706bf4c1112bbb242f0a2.sdkstatcache -output-file-map /Users/admin/builder/spi-builder-workspace/.derivedData/Build/Intermediates.noindex/Cuneiform.build/Debug-watchos/Cuneiform-t.build/Objects-normal/arm64_32/Cuneiform-OutputFileMap.json -save-temps -no-color-diagnostics -explicit-module-build -module-cache-path /Users/admin/builder/spi-builder-workspace/.derivedData/Build/Intermediates.noindex/SwiftExplicitPrecompiledModules -clang-scanner-module-cache-path /Users/admin/builder/spi-builder-workspace/.derivedData/ModuleCache.noindex -sdk-module-cache-path /Users/admin/builder/spi-builder-workspace/.derivedData/SDKExplicitPrecompiledModules -emit-dependencies -emit-module -emit-module-path /Users/admin/builder/spi-builder-workspace/.derivedData/Build/Intermediates.noindex/Cuneiform.build/Debug-watchos/Cuneiform-t.build/Objects-normal/arm64_32/Cuneiform.swiftmodule -serialize-diagnostics -dependency-scan-serialize-diagnostics-path /Users/admin/builder/spi-builder-workspace/.derivedData/Build/Intermediates.noindex/Cuneiform.build/Debug-watchos/Cuneiform-t.build/Objects-normal/arm64_32/Cuneiform-dependency-scan.dia -validate-clang-modules-once -clang-build-session-file /Users/admin/builder/spi-builder-workspace/.derivedData/ModuleCache.noindex/Session.modulevalidation -Xcc -fmodules-prune-interval\=86400 -Xcc -fmodules-prune-after\=345600 -package-name spi_builder_workspace -emit-const-values -const-gather-protocols-list /Users/admin/builder/spi-builder-workspace/.derivedData/Build/Intermediates.noindex/Cuneiform.build/Debug-watchos/Cuneiform-t.build/Objects-normal/arm64_32/Cuneiform_const_extract_protocols.json -Xcc -I/Users/admin/builder/spi-builder-workspace/.derivedData/Build/Products/Debug-watchos/include -Xcc -I/Users/admin/builder/spi-builder-workspace/.derivedData/Build/Intermediates.noindex/Cuneiform.build/Debug-watchos/Cuneiform-t.build/DerivedSources-normal/arm64_32 -Xcc -I/Users/admin/builder/spi-builder-workspace/.derivedData/Build/Intermediates.noindex/Cuneiform.build/Debug-watchos/Cuneiform-t.build/DerivedSources/arm64_32 -Xcc -I/Users/admin/builder/spi-builder-workspace/.derivedData/Build/Intermediates.noindex/Cuneiform.build/Debug-watchos/Cuneiform-t.build/DerivedSources -Xcc -DSWIFT_PACKAGE -Xcc -DDEBUG\=1 -emit-objc-header -emit-objc-header-path /Users/admin/builder/spi-builder-workspace/.derivedData/Build/Intermediates.noindex/Cuneiform.build/Debug-watchos/Cuneiform-t.build/Objects-normal/arm64_32/Cuneiform-Swift.h -working-directory /Users/admin/builder/spi-builder-workspace/.swiftpm/xcode -experimental-emit-module-separately -disable-cmo
SwiftExplicitDependencyGeneratePcm arm64 /Users/admin/builder/spi-builder-workspace/.derivedData/SDKExplicitPrecompiledModules/SwiftShims-AJ4AZYHQNC33R5RLN7AGEIOMP.pcm
SwiftExplicitDependencyGeneratePcm arm64 /Users/admin/builder/spi-builder-workspace/.derivedData/SDKExplicitPrecompiledModules/_Builtin_stddef-5OH846KKUPSJJT7GCX9XU1TKG.pcm
SwiftExplicitDependencyGeneratePcm arm64 /Users/admin/builder/spi-builder-workspace/.derivedData/SDKExplicitPrecompiledModules/_SwiftConcurrencyShims-CTPSFSTDCBVSSQFHL6I305U72.pcm
SwiftExplicitDependencyGeneratePcm arm64 /Users/admin/builder/spi-builder-workspace/.derivedData/SDKExplicitPrecompiledModules/_Builtin_stdarg-3X4KLXUYEI0UGBILP4X7D0CYW.pcm
SwiftExplicitDependencyGeneratePcm arm64 /Users/admin/builder/spi-builder-workspace/.derivedData/SDKExplicitPrecompiledModules/ptrauth-C7VQASAJ967Q4Q6SRD4I3CFWZ.pcm
SwiftExplicitDependencyGeneratePcm arm64 /Users/admin/builder/spi-builder-workspace/.derivedData/SDKExplicitPrecompiledModules/_Builtin_stdbool-B692L2PMR118794VVYBG37897.pcm
SwiftExplicitDependencyGeneratePcm arm64 /Users/admin/builder/spi-builder-workspace/.derivedData/SDKExplicitPrecompiledModules/_AvailabilityInternal-42EVAC8Q6P1ZT6G3A168N97G4.pcm
SwiftExplicitDependencyGeneratePcm arm64_32 /Users/admin/builder/spi-builder-workspace/.derivedData/SDKExplicitPrecompiledModules/_Builtin_stdarg-EYJP6DFYQL9GJLH1TJ84A8MHV.pcm
SwiftExplicitDependencyGeneratePcm arm64 /Users/admin/builder/spi-builder-workspace/.derivedData/SDKExplicitPrecompiledModules/_Builtin_float-E4M4A8689VXF1T7P7BV56IKBT.pcm
SwiftExplicitDependencyGeneratePcm arm64 /Users/admin/builder/spi-builder-workspace/.derivedData/SDKExplicitPrecompiledModules/ptrcheck-8K07997SIHO7YGY7UQ3LOQ3TJ.pcm
SwiftExplicitDependencyGeneratePcm arm64_32 /Users/admin/builder/spi-builder-workspace/.derivedData/SDKExplicitPrecompiledModules/_Builtin_stddef-2F9BFIPBQ5EWNSK5G7G7V4EKL.pcm
SwiftExplicitDependencyGeneratePcm arm64_32 /Users/admin/builder/spi-builder-workspace/.derivedData/SDKExplicitPrecompiledModules/SwiftShims-D9VBB138U50XYYGW2C2V21N3L.pcm
SwiftExplicitDependencyGeneratePcm arm64_32 /Users/admin/builder/spi-builder-workspace/.derivedData/SDKExplicitPrecompiledModules/ptrcheck-EAZ3I917ZFA9H6ZCL6PGLG4TR.pcm
SwiftExplicitDependencyGeneratePcm arm64_32 /Users/admin/builder/spi-builder-workspace/.derivedData/SDKExplicitPrecompiledModules/_Builtin_stdbool-84ZA1VDW90AGWZ2LF5KOCM8DZ.pcm
SwiftExplicitDependencyGeneratePcm arm64_32 /Users/admin/builder/spi-builder-workspace/.derivedData/SDKExplicitPrecompiledModules/ptrauth-EW7YZZ7LEZE1QZF2T8148IPSA.pcm
SwiftExplicitDependencyGeneratePcm arm64_32 /Users/admin/builder/spi-builder-workspace/.derivedData/SDKExplicitPrecompiledModules/_SwiftConcurrencyShims-58G4ISYSYDV3AT1DDGEE0QCUF.pcm
SwiftExplicitDependencyGeneratePcm arm64_32 /Users/admin/builder/spi-builder-workspace/.derivedData/SDKExplicitPrecompiledModules/_Builtin_float-372PLGDQ1U3B6Z5EA5DJMDORJ.pcm
SwiftExplicitDependencyGeneratePcm arm64_32 /Users/admin/builder/spi-builder-workspace/.derivedData/SDKExplicitPrecompiledModules/_AvailabilityInternal-22ZP1ILSQW16KHXZS5GBZHOCS.pcm
SwiftExplicitDependencyGeneratePcm arm64 /Users/admin/builder/spi-builder-workspace/.derivedData/SDKExplicitPrecompiledModules/_DarwinFoundation1-7YQ9TVI7XTOGQU9OADRXP33D1.pcm
SwiftExplicitDependencyGeneratePcm arm64_32 /Users/admin/builder/spi-builder-workspace/.derivedData/SDKExplicitPrecompiledModules/_DarwinFoundation1-5SNIO0SFHX9KJZTLQGIPAPXUZ.pcm
SwiftExplicitDependencyGeneratePcm arm64 /Users/admin/builder/spi-builder-workspace/.derivedData/SDKExplicitPrecompiledModules/_DarwinFoundation2-CUPL4FH2SA95GMALQP4M6O8UA.pcm
SwiftExplicitDependencyGeneratePcm arm64 /Users/admin/builder/spi-builder-workspace/.derivedData/SDKExplicitPrecompiledModules/_Builtin_limits-75TRA1C7IHYOFCG3KJXQVTHJ4.pcm
SwiftExplicitDependencyGeneratePcm arm64_32 /Users/admin/builder/spi-builder-workspace/.derivedData/SDKExplicitPrecompiledModules/_DarwinFoundation2-FP2Q8F1Q2HR151SBYKTU6Q8B.pcm
SwiftExplicitDependencyGeneratePcm arm64_32 /Users/admin/builder/spi-builder-workspace/.derivedData/SDKExplicitPrecompiledModules/_Builtin_limits-AQMEC9CLG0FZQN6TLGDQ6WF78.pcm
SwiftExplicitDependencyGeneratePcm arm64 /Users/admin/builder/spi-builder-workspace/.derivedData/SDKExplicitPrecompiledModules/sys_types-9KPVYINL86WUSHF45TU8PWZZ1.pcm
SwiftExplicitDependencyGeneratePcm arm64 /Users/admin/builder/spi-builder-workspace/.derivedData/SDKExplicitPrecompiledModules/_Builtin_stdint-6TUACK4YPMARFT56PLIO388SJ.pcm
SwiftExplicitDependencyGeneratePcm arm64 /Users/admin/builder/spi-builder-workspace/.derivedData/SDKExplicitPrecompiledModules/string_h-4N9Z22C0HUO8GV7GFPCLZRZA2.pcm
SwiftExplicitDependencyGeneratePcm arm64 /Users/admin/builder/spi-builder-workspace/.derivedData/SDKExplicitPrecompiledModules/_DarwinFoundation3-EJXZKD8LN9EYM9OWP9VLJ49PK.pcm
SwiftExplicitDependencyGeneratePcm arm64_32 /Users/admin/builder/spi-builder-workspace/.derivedData/SDKExplicitPrecompiledModules/_Builtin_stdint-6IWJLTRH2WB6RCG4THPA65RDS.pcm
SwiftExplicitDependencyGeneratePcm arm64_32 /Users/admin/builder/spi-builder-workspace/.derivedData/SDKExplicitPrecompiledModules/string_h-8QY7P4ZQXQAF14WVDITTM4R70.pcm
SwiftExplicitDependencyGeneratePcm arm64_32 /Users/admin/builder/spi-builder-workspace/.derivedData/SDKExplicitPrecompiledModules/sys_types-65NN51P1G7GN2GUAUPC53JJ7N.pcm
SwiftExplicitDependencyGeneratePcm arm64_32 /Users/admin/builder/spi-builder-workspace/.derivedData/SDKExplicitPrecompiledModules/_DarwinFoundation3-3YOBOPIW2MF1LRNQH7JBUBY4G.pcm
SwiftExplicitDependencyGeneratePcm arm64 /Users/admin/builder/spi-builder-workspace/.derivedData/SDKExplicitPrecompiledModules/_Builtin_inttypes-86YTNV5YADPJXFMJ82N3R4GWQ.pcm
SwiftExplicitDependencyGeneratePcm arm64 /Users/admin/builder/spi-builder-workspace/.derivedData/SDKExplicitPrecompiledModules/zlib-5LU3AH9CUU6WM5UOHPENPVMTJ.pcm
SwiftExplicitDependencyGeneratePcm arm64 /Users/admin/builder/spi-builder-workspace/.derivedData/SDKExplicitPrecompiledModules/Darwin-CSB8C43KELVSFIQVR0803IZPN.pcm
SwiftExplicitDependencyGeneratePcm arm64_32 /Users/admin/builder/spi-builder-workspace/.derivedData/SDKExplicitPrecompiledModules/zlib-8C2QY8GL3Z3KBBLDYVAVHJRIC.pcm
SwiftExplicitDependencyGeneratePcm arm64_32 /Users/admin/builder/spi-builder-workspace/.derivedData/SDKExplicitPrecompiledModules/_Builtin_inttypes-BPZJ68HW1IMYWSHROAZ0IMUJP.pcm
SwiftExplicitDependencyGeneratePcm arm64 /Users/admin/builder/spi-builder-workspace/.derivedData/Build/Intermediates.noindex/SwiftExplicitPrecompiledModules/CZlib-E658QRWHR5AY56ZKXA70X9DS0.pcm
SwiftExplicitDependencyGeneratePcm arm64_32 /Users/admin/builder/spi-builder-workspace/.derivedData/SDKExplicitPrecompiledModules/Darwin-10D35ZJWCWG7LJAF579U7I5V7.pcm
SwiftExplicitDependencyGeneratePcm arm64_32 /Users/admin/builder/spi-builder-workspace/.derivedData/Build/Intermediates.noindex/SwiftExplicitPrecompiledModules/CZlib-BMQLHGO1BFG373KWVE5HTB0WA.pcm
SwiftExplicitDependencyGeneratePcm arm64 /Users/admin/builder/spi-builder-workspace/.derivedData/SDKExplicitPrecompiledModules/ObjectiveC-22CZPC4WYQC9G8T393WT2KKLW.pcm
SwiftExplicitDependencyGeneratePcm arm64_32 /Users/admin/builder/spi-builder-workspace/.derivedData/SDKExplicitPrecompiledModules/ObjectiveC-71AGZNHLBMR2QK817EJNUN54E.pcm
SwiftExplicitDependencyGeneratePcm arm64 /Users/admin/builder/spi-builder-workspace/.derivedData/SDKExplicitPrecompiledModules/os_object-6KYGGZ4DPVZ3BBAZ6QICZN8LI.pcm
SwiftExplicitDependencyGeneratePcm arm64_32 /Users/admin/builder/spi-builder-workspace/.derivedData/SDKExplicitPrecompiledModules/os_object-CTXVQBCWDOH6JHUXIFDUOWFRL.pcm
SwiftExplicitDependencyGeneratePcm arm64 /Users/admin/builder/spi-builder-workspace/.derivedData/SDKExplicitPrecompiledModules/os_workgroup-AHE7ULDQBKER38CYPIKDTZF4M.pcm
SwiftExplicitDependencyGeneratePcm arm64_32 /Users/admin/builder/spi-builder-workspace/.derivedData/SDKExplicitPrecompiledModules/os_workgroup-9L9R05BT5LTFRZ2NM68BZTVV2.pcm
SwiftExplicitDependencyGeneratePcm arm64 /Users/admin/builder/spi-builder-workspace/.derivedData/SDKExplicitPrecompiledModules/Dispatch-39VR0G01IUJ09PQKMFGOHXZ4L.pcm
SwiftExplicitDependencyGeneratePcm arm64_32 /Users/admin/builder/spi-builder-workspace/.derivedData/SDKExplicitPrecompiledModules/Dispatch-CGIMI9KQKHNRQHR2IECIPRG14.pcm
SwiftExplicitDependencyGeneratePcm arm64 /Users/admin/builder/spi-builder-workspace/.derivedData/SDKExplicitPrecompiledModules/XPC-650JAZBTM6I0OMHYO6CKM0CWJ.pcm
SwiftExplicitDependencyGeneratePcm arm64 /Users/admin/builder/spi-builder-workspace/.derivedData/SDKExplicitPrecompiledModules/CoreFoundation-59XKO8YNRGGYNC5U5LK8B4EM.pcm
SwiftExplicitDependencyGeneratePcm arm64_32 /Users/admin/builder/spi-builder-workspace/.derivedData/SDKExplicitPrecompiledModules/XPC-7SLKI45KYLKXH9QET2WYS3UZ4.pcm
SwiftExplicitDependencyGeneratePcm arm64_32 /Users/admin/builder/spi-builder-workspace/.derivedData/SDKExplicitPrecompiledModules/CoreFoundation-76B9WJP9MDYT33HZQVSNNZQZD.pcm
SwiftExplicitDependencyGeneratePcm arm64 /Users/admin/builder/spi-builder-workspace/.derivedData/SDKExplicitPrecompiledModules/Security-69WNGEAVQP55EDBQHP3BLE8QU.pcm
SwiftExplicitDependencyGeneratePcm arm64_32 /Users/admin/builder/spi-builder-workspace/.derivedData/SDKExplicitPrecompiledModules/Security-1W411BS4UH2UNMNII2341429S.pcm
SwiftExplicitDependencyGeneratePcm arm64 /Users/admin/builder/spi-builder-workspace/.derivedData/SDKExplicitPrecompiledModules/Foundation-B3IXODHI7VO4VRX2RWRXLVJZT.pcm
SwiftExplicitDependencyGeneratePcm arm64_32 /Users/admin/builder/spi-builder-workspace/.derivedData/SDKExplicitPrecompiledModules/Foundation-AIQ30TCDC2B0LBUU6FPQZ0HWI.pcm
SwiftEmitModule normal arm64 Emitting\ module\ for\ Cuneiform (in target 'Cuneiform' from project 'Cuneiform')
SwiftCompile normal arm64 (in target 'Cuneiform' from project 'Cuneiform')
    cd /Users/admin/builder/spi-builder-workspace/.swiftpm/xcode

SwiftCompile normal arm64 Compiling\ TableParser.swift,\ VMLCommentsBuilder.swift,\ Workbook.swift /Users/admin/builder/spi-builder-workspace/Sources/Cuneiform/SpreadsheetML/TableParser.swift /Users/admin/builder/spi-builder-workspace/Sources/Cuneiform/SpreadsheetML/VMLCommentsBuilder.swift /Users/admin/builder/spi-builder-workspace/Sources/Cuneiform/SpreadsheetML/Workbook.swift (in target 'Cuneiform' from project 'Cuneiform')
SwiftCompile normal arm64 /Users/admin/builder/spi-builder-workspace/Sources/Cuneiform/SpreadsheetML/TableParser.swift (in target 'Cuneiform' from project 'Cuneiform')
    cd /Users/admin/builder/spi-builder-workspace/.swiftpm/xcode
    builtin-SwiftPerFileCompile TableParser.swift
SwiftCompile normal arm64 /Users/admin/builder/spi-builder-workspace/Sources/Cuneiform/SpreadsheetML/VMLCommentsBuilder.swift (in target 'Cuneiform' from project 'Cuneiform')
    cd /Users/admin/builder/spi-builder-workspace/.swiftpm/xcode
    builtin-SwiftPerFileCompile VMLCommentsBuilder.swift
SwiftCompile normal arm64 /Users/admin/builder/spi-builder-workspace/Sources/Cuneiform/SpreadsheetML/Workbook.swift (in target 'Cuneiform' from project 'Cuneiform')
    cd /Users/admin/builder/spi-builder-workspace/.swiftpm/xcode
    builtin-SwiftPerFileCompile Workbook.swift
SwiftCompile normal arm64 Compiling\ Sheet.swift,\ SpreadsheetMLBuilders.swift,\ StylesParser.swift /Users/admin/builder/spi-builder-workspace/Sources/Cuneiform/SpreadsheetML/Sheet.swift /Users/admin/builder/spi-builder-workspace/Sources/Cuneiform/SpreadsheetML/SpreadsheetMLBuilders.swift /Users/admin/builder/spi-builder-workspace/Sources/Cuneiform/SpreadsheetML/StylesParser.swift (in target 'Cuneiform' from project 'Cuneiform')
SwiftCompile normal arm64 /Users/admin/builder/spi-builder-workspace/Sources/Cuneiform/SpreadsheetML/Sheet.swift (in target 'Cuneiform' from project 'Cuneiform')
    cd /Users/admin/builder/spi-builder-workspace/.swiftpm/xcode
    builtin-SwiftPerFileCompile Sheet.swift
SwiftCompile normal arm64 /Users/admin/builder/spi-builder-workspace/Sources/Cuneiform/SpreadsheetML/SpreadsheetMLBuilders.swift (in target 'Cuneiform' from project 'Cuneiform')
    cd /Users/admin/builder/spi-builder-workspace/.swiftpm/xcode
    builtin-SwiftPerFileCompile SpreadsheetMLBuilders.swift
SwiftCompile normal arm64 /Users/admin/builder/spi-builder-workspace/Sources/Cuneiform/SpreadsheetML/StylesParser.swift (in target 'Cuneiform' from project 'Cuneiform')
    cd /Users/admin/builder/spi-builder-workspace/.swiftpm/xcode
    builtin-SwiftPerFileCompile StylesParser.swift
SwiftCompile normal arm64 Compiling\ WorkbookParser.swift,\ WorkbookWriter.swift,\ WorksheetParser.swift /Users/admin/builder/spi-builder-workspace/Sources/Cuneiform/SpreadsheetML/WorkbookParser.swift /Users/admin/builder/spi-builder-workspace/Sources/Cuneiform/SpreadsheetML/WorkbookWriter.swift /Users/admin/builder/spi-builder-workspace/Sources/Cuneiform/SpreadsheetML/WorksheetParser.swift (in target 'Cuneiform' from project 'Cuneiform')
SwiftCompile normal arm64 /Users/admin/builder/spi-builder-workspace/Sources/Cuneiform/SpreadsheetML/WorkbookParser.swift (in target 'Cuneiform' from project 'Cuneiform')
    cd /Users/admin/builder/spi-builder-workspace/.swiftpm/xcode
    builtin-SwiftPerFileCompile WorkbookParser.swift
SwiftCompile normal arm64 /Users/admin/builder/spi-builder-workspace/Sources/Cuneiform/SpreadsheetML/WorkbookWriter.swift (in target 'Cuneiform' from project 'Cuneiform')
    cd /Users/admin/builder/spi-builder-workspace/.swiftpm/xcode
    builtin-SwiftPerFileCompile WorkbookWriter.swift
SwiftCompile normal arm64 /Users/admin/builder/spi-builder-workspace/Sources/Cuneiform/SpreadsheetML/WorksheetParser.swift (in target 'Cuneiform' from project 'Cuneiform')
    cd /Users/admin/builder/spi-builder-workspace/.swiftpm/xcode
    builtin-SwiftPerFileCompile WorksheetParser.swift
SwiftCompile normal arm64 Compiling\ FormulaEvaluator.swift,\ FormulaParser.swift,\ PageSetup.swift /Users/admin/builder/spi-builder-workspace/Sources/Cuneiform/SpreadsheetML/FormulaEvaluator.swift /Users/admin/builder/spi-builder-workspace/Sources/Cuneiform/SpreadsheetML/FormulaParser.swift /Users/admin/builder/spi-builder-workspace/Sources/Cuneiform/SpreadsheetML/PageSetup.swift (in target 'Cuneiform' from project 'Cuneiform')
SwiftCompile normal arm64 /Users/admin/builder/spi-builder-workspace/Sources/Cuneiform/SpreadsheetML/FormulaEvaluator.swift (in target 'Cuneiform' from project 'Cuneiform')
    cd /Users/admin/builder/spi-builder-workspace/.swiftpm/xcode
    builtin-SwiftPerFileCompile FormulaEvaluator.swift
SwiftCompile normal arm64 /Users/admin/builder/spi-builder-workspace/Sources/Cuneiform/SpreadsheetML/FormulaParser.swift (in target 'Cuneiform' from project 'Cuneiform')
    cd /Users/admin/builder/spi-builder-workspace/.swiftpm/xcode
    builtin-SwiftPerFileCompile FormulaParser.swift
SwiftCompile normal arm64 /Users/admin/builder/spi-builder-workspace/Sources/Cuneiform/SpreadsheetML/PageSetup.swift (in target 'Cuneiform' from project 'Cuneiform')
    cd /Users/admin/builder/spi-builder-workspace/.swiftpm/xcode
    builtin-SwiftPerFileCompile PageSetup.swift
SwiftCompile normal arm64 Compiling\ CellValue.swift,\ ChartBuilder.swift,\ ChartParser.swift /Users/admin/builder/spi-builder-workspace/Sources/Cuneiform/SpreadsheetML/CellValue.swift /Users/admin/builder/spi-builder-workspace/Sources/Cuneiform/SpreadsheetML/ChartBuilder.swift /Users/admin/builder/spi-builder-workspace/Sources/Cuneiform/SpreadsheetML/ChartParser.swift (in target 'Cuneiform' from project 'Cuneiform')
SwiftCompile normal arm64 /Users/admin/builder/spi-builder-workspace/Sources/Cuneiform/SpreadsheetML/CellValue.swift (in target 'Cuneiform' from project 'Cuneiform')
    cd /Users/admin/builder/spi-builder-workspace/.swiftpm/xcode
    builtin-SwiftPerFileCompile CellValue.swift
SwiftCompile normal arm64 /Users/admin/builder/spi-builder-workspace/Sources/Cuneiform/SpreadsheetML/ChartBuilder.swift (in target 'Cuneiform' from project 'Cuneiform')
    cd /Users/admin/builder/spi-builder-workspace/.swiftpm/xcode
    builtin-SwiftPerFileCompile ChartBuilder.swift
SwiftCompile normal arm64 /Users/admin/builder/spi-builder-workspace/Sources/Cuneiform/SpreadsheetML/ChartParser.swift (in target 'Cuneiform' from project 'Cuneiform')
    cd /Users/admin/builder/spi-builder-workspace/.swiftpm/xcode
    builtin-SwiftPerFileCompile ChartParser.swift
SwiftCompile normal arm64 Compiling\ CommentsBuilder.swift,\ CommentsParser.swift,\ DependencyGraph.swift /Users/admin/builder/spi-builder-workspace/Sources/Cuneiform/SpreadsheetML/CommentsBuilder.swift /Users/admin/builder/spi-builder-workspace/Sources/Cuneiform/SpreadsheetML/CommentsParser.swift /Users/admin/builder/spi-builder-workspace/Sources/Cuneiform/SpreadsheetML/DependencyGraph.swift (in target 'Cuneiform' from project 'Cuneiform')
SwiftCompile normal arm64 /Users/admin/builder/spi-builder-workspace/Sources/Cuneiform/SpreadsheetML/CommentsBuilder.swift (in target 'Cuneiform' from project 'Cuneiform')
    cd /Users/admin/builder/spi-builder-workspace/.swiftpm/xcode
    builtin-SwiftPerFileCompile CommentsBuilder.swift
SwiftCompile normal arm64 /Users/admin/builder/spi-builder-workspace/Sources/Cuneiform/SpreadsheetML/CommentsParser.swift (in target 'Cuneiform' from project 'Cuneiform')
    cd /Users/admin/builder/spi-builder-workspace/.swiftpm/xcode
    builtin-SwiftPerFileCompile CommentsParser.swift
SwiftCompile normal arm64 /Users/admin/builder/spi-builder-workspace/Sources/Cuneiform/SpreadsheetML/DependencyGraph.swift (in target 'Cuneiform' from project 'Cuneiform')
    cd /Users/admin/builder/spi-builder-workspace/.swiftpm/xcode
    builtin-SwiftPerFileCompile DependencyGraph.swift
SwiftCompile normal arm64 Compiling\ ContentType.swift,\ Errors.swift,\ PartPath.swift,\ Relationship.swift /Users/admin/builder/spi-builder-workspace/Sources/Cuneiform/Core/ContentType.swift /Users/admin/builder/spi-builder-workspace/Sources/Cuneiform/Core/Errors.swift /Users/admin/builder/spi-builder-workspace/Sources/Cuneiform/Core/PartPath.swift /Users/admin/builder/spi-builder-workspace/Sources/Cuneiform/Core/Relationship.swift (in target 'Cuneiform' from project 'Cuneiform')
SwiftCompile normal arm64 /Users/admin/builder/spi-builder-workspace/Sources/Cuneiform/Core/ContentType.swift (in target 'Cuneiform' from project 'Cuneiform')
    cd /Users/admin/builder/spi-builder-workspace/.swiftpm/xcode
    builtin-SwiftPerFileCompile ContentType.swift
SwiftCompile normal arm64 /Users/admin/builder/spi-builder-workspace/Sources/Cuneiform/Core/Errors.swift (in target 'Cuneiform' from project 'Cuneiform')
    cd /Users/admin/builder/spi-builder-workspace/.swiftpm/xcode
    builtin-SwiftPerFileCompile Errors.swift
SwiftCompile normal arm64 /Users/admin/builder/spi-builder-workspace/Sources/Cuneiform/Core/PartPath.swift (in target 'Cuneiform' from project 'Cuneiform')
    cd /Users/admin/builder/spi-builder-workspace/.swiftpm/xcode
    builtin-SwiftPerFileCompile PartPath.swift
SwiftCompile normal arm64 /Users/admin/builder/spi-builder-workspace/Sources/Cuneiform/Core/Relationship.swift (in target 'Cuneiform' from project 'Cuneiform')
    cd /Users/admin/builder/spi-builder-workspace/.swiftpm/xcode
    builtin-SwiftPerFileCompile Relationship.swift
SwiftCompile normal arm64 Compiling\ Cuneiform.swift,\ ContentTypesParser.swift,\ OPCBuilders.swift,\ OPCPackage.swift /Users/admin/builder/spi-builder-workspace/Sources/Cuneiform/Cuneiform.swift /Users/admin/builder/spi-builder-workspace/Sources/Cuneiform/Package/ContentTypesParser.swift /Users/admin/builder/spi-builder-workspace/Sources/Cuneiform/Package/OPCBuilders.swift /Users/admin/builder/spi-builder-workspace/Sources/Cuneiform/Package/OPCPackage.swift (in target 'Cuneiform' from project 'Cuneiform')
SwiftCompile normal arm64 /Users/admin/builder/spi-builder-workspace/Sources/Cuneiform/Cuneiform.swift (in target 'Cuneiform' from project 'Cuneiform')
    cd /Users/admin/builder/spi-builder-workspace/.swiftpm/xcode
    builtin-SwiftPerFileCompile Cuneiform.swift
SwiftCompile normal arm64 /Users/admin/builder/spi-builder-workspace/Sources/Cuneiform/Package/ContentTypesParser.swift (in target 'Cuneiform' from project 'Cuneiform')
    cd /Users/admin/builder/spi-builder-workspace/.swiftpm/xcode
    builtin-SwiftPerFileCompile ContentTypesParser.swift
SwiftCompile normal arm64 /Users/admin/builder/spi-builder-workspace/Sources/Cuneiform/Package/OPCBuilders.swift (in target 'Cuneiform' from project 'Cuneiform')
    cd /Users/admin/builder/spi-builder-workspace/.swiftpm/xcode
    builtin-SwiftPerFileCompile OPCBuilders.swift
SwiftCompile normal arm64 /Users/admin/builder/spi-builder-workspace/Sources/Cuneiform/Package/OPCPackage.swift (in target 'Cuneiform' from project 'Cuneiform')
    cd /Users/admin/builder/spi-builder-workspace/.swiftpm/xcode
    builtin-SwiftPerFileCompile OPCPackage.swift
SwiftCompile normal arm64 Compiling\ PivotTableParser.swift,\ RichText.swift,\ SharedStringsParser.swift /Users/admin/builder/spi-builder-workspace/Sources/Cuneiform/SpreadsheetML/PivotTableParser.swift /Users/admin/builder/spi-builder-workspace/Sources/Cuneiform/SpreadsheetML/RichText.swift /Users/admin/builder/spi-builder-workspace/Sources/Cuneiform/SpreadsheetML/SharedStringsParser.swift (in target 'Cuneiform' from project 'Cuneiform')
SwiftCompile normal arm64 /Users/admin/builder/spi-builder-workspace/Sources/Cuneiform/SpreadsheetML/PivotTableParser.swift (in target 'Cuneiform' from project 'Cuneiform')
    cd /Users/admin/builder/spi-builder-workspace/.swiftpm/xcode
    builtin-SwiftPerFileCompile PivotTableParser.swift
SwiftCompile normal arm64 /Users/admin/builder/spi-builder-workspace/Sources/Cuneiform/SpreadsheetML/RichText.swift (in target 'Cuneiform' from project 'Cuneiform')
    cd /Users/admin/builder/spi-builder-workspace/.swiftpm/xcode
    builtin-SwiftPerFileCompile RichText.swift
SwiftCompile normal arm64 /Users/admin/builder/spi-builder-workspace/Sources/Cuneiform/SpreadsheetML/SharedStringsParser.swift (in target 'Cuneiform' from project 'Cuneiform')
    cd /Users/admin/builder/spi-builder-workspace/.swiftpm/xcode
    builtin-SwiftPerFileCompile SharedStringsParser.swift
SwiftEmitModule normal arm64_32 Emitting\ module\ for\ Cuneiform (in target 'Cuneiform' from project 'Cuneiform')
SwiftCompile normal arm64_32 (in target 'Cuneiform' from project 'Cuneiform')
    cd /Users/admin/builder/spi-builder-workspace/.swiftpm/xcode

SwiftDriverJobDiscovery normal arm64 Emitting module for Cuneiform (in target 'Cuneiform' from project 'Cuneiform')
SwiftDriver\ Compilation\ Requirements Cuneiform normal arm64 com.apple.xcode.tools.swift.compiler (in target 'Cuneiform' from project 'Cuneiform')
    cd /Users/admin/builder/spi-builder-workspace/.swiftpm/xcode
    builtin-Swift-Compilation-Requirements -- /Applications/Xcode-27.0.0-Release.Candidate.app/Contents/Developer/Toolchains/XcodeDefault.xctoolchain/usr/bin/swiftc -parse-as-library -module-name Cuneiform -Onone @/Users/admin/builder/spi-builder-workspace/.derivedData/Build/Intermediates.noindex/Cuneiform.build/Debug-watchos/Cuneiform-t.build/Objects-normal/arm64/Cuneiform.SwiftFileList -DSWIFT_PACKAGE -DDEBUG -DSWIFT_MODULE_RESOURCE_BUNDLE_UNAVAILABLE -Xcc -fmodule-map-file\=/Users/admin/builder/spi-builder-workspace/Sources/CZlib/module.modulemap -DXcode -plugin-path /Applications/Xcode-27.0.0-Release.Candidate.app/Contents/Developer/Toolchains/XcodeDefault.xctoolchain/usr/lib/swift/host/plugins/testing -enable-experimental-feature DebugDescriptionMacro -sdk /Applications/Xcode-27.0.0-Release.Candidate.app/Contents/Developer/Platforms/WatchOS.platform/Developer/SDKs/WatchOS27.0.sdk -target arm64-apple-watchos9.0 -g -module-cache-path /Users/admin/builder/spi-builder-workspace/.derivedData/ModuleCache.noindex -Xfrontend -serialize-debugging-options -profile-coverage-mapping -profile-generate -enable-testing -index-store-path /Users/admin/builder/spi-builder-workspace/.derivedData/Index.noindex/DataStore -Xcc -D_LIBCPP_HARDENING_MODE\=_LIBCPP_HARDENING_MODE_DEBUG -swift-version 6 -I /Users/admin/builder/spi-builder-workspace/.derivedData/Build/Products/Debug-watchos -Isystem /Applications/Xcode-27.0.0-Release.Candidate.app/Contents/Developer/Platforms/WatchOS.platform/Developer/usr/lib -F /Users/admin/builder/spi-builder-workspace/.derivedData/Build/Products/Debug-watchos -F /Applications/Xcode-27.0.0-Release.Candidate.app/Contents/Developer/Platforms/WatchOS.platform/Developer/Library/Frameworks -F /Applications/Xcode-27.0.0-Release.Candidate.app/Contents/Developer/Platforms/WatchOS.platform/Developer/SDKs/WatchOS27.0.sdk/Developer/Library/Frameworks -emit-localized-strings -emit-localized-strings-path /Users/admin/builder/spi-builder-workspace/.derivedData/Build/Intermediates.noindex/Cuneiform.build/Debug-watchos/Cuneiform-t.build/Objects-normal/arm64 -c -j10 -enable-batch-mode -incremental -Xcc -ivfsstatcache -Xcc /Users/admin/builder/spi-builder-workspace/.derivedData/SDKStatCaches.noindex/watchos27.0-24R360-e829b21a6f8c9b70876ba0858053c04477534ef55a1706bf4c1112bbb242f0a2.sdkstatcache -output-file-map /Users/admin/builder/spi-builder-workspace/.derivedData/Build/Intermediates.noindex/Cuneiform.build/Debug-watchos/Cuneiform-t.build/Objects-normal/arm64/Cuneiform-OutputFileMap.json -save-temps -no-color-diagnostics -explicit-module-build -module-cache-path /Users/admin/builder/spi-builder-workspace/.derivedData/Build/Intermediates.noindex/SwiftExplicitPrecompiledModules -clang-scanner-module-cache-path /Users/admin/builder/spi-builder-workspace/.derivedData/ModuleCache.noindex -sdk-module-cache-path /Users/admin/builder/spi-builder-workspace/.derivedData/SDKExplicitPrecompiledModules -emit-dependencies -emit-module -emit-module-path /Users/admin/builder/spi-builder-workspace/.derivedData/Build/Intermediates.noindex/Cuneiform.build/Debug-watchos/Cuneiform-t.build/Objects-normal/arm64/Cuneiform.swiftmodule -serialize-diagnostics -dependency-scan-serialize-diagnostics-path /Users/admin/builder/spi-builder-workspace/.derivedData/Build/Intermediates.noindex/Cuneiform.build/Debug-watchos/Cuneiform-t.build/Objects-normal/arm64/Cuneiform-dependency-scan.dia -validate-clang-modules-once -clang-build-session-file /Users/admin/builder/spi-builder-workspace/.derivedData/ModuleCache.noindex/Session.modulevalidation -Xcc -fmodules-prune-interval\=86400 -Xcc -fmodules-prune-after\=345600 -package-name spi_builder_workspace -emit-const-values -const-gather-protocols-list /Users/admin/builder/spi-builder-workspace/.derivedData/Build/Intermediates.noindex/Cuneiform.build/Debug-watchos/Cuneiform-t.build/Objects-normal/arm64/Cuneiform_const_extract_protocols.json -Xcc -I/Users/admin/builder/spi-builder-workspace/.derivedData/Build/Products/Debug-watchos/include -Xcc -I/Users/admin/builder/spi-builder-workspace/.derivedData/Build/Intermediates.noindex/Cuneiform.build/Debug-watchos/Cuneiform-t.build/DerivedSources-normal/arm64 -Xcc -I/Users/admin/builder/spi-builder-workspace/.derivedData/Build/Intermediates.noindex/Cuneiform.build/Debug-watchos/Cuneiform-t.build/DerivedSources/arm64 -Xcc -I/Users/admin/builder/spi-builder-workspace/.derivedData/Build/Intermediates.noindex/Cuneiform.build/Debug-watchos/Cuneiform-t.build/DerivedSources -Xcc -DSWIFT_PACKAGE -Xcc -DDEBUG\=1 -emit-objc-header -emit-objc-header-path /Users/admin/builder/spi-builder-workspace/.derivedData/Build/Intermediates.noindex/Cuneiform.build/Debug-watchos/Cuneiform-t.build/Objects-normal/arm64/Cuneiform-Swift.h -working-directory /Users/admin/builder/spi-builder-workspace/.swiftpm/xcode -experimental-emit-module-separately -disable-cmo
SwiftDriverJobDiscovery normal arm64 Compiling ContentType.swift, Errors.swift, PartPath.swift, Relationship.swift (in target 'Cuneiform' from project 'Cuneiform')
SwiftCompile normal arm64_32 Compiling\ RelationshipsParser.swift,\ ZipArchive.swift,\ ZipWriter.swift,\ CellFormula.swift /Users/admin/builder/spi-builder-workspace/Sources/Cuneiform/Package/RelationshipsParser.swift /Users/admin/builder/spi-builder-workspace/Sources/Cuneiform/Package/ZipArchive.swift /Users/admin/builder/spi-builder-workspace/Sources/Cuneiform/Package/ZipWriter.swift /Users/admin/builder/spi-builder-workspace/Sources/Cuneiform/SpreadsheetML/CellFormula.swift (in target 'Cuneiform' from project 'Cuneiform')
/Users/admin/builder/spi-builder-workspace/Sources/Cuneiform/Package/ZipWriter.swift:47:23: error: cannot find 'Process' in scope
45 |         // Create ZIP using command-line tool
46 |         let zipURL = tempDir.appendingPathComponent("output.zip")
47 |         let process = Process()
   |                       `- error: cannot find 'Process' in scope
48 |         process.currentDirectoryURL = tempDir
49 |         process.executableURL = URL(fileURLWithPath: "/usr/bin/zip")
Failed frontend command:
/Applications/Xcode-27.0.0-Release.Candidate.app/Contents/Developer/Toolchains/XcodeDefault.xctoolchain/usr/bin/swift-frontend -frontend -c /Users/admin/builder/spi-builder-workspace/Sources/Cuneiform/Core/ContentType.swift /Users/admin/builder/spi-builder-workspace/Sources/Cuneiform/Core/Errors.swift /Users/admin/builder/spi-builder-workspace/Sources/Cuneiform/Core/PartPath.swift /Users/admin/builder/spi-builder-workspace/Sources/Cuneiform/Core/Relationship.swift /Users/admin/builder/spi-builder-workspace/Sources/Cuneiform/Cuneiform.swift /Users/admin/builder/spi-builder-workspace/Sources/Cuneiform/Package/ContentTypesParser.swift /Users/admin/builder/spi-builder-workspace/Sources/Cuneiform/Package/OPCBuilders.swift /Users/admin/builder/spi-builder-workspace/Sources/Cuneiform/Package/OPCPackage.swift -primary-file /Users/admin/builder/spi-builder-workspace/Sources/Cuneiform/Package/RelationshipsParser.swift -primary-file /Users/admin/builder/spi-builder-workspace/Sources/Cuneiform/Package/ZipArchive.swift -primary-file /Users/admin/builder/spi-builder-workspace/Sources/Cuneiform/Package/ZipWriter.swift -primary-file /Users/admin/builder/spi-builder-workspace/Sources/Cuneiform/SpreadsheetML/CellFormula.swift /Users/admin/builder/spi-builder-workspace/Sources/Cuneiform/SpreadsheetML/CellValue.swift /Users/admin/builder/spi-builder-workspace/Sources/Cuneiform/SpreadsheetML/ChartBuilder.swift /Users/admin/builder/spi-builder-workspace/Sources/Cuneiform/SpreadsheetML/ChartParser.swift /Users/admin/builder/spi-builder-workspace/Sources/Cuneiform/SpreadsheetML/CommentsBuilder.swift /Users/admin/builder/spi-builder-workspace/Sources/Cuneiform/SpreadsheetML/CommentsParser.swift /Users/admin/builder/spi-builder-workspace/Sources/Cuneiform/SpreadsheetML/DependencyGraph.swift /Users/admin/builder/spi-builder-workspace/Sources/Cuneiform/SpreadsheetML/FormulaEvaluator.swift /Users/admin/builder/spi-builder-workspace/Sources/Cuneiform/SpreadsheetML/FormulaParser.swift /Users/admin/builder/spi-builder-workspace/Sources/Cuneiform/SpreadsheetML/PageSetup.swift /Users/admin/builder/spi-builder-workspace/Sources/Cuneiform/SpreadsheetML/PivotTableParser.swift /Users/admin/builder/spi-builder-workspace/Sources/Cuneiform/SpreadsheetML/RichText.swift /Users/admin/builder/spi-builder-workspace/Sources/Cuneiform/SpreadsheetML/SharedStringsParser.swift /Users/admin/builder/spi-builder-workspace/Sources/Cuneiform/SpreadsheetML/Sheet.swift /Users/admin/builder/spi-builder-workspace/Sources/Cuneiform/SpreadsheetML/SpreadsheetMLBuilders.swift /Users/admin/builder/spi-builder-workspace/Sources/Cuneiform/SpreadsheetML/StylesParser.swift /Users/admin/builder/spi-builder-workspace/Sources/Cuneiform/SpreadsheetML/TableParser.swift /Users/admin/builder/spi-builder-workspace/Sources/Cuneiform/SpreadsheetML/VMLCommentsBuilder.swift /Users/admin/builder/spi-builder-workspace/Sources/Cuneiform/SpreadsheetML/Workbook.swift /Users/admin/builder/spi-builder-workspace/Sources/Cuneiform/SpreadsheetML/WorkbookParser.swift /Users/admin/builder/spi-builder-workspace/Sources/Cuneiform/SpreadsheetML/WorkbookWriter.swift /Users/admin/builder/spi-builder-workspace/Sources/Cuneiform/SpreadsheetML/WorksheetParser.swift -supplementary-output-file-map /Users/admin/builder/spi-builder-workspace/.derivedData/Build/Intermediates.noindex/Cuneiform.build/Debug-watchos/Cuneiform-t.build/Objects-normal/arm64_32/supplementaryOutputs-7 -emit-localized-strings -emit-localized-strings-path /Users/admin/builder/spi-builder-workspace/.derivedData/Build/Intermediates.noindex/Cuneiform.build/Debug-watchos/Cuneiform-t.build/Objects-normal/arm64_32 -target arm64_32-apple-watchos9.0 -disable-cross-import-overlay-search -load-resolved-plugin /Applications/Xcode-27.0.0-Release.Candidate.app/Contents/Developer/Platforms/WatchOS.platform/Developer/usr/lib/swift/host/plugins/libFoundationMacros.dylib\#/Applications/Xcode-27.0.0-Release.Candidate.app/Contents/Developer/Platforms/WatchOS.platform/Developer/usr/bin/swift-plugin-server\#FoundationMacros -load-resolved-plugin /Applications/Xcode-27.0.0-Release.Candidate.app/Contents/Developer/Platforms/WatchOS.platform/Developer/usr/lib/swift/host/plugins/libObservationMacros.dylib\#/Applications/Xcode-27.0.0-Release.Candidate.app/Contents/Developer/Platforms/WatchOS.platform/Developer/usr/bin/swift-plugin-server\#ObservationMacros -load-resolved-plugin /Applications/Xcode-27.0.0-Release.Candidate.app/Contents/Developer/Platforms/WatchOS.platform/Developer/usr/lib/swift/host/plugins/libSwiftMacros.dylib\#/Applications/Xcode-27.0.0-Release.Candidate.app/Contents/Developer/Platforms/WatchOS.platform/Developer/usr/bin/swift-plugin-server\#SwiftMacros -disable-implicit-swift-modules -Xcc -fno-implicit-modules -Xcc -fno-implicit-module-maps -explicit-swift-module-map-file /Users/admin/builder/spi-builder-workspace/.derivedData/Build/Intermediates.noindex/Cuneiform.build/Debug-watchos/Cuneiform-t.build/Objects-normal/arm64_32/Cuneiform-dependencies-2.json -enable-objc-interop -sdk /Applications/Xcode-27.0.0-Release.Candidate.app/Contents/Developer/Platforms/WatchOS.platform/Developer/SDKs/WatchOS27.0.sdk -I /Users/admin/builder/spi-builder-workspace/.derivedData/Build/Products/Debug-watchos -Isystem /Applications/Xcode-27.0.0-Release.Candidate.app/Contents/Developer/Platforms/WatchOS.platform/Developer/usr/lib -F /Users/admin/builder/spi-builder-workspace/.derivedData/Build/Products/Debug-watchos -F /Applications/Xcode-27.0.0-Release.Candidate.app/Contents/Developer/Platforms/WatchOS.platform/Developer/Library/Frameworks -F /Applications/Xcode-27.0.0-Release.Candidate.app/Contents/Developer/Platforms/WatchOS.platform/Developer/SDKs/WatchOS27.0.sdk/Developer/Library/Frameworks -module-cache-path /Users/admin/builder/spi-builder-workspace/.derivedData/Build/Intermediates.noindex/SwiftExplicitPrecompiledModules -no-color-diagnostics -Xcc -fno-color-diagnostics -enable-testing -g -debug-info-format\=dwarf -dwarf-version\=4 -profile-generate -profile-coverage-mapping -swift-version 6 -Onone -D SWIFT_PACKAGE -D DEBUG -D SWIFT_MODULE_RESOURCE_BUNDLE_UNAVAILABLE -D Xcode -serialize-debugging-options -enable-experimental-feature DebugDescriptionMacro -empty-abi-descriptor -validate-clang-modules-once -clang-build-session-file /Users/admin/builder/spi-builder-workspace/.derivedData/ModuleCache.noindex/Session.modulevalidation -Xcc -working-directory -Xcc /Users/admin/builder/spi-builder-workspace/.swiftpm/xcode -enable-anonymous-context-mangled-names -file-compilation-dir /Users/admin/builder/spi-builder-workspace/.swiftpm/xcode -Xcc -fmodule-map-file\=/Users/admin/builder/spi-builder-workspace/Sources/CZlib/module.modulemap -Xcc -D_LIBCPP_HARDENING_MODE\=_LIBCPP_HARDENING_MODE_DEBUG -Xcc -ivfsstatcache -Xcc /Users/admin/builder/spi-builder-workspace/.derivedData/SDKStatCaches.noindex/watchos27.0-24R360-e829b21a6f8c9b70876ba0858053c04477534ef55a1706bf4c1112bbb242f0a2.sdkstatcache -Xcc -fmodules-prune-interval\=86400 -Xcc -fmodules-prune-after\=345600 -Xcc -I/Users/admin/builder/spi-builder-workspace/.derivedData/Build/Products/Debug-watchos/include -Xcc -I/Users/admin/builder/spi-builder-workspace/.derivedData/Build/Intermediates.noindex/Cuneiform.build/Debug-watchos/Cuneiform-t.build/DerivedSources-normal/arm64_32 -Xcc -I/Users/admin/builder/spi-builder-workspace/.derivedData/Build/Intermediates.noindex/Cuneiform.build/Debug-watchos/Cuneiform-t.build/DerivedSources/arm64_32 -Xcc -I/Users/admin/builder/spi-builder-workspace/.derivedData/Build/Intermediates.noindex/Cuneiform.build/Debug-watchos/Cuneiform-t.build/DerivedSources -Xcc -DSWIFT_PACKAGE -Xcc -DDEBUG\=1 -no-auto-bridging-header-chaining -module-name Cuneiform -package-name spi_builder_workspace -const-gather-protocols-file /Users/admin/builder/spi-builder-workspace/.derivedData/Build/Intermediates.noindex/Cuneiform.build/Debug-watchos/Cuneiform-t.build/Objects-normal/arm64_32/Cuneiform_const_extract_protocols.json -disable-clang-spi -clang-target arm64_32-apple-watchos27.0 -target-sdk-version 27.0 -target-sdk-name watchos27.0 -in-process-plugin-server-path /Applications/Xcode-27.0.0-Release.Candidate.app/Contents/Developer/Toolchains/XcodeDefault.xctoolchain/usr/lib/swift/host/libSwiftInProcPluginServer.dylib -parse-as-library -o /Users/admin/builder/spi-builder-workspace/.derivedData/Build/Intermediates.noindex/Cuneiform.build/Debug-watchos/Cuneiform-t.build/Objects-normal/arm64_32/RelationshipsParser.o -o /Users/admin/builder/spi-builder-workspace/.derivedData/Build/Intermediates.noindex/Cuneiform.build/Debug-watchos/Cuneiform-t.build/Objects-normal/arm64_32/ZipArchive.o -o /Users/admin/builder/spi-builder-workspace/.derivedData/Build/Intermediates.noindex/Cuneiform.build/Debug-watchos/Cuneiform-t.build/Objects-normal/arm64_32/ZipWriter.o -o /Users/admin/builder/spi-builder-workspace/.derivedData/Build/Intermediates.noindex/Cuneiform.build/Debug-watchos/Cuneiform-t.build/Objects-normal/arm64_32/CellFormula.o -debug-module-path /Users/admin/builder/spi-builder-workspace/.derivedData/Build/Intermediates.noindex/Cuneiform.build/Debug-watchos/Cuneiform-t.build/Objects-normal/arm64_32/Cuneiform.swiftmodule -index-unit-output-path /Cuneiform.build/Debug-watchos/Cuneiform-t.build/Objects-normal/arm64_32/RelationshipsParser.o -index-unit-output-path /Cuneiform.build/Debug-watchos/Cuneiform-t.build/Objects-normal/arm64_32/ZipArchive.o -index-unit-output-path /Cuneiform.build/Debug-watchos/Cuneiform-t.build/Objects-normal/arm64_32/ZipWriter.o -index-unit-output-path /Cuneiform.build/Debug-watchos/Cuneiform-t.build/Objects-normal/arm64_32/CellFormula.o -index-store-path /Users/admin/builder/spi-builder-workspace/.derivedData/Index.noindex/DataStore -index-system-modules
SwiftCompile normal arm64_32 /Users/admin/builder/spi-builder-workspace/Sources/Cuneiform/Package/RelationshipsParser.swift (in target 'Cuneiform' from project 'Cuneiform')
    cd /Users/admin/builder/spi-builder-workspace/.swiftpm/xcode
    builtin-SwiftPerFileCompile RelationshipsParser.swift
SwiftCompile normal arm64_32 /Users/admin/builder/spi-builder-workspace/Sources/Cuneiform/Package/ZipArchive.swift (in target 'Cuneiform' from project 'Cuneiform')
    cd /Users/admin/builder/spi-builder-workspace/.swiftpm/xcode
    builtin-SwiftPerFileCompile ZipArchive.swift
SwiftCompile normal arm64_32 /Users/admin/builder/spi-builder-workspace/Sources/Cuneiform/Package/ZipWriter.swift (in target 'Cuneiform' from project 'Cuneiform')
    cd /Users/admin/builder/spi-builder-workspace/.swiftpm/xcode
    builtin-SwiftPerFileCompile ZipWriter.swift
SwiftCompile normal arm64_32 /Users/admin/builder/spi-builder-workspace/Sources/Cuneiform/SpreadsheetML/CellFormula.swift (in target 'Cuneiform' from project 'Cuneiform')
    cd /Users/admin/builder/spi-builder-workspace/.swiftpm/xcode
    builtin-SwiftPerFileCompile CellFormula.swift
Copy /Users/admin/builder/spi-builder-workspace/.derivedData/Build/Products/Debug-watchos/Cuneiform.swiftmodule/arm64-apple-watchos.swiftmodule /Users/admin/builder/spi-builder-workspace/.derivedData/Build/Intermediates.noindex/Cuneiform.build/Debug-watchos/Cuneiform-t.build/Objects-normal/arm64/Cuneiform.swiftmodule (in target 'Cuneiform' from project 'Cuneiform')
    cd /Users/admin/builder/spi-builder-workspace
    builtin-copy -exclude .DS_Store -exclude CVS -exclude .svn -exclude .git -exclude .hg -resolve-src-symlinks -rename /Users/admin/builder/spi-builder-workspace/.derivedData/Build/Intermediates.noindex/Cuneiform.build/Debug-watchos/Cuneiform-t.build/Objects-normal/arm64/Cuneiform.swiftmodule /Users/admin/builder/spi-builder-workspace/.derivedData/Build/Products/Debug-watchos/Cuneiform.swiftmodule/arm64-apple-watchos.swiftmodule
SwiftDriverJobDiscovery normal arm64_32 Emitting module for Cuneiform (in target 'Cuneiform' from project 'Cuneiform')
SwiftDriver\ Compilation\ Requirements Cuneiform normal arm64_32 com.apple.xcode.tools.swift.compiler (in target 'Cuneiform' from project 'Cuneiform')
    cd /Users/admin/builder/spi-builder-workspace/.swiftpm/xcode
    builtin-Swift-Compilation-Requirements -- /Applications/Xcode-27.0.0-Release.Candidate.app/Contents/Developer/Toolchains/XcodeDefault.xctoolchain/usr/bin/swiftc -parse-as-library -module-name Cuneiform -Onone @/Users/admin/builder/spi-builder-workspace/.derivedData/Build/Intermediates.noindex/Cuneiform.build/Debug-watchos/Cuneiform-t.build/Objects-normal/arm64_32/Cuneiform.SwiftFileList -DSWIFT_PACKAGE -DDEBUG -DSWIFT_MODULE_RESOURCE_BUNDLE_UNAVAILABLE -Xcc -fmodule-map-file\=/Users/admin/builder/spi-builder-workspace/Sources/CZlib/module.modulemap -DXcode -plugin-path /Applications/Xcode-27.0.0-Release.Candidate.app/Contents/Developer/Toolchains/XcodeDefault.xctoolchain/usr/lib/swift/host/plugins/testing -enable-experimental-feature DebugDescriptionMacro -sdk /Applications/Xcode-27.0.0-Release.Candidate.app/Contents/Developer/Platforms/WatchOS.platform/Developer/SDKs/WatchOS27.0.sdk -target arm64_32-apple-watchos9.0 -g -module-cache-path /Users/admin/builder/spi-builder-workspace/.derivedData/ModuleCache.noindex -Xfrontend -serialize-debugging-options -profile-coverage-mapping -profile-generate -enable-testing -index-store-path /Users/admin/builder/spi-builder-workspace/.derivedData/Index.noindex/DataStore -Xcc -D_LIBCPP_HARDENING_MODE\=_LIBCPP_HARDENING_MODE_DEBUG -swift-version 6 -I /Users/admin/builder/spi-builder-workspace/.derivedData/Build/Products/Debug-watchos -Isystem /Applications/Xcode-27.0.0-Release.Candidate.app/Contents/Developer/Platforms/WatchOS.platform/Developer/usr/lib -F /Users/admin/builder/spi-builder-workspace/.derivedData/Build/Products/Debug-watchos -F /Applications/Xcode-27.0.0-Release.Candidate.app/Contents/Developer/Platforms/WatchOS.platform/Developer/Library/Frameworks -F /Applications/Xcode-27.0.0-Release.Candidate.app/Contents/Developer/Platforms/WatchOS.platform/Developer/SDKs/WatchOS27.0.sdk/Developer/Library/Frameworks -emit-localized-strings -emit-localized-strings-path /Users/admin/builder/spi-builder-workspace/.derivedData/Build/Intermediates.noindex/Cuneiform.build/Debug-watchos/Cuneiform-t.build/Objects-normal/arm64_32 -c -j10 -enable-batch-mode -incremental -Xcc -ivfsstatcache -Xcc /Users/admin/builder/spi-builder-workspace/.derivedData/SDKStatCaches.noindex/watchos27.0-24R360-e829b21a6f8c9b70876ba0858053c04477534ef55a1706bf4c1112bbb242f0a2.sdkstatcache -output-file-map /Users/admin/builder/spi-builder-workspace/.derivedData/Build/Intermediates.noindex/Cuneiform.build/Debug-watchos/Cuneiform-t.build/Objects-normal/arm64_32/Cuneiform-OutputFileMap.json -save-temps -no-color-diagnostics -explicit-module-build -module-cache-path /Users/admin/builder/spi-builder-workspace/.derivedData/Build/Intermediates.noindex/SwiftExplicitPrecompiledModules -clang-scanner-module-cache-path /Users/admin/builder/spi-builder-workspace/.derivedData/ModuleCache.noindex -sdk-module-cache-path /Users/admin/builder/spi-builder-workspace/.derivedData/SDKExplicitPrecompiledModules -emit-dependencies -emit-module -emit-module-path /Users/admin/builder/spi-builder-workspace/.derivedData/Build/Intermediates.noindex/Cuneiform.build/Debug-watchos/Cuneiform-t.build/Objects-normal/arm64_32/Cuneiform.swiftmodule -serialize-diagnostics -dependency-scan-serialize-diagnostics-path /Users/admin/builder/spi-builder-workspace/.derivedData/Build/Intermediates.noindex/Cuneiform.build/Debug-watchos/Cuneiform-t.build/Objects-normal/arm64_32/Cuneiform-dependency-scan.dia -validate-clang-modules-once -clang-build-session-file /Users/admin/builder/spi-builder-workspace/.derivedData/ModuleCache.noindex/Session.modulevalidation -Xcc -fmodules-prune-interval\=86400 -Xcc -fmodules-prune-after\=345600 -package-name spi_builder_workspace -emit-const-values -const-gather-protocols-list /Users/admin/builder/spi-builder-workspace/.derivedData/Build/Intermediates.noindex/Cuneiform.build/Debug-watchos/Cuneiform-t.build/Objects-normal/arm64_32/Cuneiform_const_extract_protocols.json -Xcc -I/Users/admin/builder/spi-builder-workspace/.derivedData/Build/Products/Debug-watchos/include -Xcc -I/Users/admin/builder/spi-builder-workspace/.derivedData/Build/Intermediates.noindex/Cuneiform.build/Debug-watchos/Cuneiform-t.build/DerivedSources-normal/arm64_32 -Xcc -I/Users/admin/builder/spi-builder-workspace/.derivedData/Build/Intermediates.noindex/Cuneiform.build/Debug-watchos/Cuneiform-t.build/DerivedSources/arm64_32 -Xcc -I/Users/admin/builder/spi-builder-workspace/.derivedData/Build/Intermediates.noindex/Cuneiform.build/Debug-watchos/Cuneiform-t.build/DerivedSources -Xcc -DSWIFT_PACKAGE -Xcc -DDEBUG\=1 -emit-objc-header -emit-objc-header-path /Users/admin/builder/spi-builder-workspace/.derivedData/Build/Intermediates.noindex/Cuneiform.build/Debug-watchos/Cuneiform-t.build/Objects-normal/arm64_32/Cuneiform-Swift.h -working-directory /Users/admin/builder/spi-builder-workspace/.swiftpm/xcode -experimental-emit-module-separately -disable-cmo
Copy /Users/admin/builder/spi-builder-workspace/.derivedData/Build/Products/Debug-watchos/Cuneiform.swiftmodule/arm64-apple-watchos.swiftdoc /Users/admin/builder/spi-builder-workspace/.derivedData/Build/Intermediates.noindex/Cuneiform.build/Debug-watchos/Cuneiform-t.build/Objects-normal/arm64/Cuneiform.swiftdoc (in target 'Cuneiform' from project 'Cuneiform')
    cd /Users/admin/builder/spi-builder-workspace
    builtin-copy -exclude .DS_Store -exclude CVS -exclude .svn -exclude .git -exclude .hg -resolve-src-symlinks -rename /Users/admin/builder/spi-builder-workspace/.derivedData/Build/Intermediates.noindex/Cuneiform.build/Debug-watchos/Cuneiform-t.build/Objects-normal/arm64/Cuneiform.swiftdoc /Users/admin/builder/spi-builder-workspace/.derivedData/Build/Products/Debug-watchos/Cuneiform.swiftmodule/arm64-apple-watchos.swiftdoc
SwiftMergeGeneratedHeaders /Users/admin/builder/spi-builder-workspace/.derivedData/Build/Intermediates.noindex/GeneratedModuleMaps-watchos/Cuneiform-Swift.h /Users/admin/builder/spi-builder-workspace/.derivedData/Build/Intermediates.noindex/Cuneiform.build/Debug-watchos/Cuneiform-t.build/Objects-normal/arm64/Cuneiform-Swift.h /Users/admin/builder/spi-builder-workspace/.derivedData/Build/Intermediates.noindex/Cuneiform.build/Debug-watchos/Cuneiform-t.build/Objects-normal/arm64_32/Cuneiform-Swift.h (in target 'Cuneiform' from project 'Cuneiform')
    cd /Users/admin/builder/spi-builder-workspace
    builtin-swiftHeaderTool -arch arm64 /Users/admin/builder/spi-builder-workspace/.derivedData/Build/Intermediates.noindex/Cuneiform.build/Debug-watchos/Cuneiform-t.build/Objects-normal/arm64/Cuneiform-Swift.h -arch arm64_32 /Users/admin/builder/spi-builder-workspace/.derivedData/Build/Intermediates.noindex/Cuneiform.build/Debug-watchos/Cuneiform-t.build/Objects-normal/arm64_32/Cuneiform-Swift.h -o /Users/admin/builder/spi-builder-workspace/.derivedData/Build/Intermediates.noindex/GeneratedModuleMaps-watchos/Cuneiform-Swift.h
Copy /Users/admin/builder/spi-builder-workspace/.derivedData/Build/Products/Debug-watchos/Cuneiform.swiftmodule/arm64_32-apple-watchos.swiftmodule /Users/admin/builder/spi-builder-workspace/.derivedData/Build/Intermediates.noindex/Cuneiform.build/Debug-watchos/Cuneiform-t.build/Objects-normal/arm64_32/Cuneiform.swiftmodule (in target 'Cuneiform' from project 'Cuneiform')
    cd /Users/admin/builder/spi-builder-workspace
    builtin-copy -exclude .DS_Store -exclude CVS -exclude .svn -exclude .git -exclude .hg -resolve-src-symlinks -rename /Users/admin/builder/spi-builder-workspace/.derivedData/Build/Intermediates.noindex/Cuneiform.build/Debug-watchos/Cuneiform-t.build/Objects-normal/arm64_32/Cuneiform.swiftmodule /Users/admin/builder/spi-builder-workspace/.derivedData/Build/Products/Debug-watchos/Cuneiform.swiftmodule/arm64_32-apple-watchos.swiftmodule
Copy /Users/admin/builder/spi-builder-workspace/.derivedData/Build/Products/Debug-watchos/Cuneiform.swiftmodule/arm64_32-apple-watchos.swiftdoc /Users/admin/builder/spi-builder-workspace/.derivedData/Build/Intermediates.noindex/Cuneiform.build/Debug-watchos/Cuneiform-t.build/Objects-normal/arm64_32/Cuneiform.swiftdoc (in target 'Cuneiform' from project 'Cuneiform')
    cd /Users/admin/builder/spi-builder-workspace
    builtin-copy -exclude .DS_Store -exclude CVS -exclude .svn -exclude .git -exclude .hg -resolve-src-symlinks -rename /Users/admin/builder/spi-builder-workspace/.derivedData/Build/Intermediates.noindex/Cuneiform.build/Debug-watchos/Cuneiform-t.build/Objects-normal/arm64_32/Cuneiform.swiftdoc /Users/admin/builder/spi-builder-workspace/.derivedData/Build/Products/Debug-watchos/Cuneiform.swiftmodule/arm64_32-apple-watchos.swiftdoc
Copy /Users/admin/builder/spi-builder-workspace/.derivedData/Build/Products/Debug-watchos/Cuneiform.swiftmodule/arm64_32-apple-watchos.abi.json /Users/admin/builder/spi-builder-workspace/.derivedData/Build/Intermediates.noindex/Cuneiform.build/Debug-watchos/Cuneiform-t.build/Objects-normal/arm64_32/Cuneiform.abi.json (in target 'Cuneiform' from project 'Cuneiform')
    cd /Users/admin/builder/spi-builder-workspace
    builtin-copy -exclude .DS_Store -exclude CVS -exclude .svn -exclude .git -exclude .hg -resolve-src-symlinks -rename /Users/admin/builder/spi-builder-workspace/.derivedData/Build/Intermediates.noindex/Cuneiform.build/Debug-watchos/Cuneiform-t.build/Objects-normal/arm64_32/Cuneiform.abi.json /Users/admin/builder/spi-builder-workspace/.derivedData/Build/Products/Debug-watchos/Cuneiform.swiftmodule/arm64_32-apple-watchos.abi.json
Copy /Users/admin/builder/spi-builder-workspace/.derivedData/Build/Products/Debug-watchos/Cuneiform.swiftmodule/arm64-apple-watchos.abi.json /Users/admin/builder/spi-builder-workspace/.derivedData/Build/Intermediates.noindex/Cuneiform.build/Debug-watchos/Cuneiform-t.build/Objects-normal/arm64/Cuneiform.abi.json (in target 'Cuneiform' from project 'Cuneiform')
    cd /Users/admin/builder/spi-builder-workspace
    builtin-copy -exclude .DS_Store -exclude CVS -exclude .svn -exclude .git -exclude .hg -resolve-src-symlinks -rename /Users/admin/builder/spi-builder-workspace/.derivedData/Build/Intermediates.noindex/Cuneiform.build/Debug-watchos/Cuneiform-t.build/Objects-normal/arm64/Cuneiform.abi.json /Users/admin/builder/spi-builder-workspace/.derivedData/Build/Products/Debug-watchos/Cuneiform.swiftmodule/arm64-apple-watchos.abi.json
Copy /Users/admin/builder/spi-builder-workspace/.derivedData/Build/Products/Debug-watchos/Cuneiform.swiftmodule/Project/arm64_32-apple-watchos.swiftsourceinfo /Users/admin/builder/spi-builder-workspace/.derivedData/Build/Intermediates.noindex/Cuneiform.build/Debug-watchos/Cuneiform-t.build/Objects-normal/arm64_32/Cuneiform.swiftsourceinfo (in target 'Cuneiform' from project 'Cuneiform')
    cd /Users/admin/builder/spi-builder-workspace
    builtin-copy -exclude .DS_Store -exclude CVS -exclude .svn -exclude .git -exclude .hg -resolve-src-symlinks -rename /Users/admin/builder/spi-builder-workspace/.derivedData/Build/Intermediates.noindex/Cuneiform.build/Debug-watchos/Cuneiform-t.build/Objects-normal/arm64_32/Cuneiform.swiftsourceinfo /Users/admin/builder/spi-builder-workspace/.derivedData/Build/Products/Debug-watchos/Cuneiform.swiftmodule/Project/arm64_32-apple-watchos.swiftsourceinfo
Copy /Users/admin/builder/spi-builder-workspace/.derivedData/Build/Products/Debug-watchos/Cuneiform.swiftmodule/Project/arm64-apple-watchos.swiftsourceinfo /Users/admin/builder/spi-builder-workspace/.derivedData/Build/Intermediates.noindex/Cuneiform.build/Debug-watchos/Cuneiform-t.build/Objects-normal/arm64/Cuneiform.swiftsourceinfo (in target 'Cuneiform' from project 'Cuneiform')
    cd /Users/admin/builder/spi-builder-workspace
    builtin-copy -exclude .DS_Store -exclude CVS -exclude .svn -exclude .git -exclude .hg -resolve-src-symlinks -rename /Users/admin/builder/spi-builder-workspace/.derivedData/Build/Intermediates.noindex/Cuneiform.build/Debug-watchos/Cuneiform-t.build/Objects-normal/arm64/Cuneiform.swiftsourceinfo /Users/admin/builder/spi-builder-workspace/.derivedData/Build/Products/Debug-watchos/Cuneiform.swiftmodule/Project/arm64-apple-watchos.swiftsourceinfo
SwiftCompile normal arm64_32 Compiling\ TableParser.swift,\ VMLCommentsBuilder.swift,\ Workbook.swift /Users/admin/builder/spi-builder-workspace/Sources/Cuneiform/SpreadsheetML/TableParser.swift /Users/admin/builder/spi-builder-workspace/Sources/Cuneiform/SpreadsheetML/VMLCommentsBuilder.swift /Users/admin/builder/spi-builder-workspace/Sources/Cuneiform/SpreadsheetML/Workbook.swift (in target 'Cuneiform' from project 'Cuneiform')
SwiftCompile normal arm64_32 /Users/admin/builder/spi-builder-workspace/Sources/Cuneiform/SpreadsheetML/TableParser.swift (in target 'Cuneiform' from project 'Cuneiform')
    cd /Users/admin/builder/spi-builder-workspace/.swiftpm/xcode
    builtin-SwiftPerFileCompile TableParser.swift
SwiftCompile normal arm64_32 /Users/admin/builder/spi-builder-workspace/Sources/Cuneiform/SpreadsheetML/VMLCommentsBuilder.swift (in target 'Cuneiform' from project 'Cuneiform')
    cd /Users/admin/builder/spi-builder-workspace/.swiftpm/xcode
    builtin-SwiftPerFileCompile VMLCommentsBuilder.swift
SwiftCompile normal arm64_32 /Users/admin/builder/spi-builder-workspace/Sources/Cuneiform/SpreadsheetML/Workbook.swift (in target 'Cuneiform' from project 'Cuneiform')
    cd /Users/admin/builder/spi-builder-workspace/.swiftpm/xcode
    builtin-SwiftPerFileCompile Workbook.swift
SwiftCompile normal arm64_32 Compiling\ ContentType.swift,\ Errors.swift,\ PartPath.swift,\ Relationship.swift /Users/admin/builder/spi-builder-workspace/Sources/Cuneiform/Core/ContentType.swift /Users/admin/builder/spi-builder-workspace/Sources/Cuneiform/Core/Errors.swift /Users/admin/builder/spi-builder-workspace/Sources/Cuneiform/Core/PartPath.swift /Users/admin/builder/spi-builder-workspace/Sources/Cuneiform/Core/Relationship.swift (in target 'Cuneiform' from project 'Cuneiform')
SwiftCompile normal arm64_32 /Users/admin/builder/spi-builder-workspace/Sources/Cuneiform/Core/ContentType.swift (in target 'Cuneiform' from project 'Cuneiform')
    cd /Users/admin/builder/spi-builder-workspace/.swiftpm/xcode
    builtin-SwiftPerFileCompile ContentType.swift
SwiftCompile normal arm64_32 /Users/admin/builder/spi-builder-workspace/Sources/Cuneiform/Core/Errors.swift (in target 'Cuneiform' from project 'Cuneiform')
    cd /Users/admin/builder/spi-builder-workspace/.swiftpm/xcode
    builtin-SwiftPerFileCompile Errors.swift
SwiftCompile normal arm64_32 /Users/admin/builder/spi-builder-workspace/Sources/Cuneiform/Core/PartPath.swift (in target 'Cuneiform' from project 'Cuneiform')
    cd /Users/admin/builder/spi-builder-workspace/.swiftpm/xcode
    builtin-SwiftPerFileCompile PartPath.swift
SwiftCompile normal arm64_32 /Users/admin/builder/spi-builder-workspace/Sources/Cuneiform/Core/Relationship.swift (in target 'Cuneiform' from project 'Cuneiform')
    cd /Users/admin/builder/spi-builder-workspace/.swiftpm/xcode
    builtin-SwiftPerFileCompile Relationship.swift
SwiftDriverJobDiscovery normal arm64 Compiling PivotTableParser.swift, RichText.swift, SharedStringsParser.swift (in target 'Cuneiform' from project 'Cuneiform')
SwiftCompile normal arm64_32 Compiling\ CommentsBuilder.swift,\ CommentsParser.swift,\ DependencyGraph.swift /Users/admin/builder/spi-builder-workspace/Sources/Cuneiform/SpreadsheetML/CommentsBuilder.swift /Users/admin/builder/spi-builder-workspace/Sources/Cuneiform/SpreadsheetML/CommentsParser.swift /Users/admin/builder/spi-builder-workspace/Sources/Cuneiform/SpreadsheetML/DependencyGraph.swift (in target 'Cuneiform' from project 'Cuneiform')
SwiftCompile normal arm64_32 /Users/admin/builder/spi-builder-workspace/Sources/Cuneiform/SpreadsheetML/CommentsBuilder.swift (in target 'Cuneiform' from project 'Cuneiform')
    cd /Users/admin/builder/spi-builder-workspace/.swiftpm/xcode
    builtin-SwiftPerFileCompile CommentsBuilder.swift
SwiftCompile normal arm64_32 /Users/admin/builder/spi-builder-workspace/Sources/Cuneiform/SpreadsheetML/CommentsParser.swift (in target 'Cuneiform' from project 'Cuneiform')
    cd /Users/admin/builder/spi-builder-workspace/.swiftpm/xcode
    builtin-SwiftPerFileCompile CommentsParser.swift
SwiftCompile normal arm64_32 /Users/admin/builder/spi-builder-workspace/Sources/Cuneiform/SpreadsheetML/DependencyGraph.swift (in target 'Cuneiform' from project 'Cuneiform')
    cd /Users/admin/builder/spi-builder-workspace/.swiftpm/xcode
    builtin-SwiftPerFileCompile DependencyGraph.swift
SwiftDriverJobDiscovery normal arm64 Compiling Cuneiform.swift, ContentTypesParser.swift, OPCBuilders.swift, OPCPackage.swift (in target 'Cuneiform' from project 'Cuneiform')
SwiftCompile normal arm64_32 Compiling\ WorkbookParser.swift,\ WorkbookWriter.swift,\ WorksheetParser.swift /Users/admin/builder/spi-builder-workspace/Sources/Cuneiform/SpreadsheetML/WorkbookParser.swift /Users/admin/builder/spi-builder-workspace/Sources/Cuneiform/SpreadsheetML/WorkbookWriter.swift /Users/admin/builder/spi-builder-workspace/Sources/Cuneiform/SpreadsheetML/WorksheetParser.swift (in target 'Cuneiform' from project 'Cuneiform')
SwiftCompile normal arm64_32 /Users/admin/builder/spi-builder-workspace/Sources/Cuneiform/SpreadsheetML/WorkbookParser.swift (in target 'Cuneiform' from project 'Cuneiform')
    cd /Users/admin/builder/spi-builder-workspace/.swiftpm/xcode
    builtin-SwiftPerFileCompile WorkbookParser.swift
SwiftCompile normal arm64_32 /Users/admin/builder/spi-builder-workspace/Sources/Cuneiform/SpreadsheetML/WorkbookWriter.swift (in target 'Cuneiform' from project 'Cuneiform')
    cd /Users/admin/builder/spi-builder-workspace/.swiftpm/xcode
    builtin-SwiftPerFileCompile WorkbookWriter.swift
SwiftCompile normal arm64_32 /Users/admin/builder/spi-builder-workspace/Sources/Cuneiform/SpreadsheetML/WorksheetParser.swift (in target 'Cuneiform' from project 'Cuneiform')
    cd /Users/admin/builder/spi-builder-workspace/.swiftpm/xcode
    builtin-SwiftPerFileCompile WorksheetParser.swift
SwiftCompile normal arm64_32 Compiling\ Cuneiform.swift,\ ContentTypesParser.swift,\ OPCBuilders.swift,\ OPCPackage.swift /Users/admin/builder/spi-builder-workspace/Sources/Cuneiform/Cuneiform.swift /Users/admin/builder/spi-builder-workspace/Sources/Cuneiform/Package/ContentTypesParser.swift /Users/admin/builder/spi-builder-workspace/Sources/Cuneiform/Package/OPCBuilders.swift /Users/admin/builder/spi-builder-workspace/Sources/Cuneiform/Package/OPCPackage.swift (in target 'Cuneiform' from project 'Cuneiform')
SwiftCompile normal arm64_32 /Users/admin/builder/spi-builder-workspace/Sources/Cuneiform/Cuneiform.swift (in target 'Cuneiform' from project 'Cuneiform')
    cd /Users/admin/builder/spi-builder-workspace/.swiftpm/xcode
    builtin-SwiftPerFileCompile Cuneiform.swift
SwiftCompile normal arm64_32 /Users/admin/builder/spi-builder-workspace/Sources/Cuneiform/Package/ContentTypesParser.swift (in target 'Cuneiform' from project 'Cuneiform')
    cd /Users/admin/builder/spi-builder-workspace/.swiftpm/xcode
    builtin-SwiftPerFileCompile ContentTypesParser.swift
SwiftCompile normal arm64_32 /Users/admin/builder/spi-builder-workspace/Sources/Cuneiform/Package/OPCBuilders.swift (in target 'Cuneiform' from project 'Cuneiform')
    cd /Users/admin/builder/spi-builder-workspace/.swiftpm/xcode
    builtin-SwiftPerFileCompile OPCBuilders.swift
SwiftCompile normal arm64_32 /Users/admin/builder/spi-builder-workspace/Sources/Cuneiform/Package/OPCPackage.swift (in target 'Cuneiform' from project 'Cuneiform')
    cd /Users/admin/builder/spi-builder-workspace/.swiftpm/xcode
    builtin-SwiftPerFileCompile OPCPackage.swift
SwiftDriverJobDiscovery normal arm64 Compiling CellValue.swift, ChartBuilder.swift, ChartParser.swift (in target 'Cuneiform' from project 'Cuneiform')
SwiftDriverJobDiscovery normal arm64 Compiling TableParser.swift, VMLCommentsBuilder.swift, Workbook.swift (in target 'Cuneiform' from project 'Cuneiform')
SwiftCompile normal arm64 Compiling\ RelationshipsParser.swift,\ ZipArchive.swift,\ ZipWriter.swift,\ CellFormula.swift /Users/admin/builder/spi-builder-workspace/Sources/Cuneiform/Package/RelationshipsParser.swift /Users/admin/builder/spi-builder-workspace/Sources/Cuneiform/Package/ZipArchive.swift /Users/admin/builder/spi-builder-workspace/Sources/Cuneiform/Package/ZipWriter.swift /Users/admin/builder/spi-builder-workspace/Sources/Cuneiform/SpreadsheetML/CellFormula.swift (in target 'Cuneiform' from project 'Cuneiform')
SwiftCompile normal arm64 /Users/admin/builder/spi-builder-workspace/Sources/Cuneiform/Package/RelationshipsParser.swift (in target 'Cuneiform' from project 'Cuneiform')
    cd /Users/admin/builder/spi-builder-workspace/.swiftpm/xcode
    builtin-SwiftPerFileCompile RelationshipsParser.swift
SwiftCompile normal arm64 /Users/admin/builder/spi-builder-workspace/Sources/Cuneiform/Package/ZipArchive.swift (in target 'Cuneiform' from project 'Cuneiform')
    cd /Users/admin/builder/spi-builder-workspace/.swiftpm/xcode
    builtin-SwiftPerFileCompile ZipArchive.swift
SwiftCompile normal arm64 /Users/admin/builder/spi-builder-workspace/Sources/Cuneiform/Package/ZipWriter.swift (in target 'Cuneiform' from project 'Cuneiform')
    cd /Users/admin/builder/spi-builder-workspace/.swiftpm/xcode
    builtin-SwiftPerFileCompile ZipWriter.swift
SwiftCompile normal arm64 /Users/admin/builder/spi-builder-workspace/Sources/Cuneiform/SpreadsheetML/CellFormula.swift (in target 'Cuneiform' from project 'Cuneiform')
    cd /Users/admin/builder/spi-builder-workspace/.swiftpm/xcode
    builtin-SwiftPerFileCompile CellFormula.swift
SwiftDriverJobDiscovery normal arm64 Compiling CommentsBuilder.swift, CommentsParser.swift, DependencyGraph.swift (in target 'Cuneiform' from project 'Cuneiform')
SwiftDriverJobDiscovery normal arm64 Compiling Sheet.swift, SpreadsheetMLBuilders.swift, StylesParser.swift (in target 'Cuneiform' from project 'Cuneiform')
SwiftCompile normal arm64_32 Compiling\ PivotTableParser.swift,\ RichText.swift,\ SharedStringsParser.swift /Users/admin/builder/spi-builder-workspace/Sources/Cuneiform/SpreadsheetML/PivotTableParser.swift /Users/admin/builder/spi-builder-workspace/Sources/Cuneiform/SpreadsheetML/RichText.swift /Users/admin/builder/spi-builder-workspace/Sources/Cuneiform/SpreadsheetML/SharedStringsParser.swift (in target 'Cuneiform' from project 'Cuneiform')
SwiftCompile normal arm64_32 /Users/admin/builder/spi-builder-workspace/Sources/Cuneiform/SpreadsheetML/PivotTableParser.swift (in target 'Cuneiform' from project 'Cuneiform')
    cd /Users/admin/builder/spi-builder-workspace/.swiftpm/xcode
    builtin-SwiftPerFileCompile PivotTableParser.swift
SwiftCompile normal arm64_32 /Users/admin/builder/spi-builder-workspace/Sources/Cuneiform/SpreadsheetML/RichText.swift (in target 'Cuneiform' from project 'Cuneiform')
    cd /Users/admin/builder/spi-builder-workspace/.swiftpm/xcode
    builtin-SwiftPerFileCompile RichText.swift
SwiftCompile normal arm64_32 /Users/admin/builder/spi-builder-workspace/Sources/Cuneiform/SpreadsheetML/SharedStringsParser.swift (in target 'Cuneiform' from project 'Cuneiform')
    cd /Users/admin/builder/spi-builder-workspace/.swiftpm/xcode
    builtin-SwiftPerFileCompile SharedStringsParser.swift
SwiftDriverJobDiscovery normal arm64 Compiling WorkbookParser.swift, WorkbookWriter.swift, WorksheetParser.swift (in target 'Cuneiform' from project 'Cuneiform')
SwiftCompile normal arm64_32 Compiling\ Sheet.swift,\ SpreadsheetMLBuilders.swift,\ StylesParser.swift /Users/admin/builder/spi-builder-workspace/Sources/Cuneiform/SpreadsheetML/Sheet.swift /Users/admin/builder/spi-builder-workspace/Sources/Cuneiform/SpreadsheetML/SpreadsheetMLBuilders.swift /Users/admin/builder/spi-builder-workspace/Sources/Cuneiform/SpreadsheetML/StylesParser.swift (in target 'Cuneiform' from project 'Cuneiform')
SwiftCompile normal arm64_32 /Users/admin/builder/spi-builder-workspace/Sources/Cuneiform/SpreadsheetML/Sheet.swift (in target 'Cuneiform' from project 'Cuneiform')
    cd /Users/admin/builder/spi-builder-workspace/.swiftpm/xcode
    builtin-SwiftPerFileCompile Sheet.swift
SwiftCompile normal arm64_32 /Users/admin/builder/spi-builder-workspace/Sources/Cuneiform/SpreadsheetML/SpreadsheetMLBuilders.swift (in target 'Cuneiform' from project 'Cuneiform')
    cd /Users/admin/builder/spi-builder-workspace/.swiftpm/xcode
    builtin-SwiftPerFileCompile SpreadsheetMLBuilders.swift
SwiftCompile normal arm64_32 /Users/admin/builder/spi-builder-workspace/Sources/Cuneiform/SpreadsheetML/StylesParser.swift (in target 'Cuneiform' from project 'Cuneiform')
    cd /Users/admin/builder/spi-builder-workspace/.swiftpm/xcode
    builtin-SwiftPerFileCompile StylesParser.swift
PruneExplicitPrecompiledModules /Users/admin/builder/spi-builder-workspace/.derivedData/Build/Intermediates.noindex/SwiftExplicitPrecompiledModules
PruneExplicitPrecompiledModules /Users/admin/builder/spi-builder-workspace/.derivedData/SDKExplicitPrecompiledModules
PruneExplicitPrecompiledModules /Users/admin/builder/spi-builder-workspace/.derivedData/Build/Intermediates.noindex/ExplicitPrecompiledModules
2026-09-23 20:13:14.894 xcodebuild[756:4681] [MT] IDERunDestination: Supported platforms for the buildables in the current scheme is empty.
** BUILD FAILED **
The following build commands failed:
	SwiftCompile normal arm64_32 Compiling\ RelationshipsParser.swift,\ ZipArchive.swift,\ ZipWriter.swift,\ CellFormula.swift /Users/admin/builder/spi-builder-workspace/Sources/Cuneiform/Package/RelationshipsParser.swift /Users/admin/builder/spi-builder-workspace/Sources/Cuneiform/Package/ZipArchive.swift /Users/admin/builder/spi-builder-workspace/Sources/Cuneiform/Package/ZipWriter.swift /Users/admin/builder/spi-builder-workspace/Sources/Cuneiform/SpreadsheetML/CellFormula.swift (in target 'Cuneiform' from project 'Cuneiform')
	SwiftCompile normal arm64_32 /Users/admin/builder/spi-builder-workspace/Sources/Cuneiform/Package/ZipWriter.swift (in target 'Cuneiform' from project 'Cuneiform')
	Building workspace Cuneiform with scheme Cuneiform
(3 failures)
Command line invocation:
    /Applications/Xcode-27.0.0-Release.Candidate.app/Contents/Developer/usr/bin/xcodebuild -IDEClonedSourcePackagesDirPathOverride=/Users/admin/builder/spi-builder-workspace/.dependencies -resolvePackageDependencies
Resolve Package Graph
failed to retrieve search paths with pkg-config; maybe pkg-config is not installedyou may be able to install zlib using your system-packager:
    brew install zlib
Resolved source packages:
  swift-testing: https://github.com/swiftlang/swift-testing.git @ 0.99.0
  Cuneiform: /Users/admin/builder/spi-builder-workspace
  swift-syntax: https://github.com/swiftlang/swift-syntax.git @ 600.0.1
resolved source packages: swift-testing, Cuneiform, swift-syntax
2026-09-23 20:13:22.155 xcodebuild[871:5176] [MT] IDERunDestination: Supported platforms for the buildables in the current scheme is empty.
{
  "default_localization" : "en",
  "dependencies" : [
    {
      "identity" : "swift-testing",
      "requirement" : {
        "range" : [
          {
            "lower_bound" : "0.12.0",
            "upper_bound" : "1.0.0"
          }
        ]
      },
      "type" : "sourceControl",
      "url" : "https://github.com/swiftlang/swift-testing.git"
    }
  ],
  "manifest_display_name" : "Cuneiform",
  "name" : "Cuneiform",
  "path" : "/Users/admin/builder/spi-builder-workspace",
  "platforms" : [
    {
      "name" : "macos",
      "version" : "13.0"
    },
    {
      "name" : "ios",
      "version" : "16.0"
    },
    {
      "name" : "tvos",
      "version" : "16.0"
    },
    {
      "name" : "watchos",
      "version" : "9.0"
    },
    {
      "name" : "visionos",
      "version" : "1.0"
    }
  ],
  "products" : [
    {
      "name" : "Cuneiform",
      "targets" : [
        "Cuneiform"
      ],
      "type" : {
        "library" : [
          "automatic"
        ]
      }
    }
  ],
  "targets" : [
    {
      "c99name" : "CuneiformTests",
      "module_type" : "SwiftTarget",
      "name" : "CuneiformTests",
      "path" : "Tests/CuneiformTests",
      "product_dependencies" : [
        "Testing"
      ],
      "sources" : [
        "AdvancedQueryTests.swift",
        "AutoFilterTests.swift",
        "CellFormulaTests.swift",
        "ChartBuilderTests.swift",
        "ChartIntegrationTests.swift",
        "ChartParserTests.swift",
        "CommentsParserTests.swift",
        "CommentsWriteTests.swift",
        "ConditionalFormattingTests.swift",
        "CuneiformTests.swift",
        "DataValidationExpandedTests.swift",
        "DataValidationHelpersTests.swift",
        "DataValidationReadTests.swift",
        "DataValidationVariantTests.swift",
        "DependencyGraphTests.swift",
        "FormulaEvaluatorTests.swift",
        "FormulaFunctionsExtendedTests.swift",
        "FormulaParserTests.swift",
        "HyperlinksReadTests.swift",
        "HyperlinksWriteTests.swift",
        "LargeWorkbookStressTests.swift",
        "NamedRangesReadTests.swift",
        "NamedRangesWriteTests.swift",
        "OPCPackageTests.swift",
        "PageSetupTests.swift",
        "PerformanceBenchmarks.swift",
        "Phase41StylesTests.swift",
        "PivotTableParserTests.swift",
        "RichTextTests.swift",
        "SharedStringsOptimizationTests.swift",
        "SharedStringsTests.swift",
        "SheetProtectionParserTests.swift",
        "SheetProtectionWriteTests.swift",
        "StylesParserTests.swift",
        "StylingTests.swift",
        "TableIntegrationTests.swift",
        "TableParserTests.swift",
        "TableWriteTests.swift",
        "WorkbookIntegrationTests.swift",
        "WorkbookParserTests.swift",
        "WorkbookProtectionParserTests.swift",
        "WorkbookProtectionWriteTests.swift",
        "WorkbookWriterTests.swift",
        "WorksheetParserTests.swift",
        "WorksheetWriteExtrasTests.swift"
      ],
      "target_dependencies" : [
        "Cuneiform"
      ],
      "type" : "test"
    },
    {
      "c99name" : "Cuneiform",
      "module_type" : "SwiftTarget",
      "name" : "Cuneiform",
      "path" : "Sources/Cuneiform",
      "product_memberships" : [
        "Cuneiform"
      ],
      "sources" : [
        "Core/ContentType.swift",
        "Core/Errors.swift",
        "Core/PartPath.swift",
        "Core/Relationship.swift",
        "Cuneiform.swift",
        "Package/ContentTypesParser.swift",
        "Package/OPCBuilders.swift",
        "Package/OPCPackage.swift",
        "Package/RelationshipsParser.swift",
        "Package/ZipArchive.swift",
        "Package/ZipWriter.swift",
        "SpreadsheetML/CellFormula.swift",
        "SpreadsheetML/CellValue.swift",
        "SpreadsheetML/ChartBuilder.swift",
        "SpreadsheetML/ChartParser.swift",
        "SpreadsheetML/CommentsBuilder.swift",
        "SpreadsheetML/CommentsParser.swift",
        "SpreadsheetML/DependencyGraph.swift",
        "SpreadsheetML/FormulaEvaluator.swift",
        "SpreadsheetML/FormulaParser.swift",
        "SpreadsheetML/PageSetup.swift",
        "SpreadsheetML/PivotTableParser.swift",
        "SpreadsheetML/RichText.swift",
        "SpreadsheetML/SharedStringsParser.swift",
        "SpreadsheetML/Sheet.swift",
        "SpreadsheetML/SpreadsheetMLBuilders.swift",
        "SpreadsheetML/StylesParser.swift",
        "SpreadsheetML/TableParser.swift",
        "SpreadsheetML/VMLCommentsBuilder.swift",
        "SpreadsheetML/Workbook.swift",
        "SpreadsheetML/WorkbookParser.swift",
        "SpreadsheetML/WorkbookWriter.swift",
        "SpreadsheetML/WorksheetParser.swift"
      ],
      "target_dependencies" : [
        "CZlib"
      ],
      "type" : "library"
    },
    {
      "c99name" : "CZlib",
      "module_type" : "SystemLibraryTarget",
      "name" : "CZlib",
      "path" : "Sources/CZlib",
      "product_memberships" : [
        "Cuneiform"
      ],
      "sources" : [
      ],
      "type" : "system-target"
    }
  ],
  "tools_version" : "6.0"
}
{
  "workspace" : {
    "name" : "Cuneiform",
    "schemes" : [
      "Cuneiform",
      "Testing"
    ]
  }
}
2026-09-23 20:13:23.737 xcodebuild[887:5259] [MT] IDERunDestination: Supported platforms for the buildables in the current scheme is empty.
{
  "workspace" : {
    "name" : "Cuneiform",
    "schemes" : [
      "Cuneiform",
      "Testing"
    ]
  }
}
2026-09-23 20:13:25.066 xcodebuild[897:5303] [MT] IDERunDestination: Supported platforms for the buildables in the current scheme is empty.
Running build ...
env DEVELOPER_DIR=/Applications/Xcode-27.0.0-Release.Candidate.app xcrun xcodebuild -IDEClonedSourcePackagesDirPathOverride=$PWD/.dependencies -skipMacroValidation -skipPackagePluginValidation -derivedDataPath $PWD/.derivedData build -scheme Cuneiform -destination generic/platform=watchOS
Command line invocation:
    /Applications/Xcode-27.0.0-Release.Candidate.app/Contents/Developer/usr/bin/xcodebuild -IDEClonedSourcePackagesDirPathOverride=/Users/admin/builder/spi-builder-workspace/.dependencies -skipMacroValidation -skipPackagePluginValidation -derivedDataPath /Users/admin/builder/spi-builder-workspace/.derivedData build -scheme Cuneiform -destination generic/platform=watchOS
Resolve Package Graph
failed to retrieve search paths with pkg-config; maybe pkg-config is not installedyou may be able to install zlib using your system-packager:
    brew install zlib
Resolved source packages:
  swift-syntax: https://github.com/swiftlang/swift-syntax.git @ 600.0.1
  swift-testing: https://github.com/swiftlang/swift-testing.git @ 0.99.0
  Cuneiform: /Users/admin/builder/spi-builder-workspace
ComputePackagePrebuildTargetDependencyGraph
Prepare packages
CreateBuildRequest
SendProjectDescription
CreateBuildOperation
ComputeTargetDependencyGraph
note: Building targets in dependency order
note: Target dependency graph (3 targets)
    Target 'Cuneiform-product' in project 'Cuneiform'
        ➜ Explicit dependency on target 'Cuneiform' in project 'Cuneiform'
    Target 'Cuneiform' in project 'Cuneiform'
        ➜ Explicit dependency on target 'CZlib' in project 'Cuneiform'
    Target 'CZlib' in project 'Cuneiform' (no dependencies)
GatherProvisioningInputs
CreateBuildDescription
ClangStatCache /Applications/Xcode-27.0.0-Release.Candidate.app/Contents/Developer/Toolchains/XcodeDefault.xctoolchain/usr/bin/clang-stat-cache /Applications/Xcode-27.0.0-Release.Candidate.app/Contents/Developer/Platforms/WatchOS.platform/Developer/SDKs/WatchOS27.0.sdk /Users/admin/builder/spi-builder-workspace/.derivedData/SDKStatCaches.noindex/watchos27.0-24R360-e829b21a6f8c9b70876ba0858053c04477534ef55a1706bf4c1112bbb242f0a2.sdkstatcache
    cd /Users/admin/builder/spi-builder-workspace/.swiftpm/xcode
    /Applications/Xcode-27.0.0-Release.Candidate.app/Contents/Developer/Toolchains/XcodeDefault.xctoolchain/usr/bin/clang-stat-cache /Applications/Xcode-27.0.0-Release.Candidate.app/Contents/Developer/Platforms/WatchOS.platform/Developer/SDKs/WatchOS27.0.sdk -o /Users/admin/builder/spi-builder-workspace/.derivedData/SDKStatCaches.noindex/watchos27.0-24R360-e829b21a6f8c9b70876ba0858053c04477534ef55a1706bf4c1112bbb242f0a2.sdkstatcache
SwiftDriver Cuneiform normal arm64_32 com.apple.xcode.tools.swift.compiler (in target 'Cuneiform' from project 'Cuneiform')
    cd /Users/admin/builder/spi-builder-workspace/.swiftpm/xcode
    builtin-SwiftDriver -- /Applications/Xcode-27.0.0-Release.Candidate.app/Contents/Developer/Toolchains/XcodeDefault.xctoolchain/usr/bin/swiftc -parse-as-library -module-name Cuneiform -Onone @/Users/admin/builder/spi-builder-workspace/.derivedData/Build/Intermediates.noindex/Cuneiform.build/Debug-watchos/Cuneiform-t.build/Objects-normal/arm64_32/Cuneiform.SwiftFileList -DSWIFT_PACKAGE -DDEBUG -DSWIFT_MODULE_RESOURCE_BUNDLE_UNAVAILABLE -Xcc -fmodule-map-file\=/Users/admin/builder/spi-builder-workspace/Sources/CZlib/module.modulemap -DXcode -plugin-path /Applications/Xcode-27.0.0-Release.Candidate.app/Contents/Developer/Toolchains/XcodeDefault.xctoolchain/usr/lib/swift/host/plugins/testing -enable-experimental-feature DebugDescriptionMacro -sdk /Applications/Xcode-27.0.0-Release.Candidate.app/Contents/Developer/Platforms/WatchOS.platform/Developer/SDKs/WatchOS27.0.sdk -target arm64_32-apple-watchos9.0 -g -module-cache-path /Users/admin/builder/spi-builder-workspace/.derivedData/ModuleCache.noindex -Xfrontend -serialize-debugging-options -profile-coverage-mapping -profile-generate -enable-testing -index-store-path /Users/admin/builder/spi-builder-workspace/.derivedData/Index.noindex/DataStore -Xcc -D_LIBCPP_HARDENING_MODE\=_LIBCPP_HARDENING_MODE_DEBUG -swift-version 6 -I /Users/admin/builder/spi-builder-workspace/.derivedData/Build/Products/Debug-watchos -Isystem /Applications/Xcode-27.0.0-Release.Candidate.app/Contents/Developer/Platforms/WatchOS.platform/Developer/usr/lib -F /Users/admin/builder/spi-builder-workspace/.derivedData/Build/Products/Debug-watchos -F /Applications/Xcode-27.0.0-Release.Candidate.app/Contents/Developer/Platforms/WatchOS.platform/Developer/Library/Frameworks -F /Applications/Xcode-27.0.0-Release.Candidate.app/Contents/Developer/Platforms/WatchOS.platform/Developer/SDKs/WatchOS27.0.sdk/Developer/Library/Frameworks -emit-localized-strings -emit-localized-strings-path /Users/admin/builder/spi-builder-workspace/.derivedData/Build/Intermediates.noindex/Cuneiform.build/Debug-watchos/Cuneiform-t.build/Objects-normal/arm64_32 -c -j10 -enable-batch-mode -incremental -Xcc -ivfsstatcache -Xcc /Users/admin/builder/spi-builder-workspace/.derivedData/SDKStatCaches.noindex/watchos27.0-24R360-e829b21a6f8c9b70876ba0858053c04477534ef55a1706bf4c1112bbb242f0a2.sdkstatcache -output-file-map /Users/admin/builder/spi-builder-workspace/.derivedData/Build/Intermediates.noindex/Cuneiform.build/Debug-watchos/Cuneiform-t.build/Objects-normal/arm64_32/Cuneiform-OutputFileMap.json -save-temps -no-color-diagnostics -explicit-module-build -module-cache-path /Users/admin/builder/spi-builder-workspace/.derivedData/Build/Intermediates.noindex/SwiftExplicitPrecompiledModules -clang-scanner-module-cache-path /Users/admin/builder/spi-builder-workspace/.derivedData/ModuleCache.noindex -sdk-module-cache-path /Users/admin/builder/spi-builder-workspace/.derivedData/SDKExplicitPrecompiledModules -emit-dependencies -emit-module -emit-module-path /Users/admin/builder/spi-builder-workspace/.derivedData/Build/Intermediates.noindex/Cuneiform.build/Debug-watchos/Cuneiform-t.build/Objects-normal/arm64_32/Cuneiform.swiftmodule -serialize-diagnostics -dependency-scan-serialize-diagnostics-path /Users/admin/builder/spi-builder-workspace/.derivedData/Build/Intermediates.noindex/Cuneiform.build/Debug-watchos/Cuneiform-t.build/Objects-normal/arm64_32/Cuneiform-dependency-scan.dia -validate-clang-modules-once -clang-build-session-file /Users/admin/builder/spi-builder-workspace/.derivedData/ModuleCache.noindex/Session.modulevalidation -Xcc -fmodules-prune-interval\=86400 -Xcc -fmodules-prune-after\=345600 -package-name spi_builder_workspace -emit-const-values -const-gather-protocols-list /Users/admin/builder/spi-builder-workspace/.derivedData/Build/Intermediates.noindex/Cuneiform.build/Debug-watchos/Cuneiform-t.build/Objects-normal/arm64_32/Cuneiform_const_extract_protocols.json -Xcc -I/Users/admin/builder/spi-builder-workspace/.derivedData/Build/Products/Debug-watchos/include -Xcc -I/Users/admin/builder/spi-builder-workspace/.derivedData/Build/Intermediates.noindex/Cuneiform.build/Debug-watchos/Cuneiform-t.build/DerivedSources-normal/arm64_32 -Xcc -I/Users/admin/builder/spi-builder-workspace/.derivedData/Build/Intermediates.noindex/Cuneiform.build/Debug-watchos/Cuneiform-t.build/DerivedSources/arm64_32 -Xcc -I/Users/admin/builder/spi-builder-workspace/.derivedData/Build/Intermediates.noindex/Cuneiform.build/Debug-watchos/Cuneiform-t.build/DerivedSources -Xcc -DSWIFT_PACKAGE -Xcc -DDEBUG\=1 -emit-objc-header -emit-objc-header-path /Users/admin/builder/spi-builder-workspace/.derivedData/Build/Intermediates.noindex/Cuneiform.build/Debug-watchos/Cuneiform-t.build/Objects-normal/arm64_32/Cuneiform-Swift.h -working-directory /Users/admin/builder/spi-builder-workspace/.swiftpm/xcode -experimental-emit-module-separately -disable-cmo
SwiftDriver Cuneiform normal arm64 com.apple.xcode.tools.swift.compiler (in target 'Cuneiform' from project 'Cuneiform')
    cd /Users/admin/builder/spi-builder-workspace/.swiftpm/xcode
    builtin-SwiftDriver -- /Applications/Xcode-27.0.0-Release.Candidate.app/Contents/Developer/Toolchains/XcodeDefault.xctoolchain/usr/bin/swiftc -parse-as-library -module-name Cuneiform -Onone @/Users/admin/builder/spi-builder-workspace/.derivedData/Build/Intermediates.noindex/Cuneiform.build/Debug-watchos/Cuneiform-t.build/Objects-normal/arm64/Cuneiform.SwiftFileList -DSWIFT_PACKAGE -DDEBUG -DSWIFT_MODULE_RESOURCE_BUNDLE_UNAVAILABLE -Xcc -fmodule-map-file\=/Users/admin/builder/spi-builder-workspace/Sources/CZlib/module.modulemap -DXcode -plugin-path /Applications/Xcode-27.0.0-Release.Candidate.app/Contents/Developer/Toolchains/XcodeDefault.xctoolchain/usr/lib/swift/host/plugins/testing -enable-experimental-feature DebugDescriptionMacro -sdk /Applications/Xcode-27.0.0-Release.Candidate.app/Contents/Developer/Platforms/WatchOS.platform/Developer/SDKs/WatchOS27.0.sdk -target arm64-apple-watchos9.0 -g -module-cache-path /Users/admin/builder/spi-builder-workspace/.derivedData/ModuleCache.noindex -Xfrontend -serialize-debugging-options -profile-coverage-mapping -profile-generate -enable-testing -index-store-path /Users/admin/builder/spi-builder-workspace/.derivedData/Index.noindex/DataStore -Xcc -D_LIBCPP_HARDENING_MODE\=_LIBCPP_HARDENING_MODE_DEBUG -swift-version 6 -I /Users/admin/builder/spi-builder-workspace/.derivedData/Build/Products/Debug-watchos -Isystem /Applications/Xcode-27.0.0-Release.Candidate.app/Contents/Developer/Platforms/WatchOS.platform/Developer/usr/lib -F /Users/admin/builder/spi-builder-workspace/.derivedData/Build/Products/Debug-watchos -F /Applications/Xcode-27.0.0-Release.Candidate.app/Contents/Developer/Platforms/WatchOS.platform/Developer/Library/Frameworks -F /Applications/Xcode-27.0.0-Release.Candidate.app/Contents/Developer/Platforms/WatchOS.platform/Developer/SDKs/WatchOS27.0.sdk/Developer/Library/Frameworks -emit-localized-strings -emit-localized-strings-path /Users/admin/builder/spi-builder-workspace/.derivedData/Build/Intermediates.noindex/Cuneiform.build/Debug-watchos/Cuneiform-t.build/Objects-normal/arm64 -c -j10 -enable-batch-mode -incremental -Xcc -ivfsstatcache -Xcc /Users/admin/builder/spi-builder-workspace/.derivedData/SDKStatCaches.noindex/watchos27.0-24R360-e829b21a6f8c9b70876ba0858053c04477534ef55a1706bf4c1112bbb242f0a2.sdkstatcache -output-file-map /Users/admin/builder/spi-builder-workspace/.derivedData/Build/Intermediates.noindex/Cuneiform.build/Debug-watchos/Cuneiform-t.build/Objects-normal/arm64/Cuneiform-OutputFileMap.json -save-temps -no-color-diagnostics -explicit-module-build -module-cache-path /Users/admin/builder/spi-builder-workspace/.derivedData/Build/Intermediates.noindex/SwiftExplicitPrecompiledModules -clang-scanner-module-cache-path /Users/admin/builder/spi-builder-workspace/.derivedData/ModuleCache.noindex -sdk-module-cache-path /Users/admin/builder/spi-builder-workspace/.derivedData/SDKExplicitPrecompiledModules -emit-dependencies -emit-module -emit-module-path /Users/admin/builder/spi-builder-workspace/.derivedData/Build/Intermediates.noindex/Cuneiform.build/Debug-watchos/Cuneiform-t.build/Objects-normal/arm64/Cuneiform.swiftmodule -serialize-diagnostics -dependency-scan-serialize-diagnostics-path /Users/admin/builder/spi-builder-workspace/.derivedData/Build/Intermediates.noindex/Cuneiform.build/Debug-watchos/Cuneiform-t.build/Objects-normal/arm64/Cuneiform-dependency-scan.dia -validate-clang-modules-once -clang-build-session-file /Users/admin/builder/spi-builder-workspace/.derivedData/ModuleCache.noindex/Session.modulevalidation -Xcc -fmodules-prune-interval\=86400 -Xcc -fmodules-prune-after\=345600 -package-name spi_builder_workspace -emit-const-values -const-gather-protocols-list /Users/admin/builder/spi-builder-workspace/.derivedData/Build/Intermediates.noindex/Cuneiform.build/Debug-watchos/Cuneiform-t.build/Objects-normal/arm64/Cuneiform_const_extract_protocols.json -Xcc -I/Users/admin/builder/spi-builder-workspace/.derivedData/Build/Products/Debug-watchos/include -Xcc -I/Users/admin/builder/spi-builder-workspace/.derivedData/Build/Intermediates.noindex/Cuneiform.build/Debug-watchos/Cuneiform-t.build/DerivedSources-normal/arm64 -Xcc -I/Users/admin/builder/spi-builder-workspace/.derivedData/Build/Intermediates.noindex/Cuneiform.build/Debug-watchos/Cuneiform-t.build/DerivedSources/arm64 -Xcc -I/Users/admin/builder/spi-builder-workspace/.derivedData/Build/Intermediates.noindex/Cuneiform.build/Debug-watchos/Cuneiform-t.build/DerivedSources -Xcc -DSWIFT_PACKAGE -Xcc -DDEBUG\=1 -emit-objc-header -emit-objc-header-path /Users/admin/builder/spi-builder-workspace/.derivedData/Build/Intermediates.noindex/Cuneiform.build/Debug-watchos/Cuneiform-t.build/Objects-normal/arm64/Cuneiform-Swift.h -working-directory /Users/admin/builder/spi-builder-workspace/.swiftpm/xcode -experimental-emit-module-separately -disable-cmo
SwiftCompile normal arm64 Compiling\ PageSetup.swift /Users/admin/builder/spi-builder-workspace/Sources/Cuneiform/SpreadsheetML/PageSetup.swift (in target 'Cuneiform' from project 'Cuneiform')
SwiftCompile normal arm64 /Users/admin/builder/spi-builder-workspace/Sources/Cuneiform/SpreadsheetML/PageSetup.swift (in target 'Cuneiform' from project 'Cuneiform')
    cd /Users/admin/builder/spi-builder-workspace/.swiftpm/xcode
    builtin-SwiftPerFileCompile PageSetup.swift
SwiftCompile normal arm64 Compiling\ FormulaParser.swift /Users/admin/builder/spi-builder-workspace/Sources/Cuneiform/SpreadsheetML/FormulaParser.swift (in target 'Cuneiform' from project 'Cuneiform')
SwiftCompile normal arm64 /Users/admin/builder/spi-builder-workspace/Sources/Cuneiform/SpreadsheetML/FormulaParser.swift (in target 'Cuneiform' from project 'Cuneiform')
    cd /Users/admin/builder/spi-builder-workspace/.swiftpm/xcode
    builtin-SwiftPerFileCompile FormulaParser.swift
SwiftCompile normal arm64 Compiling\ RelationshipsParser.swift /Users/admin/builder/spi-builder-workspace/Sources/Cuneiform/Package/RelationshipsParser.swift (in target 'Cuneiform' from project 'Cuneiform')
SwiftCompile normal arm64 /Users/admin/builder/spi-builder-workspace/Sources/Cuneiform/Package/RelationshipsParser.swift (in target 'Cuneiform' from project 'Cuneiform')
    cd /Users/admin/builder/spi-builder-workspace/.swiftpm/xcode
    builtin-SwiftPerFileCompile RelationshipsParser.swift
SwiftCompile normal arm64 Compiling\ ZipArchive.swift /Users/admin/builder/spi-builder-workspace/Sources/Cuneiform/Package/ZipArchive.swift (in target 'Cuneiform' from project 'Cuneiform')
SwiftCompile normal arm64 /Users/admin/builder/spi-builder-workspace/Sources/Cuneiform/Package/ZipArchive.swift (in target 'Cuneiform' from project 'Cuneiform')
    cd /Users/admin/builder/spi-builder-workspace/.swiftpm/xcode
    builtin-SwiftPerFileCompile ZipArchive.swift
SwiftEmitModule normal arm64 Emitting\ module\ for\ Cuneiform (in target 'Cuneiform' from project 'Cuneiform')
SwiftCompile normal arm64 (in target 'Cuneiform' from project 'Cuneiform')
    cd /Users/admin/builder/spi-builder-workspace/.swiftpm/xcode

SwiftCompile normal arm64 Compiling\ CellFormula.swift /Users/admin/builder/spi-builder-workspace/Sources/Cuneiform/SpreadsheetML/CellFormula.swift (in target 'Cuneiform' from project 'Cuneiform')
SwiftCompile normal arm64 /Users/admin/builder/spi-builder-workspace/Sources/Cuneiform/SpreadsheetML/CellFormula.swift (in target 'Cuneiform' from project 'Cuneiform')
    cd /Users/admin/builder/spi-builder-workspace/.swiftpm/xcode
    builtin-SwiftPerFileCompile CellFormula.swift
SwiftCompile normal arm64 Compiling\ FormulaEvaluator.swift /Users/admin/builder/spi-builder-workspace/Sources/Cuneiform/SpreadsheetML/FormulaEvaluator.swift (in target 'Cuneiform' from project 'Cuneiform')
SwiftCompile normal arm64 /Users/admin/builder/spi-builder-workspace/Sources/Cuneiform/SpreadsheetML/FormulaEvaluator.swift (in target 'Cuneiform' from project 'Cuneiform')
    cd /Users/admin/builder/spi-builder-workspace/.swiftpm/xcode
    builtin-SwiftPerFileCompile FormulaEvaluator.swift
SwiftCompile normal arm64_32 Compiling\ ContentType.swift,\ Errors.swift,\ PartPath.swift,\ Relationship.swift /Users/admin/builder/spi-builder-workspace/Sources/Cuneiform/Core/ContentType.swift /Users/admin/builder/spi-builder-workspace/Sources/Cuneiform/Core/Errors.swift /Users/admin/builder/spi-builder-workspace/Sources/Cuneiform/Core/PartPath.swift /Users/admin/builder/spi-builder-workspace/Sources/Cuneiform/Core/Relationship.swift (in target 'Cuneiform' from project 'Cuneiform')
SwiftCompile normal arm64_32 /Users/admin/builder/spi-builder-workspace/Sources/Cuneiform/Core/ContentType.swift (in target 'Cuneiform' from project 'Cuneiform')
    cd /Users/admin/builder/spi-builder-workspace/.swiftpm/xcode
    builtin-SwiftPerFileCompile ContentType.swift
SwiftCompile normal arm64_32 /Users/admin/builder/spi-builder-workspace/Sources/Cuneiform/Core/Errors.swift (in target 'Cuneiform' from project 'Cuneiform')
    cd /Users/admin/builder/spi-builder-workspace/.swiftpm/xcode
    builtin-SwiftPerFileCompile Errors.swift
SwiftCompile normal arm64_32 /Users/admin/builder/spi-builder-workspace/Sources/Cuneiform/Core/PartPath.swift (in target 'Cuneiform' from project 'Cuneiform')
    cd /Users/admin/builder/spi-builder-workspace/.swiftpm/xcode
    builtin-SwiftPerFileCompile PartPath.swift
SwiftCompile normal arm64_32 /Users/admin/builder/spi-builder-workspace/Sources/Cuneiform/Core/Relationship.swift (in target 'Cuneiform' from project 'Cuneiform')
    cd /Users/admin/builder/spi-builder-workspace/.swiftpm/xcode
    builtin-SwiftPerFileCompile Relationship.swift
SwiftEmitModule normal arm64_32 Emitting\ module\ for\ Cuneiform (in target 'Cuneiform' from project 'Cuneiform')
SwiftCompile normal arm64_32 (in target 'Cuneiform' from project 'Cuneiform')
    cd /Users/admin/builder/spi-builder-workspace/.swiftpm/xcode

SwiftCompile normal arm64_32 Compiling\ Sheet.swift,\ SpreadsheetMLBuilders.swift,\ StylesParser.swift /Users/admin/builder/spi-builder-workspace/Sources/Cuneiform/SpreadsheetML/Sheet.swift /Users/admin/builder/spi-builder-workspace/Sources/Cuneiform/SpreadsheetML/SpreadsheetMLBuilders.swift /Users/admin/builder/spi-builder-workspace/Sources/Cuneiform/SpreadsheetML/StylesParser.swift (in target 'Cuneiform' from project 'Cuneiform')
SwiftCompile normal arm64_32 /Users/admin/builder/spi-builder-workspace/Sources/Cuneiform/SpreadsheetML/Sheet.swift (in target 'Cuneiform' from project 'Cuneiform')
    cd /Users/admin/builder/spi-builder-workspace/.swiftpm/xcode
    builtin-SwiftPerFileCompile Sheet.swift
SwiftCompile normal arm64_32 /Users/admin/builder/spi-builder-workspace/Sources/Cuneiform/SpreadsheetML/SpreadsheetMLBuilders.swift (in target 'Cuneiform' from project 'Cuneiform')
    cd /Users/admin/builder/spi-builder-workspace/.swiftpm/xcode
    builtin-SwiftPerFileCompile SpreadsheetMLBuilders.swift
SwiftCompile normal arm64_32 /Users/admin/builder/spi-builder-workspace/Sources/Cuneiform/SpreadsheetML/StylesParser.swift (in target 'Cuneiform' from project 'Cuneiform')
    cd /Users/admin/builder/spi-builder-workspace/.swiftpm/xcode
    builtin-SwiftPerFileCompile StylesParser.swift
SwiftCompile normal arm64_32 Compiling\ WorkbookParser.swift,\ WorkbookWriter.swift,\ WorksheetParser.swift /Users/admin/builder/spi-builder-workspace/Sources/Cuneiform/SpreadsheetML/WorkbookParser.swift /Users/admin/builder/spi-builder-workspace/Sources/Cuneiform/SpreadsheetML/WorkbookWriter.swift /Users/admin/builder/spi-builder-workspace/Sources/Cuneiform/SpreadsheetML/WorksheetParser.swift (in target 'Cuneiform' from project 'Cuneiform')
SwiftCompile normal arm64_32 /Users/admin/builder/spi-builder-workspace/Sources/Cuneiform/SpreadsheetML/WorkbookParser.swift (in target 'Cuneiform' from project 'Cuneiform')
    cd /Users/admin/builder/spi-builder-workspace/.swiftpm/xcode
    builtin-SwiftPerFileCompile WorkbookParser.swift
SwiftCompile normal arm64_32 /Users/admin/builder/spi-builder-workspace/Sources/Cuneiform/SpreadsheetML/WorkbookWriter.swift (in target 'Cuneiform' from project 'Cuneiform')
    cd /Users/admin/builder/spi-builder-workspace/.swiftpm/xcode
    builtin-SwiftPerFileCompile WorkbookWriter.swift
SwiftCompile normal arm64_32 /Users/admin/builder/spi-builder-workspace/Sources/Cuneiform/SpreadsheetML/WorksheetParser.swift (in target 'Cuneiform' from project 'Cuneiform')
    cd /Users/admin/builder/spi-builder-workspace/.swiftpm/xcode
    builtin-SwiftPerFileCompile WorksheetParser.swift
SwiftDriverJobDiscovery normal arm64 Compiling CellFormula.swift (in target 'Cuneiform' from project 'Cuneiform')
SwiftCompile normal arm64 Compiling\ Sheet.swift /Users/admin/builder/spi-builder-workspace/Sources/Cuneiform/SpreadsheetML/Sheet.swift (in target 'Cuneiform' from project 'Cuneiform')
SwiftCompile normal arm64 /Users/admin/builder/spi-builder-workspace/Sources/Cuneiform/SpreadsheetML/Sheet.swift (in target 'Cuneiform' from project 'Cuneiform')
    cd /Users/admin/builder/spi-builder-workspace/.swiftpm/xcode
    builtin-SwiftPerFileCompile Sheet.swift
SwiftDriverJobDiscovery normal arm64 Compiling RelationshipsParser.swift (in target 'Cuneiform' from project 'Cuneiform')
SwiftCompile normal arm64_32 Compiling\ PivotTableParser.swift,\ RichText.swift,\ SharedStringsParser.swift /Users/admin/builder/spi-builder-workspace/Sources/Cuneiform/SpreadsheetML/PivotTableParser.swift /Users/admin/builder/spi-builder-workspace/Sources/Cuneiform/SpreadsheetML/RichText.swift /Users/admin/builder/spi-builder-workspace/Sources/Cuneiform/SpreadsheetML/SharedStringsParser.swift (in target 'Cuneiform' from project 'Cuneiform')
SwiftCompile normal arm64_32 /Users/admin/builder/spi-builder-workspace/Sources/Cuneiform/SpreadsheetML/PivotTableParser.swift (in target 'Cuneiform' from project 'Cuneiform')
    cd /Users/admin/builder/spi-builder-workspace/.swiftpm/xcode
    builtin-SwiftPerFileCompile PivotTableParser.swift
SwiftCompile normal arm64_32 /Users/admin/builder/spi-builder-workspace/Sources/Cuneiform/SpreadsheetML/RichText.swift (in target 'Cuneiform' from project 'Cuneiform')
    cd /Users/admin/builder/spi-builder-workspace/.swiftpm/xcode
    builtin-SwiftPerFileCompile RichText.swift
SwiftCompile normal arm64_32 /Users/admin/builder/spi-builder-workspace/Sources/Cuneiform/SpreadsheetML/SharedStringsParser.swift (in target 'Cuneiform' from project 'Cuneiform')
    cd /Users/admin/builder/spi-builder-workspace/.swiftpm/xcode
    builtin-SwiftPerFileCompile SharedStringsParser.swift
SwiftDriverJobDiscovery normal arm64 Compiling PageSetup.swift (in target 'Cuneiform' from project 'Cuneiform')
SwiftCompile normal arm64_32 Compiling\ CommentsBuilder.swift,\ CommentsParser.swift,\ DependencyGraph.swift /Users/admin/builder/spi-builder-workspace/Sources/Cuneiform/SpreadsheetML/CommentsBuilder.swift /Users/admin/builder/spi-builder-workspace/Sources/Cuneiform/SpreadsheetML/CommentsParser.swift /Users/admin/builder/spi-builder-workspace/Sources/Cuneiform/SpreadsheetML/DependencyGraph.swift (in target 'Cuneiform' from project 'Cuneiform')
SwiftCompile normal arm64_32 /Users/admin/builder/spi-builder-workspace/Sources/Cuneiform/SpreadsheetML/CommentsBuilder.swift (in target 'Cuneiform' from project 'Cuneiform')
    cd /Users/admin/builder/spi-builder-workspace/.swiftpm/xcode
    builtin-SwiftPerFileCompile CommentsBuilder.swift
SwiftCompile normal arm64_32 /Users/admin/builder/spi-builder-workspace/Sources/Cuneiform/SpreadsheetML/CommentsParser.swift (in target 'Cuneiform' from project 'Cuneiform')
    cd /Users/admin/builder/spi-builder-workspace/.swiftpm/xcode
    builtin-SwiftPerFileCompile CommentsParser.swift
SwiftCompile normal arm64_32 /Users/admin/builder/spi-builder-workspace/Sources/Cuneiform/SpreadsheetML/DependencyGraph.swift (in target 'Cuneiform' from project 'Cuneiform')
    cd /Users/admin/builder/spi-builder-workspace/.swiftpm/xcode
    builtin-SwiftPerFileCompile DependencyGraph.swift
SwiftDriverJobDiscovery normal arm64_32 Compiling ContentType.swift, Errors.swift, PartPath.swift, Relationship.swift (in target 'Cuneiform' from project 'Cuneiform')
SwiftCompile normal arm64_32 Compiling\ CellValue.swift,\ ChartBuilder.swift,\ ChartParser.swift /Users/admin/builder/spi-builder-workspace/Sources/Cuneiform/SpreadsheetML/CellValue.swift /Users/admin/builder/spi-builder-workspace/Sources/Cuneiform/SpreadsheetML/ChartBuilder.swift /Users/admin/builder/spi-builder-workspace/Sources/Cuneiform/SpreadsheetML/ChartParser.swift (in target 'Cuneiform' from project 'Cuneiform')
SwiftCompile normal arm64_32 /Users/admin/builder/spi-builder-workspace/Sources/Cuneiform/SpreadsheetML/CellValue.swift (in target 'Cuneiform' from project 'Cuneiform')
    cd /Users/admin/builder/spi-builder-workspace/.swiftpm/xcode
    builtin-SwiftPerFileCompile CellValue.swift
SwiftCompile normal arm64_32 /Users/admin/builder/spi-builder-workspace/Sources/Cuneiform/SpreadsheetML/ChartBuilder.swift (in target 'Cuneiform' from project 'Cuneiform')
    cd /Users/admin/builder/spi-builder-workspace/.swiftpm/xcode
    builtin-SwiftPerFileCompile ChartBuilder.swift
SwiftCompile normal arm64_32 /Users/admin/builder/spi-builder-workspace/Sources/Cuneiform/SpreadsheetML/ChartParser.swift (in target 'Cuneiform' from project 'Cuneiform')
    cd /Users/admin/builder/spi-builder-workspace/.swiftpm/xcode
    builtin-SwiftPerFileCompile ChartParser.swift
SwiftDriverJobDiscovery normal arm64 Compiling FormulaParser.swift (in target 'Cuneiform' from project 'Cuneiform')
SwiftCompile normal arm64_32 Compiling\ Cuneiform.swift,\ ContentTypesParser.swift,\ OPCBuilders.swift,\ OPCPackage.swift /Users/admin/builder/spi-builder-workspace/Sources/Cuneiform/Cuneiform.swift /Users/admin/builder/spi-builder-workspace/Sources/Cuneiform/Package/ContentTypesParser.swift /Users/admin/builder/spi-builder-workspace/Sources/Cuneiform/Package/OPCBuilders.swift /Users/admin/builder/spi-builder-workspace/Sources/Cuneiform/Package/OPCPackage.swift (in target 'Cuneiform' from project 'Cuneiform')
SwiftCompile normal arm64_32 /Users/admin/builder/spi-builder-workspace/Sources/Cuneiform/Cuneiform.swift (in target 'Cuneiform' from project 'Cuneiform')
    cd /Users/admin/builder/spi-builder-workspace/.swiftpm/xcode
    builtin-SwiftPerFileCompile Cuneiform.swift
SwiftCompile normal arm64_32 /Users/admin/builder/spi-builder-workspace/Sources/Cuneiform/Package/ContentTypesParser.swift (in target 'Cuneiform' from project 'Cuneiform')
    cd /Users/admin/builder/spi-builder-workspace/.swiftpm/xcode
    builtin-SwiftPerFileCompile ContentTypesParser.swift
SwiftCompile normal arm64_32 /Users/admin/builder/spi-builder-workspace/Sources/Cuneiform/Package/OPCBuilders.swift (in target 'Cuneiform' from project 'Cuneiform')
    cd /Users/admin/builder/spi-builder-workspace/.swiftpm/xcode
    builtin-SwiftPerFileCompile OPCBuilders.swift
SwiftCompile normal arm64_32 /Users/admin/builder/spi-builder-workspace/Sources/Cuneiform/Package/OPCPackage.swift (in target 'Cuneiform' from project 'Cuneiform')
    cd /Users/admin/builder/spi-builder-workspace/.swiftpm/xcode
    builtin-SwiftPerFileCompile OPCPackage.swift
SwiftDriverJobDiscovery normal arm64 Compiling Sheet.swift (in target 'Cuneiform' from project 'Cuneiform')
SwiftCompile normal arm64_32 Compiling\ RelationshipsParser.swift,\ ZipArchive.swift,\ ZipWriter.swift,\ CellFormula.swift /Users/admin/builder/spi-builder-workspace/Sources/Cuneiform/Package/RelationshipsParser.swift /Users/admin/builder/spi-builder-workspace/Sources/Cuneiform/Package/ZipArchive.swift /Users/admin/builder/spi-builder-workspace/Sources/Cuneiform/Package/ZipWriter.swift /Users/admin/builder/spi-builder-workspace/Sources/Cuneiform/SpreadsheetML/CellFormula.swift (in target 'Cuneiform' from project 'Cuneiform')
/Users/admin/builder/spi-builder-workspace/Sources/Cuneiform/Package/ZipWriter.swift:47:23: error: cannot find 'Process' in scope
45 |         // Create ZIP using command-line tool
46 |         let zipURL = tempDir.appendingPathComponent("output.zip")
47 |         let process = Process()
   |                       `- error: cannot find 'Process' in scope
48 |         process.currentDirectoryURL = tempDir
49 |         process.executableURL = URL(fileURLWithPath: "/usr/bin/zip")
Failed frontend command:
/Applications/Xcode-27.0.0-Release.Candidate.app/Contents/Developer/Toolchains/XcodeDefault.xctoolchain/usr/bin/swift-frontend -frontend -c /Users/admin/builder/spi-builder-workspace/Sources/Cuneiform/Core/ContentType.swift /Users/admin/builder/spi-builder-workspace/Sources/Cuneiform/Core/Errors.swift /Users/admin/builder/spi-builder-workspace/Sources/Cuneiform/Core/PartPath.swift /Users/admin/builder/spi-builder-workspace/Sources/Cuneiform/Core/Relationship.swift /Users/admin/builder/spi-builder-workspace/Sources/Cuneiform/Cuneiform.swift /Users/admin/builder/spi-builder-workspace/Sources/Cuneiform/Package/ContentTypesParser.swift /Users/admin/builder/spi-builder-workspace/Sources/Cuneiform/Package/OPCBuilders.swift /Users/admin/builder/spi-builder-workspace/Sources/Cuneiform/Package/OPCPackage.swift -primary-file /Users/admin/builder/spi-builder-workspace/Sources/Cuneiform/Package/RelationshipsParser.swift -primary-file /Users/admin/builder/spi-builder-workspace/Sources/Cuneiform/Package/ZipArchive.swift -primary-file /Users/admin/builder/spi-builder-workspace/Sources/Cuneiform/Package/ZipWriter.swift -primary-file /Users/admin/builder/spi-builder-workspace/Sources/Cuneiform/SpreadsheetML/CellFormula.swift /Users/admin/builder/spi-builder-workspace/Sources/Cuneiform/SpreadsheetML/CellValue.swift /Users/admin/builder/spi-builder-workspace/Sources/Cuneiform/SpreadsheetML/ChartBuilder.swift /Users/admin/builder/spi-builder-workspace/Sources/Cuneiform/SpreadsheetML/ChartParser.swift /Users/admin/builder/spi-builder-workspace/Sources/Cuneiform/SpreadsheetML/CommentsBuilder.swift /Users/admin/builder/spi-builder-workspace/Sources/Cuneiform/SpreadsheetML/CommentsParser.swift /Users/admin/builder/spi-builder-workspace/Sources/Cuneiform/SpreadsheetML/DependencyGraph.swift /Users/admin/builder/spi-builder-workspace/Sources/Cuneiform/SpreadsheetML/FormulaEvaluator.swift /Users/admin/builder/spi-builder-workspace/Sources/Cuneiform/SpreadsheetML/FormulaParser.swift /Users/admin/builder/spi-builder-workspace/Sources/Cuneiform/SpreadsheetML/PageSetup.swift /Users/admin/builder/spi-builder-workspace/Sources/Cuneiform/SpreadsheetML/PivotTableParser.swift /Users/admin/builder/spi-builder-workspace/Sources/Cuneiform/SpreadsheetML/RichText.swift /Users/admin/builder/spi-builder-workspace/Sources/Cuneiform/SpreadsheetML/SharedStringsParser.swift /Users/admin/builder/spi-builder-workspace/Sources/Cuneiform/SpreadsheetML/Sheet.swift /Users/admin/builder/spi-builder-workspace/Sources/Cuneiform/SpreadsheetML/SpreadsheetMLBuilders.swift /Users/admin/builder/spi-builder-workspace/Sources/Cuneiform/SpreadsheetML/StylesParser.swift /Users/admin/builder/spi-builder-workspace/Sources/Cuneiform/SpreadsheetML/TableParser.swift /Users/admin/builder/spi-builder-workspace/Sources/Cuneiform/SpreadsheetML/VMLCommentsBuilder.swift /Users/admin/builder/spi-builder-workspace/Sources/Cuneiform/SpreadsheetML/Workbook.swift /Users/admin/builder/spi-builder-workspace/Sources/Cuneiform/SpreadsheetML/WorkbookParser.swift /Users/admin/builder/spi-builder-workspace/Sources/Cuneiform/SpreadsheetML/WorkbookWriter.swift /Users/admin/builder/spi-builder-workspace/Sources/Cuneiform/SpreadsheetML/WorksheetParser.swift -supplementary-output-file-map /Users/admin/builder/spi-builder-workspace/.derivedData/Build/Intermediates.noindex/Cuneiform.build/Debug-watchos/Cuneiform-t.build/Objects-normal/arm64_32/supplementaryOutputs-3 -emit-localized-strings -emit-localized-strings-path /Users/admin/builder/spi-builder-workspace/.derivedData/Build/Intermediates.noindex/Cuneiform.build/Debug-watchos/Cuneiform-t.build/Objects-normal/arm64_32 -target arm64_32-apple-watchos9.0 -disable-cross-import-overlay-search -load-resolved-plugin /Applications/Xcode-27.0.0-Release.Candidate.app/Contents/Developer/Platforms/WatchOS.platform/Developer/usr/lib/swift/host/plugins/libFoundationMacros.dylib\#/Applications/Xcode-27.0.0-Release.Candidate.app/Contents/Developer/Platforms/WatchOS.platform/Developer/usr/bin/swift-plugin-server\#FoundationMacros -load-resolved-plugin /Applications/Xcode-27.0.0-Release.Candidate.app/Contents/Developer/Platforms/WatchOS.platform/Developer/usr/lib/swift/host/plugins/libObservationMacros.dylib\#/Applications/Xcode-27.0.0-Release.Candidate.app/Contents/Developer/Platforms/WatchOS.platform/Developer/usr/bin/swift-plugin-server\#ObservationMacros -load-resolved-plugin /Applications/Xcode-27.0.0-Release.Candidate.app/Contents/Developer/Platforms/WatchOS.platform/Developer/usr/lib/swift/host/plugins/libSwiftMacros.dylib\#/Applications/Xcode-27.0.0-Release.Candidate.app/Contents/Developer/Platforms/WatchOS.platform/Developer/usr/bin/swift-plugin-server\#SwiftMacros -disable-implicit-swift-modules -Xcc -fno-implicit-modules -Xcc -fno-implicit-module-maps -explicit-swift-module-map-file /Users/admin/builder/spi-builder-workspace/.derivedData/Build/Intermediates.noindex/Cuneiform.build/Debug-watchos/Cuneiform-t.build/Objects-normal/arm64_32/Cuneiform-dependencies-1.json -enable-objc-interop -sdk /Applications/Xcode-27.0.0-Release.Candidate.app/Contents/Developer/Platforms/WatchOS.platform/Developer/SDKs/WatchOS27.0.sdk -I /Users/admin/builder/spi-builder-workspace/.derivedData/Build/Products/Debug-watchos -Isystem /Applications/Xcode-27.0.0-Release.Candidate.app/Contents/Developer/Platforms/WatchOS.platform/Developer/usr/lib -F /Users/admin/builder/spi-builder-workspace/.derivedData/Build/Products/Debug-watchos -F /Applications/Xcode-27.0.0-Release.Candidate.app/Contents/Developer/Platforms/WatchOS.platform/Developer/Library/Frameworks -F /Applications/Xcode-27.0.0-Release.Candidate.app/Contents/Developer/Platforms/WatchOS.platform/Developer/SDKs/WatchOS27.0.sdk/Developer/Library/Frameworks -module-cache-path /Users/admin/builder/spi-builder-workspace/.derivedData/Build/Intermediates.noindex/SwiftExplicitPrecompiledModules -no-color-diagnostics -Xcc -fno-color-diagnostics -enable-testing -g -debug-info-format\=dwarf -dwarf-version\=4 -profile-generate -profile-coverage-mapping -swift-version 6 -Onone -D SWIFT_PACKAGE -D DEBUG -D SWIFT_MODULE_RESOURCE_BUNDLE_UNAVAILABLE -D Xcode -serialize-debugging-options -enable-experimental-feature DebugDescriptionMacro -empty-abi-descriptor -validate-clang-modules-once -clang-build-session-file /Users/admin/builder/spi-builder-workspace/.derivedData/ModuleCache.noindex/Session.modulevalidation -Xcc -working-directory -Xcc /Users/admin/builder/spi-builder-workspace/.swiftpm/xcode -enable-anonymous-context-mangled-names -file-compilation-dir /Users/admin/builder/spi-builder-workspace/.swiftpm/xcode -Xcc -fmodule-map-file\=/Users/admin/builder/spi-builder-workspace/Sources/CZlib/module.modulemap -Xcc -D_LIBCPP_HARDENING_MODE\=_LIBCPP_HARDENING_MODE_DEBUG -Xcc -ivfsstatcache -Xcc /Users/admin/builder/spi-builder-workspace/.derivedData/SDKStatCaches.noindex/watchos27.0-24R360-e829b21a6f8c9b70876ba0858053c04477534ef55a1706bf4c1112bbb242f0a2.sdkstatcache -Xcc -fmodules-prune-interval\=86400 -Xcc -fmodules-prune-after\=345600 -Xcc -I/Users/admin/builder/spi-builder-workspace/.derivedData/Build/Products/Debug-watchos/include -Xcc -I/Users/admin/builder/spi-builder-workspace/.derivedData/Build/Intermediates.noindex/Cuneiform.build/Debug-watchos/Cuneiform-t.build/DerivedSources-normal/arm64_32 -Xcc -I/Users/admin/builder/spi-builder-workspace/.derivedData/Build/Intermediates.noindex/Cuneiform.build/Debug-watchos/Cuneiform-t.build/DerivedSources/arm64_32 -Xcc -I/Users/admin/builder/spi-builder-workspace/.derivedData/Build/Intermediates.noindex/Cuneiform.build/Debug-watchos/Cuneiform-t.build/DerivedSources -Xcc -DSWIFT_PACKAGE -Xcc -DDEBUG\=1 -no-auto-bridging-header-chaining -module-name Cuneiform -package-name spi_builder_workspace -const-gather-protocols-file /Users/admin/builder/spi-builder-workspace/.derivedData/Build/Intermediates.noindex/Cuneiform.build/Debug-watchos/Cuneiform-t.build/Objects-normal/arm64_32/Cuneiform_const_extract_protocols.json -disable-clang-spi -clang-target arm64_32-apple-watchos27.0 -target-sdk-version 27.0 -target-sdk-name watchos27.0 -in-process-plugin-server-path /Applications/Xcode-27.0.0-Release.Candidate.app/Contents/Developer/Toolchains/XcodeDefault.xctoolchain/usr/lib/swift/host/libSwiftInProcPluginServer.dylib -parse-as-library -o /Users/admin/builder/spi-builder-workspace/.derivedData/Build/Intermediates.noindex/Cuneiform.build/Debug-watchos/Cuneiform-t.build/Objects-normal/arm64_32/RelationshipsParser.o -o /Users/admin/builder/spi-builder-workspace/.derivedData/Build/Intermediates.noindex/Cuneiform.build/Debug-watchos/Cuneiform-t.build/Objects-normal/arm64_32/ZipArchive.o -o /Users/admin/builder/spi-builder-workspace/.derivedData/Build/Intermediates.noindex/Cuneiform.build/Debug-watchos/Cuneiform-t.build/Objects-normal/arm64_32/ZipWriter.o -o /Users/admin/builder/spi-builder-workspace/.derivedData/Build/Intermediates.noindex/Cuneiform.build/Debug-watchos/Cuneiform-t.build/Objects-normal/arm64_32/CellFormula.o -debug-module-path /Users/admin/builder/spi-builder-workspace/.derivedData/Build/Intermediates.noindex/Cuneiform.build/Debug-watchos/Cuneiform-t.build/Objects-normal/arm64_32/Cuneiform.swiftmodule -index-unit-output-path /Cuneiform.build/Debug-watchos/Cuneiform-t.build/Objects-normal/arm64_32/RelationshipsParser.o -index-unit-output-path /Cuneiform.build/Debug-watchos/Cuneiform-t.build/Objects-normal/arm64_32/ZipArchive.o -index-unit-output-path /Cuneiform.build/Debug-watchos/Cuneiform-t.build/Objects-normal/arm64_32/ZipWriter.o -index-unit-output-path /Cuneiform.build/Debug-watchos/Cuneiform-t.build/Objects-normal/arm64_32/CellFormula.o -index-store-path /Users/admin/builder/spi-builder-workspace/.derivedData/Index.noindex/DataStore -index-system-modules
SwiftCompile normal arm64_32 /Users/admin/builder/spi-builder-workspace/Sources/Cuneiform/Package/RelationshipsParser.swift (in target 'Cuneiform' from project 'Cuneiform')
    cd /Users/admin/builder/spi-builder-workspace/.swiftpm/xcode
    builtin-SwiftPerFileCompile RelationshipsParser.swift
SwiftCompile normal arm64_32 /Users/admin/builder/spi-builder-workspace/Sources/Cuneiform/Package/ZipArchive.swift (in target 'Cuneiform' from project 'Cuneiform')
    cd /Users/admin/builder/spi-builder-workspace/.swiftpm/xcode
    builtin-SwiftPerFileCompile ZipArchive.swift
SwiftCompile normal arm64_32 /Users/admin/builder/spi-builder-workspace/Sources/Cuneiform/Package/ZipWriter.swift (in target 'Cuneiform' from project 'Cuneiform')
    cd /Users/admin/builder/spi-builder-workspace/.swiftpm/xcode
    builtin-SwiftPerFileCompile ZipWriter.swift
SwiftCompile normal arm64_32 /Users/admin/builder/spi-builder-workspace/Sources/Cuneiform/SpreadsheetML/CellFormula.swift (in target 'Cuneiform' from project 'Cuneiform')
    cd /Users/admin/builder/spi-builder-workspace/.swiftpm/xcode
    builtin-SwiftPerFileCompile CellFormula.swift
SwiftDriverJobDiscovery normal arm64 Compiling ZipArchive.swift (in target 'Cuneiform' from project 'Cuneiform')
SwiftCompile normal arm64 Compiling\ CommentsBuilder.swift /Users/admin/builder/spi-builder-workspace/Sources/Cuneiform/SpreadsheetML/CommentsBuilder.swift (in target 'Cuneiform' from project 'Cuneiform')
SwiftCompile normal arm64 /Users/admin/builder/spi-builder-workspace/Sources/Cuneiform/SpreadsheetML/CommentsBuilder.swift (in target 'Cuneiform' from project 'Cuneiform')
    cd /Users/admin/builder/spi-builder-workspace/.swiftpm/xcode
    builtin-SwiftPerFileCompile CommentsBuilder.swift
SwiftCompile normal arm64 Compiling\ CommentsParser.swift /Users/admin/builder/spi-builder-workspace/Sources/Cuneiform/SpreadsheetML/CommentsParser.swift (in target 'Cuneiform' from project 'Cuneiform')
SwiftCompile normal arm64 /Users/admin/builder/spi-builder-workspace/Sources/Cuneiform/SpreadsheetML/CommentsParser.swift (in target 'Cuneiform' from project 'Cuneiform')
    cd /Users/admin/builder/spi-builder-workspace/.swiftpm/xcode
    builtin-SwiftPerFileCompile CommentsParser.swift
SwiftCompile normal arm64 Compiling\ SharedStringsParser.swift /Users/admin/builder/spi-builder-workspace/Sources/Cuneiform/SpreadsheetML/SharedStringsParser.swift (in target 'Cuneiform' from project 'Cuneiform')
SwiftCompile normal arm64 /Users/admin/builder/spi-builder-workspace/Sources/Cuneiform/SpreadsheetML/SharedStringsParser.swift (in target 'Cuneiform' from project 'Cuneiform')
    cd /Users/admin/builder/spi-builder-workspace/.swiftpm/xcode
    builtin-SwiftPerFileCompile SharedStringsParser.swift
SwiftDriverJobDiscovery normal arm64_32 Compiling PivotTableParser.swift, RichText.swift, SharedStringsParser.swift (in target 'Cuneiform' from project 'Cuneiform')
PruneExplicitPrecompiledModules /Users/admin/builder/spi-builder-workspace/.derivedData/SDKExplicitPrecompiledModules
PruneExplicitPrecompiledModules /Users/admin/builder/spi-builder-workspace/.derivedData/Build/Intermediates.noindex/SwiftExplicitPrecompiledModules
PruneExplicitPrecompiledModules /Users/admin/builder/spi-builder-workspace/.derivedData/Build/Intermediates.noindex/ExplicitPrecompiledModules
2026-09-23 20:13:26.359 xcodebuild[906:5352] [MT] IDERunDestination: Supported platforms for the buildables in the current scheme is empty.
** BUILD FAILED **
The following build commands failed:
	SwiftCompile normal arm64_32 Compiling\ RelationshipsParser.swift,\ ZipArchive.swift,\ ZipWriter.swift,\ CellFormula.swift /Users/admin/builder/spi-builder-workspace/Sources/Cuneiform/Package/RelationshipsParser.swift /Users/admin/builder/spi-builder-workspace/Sources/Cuneiform/Package/ZipArchive.swift /Users/admin/builder/spi-builder-workspace/Sources/Cuneiform/Package/ZipWriter.swift /Users/admin/builder/spi-builder-workspace/Sources/Cuneiform/SpreadsheetML/CellFormula.swift (in target 'Cuneiform' from project 'Cuneiform')
	SwiftCompile normal arm64_32 /Users/admin/builder/spi-builder-workspace/Sources/Cuneiform/Package/ZipWriter.swift (in target 'Cuneiform' from project 'Cuneiform')
	Building workspace Cuneiform with scheme Cuneiform
(3 failures)
BUILD FAILURE 6.4 watchOS