The Swift Package Index logo.Swift Package Index

Build Information

Failed to build FoundationModelsKit, reference 2.0.0 (691a96), with Swift 6.4 for tvOS using Xcode 27.0 on 12 Oct 2026 09:32:18 UTC.

Build Command

env DEVELOPER_DIR=/Applications/Xcode-27.0.0-Release.Candidate.app xcrun xcodebuild -IDEClonedSourcePackagesDirPathOverride=$PWD/.dependencies -skipMacroValidation -skipPackagePluginValidation -derivedDataPath $PWD/.derivedData build -scheme FoundationModelsKit -destination generic/platform=tvOS

Build Log

========================================
RunAll
========================================
Builder version: 5.1.1
Interrupt handler set up.
========================================
Checkout
========================================
Clone URL: https://github.com/divyaravitech/FoundationModelsKit.git
Reference: 2.0.0
Initialized empty Git repository in /Users/admin/builder/spi-builder-workspace/.git/
From https://github.com/divyaravitech/FoundationModelsKit
 * tag               2.0.0      -> FETCH_HEAD
HEAD is now at 691a965 Rename sendMessage/streamMessage to respond(to:)/streamResponse(to:)
Cloned https://github.com/divyaravitech/FoundationModelsKit.git
Revision (git rev-parse @):
691a965deafc558fde738f2175766ac7eaea62f9
SPI manifest file found: $PWD/.spi.yml
SUCCESS checkout https://github.com/divyaravitech/FoundationModelsKit.git at 2.0.0
========================================
Build
========================================
Selected platform:         tvOS
Swift version:             6.4
Building package at path:  $PWD
https://github.com/divyaravitech/FoundationModelsKit.git
Command line invocation:
    /Applications/Xcode-27.0.0.app/Contents/Developer/usr/bin/xcodebuild -IDEClonedSourcePackagesDirPathOverride=/Users/admin/builder/spi-builder-workspace/.dependencies -resolvePackageDependencies
Resolve Package Graph
Resolve Package Graph
Resolved source packages:
  FoundationModelsKit: /Users/admin/builder/spi-builder-workspace
resolved source packages: FoundationModelsKit
2026-10-12 05:31:35.247 xcodebuild[524:3013] [MT] IDERunDestination: Supported platforms for the buildables in the current scheme is empty.
{
  "dependencies" : [
  ],
  "manifest_display_name" : "FoundationModelsKit",
  "name" : "FoundationModelsKit",
  "path" : "/Users/admin/builder/spi-builder-workspace",
  "platforms" : [
    {
      "name" : "macos",
      "version" : "15.0"
    },
    {
      "name" : "ios",
      "version" : "18.0"
    },
    {
      "name" : "watchos",
      "version" : "11.0"
    },
    {
      "name" : "tvos",
      "version" : "18.0"
    },
    {
      "name" : "visionos",
      "version" : "2.0"
    }
  ],
  "products" : [
    {
      "name" : "FoundationModelsKit",
      "targets" : [
        "FoundationModelsKit"
      ],
      "type" : {
        "library" : [
          "automatic"
        ]
      }
    }
  ],
  "swift_languages_versions" : [
    "6"
  ],
  "targets" : [
    {
      "c99name" : "FoundationModelsKitTests",
      "module_type" : "SwiftTarget",
      "name" : "FoundationModelsKitTests",
      "path" : "Tests/FoundationModelsKitTests",
      "sources" : [
        "FoundationModelsKitTests.swift"
      ],
      "target_dependencies" : [
        "FoundationModelsKit"
      ],
      "type" : "test"
    },
    {
      "c99name" : "FoundationModelsKit",
      "module_type" : "SwiftTarget",
      "name" : "FoundationModelsKit",
      "path" : "Sources/FoundationModelsKit",
      "product_memberships" : [
        "FoundationModelsKit"
      ],
      "sources" : [
        "AnthropicLanguageModel.swift",
        "ConversationStore.swift",
        "DynamicProfileBuilder.swift",
        "EvaluationSuite.swift",
        "GeminiLanguageModel.swift",
        "LanguageModelProviding.swift",
        "MockLanguageModel.swift",
        "ModelRouter.swift",
        "OnDeviceLanguageModel.swift",
        "OnDeviceToolBridge.swift",
        "OpenAILanguageModel.swift",
        "RegionalAvailability.swift",
        "RetryPolicy.swift",
        "SDKIntegration.swift",
        "TokenEstimator.swift",
        "Tool.swift"
      ],
      "type" : "library"
    }
  ],
  "tools_version" : "6.0"
}
{
  "workspace" : {
    "name" : "FoundationModelsKit",
    "schemes" : [
      "FoundationModelsKit"
    ]
  }
}
2026-10-12 05:32:08.137 xcodebuild[621:3808] [MT] IDERunDestination: Supported platforms for the buildables in the current scheme is empty.
Running build ...
env DEVELOPER_DIR=/Applications/Xcode-27.0.0-Release.Candidate.app xcrun xcodebuild -IDEClonedSourcePackagesDirPathOverride=$PWD/.dependencies -skipMacroValidation -skipPackagePluginValidation -derivedDataPath $PWD/.derivedData build -scheme FoundationModelsKit -destination generic/platform=tvOS
Command line invocation:
    /Applications/Xcode-27.0.0.app/Contents/Developer/usr/bin/xcodebuild -IDEClonedSourcePackagesDirPathOverride=/Users/admin/builder/spi-builder-workspace/.dependencies -skipMacroValidation -skipPackagePluginValidation -derivedDataPath /Users/admin/builder/spi-builder-workspace/.derivedData build -scheme FoundationModelsKit -destination generic/platform=tvOS
Resolve Package Graph
Resolved source packages:
  FoundationModelsKit: /Users/admin/builder/spi-builder-workspace
ComputePackagePrebuildTargetDependencyGraph
Prepare packages
CreateBuildRequest
SendProjectDescription
CreateBuildOperation
ComputeTargetDependencyGraph
note: Building targets in dependency order
note: Target dependency graph (2 targets)
    Target 'FoundationModelsKit-product' in project 'FoundationModelsKit'
        ➜ Explicit dependency on target 'FoundationModelsKit' in project 'FoundationModelsKit'
    Target 'FoundationModelsKit' in project 'FoundationModelsKit' (no dependencies)
GatherProvisioningInputs
CreateBuildDescription
ExecuteExternalTool /Applications/Xcode-27.0.0.app/Contents/Developer/Toolchains/XcodeDefault.xctoolchain/usr/bin/clang -v -E -dM -isysroot /Applications/Xcode-27.0.0.app/Contents/Developer/Platforms/AppleTVOS.platform/Developer/SDKs/AppleTVOS27.0.sdk -x c -c /dev/null
ExecuteExternalTool /Applications/Xcode-27.0.0.app/Contents/Developer/Toolchains/XcodeDefault.xctoolchain/usr/bin/swiftc --version
ExecuteExternalTool /Applications/Xcode-27.0.0.app/Contents/Developer/Toolchains/XcodeDefault.xctoolchain/usr/bin/ld -version_details
ReadFileContents /Applications/Xcode-27.0.0.app/Contents/Developer/Toolchains/XcodeDefault.xctoolchain/usr/share/docc/features.json
Build description signature: b83965787c47779dfe4326cd644cfe51
Build description path: /Users/admin/builder/spi-builder-workspace/.derivedData/Build/Intermediates.noindex/XCBuildData/b83965787c47779dfe4326cd644cfe51.xcbuilddata
CreateBuildDirectory /Users/admin/builder/spi-builder-workspace/.derivedData/SDKExplicitPrecompiledModules
    cd /Users/admin/builder/spi-builder-workspace/.swiftpm/xcode
    builtin-create-build-directory /Users/admin/builder/spi-builder-workspace/.derivedData/SDKExplicitPrecompiledModules
CreateBuildDirectory /Users/admin/builder/spi-builder-workspace/.derivedData/ModuleCache.noindex
    cd /Users/admin/builder/spi-builder-workspace/.swiftpm/xcode
    builtin-create-build-directory /Users/admin/builder/spi-builder-workspace/.derivedData/ModuleCache.noindex
CreateBuildDirectory /Users/admin/builder/spi-builder-workspace/.derivedData/CompilationCache.noindex
    cd /Users/admin/builder/spi-builder-workspace/.swiftpm/xcode
    builtin-create-build-directory /Users/admin/builder/spi-builder-workspace/.derivedData/CompilationCache.noindex
CreateBuildDirectory /Users/admin/builder/spi-builder-workspace/.derivedData/Build/Products
    cd /Users/admin/builder/spi-builder-workspace/.swiftpm/xcode
    builtin-create-build-directory /Users/admin/builder/spi-builder-workspace/.derivedData/Build/Products
CreateBuildDirectory /Users/admin/builder/spi-builder-workspace/.derivedData/Build/Intermediates.noindex
    cd /Users/admin/builder/spi-builder-workspace/.swiftpm/xcode
    builtin-create-build-directory /Users/admin/builder/spi-builder-workspace/.derivedData/Build/Intermediates.noindex
ClangStatCache /Applications/Xcode-27.0.0.app/Contents/Developer/Toolchains/XcodeDefault.xctoolchain/usr/bin/clang-stat-cache /Applications/Xcode-27.0.0.app/Contents/Developer/Platforms/AppleTVOS.platform/Developer/SDKs/AppleTVOS27.0.sdk /Users/admin/builder/spi-builder-workspace/.derivedData/SDKStatCaches.noindex/appletvos27.0-24J360-e829b21a6f8c9b70876ba0858053c044509235ffd515576fb835ffc8f67461e5.sdkstatcache
    cd /Users/admin/builder/spi-builder-workspace/.swiftpm/xcode
    /Applications/Xcode-27.0.0.app/Contents/Developer/Toolchains/XcodeDefault.xctoolchain/usr/bin/clang-stat-cache /Applications/Xcode-27.0.0.app/Contents/Developer/Platforms/AppleTVOS.platform/Developer/SDKs/AppleTVOS27.0.sdk -o /Users/admin/builder/spi-builder-workspace/.derivedData/SDKStatCaches.noindex/appletvos27.0-24J360-e829b21a6f8c9b70876ba0858053c044509235ffd515576fb835ffc8f67461e5.sdkstatcache
CreateBuildDirectory /Users/admin/builder/spi-builder-workspace/.derivedData/Build/Intermediates.noindex/SwiftExplicitPrecompiledModules
    cd /Users/admin/builder/spi-builder-workspace/.swiftpm/xcode
    builtin-create-build-directory /Users/admin/builder/spi-builder-workspace/.derivedData/Build/Intermediates.noindex/SwiftExplicitPrecompiledModules
CreateBuildDirectory /Users/admin/builder/spi-builder-workspace/.derivedData/Build/Intermediates.noindex/PrecompiledHeaders
    cd /Users/admin/builder/spi-builder-workspace/.swiftpm/xcode
    builtin-create-build-directory /Users/admin/builder/spi-builder-workspace/.derivedData/Build/Intermediates.noindex/PrecompiledHeaders
CreateBuildDirectory /Users/admin/builder/spi-builder-workspace/.derivedData/Build/Products/Debug-appletvos
    cd /Users/admin/builder/spi-builder-workspace/.swiftpm/xcode
    builtin-create-build-directory /Users/admin/builder/spi-builder-workspace/.derivedData/Build/Products/Debug-appletvos
CreateBuildDirectory /Users/admin/builder/spi-builder-workspace/.derivedData/Build/Intermediates.noindex/ExplicitPrecompiledModules
    cd /Users/admin/builder/spi-builder-workspace/.swiftpm/xcode
    builtin-create-build-directory /Users/admin/builder/spi-builder-workspace/.derivedData/Build/Intermediates.noindex/ExplicitPrecompiledModules
CreateBuildDirectory /Users/admin/builder/spi-builder-workspace/.derivedData/Build/Intermediates.noindex/EagerLinkingTBDs/Debug-appletvos
    cd /Users/admin/builder/spi-builder-workspace/.swiftpm/xcode
    builtin-create-build-directory /Users/admin/builder/spi-builder-workspace/.derivedData/Build/Intermediates.noindex/EagerLinkingTBDs/Debug-appletvos
CreateBuildDirectory /Users/admin/builder/spi-builder-workspace/.derivedData/Build/Products/Debug-appletvos/PackageFrameworks
    cd /Users/admin/builder/spi-builder-workspace/.swiftpm/xcode
    builtin-create-build-directory /Users/admin/builder/spi-builder-workspace/.derivedData/Build/Products/Debug-appletvos/PackageFrameworks
WriteAuxiliaryFile /Users/admin/builder/spi-builder-workspace/.derivedData/Build/Intermediates.noindex/FoundationModelsKit.build/Debug-appletvos/FoundationModelsKit-t.build/FoundationModelsKit.DependencyMetadataFileList (in target 'FoundationModelsKit' from project 'FoundationModelsKit')
    cd /Users/admin/builder/spi-builder-workspace
    write-file /Users/admin/builder/spi-builder-workspace/.derivedData/Build/Intermediates.noindex/FoundationModelsKit.build/Debug-appletvos/FoundationModelsKit-t.build/FoundationModelsKit.DependencyMetadataFileList
WriteAuxiliaryFile /Users/admin/builder/spi-builder-workspace/.derivedData/Build/Intermediates.noindex/FoundationModelsKit.build/Debug-appletvos/FoundationModelsKit-t.build/FoundationModelsKit.modulemap (in target 'FoundationModelsKit' from project 'FoundationModelsKit')
    cd /Users/admin/builder/spi-builder-workspace
    write-file /Users/admin/builder/spi-builder-workspace/.derivedData/Build/Intermediates.noindex/FoundationModelsKit.build/Debug-appletvos/FoundationModelsKit-t.build/FoundationModelsKit.modulemap
WriteAuxiliaryFile /Users/admin/builder/spi-builder-workspace/.derivedData/Build/Intermediates.noindex/FoundationModelsKit.build/Debug-appletvos/FoundationModelsKit-t.build/FoundationModelsKit.DependencyStaticMetadataFileList (in target 'FoundationModelsKit' from project 'FoundationModelsKit')
    cd /Users/admin/builder/spi-builder-workspace
    write-file /Users/admin/builder/spi-builder-workspace/.derivedData/Build/Intermediates.noindex/FoundationModelsKit.build/Debug-appletvos/FoundationModelsKit-t.build/FoundationModelsKit.DependencyStaticMetadataFileList
WriteAuxiliaryFile /Users/admin/builder/spi-builder-workspace/.derivedData/Build/Intermediates.noindex/FoundationModelsKit.build/Debug-appletvos/FoundationModelsKit-t.build/Objects-normal/arm64/FoundationModelsKit.SwiftConstValuesFileList (in target 'FoundationModelsKit' from project 'FoundationModelsKit')
    cd /Users/admin/builder/spi-builder-workspace
    write-file /Users/admin/builder/spi-builder-workspace/.derivedData/Build/Intermediates.noindex/FoundationModelsKit.build/Debug-appletvos/FoundationModelsKit-t.build/Objects-normal/arm64/FoundationModelsKit.SwiftConstValuesFileList
WriteAuxiliaryFile /Users/admin/builder/spi-builder-workspace/.derivedData/Build/Intermediates.noindex/FoundationModelsKit.build/Debug-appletvos/FoundationModelsKit-t.build/Objects-normal/arm64/FoundationModelsKit.LinkFileList (in target 'FoundationModelsKit' from project 'FoundationModelsKit')
    cd /Users/admin/builder/spi-builder-workspace
    write-file /Users/admin/builder/spi-builder-workspace/.derivedData/Build/Intermediates.noindex/FoundationModelsKit.build/Debug-appletvos/FoundationModelsKit-t.build/Objects-normal/arm64/FoundationModelsKit.LinkFileList
WriteAuxiliaryFile /Users/admin/builder/spi-builder-workspace/.derivedData/Build/Intermediates.noindex/FoundationModelsKit.build/Debug-appletvos/FoundationModelsKit-t.build/Objects-normal/arm64/FoundationModelsKit_const_extract_protocols.json (in target 'FoundationModelsKit' from project 'FoundationModelsKit')
    cd /Users/admin/builder/spi-builder-workspace
    write-file /Users/admin/builder/spi-builder-workspace/.derivedData/Build/Intermediates.noindex/FoundationModelsKit.build/Debug-appletvos/FoundationModelsKit-t.build/Objects-normal/arm64/FoundationModelsKit_const_extract_protocols.json
WriteAuxiliaryFile /Users/admin/builder/spi-builder-workspace/.derivedData/Build/Intermediates.noindex/FoundationModelsKit.build/Debug-appletvos/FoundationModelsKit-t.build/Objects-normal/arm64/FoundationModelsKit.SwiftFileList (in target 'FoundationModelsKit' from project 'FoundationModelsKit')
    cd /Users/admin/builder/spi-builder-workspace
    write-file /Users/admin/builder/spi-builder-workspace/.derivedData/Build/Intermediates.noindex/FoundationModelsKit.build/Debug-appletvos/FoundationModelsKit-t.build/Objects-normal/arm64/FoundationModelsKit.SwiftFileList
WriteAuxiliaryFile /Users/admin/builder/spi-builder-workspace/.derivedData/Build/Intermediates.noindex/FoundationModelsKit.build/Debug-appletvos/FoundationModelsKit-t.build/Objects-normal/arm64/FoundationModelsKit-OutputFileMap.json (in target 'FoundationModelsKit' from project 'FoundationModelsKit')
    cd /Users/admin/builder/spi-builder-workspace
    write-file /Users/admin/builder/spi-builder-workspace/.derivedData/Build/Intermediates.noindex/FoundationModelsKit.build/Debug-appletvos/FoundationModelsKit-t.build/Objects-normal/arm64/FoundationModelsKit-OutputFileMap.json
Copy /Users/admin/builder/spi-builder-workspace/.derivedData/Build/Intermediates.noindex/GeneratedModuleMaps-appletvos/FoundationModelsKit.modulemap /Users/admin/builder/spi-builder-workspace/.derivedData/Build/Intermediates.noindex/FoundationModelsKit.build/Debug-appletvos/FoundationModelsKit-t.build/FoundationModelsKit.modulemap (in target 'FoundationModelsKit' from project 'FoundationModelsKit')
    cd /Users/admin/builder/spi-builder-workspace
    builtin-copy -exclude .DS_Store -exclude CVS -exclude .svn -exclude .git -exclude .hg -resolve-src-symlinks /Users/admin/builder/spi-builder-workspace/.derivedData/Build/Intermediates.noindex/FoundationModelsKit.build/Debug-appletvos/FoundationModelsKit-t.build/FoundationModelsKit.modulemap /Users/admin/builder/spi-builder-workspace/.derivedData/Build/Intermediates.noindex/GeneratedModuleMaps-appletvos
SwiftDriver FoundationModelsKit normal arm64 com.apple.xcode.tools.swift.compiler (in target 'FoundationModelsKit' from project 'FoundationModelsKit')
    cd /Users/admin/builder/spi-builder-workspace/.swiftpm/xcode
    builtin-SwiftDriver -- /Applications/Xcode-27.0.0.app/Contents/Developer/Toolchains/XcodeDefault.xctoolchain/usr/bin/swiftc -parse-as-library -module-name FoundationModelsKit -Onone @/Users/admin/builder/spi-builder-workspace/.derivedData/Build/Intermediates.noindex/FoundationModelsKit.build/Debug-appletvos/FoundationModelsKit-t.build/Objects-normal/arm64/FoundationModelsKit.SwiftFileList -DSWIFT_PACKAGE -DDEBUG -DSWIFT_MODULE_RESOURCE_BUNDLE_UNAVAILABLE -DXcode -enable-upcoming-feature ApproachableConcurrency -plugin-path /Applications/Xcode-27.0.0.app/Contents/Developer/Toolchains/XcodeDefault.xctoolchain/usr/lib/swift/host/plugins/testing -enable-experimental-feature DebugDescriptionMacro -sdk /Applications/Xcode-27.0.0.app/Contents/Developer/Platforms/AppleTVOS.platform/Developer/SDKs/AppleTVOS27.0.sdk -target arm64-apple-tvos18.0 -g -module-cache-path /Users/admin/builder/spi-builder-workspace/.derivedData/ModuleCache.noindex -Xfrontend -serialize-debugging-options -profile-coverage-mapping -profile-generate -enable-testing -index-store-path /Users/admin/builder/spi-builder-workspace/.derivedData/Index.noindex/DataStore -Xcc -D_LIBCPP_HARDENING_MODE\=_LIBCPP_HARDENING_MODE_DEBUG -swift-version 6 -I /Users/admin/builder/spi-builder-workspace/.derivedData/Build/Products/Debug-appletvos -Isystem /Applications/Xcode-27.0.0.app/Contents/Developer/Platforms/AppleTVOS.platform/Developer/usr/lib -F /Users/admin/builder/spi-builder-workspace/.derivedData/Build/Products/Debug-appletvos -F /Applications/Xcode-27.0.0.app/Contents/Developer/Platforms/AppleTVOS.platform/Developer/Library/Frameworks -F /Applications/Xcode-27.0.0.app/Contents/Developer/Platforms/AppleTVOS.platform/Developer/SDKs/AppleTVOS27.0.sdk/Developer/Library/Frameworks -c -j10 -enable-batch-mode -incremental -Xcc -ivfsstatcache -Xcc /Users/admin/builder/spi-builder-workspace/.derivedData/SDKStatCaches.noindex/appletvos27.0-24J360-e829b21a6f8c9b70876ba0858053c044509235ffd515576fb835ffc8f67461e5.sdkstatcache -output-file-map /Users/admin/builder/spi-builder-workspace/.derivedData/Build/Intermediates.noindex/FoundationModelsKit.build/Debug-appletvos/FoundationModelsKit-t.build/Objects-normal/arm64/FoundationModelsKit-OutputFileMap.json -save-temps -no-color-diagnostics -explicit-module-build -module-cache-path /Users/admin/builder/spi-builder-workspace/.derivedData/Build/Intermediates.noindex/SwiftExplicitPrecompiledModules -clang-scanner-module-cache-path /Users/admin/builder/spi-builder-workspace/.derivedData/ModuleCache.noindex -sdk-module-cache-path /Users/admin/builder/spi-builder-workspace/.derivedData/SDKExplicitPrecompiledModules -emit-dependencies -emit-module -emit-module-path /Users/admin/builder/spi-builder-workspace/.derivedData/Build/Intermediates.noindex/FoundationModelsKit.build/Debug-appletvos/FoundationModelsKit-t.build/Objects-normal/arm64/FoundationModelsKit.swiftmodule -serialize-diagnostics -dependency-scan-serialize-diagnostics-path /Users/admin/builder/spi-builder-workspace/.derivedData/Build/Intermediates.noindex/FoundationModelsKit.build/Debug-appletvos/FoundationModelsKit-t.build/Objects-normal/arm64/FoundationModelsKit-dependency-scan.dia -validate-clang-modules-once -clang-build-session-file /Users/admin/builder/spi-builder-workspace/.derivedData/ModuleCache.noindex/Session.modulevalidation -Xcc -fmodules-prune-interval\=86400 -Xcc -fmodules-prune-after\=345600 -package-name spi_builder_workspace -emit-const-values -const-gather-protocols-list /Users/admin/builder/spi-builder-workspace/.derivedData/Build/Intermediates.noindex/FoundationModelsKit.build/Debug-appletvos/FoundationModelsKit-t.build/Objects-normal/arm64/FoundationModelsKit_const_extract_protocols.json -Xcc -I/Users/admin/builder/spi-builder-workspace/.derivedData/Build/Products/Debug-appletvos/include -Xcc -I/Users/admin/builder/spi-builder-workspace/.derivedData/Build/Intermediates.noindex/FoundationModelsKit.build/Debug-appletvos/FoundationModelsKit-t.build/DerivedSources-normal/arm64 -Xcc -I/Users/admin/builder/spi-builder-workspace/.derivedData/Build/Intermediates.noindex/FoundationModelsKit.build/Debug-appletvos/FoundationModelsKit-t.build/DerivedSources/arm64 -Xcc -I/Users/admin/builder/spi-builder-workspace/.derivedData/Build/Intermediates.noindex/FoundationModelsKit.build/Debug-appletvos/FoundationModelsKit-t.build/DerivedSources -Xcc -DSWIFT_PACKAGE -Xcc -DDEBUG\=1 -emit-objc-header -emit-objc-header-path /Users/admin/builder/spi-builder-workspace/.derivedData/Build/Intermediates.noindex/FoundationModelsKit.build/Debug-appletvos/FoundationModelsKit-t.build/Objects-normal/arm64/FoundationModelsKit-Swift.h -working-directory /Users/admin/builder/spi-builder-workspace/.swiftpm/xcode -experimental-emit-module-separately -disable-cmo
SwiftExplicitDependencyGeneratePcm arm64 /Users/admin/builder/spi-builder-workspace/.derivedData/SDKExplicitPrecompiledModules/_Builtin_stdarg-6XVK45WHUOCLZB7D2ATYQEO5U.pcm
SwiftExplicitDependencyGeneratePcm arm64 /Users/admin/builder/spi-builder-workspace/.derivedData/SDKExplicitPrecompiledModules/ptrcheck-2F7ZU8EYLWX1LOP6FC47SWUDQ.pcm
SwiftExplicitDependencyGeneratePcm arm64 /Users/admin/builder/spi-builder-workspace/.derivedData/SDKExplicitPrecompiledModules/_Builtin_float-E1APTILEGQZ3IPT936PJDNU6H.pcm
SwiftExplicitDependencyGeneratePcm arm64 /Users/admin/builder/spi-builder-workspace/.derivedData/SDKExplicitPrecompiledModules/_Builtin_stdbool-CXITTUPASWKJF6QA1QJ6RRYNO.pcm
SwiftExplicitDependencyGeneratePcm arm64 /Users/admin/builder/spi-builder-workspace/.derivedData/SDKExplicitPrecompiledModules/_SwiftConcurrencyShims-F2FQZLPEQUN2JITA5Q5IA90PN.pcm
SwiftExplicitDependencyGeneratePcm arm64 /Users/admin/builder/spi-builder-workspace/.derivedData/SDKExplicitPrecompiledModules/_Builtin_stddef-25X1IMH81L4ZJ3HSO85QL4XZL.pcm
SwiftExplicitDependencyGeneratePcm arm64 /Users/admin/builder/spi-builder-workspace/.derivedData/SDKExplicitPrecompiledModules/ptrauth-A7BHCTR3SRLUN41XL3XEGKKZ4.pcm
SwiftExplicitDependencyGeneratePcm arm64 /Users/admin/builder/spi-builder-workspace/.derivedData/SDKExplicitPrecompiledModules/SwiftShims-GR3DA8HUMUCCHUHVU4G7HH3N.pcm
SwiftExplicitDependencyGeneratePcm arm64 /Users/admin/builder/spi-builder-workspace/.derivedData/SDKExplicitPrecompiledModules/_AvailabilityInternal-5OPK5HD06FOMOCW6B1PQ16ZYI.pcm
SwiftExplicitDependencyGeneratePcm arm64 /Users/admin/builder/spi-builder-workspace/.derivedData/SDKExplicitPrecompiledModules/_DarwinFoundation1-2L5MHIC1X1D82LC9IO9MI0M5A.pcm
SwiftExplicitDependencyGeneratePcm arm64 /Users/admin/builder/spi-builder-workspace/.derivedData/SDKExplicitPrecompiledModules/_DarwinFoundation2-1J5JB1SY1IG00YVFUY27AR0SK.pcm
SwiftExplicitDependencyGeneratePcm arm64 /Users/admin/builder/spi-builder-workspace/.derivedData/SDKExplicitPrecompiledModules/_Builtin_limits-49XV5IO6LU8Q2TAZFRVK3499Y.pcm
SwiftExplicitDependencyGeneratePcm arm64 /Users/admin/builder/spi-builder-workspace/.derivedData/SDKExplicitPrecompiledModules/string_h-BZ770UUUOT438SJ5LUAQZ245X.pcm
SwiftExplicitDependencyGeneratePcm arm64 /Users/admin/builder/spi-builder-workspace/.derivedData/SDKExplicitPrecompiledModules/_Builtin_stdint-9CQANL2V5ROY9F0YIYXO669HM.pcm
SwiftExplicitDependencyGeneratePcm arm64 /Users/admin/builder/spi-builder-workspace/.derivedData/SDKExplicitPrecompiledModules/sys_types-8KWV5CE768ASK36OHJO3IUUKA.pcm
SwiftExplicitDependencyGeneratePcm arm64 /Users/admin/builder/spi-builder-workspace/.derivedData/SDKExplicitPrecompiledModules/_DarwinFoundation3-A8VA0RRTKVV9KNQF6B90UHJZE.pcm
SwiftExplicitDependencyGeneratePcm arm64 /Users/admin/builder/spi-builder-workspace/.derivedData/SDKExplicitPrecompiledModules/_Builtin_inttypes-EHDD7CXO489VQJ7T37RL4G1XE.pcm
SwiftExplicitDependencyGeneratePcm arm64 /Users/admin/builder/spi-builder-workspace/.derivedData/SDKExplicitPrecompiledModules/Darwin-11CH7JFBGKUPS1MXR2RVW14Q2.pcm
SwiftExplicitDependencyGeneratePcm arm64 /Users/admin/builder/spi-builder-workspace/.derivedData/SDKExplicitPrecompiledModules/ObjectiveC-5D71DK7PWJ27IUP8DIMIW151Z.pcm
SwiftExplicitDependencyGeneratePcm arm64 /Users/admin/builder/spi-builder-workspace/.derivedData/SDKExplicitPrecompiledModules/os_object-C98U4BR5TV7J4CF3J9RD29471.pcm
SwiftExplicitDependencyGeneratePcm arm64 /Users/admin/builder/spi-builder-workspace/.derivedData/SDKExplicitPrecompiledModules/os_workgroup-EW7YHGH6W1I5GWQ7A493HTH5X.pcm
SwiftExplicitDependencyGeneratePcm arm64 /Users/admin/builder/spi-builder-workspace/.derivedData/SDKExplicitPrecompiledModules/Dispatch-1YYSG48OHXPH80J9IKEFL84WE.pcm
SwiftExplicitDependencyGeneratePcm arm64 /Users/admin/builder/spi-builder-workspace/.derivedData/SDKExplicitPrecompiledModules/CoreFoundation-C9QVSEMIZP54ITMK51750XYN.pcm
SwiftExplicitDependencyGeneratePcm arm64 /Users/admin/builder/spi-builder-workspace/.derivedData/SDKExplicitPrecompiledModules/XPC-21W07170Y19SE5HXTUV60V15F.pcm
SwiftExplicitDependencyGeneratePcm arm64 /Users/admin/builder/spi-builder-workspace/.derivedData/SDKExplicitPrecompiledModules/Security-DSXL4AJGN9GNBH9ZCJN3KX5BC.pcm
SwiftExplicitDependencyGeneratePcm arm64 /Users/admin/builder/spi-builder-workspace/.derivedData/SDKExplicitPrecompiledModules/CoreGraphics-4779621VQ7229QPW0G8YXJVCQ.pcm
SwiftExplicitDependencyGeneratePcm arm64 /Users/admin/builder/spi-builder-workspace/.derivedData/SDKExplicitPrecompiledModules/CFNetwork-BWU016C19DXG7T7EFFKR20579.pcm
SwiftExplicitDependencyGeneratePcm arm64 /Users/admin/builder/spi-builder-workspace/.derivedData/SDKExplicitPrecompiledModules/Foundation-D162KW3CIOH7EGJPLDEE6UO79.pcm
SwiftExplicitDependencyGeneratePcm arm64 /Users/admin/builder/spi-builder-workspace/.derivedData/SDKExplicitPrecompiledModules/ImageIO-ENO6M3ZAE6HGNWJCGIJ99922I.pcm
SwiftExplicitDependencyGeneratePcm arm64 /Users/admin/builder/spi-builder-workspace/.derivedData/SDKExplicitPrecompiledModules/UniformTypeIdentifiers-8QAPG0HCJDJ7TECXVB4BWD7UU.pcm
SwiftExplicitDependencyGeneratePcm arm64 /Users/admin/builder/spi-builder-workspace/.derivedData/SDKExplicitPrecompiledModules/IOSurface-3RX5LUXVI6YZVZUG8IHY35I2G.pcm
SwiftExplicitDependencyGeneratePcm arm64 /Users/admin/builder/spi-builder-workspace/.derivedData/SDKExplicitPrecompiledModules/OpenGLES-27VJFDMIM8XHOUJC9VY9I4XLX.pcm
SwiftExplicitDependencyGeneratePcm arm64 /Users/admin/builder/spi-builder-workspace/.derivedData/SDKExplicitPrecompiledModules/Metal-EGVWXCRVOGETIZGI98JLDOKZW.pcm
SwiftExplicitDependencyGeneratePcm arm64 /Users/admin/builder/spi-builder-workspace/.derivedData/SDKExplicitPrecompiledModules/CoreVideo-AP08BET84UNKFVFFZ1NR1RAE4.pcm
SwiftExplicitDependencyGeneratePcm arm64 /Users/admin/builder/spi-builder-workspace/.derivedData/SDKExplicitPrecompiledModules/CoreImage-3XVU5UQO2770KDX75DQQFFDBX.pcm
SwiftEmitModule normal arm64 Emitting\ module\ for\ FoundationModelsKit (in target 'FoundationModelsKit' from project 'FoundationModelsKit')
SwiftCompile normal arm64 (in target 'FoundationModelsKit' from project 'FoundationModelsKit')
    cd /Users/admin/builder/spi-builder-workspace/.swiftpm/xcode

/Users/admin/builder/spi-builder-workspace/Sources/FoundationModelsKit/OnDeviceLanguageModel.swift:100:42: error: 'LanguageModelSession' is unavailable in tvOS
 98 | #if canImport(FoundationModels)
 99 |     @available(macOS 26.0, iOS 26.0, watchOS 26.0, tvOS 26.0, visionOS 26.0, *)
100 |     private func makeSession() throws -> LanguageModelSession {
    |                                          `- error: 'LanguageModelSession' is unavailable in tvOS
101 |         guard !tools.isEmpty else { return LanguageModelSession() }
102 |         return LanguageModelSession(tools: try tools.map(OnDeviceToolAdapter.init))
FoundationModels.LanguageModelSession:3:20: note: 'LanguageModelSession' has been explicitly marked unavailable here
1 | @available(iOS 26.0, macOS 26.0, watchOS 27.0, *)
2 | @available(tvOS, unavailable)
3 | final public class LanguageModelSession {
  |                    `- note: 'LanguageModelSession' has been explicitly marked unavailable here
4 |     final public var transcript: Transcript { get set }
5 |     @objc deinit
/Users/admin/builder/spi-builder-workspace/Sources/FoundationModelsKit/OnDeviceToolBridge.swift:14:76: error: 'GenerationSchema' is unavailable in tvOS
12 | enum DynamicSchemaBuilder {
13 |
14 |     static func schema(named name: String, from json: JSONValue) throws -> GenerationSchema {
   |                                                                            `- error: 'GenerationSchema' is unavailable in tvOS
15 |         try GenerationSchema(root: node(named: name, from: json), dependencies: [])
16 |     }
FoundationModels.GenerationSchema:3:15: note: 'GenerationSchema' has been explicitly marked unavailable here
1 | @available(iOS 26.0, macOS 26.0, watchOS 27.0, *)
2 | @available(tvOS, unavailable)
3 | public struct GenerationSchema : Sendable {
  |               `- note: 'GenerationSchema' has been explicitly marked unavailable here
4 | }
/Users/admin/builder/spi-builder-workspace/Sources/FoundationModelsKit/OnDeviceToolBridge.swift:18:67: error: 'DynamicGenerationSchema' is unavailable in tvOS
16 |     }
17 |
18 |     static func node(named name: String, from json: JSONValue) -> DynamicGenerationSchema {
   |                                                                   `- error: 'DynamicGenerationSchema' is unavailable in tvOS
19 |         let description = json["description"]?.stringValue
20 |
FoundationModels.DynamicGenerationSchema:3:15: note: 'DynamicGenerationSchema' has been explicitly marked unavailable here
1 | @available(iOS 26.0, macOS 26.0, watchOS 27.0, *)
2 | @available(tvOS, unavailable)
3 | public struct DynamicGenerationSchema : Sendable {
  |               `- note: 'DynamicGenerationSchema' has been explicitly marked unavailable here
4 | }
/Users/admin/builder/spi-builder-workspace/Sources/FoundationModelsKit/OnDeviceToolBridge.swift:77:27: error: 'GeneratedContent' is unavailable in tvOS
75 | @available(macOS 26.0, iOS 26.0, watchOS 26.0, tvOS 26.0, visionOS 26.0, *)
76 | struct OnDeviceToolAdapter: FoundationModels.Tool {
77 |     typealias Arguments = GeneratedContent
   |                           `- error: 'GeneratedContent' is unavailable in tvOS
78 |     typealias Output = String
79 |
FoundationModels.GeneratedContent:3:15: note: 'GeneratedContent' has been explicitly marked unavailable here
1 | @available(iOS 26.0, macOS 26.0, watchOS 27.0, *)
2 | @available(tvOS, unavailable)
3 | public struct GeneratedContent : Sendable, Equatable, Generable {
  |               `- note: 'GeneratedContent' has been explicitly marked unavailable here
4 |     public var id: GenerationID?
5 |     public static func == (a: GeneratedContent, b: GeneratedContent) -> Bool
/Users/admin/builder/spi-builder-workspace/Sources/FoundationModelsKit/OnDeviceToolBridge.swift:82:21: error: 'GenerationSchema' is unavailable in tvOS
80 |     let name: String
81 |     let description: String
82 |     let parameters: GenerationSchema
   |                     `- error: 'GenerationSchema' is unavailable in tvOS
83 |
84 |     private let underlying: any ModelTool
FoundationModels.GenerationSchema:3:15: note: 'GenerationSchema' has been explicitly marked unavailable here
1 | @available(iOS 26.0, macOS 26.0, watchOS 27.0, *)
2 | @available(tvOS, unavailable)
3 | public struct GenerationSchema : Sendable {
  |               `- note: 'GenerationSchema' has been explicitly marked unavailable here
4 | }
/Users/admin/builder/spi-builder-workspace/Sources/FoundationModelsKit/OnDeviceToolBridge.swift:93:26: error: 'GeneratedContent' is unavailable in tvOS
91 |     }
92 |
93 |     func call(arguments: GeneratedContent) async throws -> String {
   |                          `- error: 'GeneratedContent' is unavailable in tvOS
94 |         let decoded = (try? JSONValue.decode(Data(arguments.jsonString.utf8))) ?? .object([:])
95 |         return try await underlying.call(arguments: decoded)
FoundationModels.GeneratedContent:3:15: note: 'GeneratedContent' has been explicitly marked unavailable here
1 | @available(iOS 26.0, macOS 26.0, watchOS 27.0, *)
2 | @available(tvOS, unavailable)
3 | public struct GeneratedContent : Sendable, Equatable, Generable {
  |               `- note: 'GeneratedContent' has been explicitly marked unavailable here
4 |     public var id: GenerationID?
5 |     public static func == (a: GeneratedContent, b: GeneratedContent) -> Bool
/Users/admin/builder/spi-builder-workspace/Sources/FoundationModelsKit/OnDeviceToolBridge.swift:76:46: error: 'Tool' is unavailable in tvOS
74 | /// what allows the schema to be built at runtime.
75 | @available(macOS 26.0, iOS 26.0, watchOS 26.0, tvOS 26.0, visionOS 26.0, *)
76 | struct OnDeviceToolAdapter: FoundationModels.Tool {
   |                                              `- error: 'Tool' is unavailable in tvOS
77 |     typealias Arguments = GeneratedContent
78 |     typealias Output = String
FoundationModels.Tool:3:17: note: 'Tool' has been explicitly marked unavailable here
 1 | @available(iOS 26.0, macOS 26.0, watchOS 27.0, *)
 2 | @available(tvOS, unavailable)
 3 | public protocol Tool<Arguments, Output> : Sendable {
   |                 `- note: 'Tool' has been explicitly marked unavailable here
 4 |     associatedtype Output : PromptRepresentable
 5 |     associatedtype Arguments : ConvertibleFromGeneratedContent
SwiftCompile normal arm64 Compiling\ RetryPolicy.swift /Users/admin/builder/spi-builder-workspace/Sources/FoundationModelsKit/RetryPolicy.swift (in target 'FoundationModelsKit' from project 'FoundationModelsKit')
SwiftCompile normal arm64 /Users/admin/builder/spi-builder-workspace/Sources/FoundationModelsKit/RetryPolicy.swift (in target 'FoundationModelsKit' from project 'FoundationModelsKit')
    cd /Users/admin/builder/spi-builder-workspace/.swiftpm/xcode
    builtin-SwiftPerFileCompile RetryPolicy.swift
SwiftCompile normal arm64 Compiling\ TokenEstimator.swift /Users/admin/builder/spi-builder-workspace/Sources/FoundationModelsKit/TokenEstimator.swift (in target 'FoundationModelsKit' from project 'FoundationModelsKit')
SwiftCompile normal arm64 /Users/admin/builder/spi-builder-workspace/Sources/FoundationModelsKit/TokenEstimator.swift (in target 'FoundationModelsKit' from project 'FoundationModelsKit')
    cd /Users/admin/builder/spi-builder-workspace/.swiftpm/xcode
    builtin-SwiftPerFileCompile TokenEstimator.swift
SwiftCompile normal arm64 Compiling\ SDKIntegration.swift /Users/admin/builder/spi-builder-workspace/Sources/FoundationModelsKit/SDKIntegration.swift (in target 'FoundationModelsKit' from project 'FoundationModelsKit')
SwiftCompile normal arm64 /Users/admin/builder/spi-builder-workspace/Sources/FoundationModelsKit/SDKIntegration.swift (in target 'FoundationModelsKit' from project 'FoundationModelsKit')
    cd /Users/admin/builder/spi-builder-workspace/.swiftpm/xcode
    builtin-SwiftPerFileCompile SDKIntegration.swift
SwiftCompile normal arm64 Compiling\ Tool.swift /Users/admin/builder/spi-builder-workspace/Sources/FoundationModelsKit/Tool.swift (in target 'FoundationModelsKit' from project 'FoundationModelsKit')
SwiftCompile normal arm64 /Users/admin/builder/spi-builder-workspace/Sources/FoundationModelsKit/Tool.swift (in target 'FoundationModelsKit' from project 'FoundationModelsKit')
    cd /Users/admin/builder/spi-builder-workspace/.swiftpm/xcode
    builtin-SwiftPerFileCompile Tool.swift
SwiftCompile normal arm64 Compiling\ OnDeviceLanguageModel.swift,\ OnDeviceToolBridge.swift /Users/admin/builder/spi-builder-workspace/Sources/FoundationModelsKit/OnDeviceLanguageModel.swift /Users/admin/builder/spi-builder-workspace/Sources/FoundationModelsKit/OnDeviceToolBridge.swift (in target 'FoundationModelsKit' from project 'FoundationModelsKit')
/Users/admin/builder/spi-builder-workspace/Sources/FoundationModelsKit/OnDeviceLanguageModel.swift:100:42: error: 'LanguageModelSession' is unavailable in tvOS
 98 | #if canImport(FoundationModels)
 99 |     @available(macOS 26.0, iOS 26.0, watchOS 26.0, tvOS 26.0, visionOS 26.0, *)
100 |     private func makeSession() throws -> LanguageModelSession {
    |                                          `- error: 'LanguageModelSession' is unavailable in tvOS
101 |         guard !tools.isEmpty else { return LanguageModelSession() }
102 |         return LanguageModelSession(tools: try tools.map(OnDeviceToolAdapter.init))
FoundationModels.LanguageModelSession:3:20: note: 'LanguageModelSession' has been explicitly marked unavailable here
1 | @available(iOS 26.0, macOS 26.0, watchOS 27.0, *)
2 | @available(tvOS, unavailable)
3 | final public class LanguageModelSession {
  |                    `- note: 'LanguageModelSession' has been explicitly marked unavailable here
4 |     final public var transcript: Transcript { get set }
5 |     @objc deinit
/Users/admin/builder/spi-builder-workspace/Sources/FoundationModelsKit/OnDeviceLanguageModel.swift:45:44: error: 'respond(to:options:)' is unavailable in tvOS
 43 |         do {
 44 |             let session = try makeSession()
 45 |             let result = try await session.respond(to: request.content)
    |                                            `- error: 'respond(to:options:)' is unavailable in tvOS
 46 |             // The framework exposes no token counts, so these are estimates.
 47 |             return ModelResponse(
FoundationModels.LanguageModelSession.respond:3:45: note: 'respond(to:options:)' has been explicitly marked unavailable here
1 | class LanguageModelSession {
2 | @discardableResult
3 |   nonisolated(nonsending) final public func respond(to prompt: String, options: GenerationOptions = GenerationOptions()) async throws -> LanguageModelSession.Response<String>}
  |                                             `- note: 'respond(to:options:)' has been explicitly marked unavailable here
4 |
/Users/admin/builder/spi-builder-workspace/Sources/FoundationModelsKit/OnDeviceLanguageModel.swift:45:17: error: conformance of 'String' to 'Generable' is unavailable in tvOS
 43 |         do {
 44 |             let session = try makeSession()
 45 |             let result = try await session.respond(to: request.content)
    |                 `- error: conformance of 'String' to 'Generable' is unavailable in tvOS
 46 |             // The framework exposes no token counts, so these are estimates.
 47 |             return ModelResponse(
FoundationModels.String:3:11: note: conformance of 'String' to 'Generable' has been explicitly marked unavailable here
1 | @available(iOS 26.0, macOS 26.0, watchOS 27.0, *)
2 | @available(tvOS, unavailable)
3 | extension String : Generable {
  |           `- note: conformance of 'String' to 'Generable' has been explicitly marked unavailable here
4 |     public static var generationSchema: GenerationSchema { get }
5 |     public init(_ content: GeneratedContent) throws
/Users/admin/builder/spi-builder-workspace/Sources/FoundationModelsKit/OnDeviceLanguageModel.swift:48:33: error: conformance of 'String' to 'Generable' is unavailable in tvOS
 46 |             // The framework exposes no token counts, so these are estimates.
 47 |             return ModelResponse(
 48 |                 content: result.content,
    |                                 `- error: conformance of 'String' to 'Generable' is unavailable in tvOS
 49 |                 stopReason: "end_turn",
 50 |                 usage: .estimated(
FoundationModels.String:3:11: note: conformance of 'String' to 'Generable' has been explicitly marked unavailable here
1 | @available(iOS 26.0, macOS 26.0, watchOS 27.0, *)
2 | @available(tvOS, unavailable)
3 | extension String : Generable {
  |           `- note: conformance of 'String' to 'Generable' has been explicitly marked unavailable here
4 |     public static var generationSchema: GenerationSchema { get }
5 |     public init(_ content: GeneratedContent) throws
/Users/admin/builder/spi-builder-workspace/Sources/FoundationModelsKit/OnDeviceLanguageModel.swift:52:45: error: conformance of 'String' to 'Generable' is unavailable in tvOS
 50 |                 usage: .estimated(
 51 |                     promptChars: request.content.count,
 52 |                     completionChars: result.content.count
    |                                             `- error: conformance of 'String' to 'Generable' is unavailable in tvOS
 53 |                 )
 54 |             )
FoundationModels.String:3:11: note: conformance of 'String' to 'Generable' has been explicitly marked unavailable here
1 | @available(iOS 26.0, macOS 26.0, watchOS 27.0, *)
2 | @available(tvOS, unavailable)
3 | extension String : Generable {
  |           `- note: conformance of 'String' to 'Generable' has been explicitly marked unavailable here
4 |     public static var generationSchema: GenerationSchema { get }
5 |     public init(_ content: GeneratedContent) throws
/Users/admin/builder/spi-builder-workspace/Sources/FoundationModelsKit/OnDeviceLanguageModel.swift:77:29: error: conformance of 'String' to 'Generable' is unavailable in tvOS
 75 |                         try Task.checkCancellation()
 76 |                         // Yield only the delta since the last snapshot.
 77 |                         let full = snapshot.content
    |                             `- error: conformance of 'String' to 'Generable' is unavailable in tvOS
 78 |                         let delta = String(full.dropFirst(previous.count))
 79 |                         if !delta.isEmpty { continuation.yield(delta) }
FoundationModels.String:3:11: note: conformance of 'String' to 'Generable' has been explicitly marked unavailable here
1 | @available(iOS 26.0, macOS 26.0, watchOS 27.0, *)
2 | @available(tvOS, unavailable)
3 | extension String : Generable {
  |           `- note: conformance of 'String' to 'Generable' has been explicitly marked unavailable here
4 |     public static var generationSchema: GenerationSchema { get }
5 |     public init(_ content: GeneratedContent) throws
/Users/admin/builder/spi-builder-workspace/Sources/FoundationModelsKit/OnDeviceLanguageModel.swift:74:55: error: 'streamResponse(to:options:)' is unavailable in tvOS
 72 |                     let session = try makeSession()
 73 |                     var previous = ""
 74 |                     for try await snapshot in session.streamResponse(to: request.content) {
    |                                                       `- error: 'streamResponse(to:options:)' is unavailable in tvOS
 75 |                         try Task.checkCancellation()
 76 |                         // Yield only the delta since the last snapshot.
FoundationModels.LanguageModelSession.streamResponse:2:19: note: 'streamResponse(to:options:)' has been explicitly marked unavailable here
1 | class LanguageModelSession {
2 | final public func streamResponse(to prompt: String, options: GenerationOptions = GenerationOptions()) -> sending LanguageModelSession.ResponseStream<String>}
  |                   `- note: 'streamResponse(to:options:)' has been explicitly marked unavailable here
3 |
Assertion failed: (Range.hasLowerEndpoint()), function getVersionString at AvailabilityRange.h:337.
(to display assertion configuration options: -Xllvm -assert-help)
Please submit a bug report (https://swift.org/contributing/#reporting-bugs) and include the crash backtrace.
Stack dump:
0.	Program arguments: /Applications/Xcode-27.0.0.app/Contents/Developer/Toolchains/XcodeDefault.xctoolchain/usr/bin/swift-frontend -frontend -c /Users/admin/builder/spi-builder-workspace/Sources/FoundationModelsKit/AnthropicLanguageModel.swift /Users/admin/builder/spi-builder-workspace/Sources/FoundationModelsKit/ConversationStore.swift /Users/admin/builder/spi-builder-workspace/Sources/FoundationModelsKit/DynamicProfileBuilder.swift /Users/admin/builder/spi-builder-workspace/Sources/FoundationModelsKit/EvaluationSuite.swift /Users/admin/builder/spi-builder-workspace/Sources/FoundationModelsKit/GeminiLanguageModel.swift /Users/admin/builder/spi-builder-workspace/Sources/FoundationModelsKit/LanguageModelProviding.swift /Users/admin/builder/spi-builder-workspace/Sources/FoundationModelsKit/MockLanguageModel.swift /Users/admin/builder/spi-builder-workspace/Sources/FoundationModelsKit/ModelRouter.swift -primary-file /Users/admin/builder/spi-builder-workspace/Sources/FoundationModelsKit/OnDeviceLanguageModel.swift -primary-file /Users/admin/builder/spi-builder-workspace/Sources/FoundationModelsKit/OnDeviceToolBridge.swift /Users/admin/builder/spi-builder-workspace/Sources/FoundationModelsKit/OpenAILanguageModel.swift /Users/admin/builder/spi-builder-workspace/Sources/FoundationModelsKit/RegionalAvailability.swift /Users/admin/builder/spi-builder-workspace/Sources/FoundationModelsKit/RetryPolicy.swift /Users/admin/builder/spi-builder-workspace/Sources/FoundationModelsKit/SDKIntegration.swift /Users/admin/builder/spi-builder-workspace/Sources/FoundationModelsKit/TokenEstimator.swift /Users/admin/builder/spi-builder-workspace/Sources/FoundationModelsKit/Tool.swift -emit-dependencies-path /Users/admin/builder/spi-builder-workspace/.derivedData/Build/Intermediates.noindex/FoundationModelsKit.build/Debug-appletvos/FoundationModelsKit-t.build/Objects-normal/arm64/OnDeviceLanguageModel.d -emit-const-values-path /Users/admin/builder/spi-builder-workspace/.derivedData/Build/Intermediates.noindex/FoundationModelsKit.build/Debug-appletvos/FoundationModelsKit-t.build/Objects-normal/arm64/OnDeviceLanguageModel.swiftconstvalues -emit-reference-dependencies-path /Users/admin/builder/spi-builder-workspace/.derivedData/Build/Intermediates.noindex/FoundationModelsKit.build/Debug-appletvos/FoundationModelsKit-t.build/Objects-normal/arm64/OnDeviceLanguageModel.swiftdeps -serialize-diagnostics-path /Users/admin/builder/spi-builder-workspace/.derivedData/Build/Intermediates.noindex/FoundationModelsKit.build/Debug-appletvos/FoundationModelsKit-t.build/Objects-normal/arm64/OnDeviceLanguageModel.dia -emit-dependencies-path /Users/admin/builder/spi-builder-workspace/.derivedData/Build/Intermediates.noindex/FoundationModelsKit.build/Debug-appletvos/FoundationModelsKit-t.build/Objects-normal/arm64/OnDeviceToolBridge.d -emit-const-values-path /Users/admin/builder/spi-builder-workspace/.derivedData/Build/Intermediates.noindex/FoundationModelsKit.build/Debug-appletvos/FoundationModelsKit-t.build/Objects-normal/arm64/OnDeviceToolBridge.swiftconstvalues -emit-reference-dependencies-path /Users/admin/builder/spi-builder-workspace/.derivedData/Build/Intermediates.noindex/FoundationModelsKit.build/Debug-appletvos/FoundationModelsKit-t.build/Objects-normal/arm64/OnDeviceToolBridge.swiftdeps -serialize-diagnostics-path /Users/admin/builder/spi-builder-workspace/.derivedData/Build/Intermediates.noindex/FoundationModelsKit.build/Debug-appletvos/FoundationModelsKit-t.build/Objects-normal/arm64/OnDeviceToolBridge.dia -target arm64-apple-tvos18.0 -module-can-import-version FoundationModels 2.0.68.1 0 -disable-cross-import-overlay-search -swift-module-cross-import FoundationModels /Applications/Xcode-27.0.0.app/Contents/Developer/Platforms/AppleTVOS.platform/Developer/SDKs/AppleTVOS27.0.sdk/System/Library/Frameworks/FoundationModels.framework/Modules/FoundationModels.swiftcrossimport/UIKit.swiftoverlay -load-resolved-plugin /Applications/Xcode-27.0.0.app/Contents/Developer/Platforms/AppleTVOS.platform/Developer/usr/lib/swift/host/plugins/libFoundationMacros.dylib#/Applications/Xcode-27.0.0.app/Contents/Developer/Platforms/AppleTVOS.platform/Developer/usr/bin/swift-plugin-server#FoundationMacros -load-resolved-plugin /Applications/Xcode-27.0.0.app/Contents/Developer/Platforms/AppleTVOS.platform/Developer/usr/lib/swift/host/plugins/libFoundationModelsMacros.dylib#/Applications/Xcode-27.0.0.app/Contents/Developer/Platforms/AppleTVOS.platform/Developer/usr/bin/swift-plugin-server#FoundationModelsMacros -load-resolved-plugin /Applications/Xcode-27.0.0.app/Contents/Developer/Platforms/AppleTVOS.platform/Developer/usr/lib/swift/host/plugins/libObservationMacros.dylib#/Applications/Xcode-27.0.0.app/Contents/Developer/Platforms/AppleTVOS.platform/Developer/usr/bin/swift-plugin-server#ObservationMacros -load-resolved-plugin /Applications/Xcode-27.0.0.app/Contents/Developer/Platforms/AppleTVOS.platform/Developer/usr/lib/swift/host/plugins/libSwiftMacros.dylib#/Applications/Xcode-27.0.0.app/Contents/Developer/Platforms/AppleTVOS.platform/Developer/usr/bin/swift-plugin-server#SwiftMacros -disable-implicit-swift-modules -Xcc -fno-implicit-modules -Xcc -fno-implicit-module-maps -explicit-swift-module-map-file /Users/admin/builder/spi-builder-workspace/.derivedData/Build/Intermediates.noindex/FoundationModelsKit.build/Debug-appletvos/FoundationModelsKit-t.build/Objects-normal/arm64/FoundationModelsKit-dependencies-1.json -Xllvm -aarch64-use-tbi -enable-objc-interop -stack-check -sdk /Applications/Xcode-27.0.0.app/Contents/Developer/Platforms/AppleTVOS.platform/Developer/SDKs/AppleTVOS27.0.sdk -I /Users/admin/builder/spi-builder-workspace/.derivedData/Build/Products/Debug-appletvos -Isystem /Applications/Xcode-27.0.0.app/Contents/Developer/Platforms/AppleTVOS.platform/Developer/usr/lib -F /Users/admin/builder/spi-builder-workspace/.derivedData/Build/Products/Debug-appletvos -F /Applications/Xcode-27.0.0.app/Contents/Developer/Platforms/AppleTVOS.platform/Developer/Library/Frameworks -F /Applications/Xcode-27.0.0.app/Contents/Developer/Platforms/AppleTVOS.platform/Developer/SDKs/AppleTVOS27.0.sdk/Developer/Library/Frameworks -module-cache-path /Users/admin/builder/spi-builder-workspace/.derivedData/Build/Intermediates.noindex/SwiftExplicitPrecompiledModules -no-color-diagnostics -Xcc -fno-color-diagnostics -enable-testing -g -debug-info-format=dwarf -dwarf-version=5 -profile-generate -profile-coverage-mapping -swift-version 6 -Onone -D SWIFT_PACKAGE -D DEBUG -D SWIFT_MODULE_RESOURCE_BUNDLE_UNAVAILABLE -D Xcode -serialize-debugging-options -enable-upcoming-feature ApproachableConcurrency -enable-experimental-feature DebugDescriptionMacro -empty-abi-descriptor -validate-clang-modules-once -clang-build-session-file /Users/admin/builder/spi-builder-workspace/.derivedData/ModuleCache.noindex/Session.modulevalidation -Xcc -working-directory -Xcc /Users/admin/builder/spi-builder-workspace/.swiftpm/xcode -enable-anonymous-context-mangled-names -file-compilation-dir /Users/admin/builder/spi-builder-workspace/.swiftpm/xcode -Xcc -D_LIBCPP_HARDENING_MODE=_LIBCPP_HARDENING_MODE_DEBUG -Xcc -ivfsstatcache -Xcc /Users/admin/builder/spi-builder-workspace/.derivedData/SDKStatCaches.noindex/appletvos27.0-24J360-e829b21a6f8c9b70876ba0858053c044509235ffd515576fb835ffc8f67461e5.sdkstatcache -Xcc -fmodules-prune-interval=86400 -Xcc -fmodules-prune-after=345600 -Xcc -I/Users/admin/builder/spi-builder-workspace/.derivedData/Build/Products/Debug-appletvos/include -Xcc -I/Users/admin/builder/spi-builder-workspace/.derivedData/Build/Intermediates.noindex/FoundationModelsKit.build/Debug-appletvos/FoundationModelsKit-t.build/DerivedSources-normal/arm64 -Xcc -I/Users/admin/builder/spi-builder-workspace/.derivedData/Build/Intermediates.noindex/FoundationModelsKit.build/Debug-appletvos/FoundationModelsKit-t.build/DerivedSources/arm64 -Xcc -I/Users/admin/builder/spi-builder-workspace/.derivedData/Build/Intermediates.noindex/FoundationModelsKit.build/Debug-appletvos/FoundationModelsKit-t.build/DerivedSources -Xcc -DSWIFT_PACKAGE -Xcc -DDEBUG=1 -no-auto-bridging-header-chaining -module-name FoundationModelsKit -package-name spi_builder_workspace -const-gather-protocols-file /Users/admin/builder/spi-builder-workspace/.derivedData/Build/Intermediates.noindex/FoundationModelsKit.build/Debug-appletvos/FoundationModelsKit-t.build/Objects-normal/arm64/FoundationModelsKit_const_extract_protocols.json -disable-clang-spi -clang-target arm64-apple-tvos27.0 -target-sdk-version 27.0 -target-sdk-name appletvos27.0 -in-process-plugin-server-path /Applications/Xcode-27.0.0.app/Contents/Developer/Toolchains/XcodeDefault.xctoolchain/usr/lib/swift/host/libSwiftInProcPluginServer.dylib -parse-as-library -o /Users/admin/builder/spi-builder-workspace/.derivedData/Build/Intermediates.noindex/FoundationModelsKit.build/Debug-appletvos/FoundationModelsKit-t.build/Objects-normal/arm64/OnDeviceLanguageModel.o -o /Users/admin/builder/spi-builder-workspace/.derivedData/Build/Intermediates.noindex/FoundationModelsKit.build/Debug-appletvos/FoundationModelsKit-t.build/Objects-normal/arm64/OnDeviceToolBridge.o -debug-module-path /Users/admin/builder/spi-builder-workspace/.derivedData/Build/Intermediates.noindex/FoundationModelsKit.build/Debug-appletvos/FoundationModelsKit-t.build/Objects-normal/arm64/FoundationModelsKit.swiftmodule -index-unit-output-path /FoundationModelsKit.build/Debug-appletvos/FoundationModelsKit-t.build/Objects-normal/arm64/OnDeviceLanguageModel.o -index-unit-output-path /FoundationModelsKit.build/Debug-appletvos/FoundationModelsKit-t.build/Objects-normal/arm64/OnDeviceToolBridge.o -index-store-path /Users/admin/builder/spi-builder-workspace/.derivedData/Index.noindex/DataStore -index-system-modules
1.	Apple Swift version 6.4 (swiftlang-6.4.0.34.1 clang-2100.3.34.1)
2.	Compiling with the current language version
3.	While evaluating request TypeCheckPrimaryFileRequest(source_file "/Users/admin/builder/spi-builder-workspace/Sources/FoundationModelsKit/OnDeviceLanguageModel.swift")
4.	While evaluating request TypeCheckFunctionBodyRequest(FoundationModelsKit.(file).OnDeviceLanguageModel.streamResponse(to:)@/Users/admin/builder/spi-builder-workspace/Sources/FoundationModelsKit/OnDeviceLanguageModel.swift:63:17)
5.	While evaluating request DesugarForEachStmtRequest(ForEach)
6.	Assertion failed: (Range.hasLowerEndpoint()), function getVersionString at AvailabilityRange.h:337.
| 	(to display assertion configuration options: -Xllvm -assert-help)
Stack dump without symbol names (ensure you have llvm-symbolizer in your PATH or set the environment var `LLVM_SYMBOLIZER_PATH` to point to it):
0  swift-frontend           0x0000000106a27bd0 llvm::sys::PrintStackTrace(llvm::raw_ostream&, int) + 56
1  swift-frontend           0x0000000106a25358 llvm::sys::RunSignalHandlers() + 172
2  swift-frontend           0x0000000106a281c8 SignalHandler(int, __siginfo*, void*) + 360
3  libsystem_platform.dylib 0x000000018e849744 _sigtramp + 56
4  libsystem_pthread.dylib  0x000000018e83f8d8 pthread_kill + 296
5  libsystem_c.dylib        0x000000018e745978 abort + 148
6  swift-frontend           0x00000001021d6bc4 _ABORT(char const*, int, char const*, llvm::function_ref<void (llvm::raw_ostream&)>) + 0
7  swift-frontend           0x00000001021d6b80 _abortWithMessage(llvm::StringRef) + 0
8  swift-frontend           0x0000000101b29a5c (anonymous namespace)::DesugarForEachStmt::emitDiagnosticsForUnavailableConformance(swift::Type, swift::AvailabilityConstraint) + 1268
9  swift-frontend           0x0000000101b20a40 swift::DesugarForEachStmtRequest::evaluate(swift::Evaluator&, swift::ForEachStmt*) const + 456
10 swift-frontend           0x00000001021685a8 swift::DesugarForEachStmtRequest::OutputType swift::Evaluator::getResultUncached<swift::DesugarForEachStmtRequest, swift::DesugarForEachStmtRequest::OutputType swift::evaluateOrDefault<swift::DesugarForEachStmtRequest>(swift::Evaluator&, swift::DesugarForEachStmtRequest, swift::DesugarForEachStmtRequest::OutputType)::'lambda'()>(swift::DesugarForEachStmtRequest const&, swift::DesugarForEachStmtRequest::OutputType swift::evaluateOrDefault<swift::DesugarForEachStmtRequest>(swift::Evaluator&, swift::DesugarForEachStmtRequest, swift::DesugarForEachStmtRequest::OutputType)::'lambda'()) + 656
11 swift-frontend           0x0000000101b24dec (anonymous namespace)::ContextualizationWalker::walkToStmtPre(swift::Stmt*) + 340
12 swift-frontend           0x0000000101e23034 (anonymous namespace)::Traversal::visit(swift::Stmt*) + 2732
13 swift-frontend           0x0000000101e22868 (anonymous namespace)::Traversal::visit(swift::Stmt*) + 736
14 swift-frontend           0x0000000101e2305c (anonymous namespace)::Traversal::visit(swift::Stmt*) + 2772
15 swift-frontend           0x0000000101dab0ec swift::ASTNode::walk(swift::ASTWalker&) + 288
16 swift-frontend           0x0000000101b24ab0 (anonymous namespace)::ContextualizationWalker::walkToExprPre(swift::Expr*) + 144
17 swift-frontend           0x0000000101e1ff54 (anonymous namespace)::Traversal::visitDynamicMemberRefExpr(swift::DynamicMemberRefExpr*) + 48
18 swift-frontend           0x0000000101e1fb88 (anonymous namespace)::Traversal::visit(swift::Expr*) + 1180
19 swift-frontend           0x0000000101e257f4 (anonymous namespace)::Traversal::visit(swift::ArgumentList*) + 260
20 swift-frontend           0x0000000101e22188 (anonymous namespace)::Traversal::visitApplyExpr(swift::ApplyExpr*) + 196
21 swift-frontend           0x0000000101e1f740 (anonymous namespace)::Traversal::visit(swift::Expr*) + 84
22 swift-frontend           0x0000000101e24c10 (anonymous namespace)::Traversal::visit(swift::Decl*) + 3120
23 swift-frontend           0x0000000101e1f4f8 (anonymous namespace)::Traversal::doIt(swift::Decl*) + 344
24 swift-frontend           0x0000000101e22f78 (anonymous namespace)::Traversal::visit(swift::Stmt*) + 2544
25 swift-frontend           0x0000000101dab0ec swift::ASTNode::walk(swift::ASTWalker&) + 288
26 swift-frontend           0x0000000101b24ab0 (anonymous namespace)::ContextualizationWalker::walkToExprPre(swift::Expr*) + 144
27 swift-frontend           0x0000000101e257cc (anonymous namespace)::Traversal::visit(swift::ArgumentList*) + 220
28 swift-frontend           0x0000000101e22188 (anonymous namespace)::Traversal::visitApplyExpr(swift::ApplyExpr*) + 196
29 swift-frontend           0x0000000101e1f740 (anonymous namespace)::Traversal::visit(swift::Expr*) + 84
30 swift-frontend           0x0000000101e22d6c (anonymous namespace)::Traversal::visit(swift::Stmt*) + 2020
31 swift-frontend           0x0000000101e2305c (anonymous namespace)::Traversal::visit(swift::Stmt*) + 2772
32 swift-frontend           0x0000000101dab0ec swift::ASTNode::walk(swift::ASTWalker&) + 288
33 swift-frontend           0x0000000101b1ebe4 swift::TypeCheckFunctionBodyRequest::evaluate(swift::Evaluator&, swift::AbstractFunctionDecl*) const + 2368
34 swift-frontend           0x0000000101f96838 swift::TypeCheckFunctionBodyRequest::OutputType swift::Evaluator::getResultUncached<swift::TypeCheckFunctionBodyRequest, swift::TypeCheckFunctionBodyRequest::OutputType swift::evaluateOrDefault<swift::TypeCheckFunctionBodyRequest>(swift::Evaluator&, swift::TypeCheckFunctionBodyRequest, swift::TypeCheckFunctionBodyRequest::OutputType)::'lambda'()>(swift::TypeCheckFunctionBodyRequest const&, swift::TypeCheckFunctionBodyRequest::OutputType swift::evaluateOrDefault<swift::TypeCheckFunctionBodyRequest>(swift::Evaluator&, swift::TypeCheckFunctionBodyRequest, swift::TypeCheckFunctionBodyRequest::OutputType)::'lambda'()) + 680
35 swift-frontend           0x0000000101f96474 swift::TypeCheckFunctionBodyRequest::OutputType swift::Evaluator::getResultCached<swift::TypeCheckFunctionBodyRequest, swift::TypeCheckFunctionBodyRequest::OutputType swift::evaluateOrDefault<swift::TypeCheckFunctionBodyRequest>(swift::Evaluator&, swift::TypeCheckFunctionBodyRequest, swift::TypeCheckFunctionBodyRequest::OutputType)::'lambda'(), (void*)0>(swift::TypeCheckFunctionBodyRequest const&, swift::TypeCheckFunctionBodyRequest::OutputType swift::evaluateOrDefault<swift::TypeCheckFunctionBodyRequest>(swift::Evaluator&, swift::TypeCheckFunctionBodyRequest, swift::TypeCheckFunctionBodyRequest::OutputType)::'lambda'()) + 76
36 swift-frontend           0x000000010205b70c swift::SourceFile::typeCheckDelayedFunctions() + 72
37 swift-frontend           0x0000000101b7a444 swift::TypeCheckPrimaryFileRequest::evaluate(swift::Evaluator&, swift::SourceFile*) const + 1248
38 swift-frontend           0x0000000101b83244 swift::TypeCheckPrimaryFileRequest::OutputType swift::Evaluator::getResultUncached<swift::TypeCheckPrimaryFileRequest, swift::TypeCheckPrimaryFileRequest::OutputType swift::evaluateOrDefault<swift::TypeCheckPrimaryFileRequest>(swift::Evaluator&, swift::TypeCheckPrimaryFileRequest, swift::TypeCheckPrimaryFileRequest::OutputType)::'lambda'()>(swift::TypeCheckPrimaryFileRequest const&, swift::TypeCheckPrimaryFileRequest::OutputType swift::evaluateOrDefault<swift::TypeCheckPrimaryFileRequest>(swift::Evaluator&, swift::TypeCheckPrimaryFileRequest, swift::TypeCheckPrimaryFileRequest::OutputType)::'lambda'()) + 648
39 swift-frontend           0x0000000101b82fa8 swift::TypeCheckPrimaryFileRequest::OutputType swift::Evaluator::getResultCached<swift::TypeCheckPrimaryFileRequest, swift::TypeCheckPrimaryFileRequest::OutputType swift::evaluateOrDefault<swift::TypeCheckPrimaryFileRequest>(swift::Evaluator&, swift::TypeCheckPrimaryFileRequest, swift::TypeCheckPrimaryFileRequest::OutputType)::'lambda'(), (void*)0>(swift::TypeCheckPrimaryFileRequest const&, swift::TypeCheckPrimaryFileRequest::OutputType swift::evaluateOrDefault<swift::TypeCheckPrimaryFileRequest>(swift::Evaluator&, swift::TypeCheckPrimaryFileRequest, swift::TypeCheckPrimaryFileRequest::OutputType)::'lambda'()) + 184
40 swift-frontend           0x000000010097c1a4 bool llvm::function_ref<bool (swift::SourceFile&)>::callback_fn<swift::CompilerInstance::performSema()::$_0>(long, swift::SourceFile&) + 116
41 swift-frontend           0x000000010097511c swift::CompilerInstance::forEachFileToTypeCheck(llvm::function_ref<bool (swift::SourceFile&)>) + 176
42 swift-frontend           0x000000010097503c swift::CompilerInstance::performSema() + 456
43 swift-frontend           0x000000010053c918 performCompile(swift::CompilerInstance&, int&, swift::FrontendObserver*, llvm::ArrayRef<char const*>) + 556
44 swift-frontend           0x0000000100539dc4 swift::performFrontend(llvm::ArrayRef<char const*>, char const*, void*, swift::FrontendObserver*) + 3776
45 swift-frontend           0x00000001004b9008 swift::mainEntry(int, char const**) + 5600
46 dyld                     0x000000018e4744e4 start + 6992
Failed frontend command:
/Applications/Xcode-27.0.0.app/Contents/Developer/Toolchains/XcodeDefault.xctoolchain/usr/bin/swift-frontend -frontend -c /Users/admin/builder/spi-builder-workspace/Sources/FoundationModelsKit/AnthropicLanguageModel.swift /Users/admin/builder/spi-builder-workspace/Sources/FoundationModelsKit/ConversationStore.swift /Users/admin/builder/spi-builder-workspace/Sources/FoundationModelsKit/DynamicProfileBuilder.swift /Users/admin/builder/spi-builder-workspace/Sources/FoundationModelsKit/EvaluationSuite.swift /Users/admin/builder/spi-builder-workspace/Sources/FoundationModelsKit/GeminiLanguageModel.swift /Users/admin/builder/spi-builder-workspace/Sources/FoundationModelsKit/LanguageModelProviding.swift /Users/admin/builder/spi-builder-workspace/Sources/FoundationModelsKit/MockLanguageModel.swift /Users/admin/builder/spi-builder-workspace/Sources/FoundationModelsKit/ModelRouter.swift -primary-file /Users/admin/builder/spi-builder-workspace/Sources/FoundationModelsKit/OnDeviceLanguageModel.swift -primary-file /Users/admin/builder/spi-builder-workspace/Sources/FoundationModelsKit/OnDeviceToolBridge.swift /Users/admin/builder/spi-builder-workspace/Sources/FoundationModelsKit/OpenAILanguageModel.swift /Users/admin/builder/spi-builder-workspace/Sources/FoundationModelsKit/RegionalAvailability.swift /Users/admin/builder/spi-builder-workspace/Sources/FoundationModelsKit/RetryPolicy.swift /Users/admin/builder/spi-builder-workspace/Sources/FoundationModelsKit/SDKIntegration.swift /Users/admin/builder/spi-builder-workspace/Sources/FoundationModelsKit/TokenEstimator.swift /Users/admin/builder/spi-builder-workspace/Sources/FoundationModelsKit/Tool.swift -emit-dependencies-path /Users/admin/builder/spi-builder-workspace/.derivedData/Build/Intermediates.noindex/FoundationModelsKit.build/Debug-appletvos/FoundationModelsKit-t.build/Objects-normal/arm64/OnDeviceLanguageModel.d -emit-const-values-path /Users/admin/builder/spi-builder-workspace/.derivedData/Build/Intermediates.noindex/FoundationModelsKit.build/Debug-appletvos/FoundationModelsKit-t.build/Objects-normal/arm64/OnDeviceLanguageModel.swiftconstvalues -emit-reference-dependencies-path /Users/admin/builder/spi-builder-workspace/.derivedData/Build/Intermediates.noindex/FoundationModelsKit.build/Debug-appletvos/FoundationModelsKit-t.build/Objects-normal/arm64/OnDeviceLanguageModel.swiftdeps -serialize-diagnostics-path /Users/admin/builder/spi-builder-workspace/.derivedData/Build/Intermediates.noindex/FoundationModelsKit.build/Debug-appletvos/FoundationModelsKit-t.build/Objects-normal/arm64/OnDeviceLanguageModel.dia -emit-dependencies-path /Users/admin/builder/spi-builder-workspace/.derivedData/Build/Intermediates.noindex/FoundationModelsKit.build/Debug-appletvos/FoundationModelsKit-t.build/Objects-normal/arm64/OnDeviceToolBridge.d -emit-const-values-path /Users/admin/builder/spi-builder-workspace/.derivedData/Build/Intermediates.noindex/FoundationModelsKit.build/Debug-appletvos/FoundationModelsKit-t.build/Objects-normal/arm64/OnDeviceToolBridge.swiftconstvalues -emit-reference-dependencies-path /Users/admin/builder/spi-builder-workspace/.derivedData/Build/Intermediates.noindex/FoundationModelsKit.build/Debug-appletvos/FoundationModelsKit-t.build/Objects-normal/arm64/OnDeviceToolBridge.swiftdeps -serialize-diagnostics-path /Users/admin/builder/spi-builder-workspace/.derivedData/Build/Intermediates.noindex/FoundationModelsKit.build/Debug-appletvos/FoundationModelsKit-t.build/Objects-normal/arm64/OnDeviceToolBridge.dia -target arm64-apple-tvos18.0 -module-can-import-version FoundationModels 2.0.68.1 0 -disable-cross-import-overlay-search -swift-module-cross-import FoundationModels /Applications/Xcode-27.0.0.app/Contents/Developer/Platforms/AppleTVOS.platform/Developer/SDKs/AppleTVOS27.0.sdk/System/Library/Frameworks/FoundationModels.framework/Modules/FoundationModels.swiftcrossimport/UIKit.swiftoverlay -load-resolved-plugin /Applications/Xcode-27.0.0.app/Contents/Developer/Platforms/AppleTVOS.platform/Developer/usr/lib/swift/host/plugins/libFoundationMacros.dylib\#/Applications/Xcode-27.0.0.app/Contents/Developer/Platforms/AppleTVOS.platform/Developer/usr/bin/swift-plugin-server\#FoundationMacros -load-resolved-plugin /Applications/Xcode-27.0.0.app/Contents/Developer/Platforms/AppleTVOS.platform/Developer/usr/lib/swift/host/plugins/libFoundationModelsMacros.dylib\#/Applications/Xcode-27.0.0.app/Contents/Developer/Platforms/AppleTVOS.platform/Developer/usr/bin/swift-plugin-server\#FoundationModelsMacros -load-resolved-plugin /Applications/Xcode-27.0.0.app/Contents/Developer/Platforms/AppleTVOS.platform/Developer/usr/lib/swift/host/plugins/libObservationMacros.dylib\#/Applications/Xcode-27.0.0.app/Contents/Developer/Platforms/AppleTVOS.platform/Developer/usr/bin/swift-plugin-server\#ObservationMacros -load-resolved-plugin /Applications/Xcode-27.0.0.app/Contents/Developer/Platforms/AppleTVOS.platform/Developer/usr/lib/swift/host/plugins/libSwiftMacros.dylib\#/Applications/Xcode-27.0.0.app/Contents/Developer/Platforms/AppleTVOS.platform/Developer/usr/bin/swift-plugin-server\#SwiftMacros -disable-implicit-swift-modules -Xcc -fno-implicit-modules -Xcc -fno-implicit-module-maps -explicit-swift-module-map-file /Users/admin/builder/spi-builder-workspace/.derivedData/Build/Intermediates.noindex/FoundationModelsKit.build/Debug-appletvos/FoundationModelsKit-t.build/Objects-normal/arm64/FoundationModelsKit-dependencies-1.json -Xllvm -aarch64-use-tbi -enable-objc-interop -stack-check -sdk /Applications/Xcode-27.0.0.app/Contents/Developer/Platforms/AppleTVOS.platform/Developer/SDKs/AppleTVOS27.0.sdk -I /Users/admin/builder/spi-builder-workspace/.derivedData/Build/Products/Debug-appletvos -Isystem /Applications/Xcode-27.0.0.app/Contents/Developer/Platforms/AppleTVOS.platform/Developer/usr/lib -F /Users/admin/builder/spi-builder-workspace/.derivedData/Build/Products/Debug-appletvos -F /Applications/Xcode-27.0.0.app/Contents/Developer/Platforms/AppleTVOS.platform/Developer/Library/Frameworks -F /Applications/Xcode-27.0.0.app/Contents/Developer/Platforms/AppleTVOS.platform/Developer/SDKs/AppleTVOS27.0.sdk/Developer/Library/Frameworks -module-cache-path /Users/admin/builder/spi-builder-workspace/.derivedData/Build/Intermediates.noindex/SwiftExplicitPrecompiledModules -no-color-diagnostics -Xcc -fno-color-diagnostics -enable-testing -g -debug-info-format\=dwarf -dwarf-version\=5 -profile-generate -profile-coverage-mapping -swift-version 6 -Onone -D SWIFT_PACKAGE -D DEBUG -D SWIFT_MODULE_RESOURCE_BUNDLE_UNAVAILABLE -D Xcode -serialize-debugging-options -enable-upcoming-feature ApproachableConcurrency -enable-experimental-feature DebugDescriptionMacro -empty-abi-descriptor -validate-clang-modules-once -clang-build-session-file /Users/admin/builder/spi-builder-workspace/.derivedData/ModuleCache.noindex/Session.modulevalidation -Xcc -working-directory -Xcc /Users/admin/builder/spi-builder-workspace/.swiftpm/xcode -enable-anonymous-context-mangled-names -file-compilation-dir /Users/admin/builder/spi-builder-workspace/.swiftpm/xcode -Xcc -D_LIBCPP_HARDENING_MODE\=_LIBCPP_HARDENING_MODE_DEBUG -Xcc -ivfsstatcache -Xcc /Users/admin/builder/spi-builder-workspace/.derivedData/SDKStatCaches.noindex/appletvos27.0-24J360-e829b21a6f8c9b70876ba0858053c044509235ffd515576fb835ffc8f67461e5.sdkstatcache -Xcc -fmodules-prune-interval\=86400 -Xcc -fmodules-prune-after\=345600 -Xcc -I/Users/admin/builder/spi-builder-workspace/.derivedData/Build/Products/Debug-appletvos/include -Xcc -I/Users/admin/builder/spi-builder-workspace/.derivedData/Build/Intermediates.noindex/FoundationModelsKit.build/Debug-appletvos/FoundationModelsKit-t.build/DerivedSources-normal/arm64 -Xcc -I/Users/admin/builder/spi-builder-workspace/.derivedData/Build/Intermediates.noindex/FoundationModelsKit.build/Debug-appletvos/FoundationModelsKit-t.build/DerivedSources/arm64 -Xcc -I/Users/admin/builder/spi-builder-workspace/.derivedData/Build/Intermediates.noindex/FoundationModelsKit.build/Debug-appletvos/FoundationModelsKit-t.build/DerivedSources -Xcc -DSWIFT_PACKAGE -Xcc -DDEBUG\=1 -no-auto-bridging-header-chaining -module-name FoundationModelsKit -package-name spi_builder_workspace -const-gather-protocols-file /Users/admin/builder/spi-builder-workspace/.derivedData/Build/Intermediates.noindex/FoundationModelsKit.build/Debug-appletvos/FoundationModelsKit-t.build/Objects-normal/arm64/FoundationModelsKit_const_extract_protocols.json -disable-clang-spi -clang-target arm64-apple-tvos27.0 -target-sdk-version 27.0 -target-sdk-name appletvos27.0 -in-process-plugin-server-path /Applications/Xcode-27.0.0.app/Contents/Developer/Toolchains/XcodeDefault.xctoolchain/usr/lib/swift/host/libSwiftInProcPluginServer.dylib -parse-as-library -o /Users/admin/builder/spi-builder-workspace/.derivedData/Build/Intermediates.noindex/FoundationModelsKit.build/Debug-appletvos/FoundationModelsKit-t.build/Objects-normal/arm64/OnDeviceLanguageModel.o -o /Users/admin/builder/spi-builder-workspace/.derivedData/Build/Intermediates.noindex/FoundationModelsKit.build/Debug-appletvos/FoundationModelsKit-t.build/Objects-normal/arm64/OnDeviceToolBridge.o -debug-module-path /Users/admin/builder/spi-builder-workspace/.derivedData/Build/Intermediates.noindex/FoundationModelsKit.build/Debug-appletvos/FoundationModelsKit-t.build/Objects-normal/arm64/FoundationModelsKit.swiftmodule -index-unit-output-path /FoundationModelsKit.build/Debug-appletvos/FoundationModelsKit-t.build/Objects-normal/arm64/OnDeviceLanguageModel.o -index-unit-output-path /FoundationModelsKit.build/Debug-appletvos/FoundationModelsKit-t.build/Objects-normal/arm64/OnDeviceToolBridge.o -index-store-path /Users/admin/builder/spi-builder-workspace/.derivedData/Index.noindex/DataStore -index-system-modules
Command SwiftCompile failed with a nonzero exit code
SwiftCompile normal arm64 /Users/admin/builder/spi-builder-workspace/Sources/FoundationModelsKit/OnDeviceLanguageModel.swift (in target 'FoundationModelsKit' from project 'FoundationModelsKit')
    cd /Users/admin/builder/spi-builder-workspace/.swiftpm/xcode
    builtin-SwiftPerFileCompile OnDeviceLanguageModel.swift
/Users/admin/builder/spi-builder-workspace/.derivedData/Build/Intermediates.noindex/FoundationModelsKit.build/Debug-appletvos/FoundationModelsKit-t.build/Objects-normal/arm64/OnDeviceLanguageModel.dia:1:1: warning: Could not read serialized diagnostics file: Error Domain=NSCocoaErrorDomain Code=260 "The file “OnDeviceLanguageModel.dia” couldn’t be opened because there is no such file." UserInfo={NSFilePath=/Users/admin/builder/spi-builder-workspace/.derivedData/Build/Intermediates.noindex/FoundationModelsKit.build/Debug-appletvos/FoundationModelsKit-t.build/Objects-normal/arm64/OnDeviceLanguageModel.dia, NSURL=file:///Users/admin/builder/spi-builder-workspace/.derivedData/Build/Intermediates.noindex/FoundationModelsKit.build/Debug-appletvos/FoundationModelsKit-t.build/Objects-normal/arm64/OnDeviceLanguageModel.dia, NSUnderlyingError=0xaa924fd80 {Error Domain=NSPOSIXErrorDomain Code=2 "No such file or directory"}} (in target 'FoundationModelsKit' from project 'FoundationModelsKit')
SwiftCompile normal arm64 /Users/admin/builder/spi-builder-workspace/Sources/FoundationModelsKit/OnDeviceToolBridge.swift (in target 'FoundationModelsKit' from project 'FoundationModelsKit')
    cd /Users/admin/builder/spi-builder-workspace/.swiftpm/xcode
    builtin-SwiftPerFileCompile OnDeviceToolBridge.swift
/Users/admin/builder/spi-builder-workspace/.derivedData/Build/Intermediates.noindex/FoundationModelsKit.build/Debug-appletvos/FoundationModelsKit-t.build/Objects-normal/arm64/OnDeviceToolBridge.dia:1:1: warning: Could not read serialized diagnostics file: Error Domain=NSCocoaErrorDomain Code=260 "The file “OnDeviceToolBridge.dia” couldn’t be opened because there is no such file." UserInfo={NSFilePath=/Users/admin/builder/spi-builder-workspace/.derivedData/Build/Intermediates.noindex/FoundationModelsKit.build/Debug-appletvos/FoundationModelsKit-t.build/Objects-normal/arm64/OnDeviceToolBridge.dia, NSURL=file:///Users/admin/builder/spi-builder-workspace/.derivedData/Build/Intermediates.noindex/FoundationModelsKit.build/Debug-appletvos/FoundationModelsKit-t.build/Objects-normal/arm64/OnDeviceToolBridge.dia, NSUnderlyingError=0xaa924cb40 {Error Domain=NSPOSIXErrorDomain Code=2 "No such file or directory"}} (in target 'FoundationModelsKit' from project 'FoundationModelsKit')
SwiftCompile normal arm64 Compiling\ MockLanguageModel.swift,\ ModelRouter.swift /Users/admin/builder/spi-builder-workspace/Sources/FoundationModelsKit/MockLanguageModel.swift /Users/admin/builder/spi-builder-workspace/Sources/FoundationModelsKit/ModelRouter.swift (in target 'FoundationModelsKit' from project 'FoundationModelsKit')
SwiftCompile normal arm64 /Users/admin/builder/spi-builder-workspace/Sources/FoundationModelsKit/MockLanguageModel.swift (in target 'FoundationModelsKit' from project 'FoundationModelsKit')
    cd /Users/admin/builder/spi-builder-workspace/.swiftpm/xcode
    builtin-SwiftPerFileCompile MockLanguageModel.swift
SwiftCompile normal arm64 /Users/admin/builder/spi-builder-workspace/Sources/FoundationModelsKit/ModelRouter.swift (in target 'FoundationModelsKit' from project 'FoundationModelsKit')
    cd /Users/admin/builder/spi-builder-workspace/.swiftpm/xcode
    builtin-SwiftPerFileCompile ModelRouter.swift
SwiftCompile normal arm64 Compiling\ GeminiLanguageModel.swift,\ LanguageModelProviding.swift /Users/admin/builder/spi-builder-workspace/Sources/FoundationModelsKit/GeminiLanguageModel.swift /Users/admin/builder/spi-builder-workspace/Sources/FoundationModelsKit/LanguageModelProviding.swift (in target 'FoundationModelsKit' from project 'FoundationModelsKit')
SwiftCompile normal arm64 /Users/admin/builder/spi-builder-workspace/Sources/FoundationModelsKit/GeminiLanguageModel.swift (in target 'FoundationModelsKit' from project 'FoundationModelsKit')
    cd /Users/admin/builder/spi-builder-workspace/.swiftpm/xcode
    builtin-SwiftPerFileCompile GeminiLanguageModel.swift
SwiftCompile normal arm64 /Users/admin/builder/spi-builder-workspace/Sources/FoundationModelsKit/LanguageModelProviding.swift (in target 'FoundationModelsKit' from project 'FoundationModelsKit')
    cd /Users/admin/builder/spi-builder-workspace/.swiftpm/xcode
    builtin-SwiftPerFileCompile LanguageModelProviding.swift
SwiftCompile normal arm64 Compiling\ AnthropicLanguageModel.swift,\ ConversationStore.swift /Users/admin/builder/spi-builder-workspace/Sources/FoundationModelsKit/AnthropicLanguageModel.swift /Users/admin/builder/spi-builder-workspace/Sources/FoundationModelsKit/ConversationStore.swift (in target 'FoundationModelsKit' from project 'FoundationModelsKit')
SwiftCompile normal arm64 /Users/admin/builder/spi-builder-workspace/Sources/FoundationModelsKit/AnthropicLanguageModel.swift (in target 'FoundationModelsKit' from project 'FoundationModelsKit')
    cd /Users/admin/builder/spi-builder-workspace/.swiftpm/xcode
    builtin-SwiftPerFileCompile AnthropicLanguageModel.swift
SwiftCompile normal arm64 /Users/admin/builder/spi-builder-workspace/Sources/FoundationModelsKit/ConversationStore.swift (in target 'FoundationModelsKit' from project 'FoundationModelsKit')
    cd /Users/admin/builder/spi-builder-workspace/.swiftpm/xcode
    builtin-SwiftPerFileCompile ConversationStore.swift
SwiftCompile normal arm64 Compiling\ DynamicProfileBuilder.swift,\ EvaluationSuite.swift /Users/admin/builder/spi-builder-workspace/Sources/FoundationModelsKit/DynamicProfileBuilder.swift /Users/admin/builder/spi-builder-workspace/Sources/FoundationModelsKit/EvaluationSuite.swift (in target 'FoundationModelsKit' from project 'FoundationModelsKit')
SwiftCompile normal arm64 /Users/admin/builder/spi-builder-workspace/Sources/FoundationModelsKit/DynamicProfileBuilder.swift (in target 'FoundationModelsKit' from project 'FoundationModelsKit')
    cd /Users/admin/builder/spi-builder-workspace/.swiftpm/xcode
    builtin-SwiftPerFileCompile DynamicProfileBuilder.swift
SwiftCompile normal arm64 /Users/admin/builder/spi-builder-workspace/Sources/FoundationModelsKit/EvaluationSuite.swift (in target 'FoundationModelsKit' from project 'FoundationModelsKit')
    cd /Users/admin/builder/spi-builder-workspace/.swiftpm/xcode
    builtin-SwiftPerFileCompile EvaluationSuite.swift
SwiftCompile normal arm64 Compiling\ OpenAILanguageModel.swift,\ RegionalAvailability.swift /Users/admin/builder/spi-builder-workspace/Sources/FoundationModelsKit/OpenAILanguageModel.swift /Users/admin/builder/spi-builder-workspace/Sources/FoundationModelsKit/RegionalAvailability.swift (in target 'FoundationModelsKit' from project 'FoundationModelsKit')
SwiftCompile normal arm64 /Users/admin/builder/spi-builder-workspace/Sources/FoundationModelsKit/OpenAILanguageModel.swift (in target 'FoundationModelsKit' from project 'FoundationModelsKit')
    cd /Users/admin/builder/spi-builder-workspace/.swiftpm/xcode
    builtin-SwiftPerFileCompile OpenAILanguageModel.swift
SwiftCompile normal arm64 /Users/admin/builder/spi-builder-workspace/Sources/FoundationModelsKit/RegionalAvailability.swift (in target 'FoundationModelsKit' from project 'FoundationModelsKit')
    cd /Users/admin/builder/spi-builder-workspace/.swiftpm/xcode
    builtin-SwiftPerFileCompile RegionalAvailability.swift
PruneExplicitPrecompiledModules /Users/admin/builder/spi-builder-workspace/.derivedData/Build/Intermediates.noindex/SwiftExplicitPrecompiledModules
PruneExplicitPrecompiledModules /Users/admin/builder/spi-builder-workspace/.derivedData/Build/Intermediates.noindex/ExplicitPrecompiledModules
PruneExplicitPrecompiledModules /Users/admin/builder/spi-builder-workspace/.derivedData/SDKExplicitPrecompiledModules
2026-10-12 05:32:09.716 xcodebuild[622:3857] [MT] IDERunDestination: Supported platforms for the buildables in the current scheme is empty.
** BUILD FAILED **
The following build commands failed:
	SwiftCompile normal arm64 Compiling\ OnDeviceLanguageModel.swift,\ OnDeviceToolBridge.swift /Users/admin/builder/spi-builder-workspace/Sources/FoundationModelsKit/OnDeviceLanguageModel.swift /Users/admin/builder/spi-builder-workspace/Sources/FoundationModelsKit/OnDeviceToolBridge.swift (in target 'FoundationModelsKit' from project 'FoundationModelsKit')
	Building workspace FoundationModelsKit with scheme FoundationModelsKit
(2 failures)
Command line invocation:
    /Applications/Xcode-27.0.0.app/Contents/Developer/usr/bin/xcodebuild -IDEClonedSourcePackagesDirPathOverride=/Users/admin/builder/spi-builder-workspace/.dependencies -resolvePackageDependencies
Resolve Package Graph
Resolved source packages:
  FoundationModelsKit: /Users/admin/builder/spi-builder-workspace
resolved source packages: FoundationModelsKit
2026-10-12 05:32:15.018 xcodebuild[682:4119] [MT] IDERunDestination: Supported platforms for the buildables in the current scheme is empty.
{
  "dependencies" : [
  ],
  "manifest_display_name" : "FoundationModelsKit",
  "name" : "FoundationModelsKit",
  "path" : "/Users/admin/builder/spi-builder-workspace",
  "platforms" : [
    {
      "name" : "macos",
      "version" : "15.0"
    },
    {
      "name" : "ios",
      "version" : "18.0"
    },
    {
      "name" : "watchos",
      "version" : "11.0"
    },
    {
      "name" : "tvos",
      "version" : "18.0"
    },
    {
      "name" : "visionos",
      "version" : "2.0"
    }
  ],
  "products" : [
    {
      "name" : "FoundationModelsKit",
      "targets" : [
        "FoundationModelsKit"
      ],
      "type" : {
        "library" : [
          "automatic"
        ]
      }
    }
  ],
  "swift_languages_versions" : [
    "6"
  ],
  "targets" : [
    {
      "c99name" : "FoundationModelsKitTests",
      "module_type" : "SwiftTarget",
      "name" : "FoundationModelsKitTests",
      "path" : "Tests/FoundationModelsKitTests",
      "sources" : [
        "FoundationModelsKitTests.swift"
      ],
      "target_dependencies" : [
        "FoundationModelsKit"
      ],
      "type" : "test"
    },
    {
      "c99name" : "FoundationModelsKit",
      "module_type" : "SwiftTarget",
      "name" : "FoundationModelsKit",
      "path" : "Sources/FoundationModelsKit",
      "product_memberships" : [
        "FoundationModelsKit"
      ],
      "sources" : [
        "AnthropicLanguageModel.swift",
        "ConversationStore.swift",
        "DynamicProfileBuilder.swift",
        "EvaluationSuite.swift",
        "GeminiLanguageModel.swift",
        "LanguageModelProviding.swift",
        "MockLanguageModel.swift",
        "ModelRouter.swift",
        "OnDeviceLanguageModel.swift",
        "OnDeviceToolBridge.swift",
        "OpenAILanguageModel.swift",
        "RegionalAvailability.swift",
        "RetryPolicy.swift",
        "SDKIntegration.swift",
        "TokenEstimator.swift",
        "Tool.swift"
      ],
      "type" : "library"
    }
  ],
  "tools_version" : "6.0"
}
{
  "workspace" : {
    "name" : "FoundationModelsKit",
    "schemes" : [
      "FoundationModelsKit"
    ]
  }
}
2026-10-12 05:32:16.414 xcodebuild[710:4344] [MT] IDERunDestination: Supported platforms for the buildables in the current scheme is empty.
Running build ...
env DEVELOPER_DIR=/Applications/Xcode-27.0.0-Release.Candidate.app xcrun xcodebuild -IDEClonedSourcePackagesDirPathOverride=$PWD/.dependencies -skipMacroValidation -skipPackagePluginValidation -derivedDataPath $PWD/.derivedData build -scheme FoundationModelsKit -destination generic/platform=tvOS
Command line invocation:
    /Applications/Xcode-27.0.0.app/Contents/Developer/usr/bin/xcodebuild -IDEClonedSourcePackagesDirPathOverride=/Users/admin/builder/spi-builder-workspace/.dependencies -skipMacroValidation -skipPackagePluginValidation -derivedDataPath /Users/admin/builder/spi-builder-workspace/.derivedData build -scheme FoundationModelsKit -destination generic/platform=tvOS
Resolve Package Graph
Resolved source packages:
  FoundationModelsKit: /Users/admin/builder/spi-builder-workspace
ComputePackagePrebuildTargetDependencyGraph
Prepare packages
CreateBuildRequest
SendProjectDescription
CreateBuildOperation
ComputeTargetDependencyGraph
note: Building targets in dependency order
note: Target dependency graph (2 targets)
    Target 'FoundationModelsKit-product' in project 'FoundationModelsKit'
        ➜ Explicit dependency on target 'FoundationModelsKit' in project 'FoundationModelsKit'
    Target 'FoundationModelsKit' in project 'FoundationModelsKit' (no dependencies)
GatherProvisioningInputs
CreateBuildDescription
ClangStatCache /Applications/Xcode-27.0.0.app/Contents/Developer/Toolchains/XcodeDefault.xctoolchain/usr/bin/clang-stat-cache /Applications/Xcode-27.0.0.app/Contents/Developer/Platforms/AppleTVOS.platform/Developer/SDKs/AppleTVOS27.0.sdk /Users/admin/builder/spi-builder-workspace/.derivedData/SDKStatCaches.noindex/appletvos27.0-24J360-e829b21a6f8c9b70876ba0858053c044509235ffd515576fb835ffc8f67461e5.sdkstatcache
    cd /Users/admin/builder/spi-builder-workspace/.swiftpm/xcode
    /Applications/Xcode-27.0.0.app/Contents/Developer/Toolchains/XcodeDefault.xctoolchain/usr/bin/clang-stat-cache /Applications/Xcode-27.0.0.app/Contents/Developer/Platforms/AppleTVOS.platform/Developer/SDKs/AppleTVOS27.0.sdk -o /Users/admin/builder/spi-builder-workspace/.derivedData/SDKStatCaches.noindex/appletvos27.0-24J360-e829b21a6f8c9b70876ba0858053c044509235ffd515576fb835ffc8f67461e5.sdkstatcache
SwiftDriver FoundationModelsKit normal arm64 com.apple.xcode.tools.swift.compiler (in target 'FoundationModelsKit' from project 'FoundationModelsKit')
    cd /Users/admin/builder/spi-builder-workspace/.swiftpm/xcode
    builtin-SwiftDriver -- /Applications/Xcode-27.0.0.app/Contents/Developer/Toolchains/XcodeDefault.xctoolchain/usr/bin/swiftc -parse-as-library -module-name FoundationModelsKit -Onone @/Users/admin/builder/spi-builder-workspace/.derivedData/Build/Intermediates.noindex/FoundationModelsKit.build/Debug-appletvos/FoundationModelsKit-t.build/Objects-normal/arm64/FoundationModelsKit.SwiftFileList -DSWIFT_PACKAGE -DDEBUG -DSWIFT_MODULE_RESOURCE_BUNDLE_UNAVAILABLE -DXcode -enable-upcoming-feature ApproachableConcurrency -plugin-path /Applications/Xcode-27.0.0.app/Contents/Developer/Toolchains/XcodeDefault.xctoolchain/usr/lib/swift/host/plugins/testing -enable-experimental-feature DebugDescriptionMacro -sdk /Applications/Xcode-27.0.0.app/Contents/Developer/Platforms/AppleTVOS.platform/Developer/SDKs/AppleTVOS27.0.sdk -target arm64-apple-tvos18.0 -g -module-cache-path /Users/admin/builder/spi-builder-workspace/.derivedData/ModuleCache.noindex -Xfrontend -serialize-debugging-options -profile-coverage-mapping -profile-generate -enable-testing -index-store-path /Users/admin/builder/spi-builder-workspace/.derivedData/Index.noindex/DataStore -Xcc -D_LIBCPP_HARDENING_MODE\=_LIBCPP_HARDENING_MODE_DEBUG -swift-version 6 -I /Users/admin/builder/spi-builder-workspace/.derivedData/Build/Products/Debug-appletvos -Isystem /Applications/Xcode-27.0.0.app/Contents/Developer/Platforms/AppleTVOS.platform/Developer/usr/lib -F /Users/admin/builder/spi-builder-workspace/.derivedData/Build/Products/Debug-appletvos -F /Applications/Xcode-27.0.0.app/Contents/Developer/Platforms/AppleTVOS.platform/Developer/Library/Frameworks -F /Applications/Xcode-27.0.0.app/Contents/Developer/Platforms/AppleTVOS.platform/Developer/SDKs/AppleTVOS27.0.sdk/Developer/Library/Frameworks -c -j10 -enable-batch-mode -incremental -Xcc -ivfsstatcache -Xcc /Users/admin/builder/spi-builder-workspace/.derivedData/SDKStatCaches.noindex/appletvos27.0-24J360-e829b21a6f8c9b70876ba0858053c044509235ffd515576fb835ffc8f67461e5.sdkstatcache -output-file-map /Users/admin/builder/spi-builder-workspace/.derivedData/Build/Intermediates.noindex/FoundationModelsKit.build/Debug-appletvos/FoundationModelsKit-t.build/Objects-normal/arm64/FoundationModelsKit-OutputFileMap.json -save-temps -no-color-diagnostics -explicit-module-build -module-cache-path /Users/admin/builder/spi-builder-workspace/.derivedData/Build/Intermediates.noindex/SwiftExplicitPrecompiledModules -clang-scanner-module-cache-path /Users/admin/builder/spi-builder-workspace/.derivedData/ModuleCache.noindex -sdk-module-cache-path /Users/admin/builder/spi-builder-workspace/.derivedData/SDKExplicitPrecompiledModules -emit-dependencies -emit-module -emit-module-path /Users/admin/builder/spi-builder-workspace/.derivedData/Build/Intermediates.noindex/FoundationModelsKit.build/Debug-appletvos/FoundationModelsKit-t.build/Objects-normal/arm64/FoundationModelsKit.swiftmodule -serialize-diagnostics -dependency-scan-serialize-diagnostics-path /Users/admin/builder/spi-builder-workspace/.derivedData/Build/Intermediates.noindex/FoundationModelsKit.build/Debug-appletvos/FoundationModelsKit-t.build/Objects-normal/arm64/FoundationModelsKit-dependency-scan.dia -validate-clang-modules-once -clang-build-session-file /Users/admin/builder/spi-builder-workspace/.derivedData/ModuleCache.noindex/Session.modulevalidation -Xcc -fmodules-prune-interval\=86400 -Xcc -fmodules-prune-after\=345600 -package-name spi_builder_workspace -emit-const-values -const-gather-protocols-list /Users/admin/builder/spi-builder-workspace/.derivedData/Build/Intermediates.noindex/FoundationModelsKit.build/Debug-appletvos/FoundationModelsKit-t.build/Objects-normal/arm64/FoundationModelsKit_const_extract_protocols.json -Xcc -I/Users/admin/builder/spi-builder-workspace/.derivedData/Build/Products/Debug-appletvos/include -Xcc -I/Users/admin/builder/spi-builder-workspace/.derivedData/Build/Intermediates.noindex/FoundationModelsKit.build/Debug-appletvos/FoundationModelsKit-t.build/DerivedSources-normal/arm64 -Xcc -I/Users/admin/builder/spi-builder-workspace/.derivedData/Build/Intermediates.noindex/FoundationModelsKit.build/Debug-appletvos/FoundationModelsKit-t.build/DerivedSources/arm64 -Xcc -I/Users/admin/builder/spi-builder-workspace/.derivedData/Build/Intermediates.noindex/FoundationModelsKit.build/Debug-appletvos/FoundationModelsKit-t.build/DerivedSources -Xcc -DSWIFT_PACKAGE -Xcc -DDEBUG\=1 -emit-objc-header -emit-objc-header-path /Users/admin/builder/spi-builder-workspace/.derivedData/Build/Intermediates.noindex/FoundationModelsKit.build/Debug-appletvos/FoundationModelsKit-t.build/Objects-normal/arm64/FoundationModelsKit-Swift.h -working-directory /Users/admin/builder/spi-builder-workspace/.swiftpm/xcode -experimental-emit-module-separately -disable-cmo
SwiftCompile normal arm64 Compiling\ AnthropicLanguageModel.swift,\ ConversationStore.swift /Users/admin/builder/spi-builder-workspace/Sources/FoundationModelsKit/AnthropicLanguageModel.swift /Users/admin/builder/spi-builder-workspace/Sources/FoundationModelsKit/ConversationStore.swift (in target 'FoundationModelsKit' from project 'FoundationModelsKit')
SwiftCompile normal arm64 /Users/admin/builder/spi-builder-workspace/Sources/FoundationModelsKit/AnthropicLanguageModel.swift (in target 'FoundationModelsKit' from project 'FoundationModelsKit')
    cd /Users/admin/builder/spi-builder-workspace/.swiftpm/xcode
    builtin-SwiftPerFileCompile AnthropicLanguageModel.swift
SwiftCompile normal arm64 /Users/admin/builder/spi-builder-workspace/Sources/FoundationModelsKit/ConversationStore.swift (in target 'FoundationModelsKit' from project 'FoundationModelsKit')
    cd /Users/admin/builder/spi-builder-workspace/.swiftpm/xcode
    builtin-SwiftPerFileCompile ConversationStore.swift
SwiftCompile normal arm64 Compiling\ DynamicProfileBuilder.swift,\ EvaluationSuite.swift /Users/admin/builder/spi-builder-workspace/Sources/FoundationModelsKit/DynamicProfileBuilder.swift /Users/admin/builder/spi-builder-workspace/Sources/FoundationModelsKit/EvaluationSuite.swift (in target 'FoundationModelsKit' from project 'FoundationModelsKit')
SwiftCompile normal arm64 /Users/admin/builder/spi-builder-workspace/Sources/FoundationModelsKit/DynamicProfileBuilder.swift (in target 'FoundationModelsKit' from project 'FoundationModelsKit')
    cd /Users/admin/builder/spi-builder-workspace/.swiftpm/xcode
    builtin-SwiftPerFileCompile DynamicProfileBuilder.swift
SwiftCompile normal arm64 /Users/admin/builder/spi-builder-workspace/Sources/FoundationModelsKit/EvaluationSuite.swift (in target 'FoundationModelsKit' from project 'FoundationModelsKit')
    cd /Users/admin/builder/spi-builder-workspace/.swiftpm/xcode
    builtin-SwiftPerFileCompile EvaluationSuite.swift
SwiftCompile normal arm64 Compiling\ GeminiLanguageModel.swift,\ LanguageModelProviding.swift /Users/admin/builder/spi-builder-workspace/Sources/FoundationModelsKit/GeminiLanguageModel.swift /Users/admin/builder/spi-builder-workspace/Sources/FoundationModelsKit/LanguageModelProviding.swift (in target 'FoundationModelsKit' from project 'FoundationModelsKit')
SwiftCompile normal arm64 /Users/admin/builder/spi-builder-workspace/Sources/FoundationModelsKit/GeminiLanguageModel.swift (in target 'FoundationModelsKit' from project 'FoundationModelsKit')
    cd /Users/admin/builder/spi-builder-workspace/.swiftpm/xcode
    builtin-SwiftPerFileCompile GeminiLanguageModel.swift
SwiftCompile normal arm64 /Users/admin/builder/spi-builder-workspace/Sources/FoundationModelsKit/LanguageModelProviding.swift (in target 'FoundationModelsKit' from project 'FoundationModelsKit')
    cd /Users/admin/builder/spi-builder-workspace/.swiftpm/xcode
    builtin-SwiftPerFileCompile LanguageModelProviding.swift
SwiftEmitModule normal arm64 Emitting\ module\ for\ FoundationModelsKit (in target 'FoundationModelsKit' from project 'FoundationModelsKit')
SwiftCompile normal arm64 (in target 'FoundationModelsKit' from project 'FoundationModelsKit')
    cd /Users/admin/builder/spi-builder-workspace/.swiftpm/xcode

SwiftCompile normal arm64 Compiling\ TokenEstimator.swift /Users/admin/builder/spi-builder-workspace/Sources/FoundationModelsKit/TokenEstimator.swift (in target 'FoundationModelsKit' from project 'FoundationModelsKit')
SwiftCompile normal arm64 /Users/admin/builder/spi-builder-workspace/Sources/FoundationModelsKit/TokenEstimator.swift (in target 'FoundationModelsKit' from project 'FoundationModelsKit')
    cd /Users/admin/builder/spi-builder-workspace/.swiftpm/xcode
    builtin-SwiftPerFileCompile TokenEstimator.swift
SwiftCompile normal arm64 Compiling\ OnDeviceLanguageModel.swift,\ OnDeviceToolBridge.swift /Users/admin/builder/spi-builder-workspace/Sources/FoundationModelsKit/OnDeviceLanguageModel.swift /Users/admin/builder/spi-builder-workspace/Sources/FoundationModelsKit/OnDeviceToolBridge.swift (in target 'FoundationModelsKit' from project 'FoundationModelsKit')
/Users/admin/builder/spi-builder-workspace/Sources/FoundationModelsKit/OnDeviceLanguageModel.swift:100:42: error: 'LanguageModelSession' is unavailable in tvOS
 98 | #if canImport(FoundationModels)
 99 |     @available(macOS 26.0, iOS 26.0, watchOS 26.0, tvOS 26.0, visionOS 26.0, *)
100 |     private func makeSession() throws -> LanguageModelSession {
    |                                          `- error: 'LanguageModelSession' is unavailable in tvOS
101 |         guard !tools.isEmpty else { return LanguageModelSession() }
102 |         return LanguageModelSession(tools: try tools.map(OnDeviceToolAdapter.init))
FoundationModels.LanguageModelSession:3:20: note: 'LanguageModelSession' has been explicitly marked unavailable here
1 | @available(iOS 26.0, macOS 26.0, watchOS 27.0, *)
2 | @available(tvOS, unavailable)
3 | final public class LanguageModelSession {
  |                    `- note: 'LanguageModelSession' has been explicitly marked unavailable here
4 |     final public var transcript: Transcript { get set }
5 |     @objc deinit
/Users/admin/builder/spi-builder-workspace/Sources/FoundationModelsKit/OnDeviceLanguageModel.swift:45:44: error: 'respond(to:options:)' is unavailable in tvOS
 43 |         do {
 44 |             let session = try makeSession()
 45 |             let result = try await session.respond(to: request.content)
    |                                            `- error: 'respond(to:options:)' is unavailable in tvOS
 46 |             // The framework exposes no token counts, so these are estimates.
 47 |             return ModelResponse(
FoundationModels.LanguageModelSession.respond:3:45: note: 'respond(to:options:)' has been explicitly marked unavailable here
1 | class LanguageModelSession {
2 | @discardableResult
3 |   nonisolated(nonsending) final public func respond(to prompt: String, options: GenerationOptions = GenerationOptions()) async throws -> LanguageModelSession.Response<String>}
  |                                             `- note: 'respond(to:options:)' has been explicitly marked unavailable here
4 |
/Users/admin/builder/spi-builder-workspace/Sources/FoundationModelsKit/OnDeviceLanguageModel.swift:45:17: error: conformance of 'String' to 'Generable' is unavailable in tvOS
 43 |         do {
 44 |             let session = try makeSession()
 45 |             let result = try await session.respond(to: request.content)
    |                 `- error: conformance of 'String' to 'Generable' is unavailable in tvOS
 46 |             // The framework exposes no token counts, so these are estimates.
 47 |             return ModelResponse(
FoundationModels.String:3:11: note: conformance of 'String' to 'Generable' has been explicitly marked unavailable here
1 | @available(iOS 26.0, macOS 26.0, watchOS 27.0, *)
2 | @available(tvOS, unavailable)
3 | extension String : Generable {
  |           `- note: conformance of 'String' to 'Generable' has been explicitly marked unavailable here
4 |     public static var generationSchema: GenerationSchema { get }
5 |     public init(_ content: GeneratedContent) throws
/Users/admin/builder/spi-builder-workspace/Sources/FoundationModelsKit/OnDeviceLanguageModel.swift:48:33: error: conformance of 'String' to 'Generable' is unavailable in tvOS
 46 |             // The framework exposes no token counts, so these are estimates.
 47 |             return ModelResponse(
 48 |                 content: result.content,
    |                                 `- error: conformance of 'String' to 'Generable' is unavailable in tvOS
 49 |                 stopReason: "end_turn",
 50 |                 usage: .estimated(
FoundationModels.String:3:11: note: conformance of 'String' to 'Generable' has been explicitly marked unavailable here
1 | @available(iOS 26.0, macOS 26.0, watchOS 27.0, *)
2 | @available(tvOS, unavailable)
3 | extension String : Generable {
  |           `- note: conformance of 'String' to 'Generable' has been explicitly marked unavailable here
4 |     public static var generationSchema: GenerationSchema { get }
5 |     public init(_ content: GeneratedContent) throws
/Users/admin/builder/spi-builder-workspace/Sources/FoundationModelsKit/OnDeviceLanguageModel.swift:52:45: error: conformance of 'String' to 'Generable' is unavailable in tvOS
 50 |                 usage: .estimated(
 51 |                     promptChars: request.content.count,
 52 |                     completionChars: result.content.count
    |                                             `- error: conformance of 'String' to 'Generable' is unavailable in tvOS
 53 |                 )
 54 |             )
FoundationModels.String:3:11: note: conformance of 'String' to 'Generable' has been explicitly marked unavailable here
1 | @available(iOS 26.0, macOS 26.0, watchOS 27.0, *)
2 | @available(tvOS, unavailable)
3 | extension String : Generable {
  |           `- note: conformance of 'String' to 'Generable' has been explicitly marked unavailable here
4 |     public static var generationSchema: GenerationSchema { get }
5 |     public init(_ content: GeneratedContent) throws
/Users/admin/builder/spi-builder-workspace/Sources/FoundationModelsKit/OnDeviceLanguageModel.swift:77:29: error: conformance of 'String' to 'Generable' is unavailable in tvOS
 75 |                         try Task.checkCancellation()
 76 |                         // Yield only the delta since the last snapshot.
 77 |                         let full = snapshot.content
    |                             `- error: conformance of 'String' to 'Generable' is unavailable in tvOS
 78 |                         let delta = String(full.dropFirst(previous.count))
 79 |                         if !delta.isEmpty { continuation.yield(delta) }
FoundationModels.String:3:11: note: conformance of 'String' to 'Generable' has been explicitly marked unavailable here
1 | @available(iOS 26.0, macOS 26.0, watchOS 27.0, *)
2 | @available(tvOS, unavailable)
3 | extension String : Generable {
  |           `- note: conformance of 'String' to 'Generable' has been explicitly marked unavailable here
4 |     public static var generationSchema: GenerationSchema { get }
5 |     public init(_ content: GeneratedContent) throws
/Users/admin/builder/spi-builder-workspace/Sources/FoundationModelsKit/OnDeviceLanguageModel.swift:74:55: error: 'streamResponse(to:options:)' is unavailable in tvOS
 72 |                     let session = try makeSession()
 73 |                     var previous = ""
 74 |                     for try await snapshot in session.streamResponse(to: request.content) {
    |                                                       `- error: 'streamResponse(to:options:)' is unavailable in tvOS
 75 |                         try Task.checkCancellation()
 76 |                         // Yield only the delta since the last snapshot.
FoundationModels.LanguageModelSession.streamResponse:2:19: note: 'streamResponse(to:options:)' has been explicitly marked unavailable here
1 | class LanguageModelSession {
2 | final public func streamResponse(to prompt: String, options: GenerationOptions = GenerationOptions()) -> sending LanguageModelSession.ResponseStream<String>}
  |                   `- note: 'streamResponse(to:options:)' has been explicitly marked unavailable here
3 |
Assertion failed: (Range.hasLowerEndpoint()), function getVersionString at AvailabilityRange.h:337.
(to display assertion configuration options: -Xllvm -assert-help)
Please submit a bug report (https://swift.org/contributing/#reporting-bugs) and include the crash backtrace.
Stack dump:
0.	Program arguments: /Applications/Xcode-27.0.0.app/Contents/Developer/Toolchains/XcodeDefault.xctoolchain/usr/bin/swift-frontend -frontend -c /Users/admin/builder/spi-builder-workspace/Sources/FoundationModelsKit/AnthropicLanguageModel.swift /Users/admin/builder/spi-builder-workspace/Sources/FoundationModelsKit/ConversationStore.swift /Users/admin/builder/spi-builder-workspace/Sources/FoundationModelsKit/DynamicProfileBuilder.swift /Users/admin/builder/spi-builder-workspace/Sources/FoundationModelsKit/EvaluationSuite.swift /Users/admin/builder/spi-builder-workspace/Sources/FoundationModelsKit/GeminiLanguageModel.swift /Users/admin/builder/spi-builder-workspace/Sources/FoundationModelsKit/LanguageModelProviding.swift /Users/admin/builder/spi-builder-workspace/Sources/FoundationModelsKit/MockLanguageModel.swift /Users/admin/builder/spi-builder-workspace/Sources/FoundationModelsKit/ModelRouter.swift -primary-file /Users/admin/builder/spi-builder-workspace/Sources/FoundationModelsKit/OnDeviceLanguageModel.swift -primary-file /Users/admin/builder/spi-builder-workspace/Sources/FoundationModelsKit/OnDeviceToolBridge.swift /Users/admin/builder/spi-builder-workspace/Sources/FoundationModelsKit/OpenAILanguageModel.swift /Users/admin/builder/spi-builder-workspace/Sources/FoundationModelsKit/RegionalAvailability.swift /Users/admin/builder/spi-builder-workspace/Sources/FoundationModelsKit/RetryPolicy.swift /Users/admin/builder/spi-builder-workspace/Sources/FoundationModelsKit/SDKIntegration.swift /Users/admin/builder/spi-builder-workspace/Sources/FoundationModelsKit/TokenEstimator.swift /Users/admin/builder/spi-builder-workspace/Sources/FoundationModelsKit/Tool.swift -emit-dependencies-path /Users/admin/builder/spi-builder-workspace/.derivedData/Build/Intermediates.noindex/FoundationModelsKit.build/Debug-appletvos/FoundationModelsKit-t.build/Objects-normal/arm64/OnDeviceLanguageModel.d -emit-const-values-path /Users/admin/builder/spi-builder-workspace/.derivedData/Build/Intermediates.noindex/FoundationModelsKit.build/Debug-appletvos/FoundationModelsKit-t.build/Objects-normal/arm64/OnDeviceLanguageModel.swiftconstvalues -emit-reference-dependencies-path /Users/admin/builder/spi-builder-workspace/.derivedData/Build/Intermediates.noindex/FoundationModelsKit.build/Debug-appletvos/FoundationModelsKit-t.build/Objects-normal/arm64/OnDeviceLanguageModel.swiftdeps -serialize-diagnostics-path /Users/admin/builder/spi-builder-workspace/.derivedData/Build/Intermediates.noindex/FoundationModelsKit.build/Debug-appletvos/FoundationModelsKit-t.build/Objects-normal/arm64/OnDeviceLanguageModel.dia -emit-dependencies-path /Users/admin/builder/spi-builder-workspace/.derivedData/Build/Intermediates.noindex/FoundationModelsKit.build/Debug-appletvos/FoundationModelsKit-t.build/Objects-normal/arm64/OnDeviceToolBridge.d -emit-const-values-path /Users/admin/builder/spi-builder-workspace/.derivedData/Build/Intermediates.noindex/FoundationModelsKit.build/Debug-appletvos/FoundationModelsKit-t.build/Objects-normal/arm64/OnDeviceToolBridge.swiftconstvalues -emit-reference-dependencies-path /Users/admin/builder/spi-builder-workspace/.derivedData/Build/Intermediates.noindex/FoundationModelsKit.build/Debug-appletvos/FoundationModelsKit-t.build/Objects-normal/arm64/OnDeviceToolBridge.swiftdeps -serialize-diagnostics-path /Users/admin/builder/spi-builder-workspace/.derivedData/Build/Intermediates.noindex/FoundationModelsKit.build/Debug-appletvos/FoundationModelsKit-t.build/Objects-normal/arm64/OnDeviceToolBridge.dia -target arm64-apple-tvos18.0 -module-can-import-version FoundationModels 2.0.68.1 0 -disable-cross-import-overlay-search -swift-module-cross-import FoundationModels /Applications/Xcode-27.0.0.app/Contents/Developer/Platforms/AppleTVOS.platform/Developer/SDKs/AppleTVOS27.0.sdk/System/Library/Frameworks/FoundationModels.framework/Modules/FoundationModels.swiftcrossimport/UIKit.swiftoverlay -load-resolved-plugin /Applications/Xcode-27.0.0.app/Contents/Developer/Platforms/AppleTVOS.platform/Developer/usr/lib/swift/host/plugins/libFoundationMacros.dylib#/Applications/Xcode-27.0.0.app/Contents/Developer/Platforms/AppleTVOS.platform/Developer/usr/bin/swift-plugin-server#FoundationMacros -load-resolved-plugin /Applications/Xcode-27.0.0.app/Contents/Developer/Platforms/AppleTVOS.platform/Developer/usr/lib/swift/host/plugins/libFoundationModelsMacros.dylib#/Applications/Xcode-27.0.0.app/Contents/Developer/Platforms/AppleTVOS.platform/Developer/usr/bin/swift-plugin-server#FoundationModelsMacros -load-resolved-plugin /Applications/Xcode-27.0.0.app/Contents/Developer/Platforms/AppleTVOS.platform/Developer/usr/lib/swift/host/plugins/libObservationMacros.dylib#/Applications/Xcode-27.0.0.app/Contents/Developer/Platforms/AppleTVOS.platform/Developer/usr/bin/swift-plugin-server#ObservationMacros -load-resolved-plugin /Applications/Xcode-27.0.0.app/Contents/Developer/Platforms/AppleTVOS.platform/Developer/usr/lib/swift/host/plugins/libSwiftMacros.dylib#/Applications/Xcode-27.0.0.app/Contents/Developer/Platforms/AppleTVOS.platform/Developer/usr/bin/swift-plugin-server#SwiftMacros -disable-implicit-swift-modules -Xcc -fno-implicit-modules -Xcc -fno-implicit-module-maps -explicit-swift-module-map-file /Users/admin/builder/spi-builder-workspace/.derivedData/Build/Intermediates.noindex/FoundationModelsKit.build/Debug-appletvos/FoundationModelsKit-t.build/Objects-normal/arm64/FoundationModelsKit-dependencies-1.json -Xllvm -aarch64-use-tbi -enable-objc-interop -stack-check -sdk /Applications/Xcode-27.0.0.app/Contents/Developer/Platforms/AppleTVOS.platform/Developer/SDKs/AppleTVOS27.0.sdk -I /Users/admin/builder/spi-builder-workspace/.derivedData/Build/Products/Debug-appletvos -Isystem /Applications/Xcode-27.0.0.app/Contents/Developer/Platforms/AppleTVOS.platform/Developer/usr/lib -F /Users/admin/builder/spi-builder-workspace/.derivedData/Build/Products/Debug-appletvos -F /Applications/Xcode-27.0.0.app/Contents/Developer/Platforms/AppleTVOS.platform/Developer/Library/Frameworks -F /Applications/Xcode-27.0.0.app/Contents/Developer/Platforms/AppleTVOS.platform/Developer/SDKs/AppleTVOS27.0.sdk/Developer/Library/Frameworks -module-cache-path /Users/admin/builder/spi-builder-workspace/.derivedData/Build/Intermediates.noindex/SwiftExplicitPrecompiledModules -no-color-diagnostics -Xcc -fno-color-diagnostics -enable-testing -g -debug-info-format=dwarf -dwarf-version=5 -profile-generate -profile-coverage-mapping -swift-version 6 -Onone -D SWIFT_PACKAGE -D DEBUG -D SWIFT_MODULE_RESOURCE_BUNDLE_UNAVAILABLE -D Xcode -serialize-debugging-options -enable-upcoming-feature ApproachableConcurrency -enable-experimental-feature DebugDescriptionMacro -empty-abi-descriptor -validate-clang-modules-once -clang-build-session-file /Users/admin/builder/spi-builder-workspace/.derivedData/ModuleCache.noindex/Session.modulevalidation -Xcc -working-directory -Xcc /Users/admin/builder/spi-builder-workspace/.swiftpm/xcode -enable-anonymous-context-mangled-names -file-compilation-dir /Users/admin/builder/spi-builder-workspace/.swiftpm/xcode -Xcc -D_LIBCPP_HARDENING_MODE=_LIBCPP_HARDENING_MODE_DEBUG -Xcc -ivfsstatcache -Xcc /Users/admin/builder/spi-builder-workspace/.derivedData/SDKStatCaches.noindex/appletvos27.0-24J360-e829b21a6f8c9b70876ba0858053c044509235ffd515576fb835ffc8f67461e5.sdkstatcache -Xcc -fmodules-prune-interval=86400 -Xcc -fmodules-prune-after=345600 -Xcc -I/Users/admin/builder/spi-builder-workspace/.derivedData/Build/Products/Debug-appletvos/include -Xcc -I/Users/admin/builder/spi-builder-workspace/.derivedData/Build/Intermediates.noindex/FoundationModelsKit.build/Debug-appletvos/FoundationModelsKit-t.build/DerivedSources-normal/arm64 -Xcc -I/Users/admin/builder/spi-builder-workspace/.derivedData/Build/Intermediates.noindex/FoundationModelsKit.build/Debug-appletvos/FoundationModelsKit-t.build/DerivedSources/arm64 -Xcc -I/Users/admin/builder/spi-builder-workspace/.derivedData/Build/Intermediates.noindex/FoundationModelsKit.build/Debug-appletvos/FoundationModelsKit-t.build/DerivedSources -Xcc -DSWIFT_PACKAGE -Xcc -DDEBUG=1 -no-auto-bridging-header-chaining -module-name FoundationModelsKit -package-name spi_builder_workspace -const-gather-protocols-file /Users/admin/builder/spi-builder-workspace/.derivedData/Build/Intermediates.noindex/FoundationModelsKit.build/Debug-appletvos/FoundationModelsKit-t.build/Objects-normal/arm64/FoundationModelsKit_const_extract_protocols.json -disable-clang-spi -clang-target arm64-apple-tvos27.0 -target-sdk-version 27.0 -target-sdk-name appletvos27.0 -in-process-plugin-server-path /Applications/Xcode-27.0.0.app/Contents/Developer/Toolchains/XcodeDefault.xctoolchain/usr/lib/swift/host/libSwiftInProcPluginServer.dylib -parse-as-library -o /Users/admin/builder/spi-builder-workspace/.derivedData/Build/Intermediates.noindex/FoundationModelsKit.build/Debug-appletvos/FoundationModelsKit-t.build/Objects-normal/arm64/OnDeviceLanguageModel.o -o /Users/admin/builder/spi-builder-workspace/.derivedData/Build/Intermediates.noindex/FoundationModelsKit.build/Debug-appletvos/FoundationModelsKit-t.build/Objects-normal/arm64/OnDeviceToolBridge.o -debug-module-path /Users/admin/builder/spi-builder-workspace/.derivedData/Build/Intermediates.noindex/FoundationModelsKit.build/Debug-appletvos/FoundationModelsKit-t.build/Objects-normal/arm64/FoundationModelsKit.swiftmodule -index-unit-output-path /FoundationModelsKit.build/Debug-appletvos/FoundationModelsKit-t.build/Objects-normal/arm64/OnDeviceLanguageModel.o -index-unit-output-path /FoundationModelsKit.build/Debug-appletvos/FoundationModelsKit-t.build/Objects-normal/arm64/OnDeviceToolBridge.o -index-store-path /Users/admin/builder/spi-builder-workspace/.derivedData/Index.noindex/DataStore -index-system-modules
1.	Apple Swift version 6.4 (swiftlang-6.4.0.34.1 clang-2100.3.34.1)
2.	Compiling with the current language version
3.	While evaluating request TypeCheckPrimaryFileRequest(source_file "/Users/admin/builder/spi-builder-workspace/Sources/FoundationModelsKit/OnDeviceLanguageModel.swift")
4.	While evaluating request TypeCheckFunctionBodyRequest(FoundationModelsKit.(file).OnDeviceLanguageModel.streamResponse(to:)@/Users/admin/builder/spi-builder-workspace/Sources/FoundationModelsKit/OnDeviceLanguageModel.swift:63:17)
5.	While evaluating request DesugarForEachStmtRequest(ForEach)
6.	Assertion failed: (Range.hasLowerEndpoint()), function getVersionString at AvailabilityRange.h:337.
| 	(to display assertion configuration options: -Xllvm -assert-help)
Stack dump without symbol names (ensure you have llvm-symbolizer in your PATH or set the environment var `LLVM_SYMBOLIZER_PATH` to point to it):
0  swift-frontend           0x00000001076b7bd0 llvm::sys::PrintStackTrace(llvm::raw_ostream&, int) + 56
1  swift-frontend           0x00000001076b5358 llvm::sys::RunSignalHandlers() + 172
2  swift-frontend           0x00000001076b81c8 SignalHandler(int, __siginfo*, void*) + 360
3  libsystem_platform.dylib 0x000000018e849744 _sigtramp + 56
4  libsystem_pthread.dylib  0x000000018e83f8d8 pthread_kill + 296
5  libsystem_c.dylib        0x000000018e745978 abort + 148
6  swift-frontend           0x0000000102e66bc4 _ABORT(char const*, int, char const*, llvm::function_ref<void (llvm::raw_ostream&)>) + 0
7  swift-frontend           0x0000000102e66b80 _abortWithMessage(llvm::StringRef) + 0
8  swift-frontend           0x00000001027b9a5c (anonymous namespace)::DesugarForEachStmt::emitDiagnosticsForUnavailableConformance(swift::Type, swift::AvailabilityConstraint) + 1268
9  swift-frontend           0x00000001027b0a40 swift::DesugarForEachStmtRequest::evaluate(swift::Evaluator&, swift::ForEachStmt*) const + 456
10 swift-frontend           0x0000000102df85a8 swift::DesugarForEachStmtRequest::OutputType swift::Evaluator::getResultUncached<swift::DesugarForEachStmtRequest, swift::DesugarForEachStmtRequest::OutputType swift::evaluateOrDefault<swift::DesugarForEachStmtRequest>(swift::Evaluator&, swift::DesugarForEachStmtRequest, swift::DesugarForEachStmtRequest::OutputType)::'lambda'()>(swift::DesugarForEachStmtRequest const&, swift::DesugarForEachStmtRequest::OutputType swift::evaluateOrDefault<swift::DesugarForEachStmtRequest>(swift::Evaluator&, swift::DesugarForEachStmtRequest, swift::DesugarForEachStmtRequest::OutputType)::'lambda'()) + 656
11 swift-frontend           0x00000001027b4dec (anonymous namespace)::ContextualizationWalker::walkToStmtPre(swift::Stmt*) + 340
12 swift-frontend           0x0000000102ab3034 (anonymous namespace)::Traversal::visit(swift::Stmt*) + 2732
13 swift-frontend           0x0000000102ab2868 (anonymous namespace)::Traversal::visit(swift::Stmt*) + 736
14 swift-frontend           0x0000000102ab305c (anonymous namespace)::Traversal::visit(swift::Stmt*) + 2772
15 swift-frontend           0x0000000102a3b0ec swift::ASTNode::walk(swift::ASTWalker&) + 288
16 swift-frontend           0x00000001027b4ab0 (anonymous namespace)::ContextualizationWalker::walkToExprPre(swift::Expr*) + 144
17 swift-frontend           0x0000000102aaff54 (anonymous namespace)::Traversal::visitDynamicMemberRefExpr(swift::DynamicMemberRefExpr*) + 48
18 swift-frontend           0x0000000102aafb88 (anonymous namespace)::Traversal::visit(swift::Expr*) + 1180
19 swift-frontend           0x0000000102ab57f4 (anonymous namespace)::Traversal::visit(swift::ArgumentList*) + 260
20 swift-frontend           0x0000000102ab2188 (anonymous namespace)::Traversal::visitApplyExpr(swift::ApplyExpr*) + 196
21 swift-frontend           0x0000000102aaf740 (anonymous namespace)::Traversal::visit(swift::Expr*) + 84
22 swift-frontend           0x0000000102ab4c10 (anonymous namespace)::Traversal::visit(swift::Decl*) + 3120
23 swift-frontend           0x0000000102aaf4f8 (anonymous namespace)::Traversal::doIt(swift::Decl*) + 344
24 swift-frontend           0x0000000102ab2f78 (anonymous namespace)::Traversal::visit(swift::Stmt*) + 2544
25 swift-frontend           0x0000000102a3b0ec swift::ASTNode::walk(swift::ASTWalker&) + 288
26 swift-frontend           0x00000001027b4ab0 (anonymous namespace)::ContextualizationWalker::walkToExprPre(swift::Expr*) + 144
27 swift-frontend           0x0000000102ab57cc (anonymous namespace)::Traversal::visit(swift::ArgumentList*) + 220
28 swift-frontend           0x0000000102ab2188 (anonymous namespace)::Traversal::visitApplyExpr(swift::ApplyExpr*) + 196
29 swift-frontend           0x0000000102aaf740 (anonymous namespace)::Traversal::visit(swift::Expr*) + 84
30 swift-frontend           0x0000000102ab2d6c (anonymous namespace)::Traversal::visit(swift::Stmt*) + 2020
31 swift-frontend           0x0000000102ab305c (anonymous namespace)::Traversal::visit(swift::Stmt*) + 2772
32 swift-frontend           0x0000000102a3b0ec swift::ASTNode::walk(swift::ASTWalker&) + 288
33 swift-frontend           0x00000001027aebe4 swift::TypeCheckFunctionBodyRequest::evaluate(swift::Evaluator&, swift::AbstractFunctionDecl*) const + 2368
34 swift-frontend           0x0000000102c26838 swift::TypeCheckFunctionBodyRequest::OutputType swift::Evaluator::getResultUncached<swift::TypeCheckFunctionBodyRequest, swift::TypeCheckFunctionBodyRequest::OutputType swift::evaluateOrDefault<swift::TypeCheckFunctionBodyRequest>(swift::Evaluator&, swift::TypeCheckFunctionBodyRequest, swift::TypeCheckFunctionBodyRequest::OutputType)::'lambda'()>(swift::TypeCheckFunctionBodyRequest const&, swift::TypeCheckFunctionBodyRequest::OutputType swift::evaluateOrDefault<swift::TypeCheckFunctionBodyRequest>(swift::Evaluator&, swift::TypeCheckFunctionBodyRequest, swift::TypeCheckFunctionBodyRequest::OutputType)::'lambda'()) + 680
35 swift-frontend           0x0000000102c26474 swift::TypeCheckFunctionBodyRequest::OutputType swift::Evaluator::getResultCached<swift::TypeCheckFunctionBodyRequest, swift::TypeCheckFunctionBodyRequest::OutputType swift::evaluateOrDefault<swift::TypeCheckFunctionBodyRequest>(swift::Evaluator&, swift::TypeCheckFunctionBodyRequest, swift::TypeCheckFunctionBodyRequest::OutputType)::'lambda'(), (void*)0>(swift::TypeCheckFunctionBodyRequest const&, swift::TypeCheckFunctionBodyRequest::OutputType swift::evaluateOrDefault<swift::TypeCheckFunctionBodyRequest>(swift::Evaluator&, swift::TypeCheckFunctionBodyRequest, swift::TypeCheckFunctionBodyRequest::OutputType)::'lambda'()) + 76
36 swift-frontend           0x0000000102ceb70c swift::SourceFile::typeCheckDelayedFunctions() + 72
37 swift-frontend           0x000000010280a444 swift::TypeCheckPrimaryFileRequest::evaluate(swift::Evaluator&, swift::SourceFile*) const + 1248
38 swift-frontend           0x0000000102813244 swift::TypeCheckPrimaryFileRequest::OutputType swift::Evaluator::getResultUncached<swift::TypeCheckPrimaryFileRequest, swift::TypeCheckPrimaryFileRequest::OutputType swift::evaluateOrDefault<swift::TypeCheckPrimaryFileRequest>(swift::Evaluator&, swift::TypeCheckPrimaryFileRequest, swift::TypeCheckPrimaryFileRequest::OutputType)::'lambda'()>(swift::TypeCheckPrimaryFileRequest const&, swift::TypeCheckPrimaryFileRequest::OutputType swift::evaluateOrDefault<swift::TypeCheckPrimaryFileRequest>(swift::Evaluator&, swift::TypeCheckPrimaryFileRequest, swift::TypeCheckPrimaryFileRequest::OutputType)::'lambda'()) + 648
39 swift-frontend           0x0000000102812fa8 swift::TypeCheckPrimaryFileRequest::OutputType swift::Evaluator::getResultCached<swift::TypeCheckPrimaryFileRequest, swift::TypeCheckPrimaryFileRequest::OutputType swift::evaluateOrDefault<swift::TypeCheckPrimaryFileRequest>(swift::Evaluator&, swift::TypeCheckPrimaryFileRequest, swift::TypeCheckPrimaryFileRequest::OutputType)::'lambda'(), (void*)0>(swift::TypeCheckPrimaryFileRequest const&, swift::TypeCheckPrimaryFileRequest::OutputType swift::evaluateOrDefault<swift::TypeCheckPrimaryFileRequest>(swift::Evaluator&, swift::TypeCheckPrimaryFileRequest, swift::TypeCheckPrimaryFileRequest::OutputType)::'lambda'()) + 184
40 swift-frontend           0x000000010160c1a4 bool llvm::function_ref<bool (swift::SourceFile&)>::callback_fn<swift::CompilerInstance::performSema()::$_0>(long, swift::SourceFile&) + 116
41 swift-frontend           0x000000010160511c swift::CompilerInstance::forEachFileToTypeCheck(llvm::function_ref<bool (swift::SourceFile&)>) + 176
42 swift-frontend           0x000000010160503c swift::CompilerInstance::performSema() + 456
43 swift-frontend           0x00000001011cc918 performCompile(swift::CompilerInstance&, int&, swift::FrontendObserver*, llvm::ArrayRef<char const*>) + 556
44 swift-frontend           0x00000001011c9dc4 swift::performFrontend(llvm::ArrayRef<char const*>, char const*, void*, swift::FrontendObserver*) + 3776
45 swift-frontend           0x0000000101149008 swift::mainEntry(int, char const**) + 5600
46 dyld                     0x000000018e4744e4 start + 6992
Failed frontend command:
/Applications/Xcode-27.0.0.app/Contents/Developer/Toolchains/XcodeDefault.xctoolchain/usr/bin/swift-frontend -frontend -c /Users/admin/builder/spi-builder-workspace/Sources/FoundationModelsKit/AnthropicLanguageModel.swift /Users/admin/builder/spi-builder-workspace/Sources/FoundationModelsKit/ConversationStore.swift /Users/admin/builder/spi-builder-workspace/Sources/FoundationModelsKit/DynamicProfileBuilder.swift /Users/admin/builder/spi-builder-workspace/Sources/FoundationModelsKit/EvaluationSuite.swift /Users/admin/builder/spi-builder-workspace/Sources/FoundationModelsKit/GeminiLanguageModel.swift /Users/admin/builder/spi-builder-workspace/Sources/FoundationModelsKit/LanguageModelProviding.swift /Users/admin/builder/spi-builder-workspace/Sources/FoundationModelsKit/MockLanguageModel.swift /Users/admin/builder/spi-builder-workspace/Sources/FoundationModelsKit/ModelRouter.swift -primary-file /Users/admin/builder/spi-builder-workspace/Sources/FoundationModelsKit/OnDeviceLanguageModel.swift -primary-file /Users/admin/builder/spi-builder-workspace/Sources/FoundationModelsKit/OnDeviceToolBridge.swift /Users/admin/builder/spi-builder-workspace/Sources/FoundationModelsKit/OpenAILanguageModel.swift /Users/admin/builder/spi-builder-workspace/Sources/FoundationModelsKit/RegionalAvailability.swift /Users/admin/builder/spi-builder-workspace/Sources/FoundationModelsKit/RetryPolicy.swift /Users/admin/builder/spi-builder-workspace/Sources/FoundationModelsKit/SDKIntegration.swift /Users/admin/builder/spi-builder-workspace/Sources/FoundationModelsKit/TokenEstimator.swift /Users/admin/builder/spi-builder-workspace/Sources/FoundationModelsKit/Tool.swift -emit-dependencies-path /Users/admin/builder/spi-builder-workspace/.derivedData/Build/Intermediates.noindex/FoundationModelsKit.build/Debug-appletvos/FoundationModelsKit-t.build/Objects-normal/arm64/OnDeviceLanguageModel.d -emit-const-values-path /Users/admin/builder/spi-builder-workspace/.derivedData/Build/Intermediates.noindex/FoundationModelsKit.build/Debug-appletvos/FoundationModelsKit-t.build/Objects-normal/arm64/OnDeviceLanguageModel.swiftconstvalues -emit-reference-dependencies-path /Users/admin/builder/spi-builder-workspace/.derivedData/Build/Intermediates.noindex/FoundationModelsKit.build/Debug-appletvos/FoundationModelsKit-t.build/Objects-normal/arm64/OnDeviceLanguageModel.swiftdeps -serialize-diagnostics-path /Users/admin/builder/spi-builder-workspace/.derivedData/Build/Intermediates.noindex/FoundationModelsKit.build/Debug-appletvos/FoundationModelsKit-t.build/Objects-normal/arm64/OnDeviceLanguageModel.dia -emit-dependencies-path /Users/admin/builder/spi-builder-workspace/.derivedData/Build/Intermediates.noindex/FoundationModelsKit.build/Debug-appletvos/FoundationModelsKit-t.build/Objects-normal/arm64/OnDeviceToolBridge.d -emit-const-values-path /Users/admin/builder/spi-builder-workspace/.derivedData/Build/Intermediates.noindex/FoundationModelsKit.build/Debug-appletvos/FoundationModelsKit-t.build/Objects-normal/arm64/OnDeviceToolBridge.swiftconstvalues -emit-reference-dependencies-path /Users/admin/builder/spi-builder-workspace/.derivedData/Build/Intermediates.noindex/FoundationModelsKit.build/Debug-appletvos/FoundationModelsKit-t.build/Objects-normal/arm64/OnDeviceToolBridge.swiftdeps -serialize-diagnostics-path /Users/admin/builder/spi-builder-workspace/.derivedData/Build/Intermediates.noindex/FoundationModelsKit.build/Debug-appletvos/FoundationModelsKit-t.build/Objects-normal/arm64/OnDeviceToolBridge.dia -target arm64-apple-tvos18.0 -module-can-import-version FoundationModels 2.0.68.1 0 -disable-cross-import-overlay-search -swift-module-cross-import FoundationModels /Applications/Xcode-27.0.0.app/Contents/Developer/Platforms/AppleTVOS.platform/Developer/SDKs/AppleTVOS27.0.sdk/System/Library/Frameworks/FoundationModels.framework/Modules/FoundationModels.swiftcrossimport/UIKit.swiftoverlay -load-resolved-plugin /Applications/Xcode-27.0.0.app/Contents/Developer/Platforms/AppleTVOS.platform/Developer/usr/lib/swift/host/plugins/libFoundationMacros.dylib\#/Applications/Xcode-27.0.0.app/Contents/Developer/Platforms/AppleTVOS.platform/Developer/usr/bin/swift-plugin-server\#FoundationMacros -load-resolved-plugin /Applications/Xcode-27.0.0.app/Contents/Developer/Platforms/AppleTVOS.platform/Developer/usr/lib/swift/host/plugins/libFoundationModelsMacros.dylib\#/Applications/Xcode-27.0.0.app/Contents/Developer/Platforms/AppleTVOS.platform/Developer/usr/bin/swift-plugin-server\#FoundationModelsMacros -load-resolved-plugin /Applications/Xcode-27.0.0.app/Contents/Developer/Platforms/AppleTVOS.platform/Developer/usr/lib/swift/host/plugins/libObservationMacros.dylib\#/Applications/Xcode-27.0.0.app/Contents/Developer/Platforms/AppleTVOS.platform/Developer/usr/bin/swift-plugin-server\#ObservationMacros -load-resolved-plugin /Applications/Xcode-27.0.0.app/Contents/Developer/Platforms/AppleTVOS.platform/Developer/usr/lib/swift/host/plugins/libSwiftMacros.dylib\#/Applications/Xcode-27.0.0.app/Contents/Developer/Platforms/AppleTVOS.platform/Developer/usr/bin/swift-plugin-server\#SwiftMacros -disable-implicit-swift-modules -Xcc -fno-implicit-modules -Xcc -fno-implicit-module-maps -explicit-swift-module-map-file /Users/admin/builder/spi-builder-workspace/.derivedData/Build/Intermediates.noindex/FoundationModelsKit.build/Debug-appletvos/FoundationModelsKit-t.build/Objects-normal/arm64/FoundationModelsKit-dependencies-1.json -Xllvm -aarch64-use-tbi -enable-objc-interop -stack-check -sdk /Applications/Xcode-27.0.0.app/Contents/Developer/Platforms/AppleTVOS.platform/Developer/SDKs/AppleTVOS27.0.sdk -I /Users/admin/builder/spi-builder-workspace/.derivedData/Build/Products/Debug-appletvos -Isystem /Applications/Xcode-27.0.0.app/Contents/Developer/Platforms/AppleTVOS.platform/Developer/usr/lib -F /Users/admin/builder/spi-builder-workspace/.derivedData/Build/Products/Debug-appletvos -F /Applications/Xcode-27.0.0.app/Contents/Developer/Platforms/AppleTVOS.platform/Developer/Library/Frameworks -F /Applications/Xcode-27.0.0.app/Contents/Developer/Platforms/AppleTVOS.platform/Developer/SDKs/AppleTVOS27.0.sdk/Developer/Library/Frameworks -module-cache-path /Users/admin/builder/spi-builder-workspace/.derivedData/Build/Intermediates.noindex/SwiftExplicitPrecompiledModules -no-color-diagnostics -Xcc -fno-color-diagnostics -enable-testing -g -debug-info-format\=dwarf -dwarf-version\=5 -profile-generate -profile-coverage-mapping -swift-version 6 -Onone -D SWIFT_PACKAGE -D DEBUG -D SWIFT_MODULE_RESOURCE_BUNDLE_UNAVAILABLE -D Xcode -serialize-debugging-options -enable-upcoming-feature ApproachableConcurrency -enable-experimental-feature DebugDescriptionMacro -empty-abi-descriptor -validate-clang-modules-once -clang-build-session-file /Users/admin/builder/spi-builder-workspace/.derivedData/ModuleCache.noindex/Session.modulevalidation -Xcc -working-directory -Xcc /Users/admin/builder/spi-builder-workspace/.swiftpm/xcode -enable-anonymous-context-mangled-names -file-compilation-dir /Users/admin/builder/spi-builder-workspace/.swiftpm/xcode -Xcc -D_LIBCPP_HARDENING_MODE\=_LIBCPP_HARDENING_MODE_DEBUG -Xcc -ivfsstatcache -Xcc /Users/admin/builder/spi-builder-workspace/.derivedData/SDKStatCaches.noindex/appletvos27.0-24J360-e829b21a6f8c9b70876ba0858053c044509235ffd515576fb835ffc8f67461e5.sdkstatcache -Xcc -fmodules-prune-interval\=86400 -Xcc -fmodules-prune-after\=345600 -Xcc -I/Users/admin/builder/spi-builder-workspace/.derivedData/Build/Products/Debug-appletvos/include -Xcc -I/Users/admin/builder/spi-builder-workspace/.derivedData/Build/Intermediates.noindex/FoundationModelsKit.build/Debug-appletvos/FoundationModelsKit-t.build/DerivedSources-normal/arm64 -Xcc -I/Users/admin/builder/spi-builder-workspace/.derivedData/Build/Intermediates.noindex/FoundationModelsKit.build/Debug-appletvos/FoundationModelsKit-t.build/DerivedSources/arm64 -Xcc -I/Users/admin/builder/spi-builder-workspace/.derivedData/Build/Intermediates.noindex/FoundationModelsKit.build/Debug-appletvos/FoundationModelsKit-t.build/DerivedSources -Xcc -DSWIFT_PACKAGE -Xcc -DDEBUG\=1 -no-auto-bridging-header-chaining -module-name FoundationModelsKit -package-name spi_builder_workspace -const-gather-protocols-file /Users/admin/builder/spi-builder-workspace/.derivedData/Build/Intermediates.noindex/FoundationModelsKit.build/Debug-appletvos/FoundationModelsKit-t.build/Objects-normal/arm64/FoundationModelsKit_const_extract_protocols.json -disable-clang-spi -clang-target arm64-apple-tvos27.0 -target-sdk-version 27.0 -target-sdk-name appletvos27.0 -in-process-plugin-server-path /Applications/Xcode-27.0.0.app/Contents/Developer/Toolchains/XcodeDefault.xctoolchain/usr/lib/swift/host/libSwiftInProcPluginServer.dylib -parse-as-library -o /Users/admin/builder/spi-builder-workspace/.derivedData/Build/Intermediates.noindex/FoundationModelsKit.build/Debug-appletvos/FoundationModelsKit-t.build/Objects-normal/arm64/OnDeviceLanguageModel.o -o /Users/admin/builder/spi-builder-workspace/.derivedData/Build/Intermediates.noindex/FoundationModelsKit.build/Debug-appletvos/FoundationModelsKit-t.build/Objects-normal/arm64/OnDeviceToolBridge.o -debug-module-path /Users/admin/builder/spi-builder-workspace/.derivedData/Build/Intermediates.noindex/FoundationModelsKit.build/Debug-appletvos/FoundationModelsKit-t.build/Objects-normal/arm64/FoundationModelsKit.swiftmodule -index-unit-output-path /FoundationModelsKit.build/Debug-appletvos/FoundationModelsKit-t.build/Objects-normal/arm64/OnDeviceLanguageModel.o -index-unit-output-path /FoundationModelsKit.build/Debug-appletvos/FoundationModelsKit-t.build/Objects-normal/arm64/OnDeviceToolBridge.o -index-store-path /Users/admin/builder/spi-builder-workspace/.derivedData/Index.noindex/DataStore -index-system-modules
Command SwiftCompile failed with a nonzero exit code
SwiftCompile normal arm64 /Users/admin/builder/spi-builder-workspace/Sources/FoundationModelsKit/OnDeviceLanguageModel.swift (in target 'FoundationModelsKit' from project 'FoundationModelsKit')
    cd /Users/admin/builder/spi-builder-workspace/.swiftpm/xcode
    builtin-SwiftPerFileCompile OnDeviceLanguageModel.swift
/Users/admin/builder/spi-builder-workspace/.derivedData/Build/Intermediates.noindex/FoundationModelsKit.build/Debug-appletvos/FoundationModelsKit-t.build/Objects-normal/arm64/OnDeviceLanguageModel.dia:1:1: warning: Could not read serialized diagnostics file: Error Domain=NSCocoaErrorDomain Code=260 "The file “OnDeviceLanguageModel.dia” couldn’t be opened because there is no such file." UserInfo={NSFilePath=/Users/admin/builder/spi-builder-workspace/.derivedData/Build/Intermediates.noindex/FoundationModelsKit.build/Debug-appletvos/FoundationModelsKit-t.build/Objects-normal/arm64/OnDeviceLanguageModel.dia, NSURL=file:///Users/admin/builder/spi-builder-workspace/.derivedData/Build/Intermediates.noindex/FoundationModelsKit.build/Debug-appletvos/FoundationModelsKit-t.build/Objects-normal/arm64/OnDeviceLanguageModel.dia, NSUnderlyingError=0xc19227780 {Error Domain=NSPOSIXErrorDomain Code=2 "No such file or directory"}} (in target 'FoundationModelsKit' from project 'FoundationModelsKit')
SwiftCompile normal arm64 /Users/admin/builder/spi-builder-workspace/Sources/FoundationModelsKit/OnDeviceToolBridge.swift (in target 'FoundationModelsKit' from project 'FoundationModelsKit')
    cd /Users/admin/builder/spi-builder-workspace/.swiftpm/xcode
    builtin-SwiftPerFileCompile OnDeviceToolBridge.swift
/Users/admin/builder/spi-builder-workspace/.derivedData/Build/Intermediates.noindex/FoundationModelsKit.build/Debug-appletvos/FoundationModelsKit-t.build/Objects-normal/arm64/OnDeviceToolBridge.dia:1:1: warning: Could not read serialized diagnostics file: Error Domain=NSCocoaErrorDomain Code=260 "The file “OnDeviceToolBridge.dia” couldn’t be opened because there is no such file." UserInfo={NSFilePath=/Users/admin/builder/spi-builder-workspace/.derivedData/Build/Intermediates.noindex/FoundationModelsKit.build/Debug-appletvos/FoundationModelsKit-t.build/Objects-normal/arm64/OnDeviceToolBridge.dia, NSURL=file:///Users/admin/builder/spi-builder-workspace/.derivedData/Build/Intermediates.noindex/FoundationModelsKit.build/Debug-appletvos/FoundationModelsKit-t.build/Objects-normal/arm64/OnDeviceToolBridge.dia, NSUnderlyingError=0xc192244b0 {Error Domain=NSPOSIXErrorDomain Code=2 "No such file or directory"}} (in target 'FoundationModelsKit' from project 'FoundationModelsKit')
SwiftCompile normal arm64 Compiling\ SDKIntegration.swift /Users/admin/builder/spi-builder-workspace/Sources/FoundationModelsKit/SDKIntegration.swift (in target 'FoundationModelsKit' from project 'FoundationModelsKit')
SwiftCompile normal arm64 /Users/admin/builder/spi-builder-workspace/Sources/FoundationModelsKit/SDKIntegration.swift (in target 'FoundationModelsKit' from project 'FoundationModelsKit')
    cd /Users/admin/builder/spi-builder-workspace/.swiftpm/xcode
    builtin-SwiftPerFileCompile SDKIntegration.swift
SwiftCompile normal arm64 Compiling\ RetryPolicy.swift /Users/admin/builder/spi-builder-workspace/Sources/FoundationModelsKit/RetryPolicy.swift (in target 'FoundationModelsKit' from project 'FoundationModelsKit')
SwiftCompile normal arm64 /Users/admin/builder/spi-builder-workspace/Sources/FoundationModelsKit/RetryPolicy.swift (in target 'FoundationModelsKit' from project 'FoundationModelsKit')
    cd /Users/admin/builder/spi-builder-workspace/.swiftpm/xcode
    builtin-SwiftPerFileCompile RetryPolicy.swift
SwiftCompile normal arm64 Compiling\ Tool.swift /Users/admin/builder/spi-builder-workspace/Sources/FoundationModelsKit/Tool.swift (in target 'FoundationModelsKit' from project 'FoundationModelsKit')
SwiftCompile normal arm64 /Users/admin/builder/spi-builder-workspace/Sources/FoundationModelsKit/Tool.swift (in target 'FoundationModelsKit' from project 'FoundationModelsKit')
    cd /Users/admin/builder/spi-builder-workspace/.swiftpm/xcode
    builtin-SwiftPerFileCompile Tool.swift
SwiftCompile normal arm64 Compiling\ OpenAILanguageModel.swift,\ RegionalAvailability.swift /Users/admin/builder/spi-builder-workspace/Sources/FoundationModelsKit/OpenAILanguageModel.swift /Users/admin/builder/spi-builder-workspace/Sources/FoundationModelsKit/RegionalAvailability.swift (in target 'FoundationModelsKit' from project 'FoundationModelsKit')
SwiftCompile normal arm64 /Users/admin/builder/spi-builder-workspace/Sources/FoundationModelsKit/OpenAILanguageModel.swift (in target 'FoundationModelsKit' from project 'FoundationModelsKit')
    cd /Users/admin/builder/spi-builder-workspace/.swiftpm/xcode
    builtin-SwiftPerFileCompile OpenAILanguageModel.swift
SwiftCompile normal arm64 /Users/admin/builder/spi-builder-workspace/Sources/FoundationModelsKit/RegionalAvailability.swift (in target 'FoundationModelsKit' from project 'FoundationModelsKit')
    cd /Users/admin/builder/spi-builder-workspace/.swiftpm/xcode
    builtin-SwiftPerFileCompile RegionalAvailability.swift
SwiftCompile normal arm64 Compiling\ MockLanguageModel.swift,\ ModelRouter.swift /Users/admin/builder/spi-builder-workspace/Sources/FoundationModelsKit/MockLanguageModel.swift /Users/admin/builder/spi-builder-workspace/Sources/FoundationModelsKit/ModelRouter.swift (in target 'FoundationModelsKit' from project 'FoundationModelsKit')
SwiftCompile normal arm64 /Users/admin/builder/spi-builder-workspace/Sources/FoundationModelsKit/MockLanguageModel.swift (in target 'FoundationModelsKit' from project 'FoundationModelsKit')
    cd /Users/admin/builder/spi-builder-workspace/.swiftpm/xcode
    builtin-SwiftPerFileCompile MockLanguageModel.swift
SwiftCompile normal arm64 /Users/admin/builder/spi-builder-workspace/Sources/FoundationModelsKit/ModelRouter.swift (in target 'FoundationModelsKit' from project 'FoundationModelsKit')
    cd /Users/admin/builder/spi-builder-workspace/.swiftpm/xcode
    builtin-SwiftPerFileCompile ModelRouter.swift
PruneExplicitPrecompiledModules /Users/admin/builder/spi-builder-workspace/.derivedData/Build/Intermediates.noindex/SwiftExplicitPrecompiledModules
PruneExplicitPrecompiledModules /Users/admin/builder/spi-builder-workspace/.derivedData/SDKExplicitPrecompiledModules
PruneExplicitPrecompiledModules /Users/admin/builder/spi-builder-workspace/.derivedData/Build/Intermediates.noindex/ExplicitPrecompiledModules
2026-10-12 05:32:17.448 xcodebuild[717:4425] [MT] IDERunDestination: Supported platforms for the buildables in the current scheme is empty.
** BUILD FAILED **
The following build commands failed:
	SwiftCompile normal arm64 Compiling\ OnDeviceLanguageModel.swift,\ OnDeviceToolBridge.swift /Users/admin/builder/spi-builder-workspace/Sources/FoundationModelsKit/OnDeviceLanguageModel.swift /Users/admin/builder/spi-builder-workspace/Sources/FoundationModelsKit/OnDeviceToolBridge.swift (in target 'FoundationModelsKit' from project 'FoundationModelsKit')
	Building workspace FoundationModelsKit with scheme FoundationModelsKit
(2 failures)
BUILD FAILURE 6.4 tvOS