The Swift Package Index logo.Swift Package Index

Build Information

Failed to build SwiftyBash, reference master (5cf81e), with Swift 6.4 for visionOS using Xcode 27.0 on 16 Sep 2026 11:06:28 UTC.

Build Command

env DEVELOPER_DIR=/Applications/Xcode-27.0.0-Release.Candidate.app xcrun xcodebuild -IDEClonedSourcePackagesDirPathOverride=$PWD/.dependencies -skipMacroValidation -skipPackagePluginValidation -derivedDataPath $PWD/.derivedData build -scheme SwiftyBash -destination generic/platform=xrOS

Build Log

========================================
RunAll
========================================
Builder version: 5.1.0
Interrupt handler set up.
========================================
Checkout
========================================
Clone URL: https://github.com/pauljeannot/swiftybash.git
Reference: master
Initialized empty Git repository in /Users/admin/builder/spi-builder-workspace/.git/
From https://github.com/pauljeannot/swiftybash
 * branch            master     -> FETCH_HEAD
 * [new branch]      master     -> origin/master
HEAD is now at 5cf81e8 Update README.md
Cloned https://github.com/pauljeannot/swiftybash.git
Revision (git rev-parse @):
5cf81e81379a8dcc14c8a293b5fdbe2aade41aac
SUCCESS checkout https://github.com/pauljeannot/swiftybash.git at master
========================================
Build
========================================
Selected platform:         visionOS
Swift version:             6.4
Building package at path:  $PWD
https://github.com/pauljeannot/swiftybash.git
Command line invocation:
    /Applications/Xcode-27.0.0-Release.Candidate.app/Contents/Developer/usr/bin/xcodebuild -IDEClonedSourcePackagesDirPathOverride=/Users/admin/builder/spi-builder-workspace/.dependencies -resolvePackageDependencies
resolved source packages:
{
  "dependencies" : [
  ],
  "manifest_display_name" : "SwiftyBash",
  "name" : "SwiftyBash",
  "path" : "/Users/admin/builder/spi-builder-workspace",
  "platforms" : [
  ],
  "products" : [
    {
      "name" : "SwiftyBash",
      "targets" : [
        "SwiftyBash"
      ],
      "type" : {
        "library" : [
          "automatic"
        ]
      }
    }
  ],
  "targets" : [
    {
      "c99name" : "SwiftyBashTests",
      "module_type" : "SwiftTarget",
      "name" : "SwiftyBashTests",
      "path" : "Tests/SwiftyBashTests",
      "sources" : [
        "SwiftyBashTests.swift"
      ],
      "target_dependencies" : [
        "SwiftyBash"
      ],
      "type" : "test"
    },
    {
      "c99name" : "SwiftyBash",
      "module_type" : "SwiftTarget",
      "name" : "SwiftyBash",
      "path" : "Sources",
      "product_memberships" : [
        "SwiftyBash"
      ],
      "sources" : [
        "BashCmd.swift",
        "BashException.swift",
        "BashOutputType.swift"
      ],
      "type" : "library"
    }
  ],
  "tools_version" : "4.0"
}
{
  "project" : {
    "configurations" : [
      "Debug",
      "Release"
    ],
    "name" : "SwiftyBash",
    "schemes" : [
      "SwiftyBash-Package",
      "SwiftyBashPackageDescription",
      "SwiftyBashPackageTests"
    ],
    "targets" : [
      "SwiftyBashPackageDescription",
      "SwiftyBashTests",
      "SwiftyBash",
      "SwiftyBashPackageTests"
    ]
  }
}
{
  "workspace" : {
    "name" : "SwiftyBash",
    "schemes" : [
      "SwiftyBash"
    ]
  }
}
2026-09-16 07:06:17.446 xcodebuild[650:3893] [MT] IDERunDestination: Supported platforms for the buildables in the current scheme is empty.
Running build ...
env DEVELOPER_DIR=/Applications/Xcode-27.0.0-Release.Candidate.app xcrun xcodebuild -IDEClonedSourcePackagesDirPathOverride=$PWD/.dependencies -skipMacroValidation -skipPackagePluginValidation -derivedDataPath $PWD/.derivedData build -scheme SwiftyBash -destination generic/platform=xrOS
Command line invocation:
    /Applications/Xcode-27.0.0-Release.Candidate.app/Contents/Developer/usr/bin/xcodebuild -IDEClonedSourcePackagesDirPathOverride=/Users/admin/builder/spi-builder-workspace/.dependencies -skipMacroValidation -skipPackagePluginValidation -derivedDataPath /Users/admin/builder/spi-builder-workspace/.derivedData build -scheme SwiftyBash -destination generic/platform=xrOS
Resolve Package Graph
Resolved source packages:
  SwiftyBash: /Users/admin/builder/spi-builder-workspace
ComputePackagePrebuildTargetDependencyGraph
Prepare packages
CreateBuildRequest
SendProjectDescription
CreateBuildOperation
ComputeTargetDependencyGraph
note: Building targets in dependency order
note: Target dependency graph (2 targets)
    Target 'SwiftyBash-product' in project 'SwiftyBash'
        ➜ Explicit dependency on target 'SwiftyBash' in project 'SwiftyBash'
    Target 'SwiftyBash' in project 'SwiftyBash' (no dependencies)
GatherProvisioningInputs
CreateBuildDescription
ExecuteExternalTool /Applications/Xcode-27.0.0-Release.Candidate.app/Contents/Developer/Toolchains/XcodeDefault.xctoolchain/usr/bin/clang -v -E -dM -isysroot /Applications/Xcode-27.0.0-Release.Candidate.app/Contents/Developer/Platforms/XROS.platform/Developer/SDKs/XROS27.0.sdk -x c -c /dev/null
ExecuteExternalTool /Applications/Xcode-27.0.0-Release.Candidate.app/Contents/Developer/Toolchains/XcodeDefault.xctoolchain/usr/bin/swiftc --version
ExecuteExternalTool /Applications/Xcode-27.0.0-Release.Candidate.app/Contents/Developer/Toolchains/XcodeDefault.xctoolchain/usr/bin/ld -version_details
Build description signature: 86fbb273f33c08b0238ee1a6175b3504
Build description path: /Users/admin/builder/spi-builder-workspace/.derivedData/Build/Intermediates.noindex/XCBuildData/86fbb273f33c08b0238ee1a6175b3504.xcbuilddata
CreateBuildDirectory /Users/admin/builder/spi-builder-workspace/.derivedData/SDKExplicitPrecompiledModules
    cd /Users/admin/builder/spi-builder-workspace/.swiftpm/xcode
    builtin-create-build-directory /Users/admin/builder/spi-builder-workspace/.derivedData/SDKExplicitPrecompiledModules
CreateBuildDirectory /Users/admin/builder/spi-builder-workspace/.derivedData/ModuleCache.noindex
    cd /Users/admin/builder/spi-builder-workspace/.swiftpm/xcode
    builtin-create-build-directory /Users/admin/builder/spi-builder-workspace/.derivedData/ModuleCache.noindex
CreateBuildDirectory /Users/admin/builder/spi-builder-workspace/.derivedData/CompilationCache.noindex
    cd /Users/admin/builder/spi-builder-workspace/.swiftpm/xcode
    builtin-create-build-directory /Users/admin/builder/spi-builder-workspace/.derivedData/CompilationCache.noindex
CreateBuildDirectory /Users/admin/builder/spi-builder-workspace/.derivedData/Build/Intermediates.noindex
    cd /Users/admin/builder/spi-builder-workspace/.swiftpm/xcode
    builtin-create-build-directory /Users/admin/builder/spi-builder-workspace/.derivedData/Build/Intermediates.noindex
CreateBuildDirectory /Users/admin/builder/spi-builder-workspace/.derivedData/Build/Products
    cd /Users/admin/builder/spi-builder-workspace/.swiftpm/xcode
    builtin-create-build-directory /Users/admin/builder/spi-builder-workspace/.derivedData/Build/Products
ClangStatCache /Applications/Xcode-27.0.0-Release.Candidate.app/Contents/Developer/Toolchains/XcodeDefault.xctoolchain/usr/bin/clang-stat-cache /Applications/Xcode-27.0.0-Release.Candidate.app/Contents/Developer/Platforms/XROS.platform/Developer/SDKs/XROS27.0.sdk /Users/admin/builder/spi-builder-workspace/.derivedData/SDKStatCaches.noindex/xros27.0-24M361-e829b21a6f8c9b70876ba0858053c044735bd543db762f57723cac368afd1ce4.sdkstatcache
    cd /Users/admin/builder/spi-builder-workspace/.swiftpm/xcode
    /Applications/Xcode-27.0.0-Release.Candidate.app/Contents/Developer/Toolchains/XcodeDefault.xctoolchain/usr/bin/clang-stat-cache /Applications/Xcode-27.0.0-Release.Candidate.app/Contents/Developer/Platforms/XROS.platform/Developer/SDKs/XROS27.0.sdk -o /Users/admin/builder/spi-builder-workspace/.derivedData/SDKStatCaches.noindex/xros27.0-24M361-e829b21a6f8c9b70876ba0858053c044735bd543db762f57723cac368afd1ce4.sdkstatcache
CreateBuildDirectory /Users/admin/builder/spi-builder-workspace/.derivedData/Build/Products/Debug-xros
    cd /Users/admin/builder/spi-builder-workspace/.swiftpm/xcode
    builtin-create-build-directory /Users/admin/builder/spi-builder-workspace/.derivedData/Build/Products/Debug-xros
CreateBuildDirectory /Users/admin/builder/spi-builder-workspace/.derivedData/Build/Intermediates.noindex/SwiftExplicitPrecompiledModules
    cd /Users/admin/builder/spi-builder-workspace/.swiftpm/xcode
    builtin-create-build-directory /Users/admin/builder/spi-builder-workspace/.derivedData/Build/Intermediates.noindex/SwiftExplicitPrecompiledModules
CreateBuildDirectory /Users/admin/builder/spi-builder-workspace/.derivedData/Build/Intermediates.noindex/ExplicitPrecompiledModules
    cd /Users/admin/builder/spi-builder-workspace/.swiftpm/xcode
    builtin-create-build-directory /Users/admin/builder/spi-builder-workspace/.derivedData/Build/Intermediates.noindex/ExplicitPrecompiledModules
CreateBuildDirectory /Users/admin/builder/spi-builder-workspace/.derivedData/Build/Intermediates.noindex/PrecompiledHeaders
    cd /Users/admin/builder/spi-builder-workspace/.swiftpm/xcode
    builtin-create-build-directory /Users/admin/builder/spi-builder-workspace/.derivedData/Build/Intermediates.noindex/PrecompiledHeaders
CreateBuildDirectory /Users/admin/builder/spi-builder-workspace/.derivedData/Build/Intermediates.noindex/EagerLinkingTBDs/Debug-xros
    cd /Users/admin/builder/spi-builder-workspace/.swiftpm/xcode
    builtin-create-build-directory /Users/admin/builder/spi-builder-workspace/.derivedData/Build/Intermediates.noindex/EagerLinkingTBDs/Debug-xros
CreateBuildDirectory /Users/admin/builder/spi-builder-workspace/.derivedData/Build/Products/Debug-xros/PackageFrameworks
    cd /Users/admin/builder/spi-builder-workspace/.swiftpm/xcode
    builtin-create-build-directory /Users/admin/builder/spi-builder-workspace/.derivedData/Build/Products/Debug-xros/PackageFrameworks
WriteAuxiliaryFile /Users/admin/builder/spi-builder-workspace/.derivedData/Build/Intermediates.noindex/SwiftyBash.build/Debug-xros/SwiftyBash-t.build/SwiftyBash.DependencyStaticMetadataFileList (in target 'SwiftyBash' from project 'SwiftyBash')
    cd /Users/admin/builder/spi-builder-workspace
    write-file /Users/admin/builder/spi-builder-workspace/.derivedData/Build/Intermediates.noindex/SwiftyBash.build/Debug-xros/SwiftyBash-t.build/SwiftyBash.DependencyStaticMetadataFileList
WriteAuxiliaryFile /Users/admin/builder/spi-builder-workspace/.derivedData/Build/Intermediates.noindex/SwiftyBash.build/Debug-xros/SwiftyBash-t.build/SwiftyBash.modulemap (in target 'SwiftyBash' from project 'SwiftyBash')
    cd /Users/admin/builder/spi-builder-workspace
    write-file /Users/admin/builder/spi-builder-workspace/.derivedData/Build/Intermediates.noindex/SwiftyBash.build/Debug-xros/SwiftyBash-t.build/SwiftyBash.modulemap
WriteAuxiliaryFile /Users/admin/builder/spi-builder-workspace/.derivedData/Build/Intermediates.noindex/SwiftyBash.build/Debug-xros/SwiftyBash-t.build/SwiftyBash.DependencyMetadataFileList (in target 'SwiftyBash' from project 'SwiftyBash')
    cd /Users/admin/builder/spi-builder-workspace
    write-file /Users/admin/builder/spi-builder-workspace/.derivedData/Build/Intermediates.noindex/SwiftyBash.build/Debug-xros/SwiftyBash-t.build/SwiftyBash.DependencyMetadataFileList
WriteAuxiliaryFile /Users/admin/builder/spi-builder-workspace/.derivedData/Build/Intermediates.noindex/SwiftyBash.build/Debug-xros/SwiftyBash-t.build/Objects-normal/arm64/SwiftyBash.LinkFileList (in target 'SwiftyBash' from project 'SwiftyBash')
    cd /Users/admin/builder/spi-builder-workspace
    write-file /Users/admin/builder/spi-builder-workspace/.derivedData/Build/Intermediates.noindex/SwiftyBash.build/Debug-xros/SwiftyBash-t.build/Objects-normal/arm64/SwiftyBash.LinkFileList
WriteAuxiliaryFile /Users/admin/builder/spi-builder-workspace/.derivedData/Build/Intermediates.noindex/SwiftyBash.build/Debug-xros/SwiftyBash-t.build/Objects-normal/arm64/SwiftyBash.SwiftFileList (in target 'SwiftyBash' from project 'SwiftyBash')
    cd /Users/admin/builder/spi-builder-workspace
    write-file /Users/admin/builder/spi-builder-workspace/.derivedData/Build/Intermediates.noindex/SwiftyBash.build/Debug-xros/SwiftyBash-t.build/Objects-normal/arm64/SwiftyBash.SwiftFileList
WriteAuxiliaryFile /Users/admin/builder/spi-builder-workspace/.derivedData/Build/Intermediates.noindex/SwiftyBash.build/Debug-xros/SwiftyBash-t.build/Objects-normal/arm64/SwiftyBash_const_extract_protocols.json (in target 'SwiftyBash' from project 'SwiftyBash')
    cd /Users/admin/builder/spi-builder-workspace
    write-file /Users/admin/builder/spi-builder-workspace/.derivedData/Build/Intermediates.noindex/SwiftyBash.build/Debug-xros/SwiftyBash-t.build/Objects-normal/arm64/SwiftyBash_const_extract_protocols.json
WriteAuxiliaryFile /Users/admin/builder/spi-builder-workspace/.derivedData/Build/Intermediates.noindex/SwiftyBash.build/Debug-xros/SwiftyBash-t.build/Objects-normal/arm64/SwiftyBash-OutputFileMap.json (in target 'SwiftyBash' from project 'SwiftyBash')
    cd /Users/admin/builder/spi-builder-workspace
    write-file /Users/admin/builder/spi-builder-workspace/.derivedData/Build/Intermediates.noindex/SwiftyBash.build/Debug-xros/SwiftyBash-t.build/Objects-normal/arm64/SwiftyBash-OutputFileMap.json
WriteAuxiliaryFile /Users/admin/builder/spi-builder-workspace/.derivedData/Build/Intermediates.noindex/SwiftyBash.build/Debug-xros/SwiftyBash-t.build/Objects-normal/arm64/SwiftyBash.SwiftConstValuesFileList (in target 'SwiftyBash' from project 'SwiftyBash')
    cd /Users/admin/builder/spi-builder-workspace
    write-file /Users/admin/builder/spi-builder-workspace/.derivedData/Build/Intermediates.noindex/SwiftyBash.build/Debug-xros/SwiftyBash-t.build/Objects-normal/arm64/SwiftyBash.SwiftConstValuesFileList
Copy /Users/admin/builder/spi-builder-workspace/.derivedData/Build/Intermediates.noindex/GeneratedModuleMaps-xros/SwiftyBash.modulemap /Users/admin/builder/spi-builder-workspace/.derivedData/Build/Intermediates.noindex/SwiftyBash.build/Debug-xros/SwiftyBash-t.build/SwiftyBash.modulemap (in target 'SwiftyBash' from project 'SwiftyBash')
    cd /Users/admin/builder/spi-builder-workspace
    builtin-copy -exclude .DS_Store -exclude CVS -exclude .svn -exclude .git -exclude .hg -resolve-src-symlinks /Users/admin/builder/spi-builder-workspace/.derivedData/Build/Intermediates.noindex/SwiftyBash.build/Debug-xros/SwiftyBash-t.build/SwiftyBash.modulemap /Users/admin/builder/spi-builder-workspace/.derivedData/Build/Intermediates.noindex/GeneratedModuleMaps-xros
SwiftDriver SwiftyBash normal arm64 com.apple.xcode.tools.swift.compiler (in target 'SwiftyBash' from project 'SwiftyBash')
    cd /Users/admin/builder/spi-builder-workspace/.swiftpm/xcode
    builtin-SwiftDriver -- /Applications/Xcode-27.0.0-Release.Candidate.app/Contents/Developer/Toolchains/XcodeDefault.xctoolchain/usr/bin/swiftc -parse-as-library -module-name SwiftyBash -Onone @/Users/admin/builder/spi-builder-workspace/.derivedData/Build/Intermediates.noindex/SwiftyBash.build/Debug-xros/SwiftyBash-t.build/Objects-normal/arm64/SwiftyBash.SwiftFileList -DSWIFT_PACKAGE -DDEBUG -DSWIFT_MODULE_RESOURCE_BUNDLE_UNAVAILABLE -DXcode -plugin-path /Applications/Xcode-27.0.0-Release.Candidate.app/Contents/Developer/Toolchains/XcodeDefault.xctoolchain/usr/lib/swift/host/plugins/testing -enable-experimental-feature DebugDescriptionMacro -sdk /Applications/Xcode-27.0.0-Release.Candidate.app/Contents/Developer/Platforms/XROS.platform/Developer/SDKs/XROS27.0.sdk -target arm64-apple-xros1.0 -g -module-cache-path /Users/admin/builder/spi-builder-workspace/.derivedData/ModuleCache.noindex -Xfrontend -serialize-debugging-options -profile-coverage-mapping -profile-generate -enable-testing -index-store-path /Users/admin/builder/spi-builder-workspace/.derivedData/Index.noindex/DataStore -Xcc -D_LIBCPP_HARDENING_MODE\=_LIBCPP_HARDENING_MODE_DEBUG -swift-version 4 -I /Users/admin/builder/spi-builder-workspace/.derivedData/Build/Products/Debug-xros -Isystem /Applications/Xcode-27.0.0-Release.Candidate.app/Contents/Developer/Platforms/XROS.platform/Developer/usr/lib -F /Users/admin/builder/spi-builder-workspace/.derivedData/Build/Products/Debug-xros -F /Applications/Xcode-27.0.0-Release.Candidate.app/Contents/Developer/Platforms/XROS.platform/Developer/Library/Frameworks -F /Applications/Xcode-27.0.0-Release.Candidate.app/Contents/Developer/Platforms/XROS.platform/Developer/SDKs/XROS27.0.sdk/Developer/Library/Frameworks -c -j10 -enable-batch-mode -incremental -Xcc -ivfsstatcache -Xcc /Users/admin/builder/spi-builder-workspace/.derivedData/SDKStatCaches.noindex/xros27.0-24M361-e829b21a6f8c9b70876ba0858053c044735bd543db762f57723cac368afd1ce4.sdkstatcache -output-file-map /Users/admin/builder/spi-builder-workspace/.derivedData/Build/Intermediates.noindex/SwiftyBash.build/Debug-xros/SwiftyBash-t.build/Objects-normal/arm64/SwiftyBash-OutputFileMap.json -save-temps -no-color-diagnostics -emit-dependencies -emit-module -emit-module-path /Users/admin/builder/spi-builder-workspace/.derivedData/Build/Intermediates.noindex/SwiftyBash.build/Debug-xros/SwiftyBash-t.build/Objects-normal/arm64/SwiftyBash.swiftmodule -serialize-diagnostics -validate-clang-modules-once -clang-build-session-file /Users/admin/builder/spi-builder-workspace/.derivedData/ModuleCache.noindex/Session.modulevalidation -Xcc -fmodules-prune-interval\=86400 -Xcc -fmodules-prune-after\=345600 -emit-const-values -const-gather-protocols-list /Users/admin/builder/spi-builder-workspace/.derivedData/Build/Intermediates.noindex/SwiftyBash.build/Debug-xros/SwiftyBash-t.build/Objects-normal/arm64/SwiftyBash_const_extract_protocols.json -Xcc -I/Users/admin/builder/spi-builder-workspace/.derivedData/Build/Products/Debug-xros/include -Xcc -I/Users/admin/builder/spi-builder-workspace/.derivedData/Build/Intermediates.noindex/SwiftyBash.build/Debug-xros/SwiftyBash-t.build/DerivedSources-normal/arm64 -Xcc -I/Users/admin/builder/spi-builder-workspace/.derivedData/Build/Intermediates.noindex/SwiftyBash.build/Debug-xros/SwiftyBash-t.build/DerivedSources/arm64 -Xcc -I/Users/admin/builder/spi-builder-workspace/.derivedData/Build/Intermediates.noindex/SwiftyBash.build/Debug-xros/SwiftyBash-t.build/DerivedSources -Xcc -DSWIFT_PACKAGE -Xcc -DDEBUG\=1 -emit-objc-header -emit-objc-header-path /Users/admin/builder/spi-builder-workspace/.derivedData/Build/Intermediates.noindex/SwiftyBash.build/Debug-xros/SwiftyBash-t.build/Objects-normal/arm64/SwiftyBash-Swift.h -working-directory /Users/admin/builder/spi-builder-workspace/.swiftpm/xcode -experimental-emit-module-separately -disable-cmo
SwiftCompile normal arm64 Compiling\ BashException.swift /Users/admin/builder/spi-builder-workspace/Sources/BashException.swift (in target 'SwiftyBash' from project 'SwiftyBash')
SwiftCompile normal arm64 /Users/admin/builder/spi-builder-workspace/Sources/BashException.swift (in target 'SwiftyBash' from project 'SwiftyBash')
    cd /Users/admin/builder/spi-builder-workspace/.swiftpm/xcode
    builtin-SwiftPerFileCompile BashException.swift
SwiftCompile normal arm64 Compiling\ BashCmd.swift /Users/admin/builder/spi-builder-workspace/Sources/BashCmd.swift (in target 'SwiftyBash' from project 'SwiftyBash')
/Users/admin/builder/spi-builder-workspace/Sources/BashCmd.swift:117:5: warning: 'public' modifier is redundant for instance method declared in a public extension
115 |      Newly BashCmd created with commands piped
116 |      */
117 |     public func pipe(_ pipedCmd:BashCmd) -> BashCmd {
    |     `- warning: 'public' modifier is redundant for instance method declared in a public extension
118 |         return BashCmd(_command + " | " + pipedCmd._command)
119 |     }
/Users/admin/builder/spi-builder-workspace/Sources/BashCmd.swift:128:5: warning: 'public' modifier is redundant for operator function declared in a public extension
126 |         - rhs: Pipe output stream
127 |     */
128 |     public static func | (lhs: BashCmd, rhs: BashCmd) -> BashCmd {
    |     `- warning: 'public' modifier is redundant for operator function declared in a public extension
129 |         return lhs.pipe(rhs)
130 |     }
/Users/admin/builder/spi-builder-workspace/Sources/BashCmd.swift:52:23: error: cannot find 'Process' in scope
 50 |
 51 |         // Initialize process, stdout and stderr
 52 |         let process = Process()
    |                       `- error: cannot find 'Process' in scope
 53 |         let stdout = Pipe()
 54 |         let stderr = Pipe()
Failed frontend command:
/Applications/Xcode-27.0.0-Release.Candidate.app/Contents/Developer/Toolchains/XcodeDefault.xctoolchain/usr/bin/swift-frontend -frontend -c -primary-file /Users/admin/builder/spi-builder-workspace/Sources/BashCmd.swift /Users/admin/builder/spi-builder-workspace/Sources/BashException.swift /Users/admin/builder/spi-builder-workspace/Sources/BashOutputType.swift -emit-dependencies-path /Users/admin/builder/spi-builder-workspace/.derivedData/Build/Intermediates.noindex/SwiftyBash.build/Debug-xros/SwiftyBash-t.build/Objects-normal/arm64/BashCmd.d -emit-const-values-path /Users/admin/builder/spi-builder-workspace/.derivedData/Build/Intermediates.noindex/SwiftyBash.build/Debug-xros/SwiftyBash-t.build/Objects-normal/arm64/BashCmd.swiftconstvalues -emit-reference-dependencies-path /Users/admin/builder/spi-builder-workspace/.derivedData/Build/Intermediates.noindex/SwiftyBash.build/Debug-xros/SwiftyBash-t.build/Objects-normal/arm64/BashCmd.swiftdeps -serialize-diagnostics-path /Users/admin/builder/spi-builder-workspace/.derivedData/Build/Intermediates.noindex/SwiftyBash.build/Debug-xros/SwiftyBash-t.build/Objects-normal/arm64/BashCmd.dia -target arm64-apple-xros1.0 -Xllvm -aarch64-use-tbi -enable-objc-interop -stack-check -sdk /Applications/Xcode-27.0.0-Release.Candidate.app/Contents/Developer/Platforms/XROS.platform/Developer/SDKs/XROS27.0.sdk -I /Users/admin/builder/spi-builder-workspace/.derivedData/Build/Products/Debug-xros -Isystem /Applications/Xcode-27.0.0-Release.Candidate.app/Contents/Developer/Platforms/XROS.platform/Developer/usr/lib -F /Users/admin/builder/spi-builder-workspace/.derivedData/Build/Products/Debug-xros -F /Applications/Xcode-27.0.0-Release.Candidate.app/Contents/Developer/Platforms/XROS.platform/Developer/Library/Frameworks -F /Applications/Xcode-27.0.0-Release.Candidate.app/Contents/Developer/Platforms/XROS.platform/Developer/SDKs/XROS27.0.sdk/Developer/Library/Frameworks -module-cache-path /Users/admin/builder/spi-builder-workspace/.derivedData/ModuleCache.noindex -no-color-diagnostics -Xcc -fno-color-diagnostics -enable-testing -g -debug-info-format\=dwarf -dwarf-version\=4 -profile-generate -profile-coverage-mapping -swift-version 4 -Onone -D SWIFT_PACKAGE -D DEBUG -D SWIFT_MODULE_RESOURCE_BUNDLE_UNAVAILABLE -D Xcode -serialize-debugging-options -enable-experimental-feature DebugDescriptionMacro -empty-abi-descriptor -plugin-path /Applications/Xcode-27.0.0-Release.Candidate.app/Contents/Developer/Toolchains/XcodeDefault.xctoolchain/usr/lib/swift/host/plugins/testing -validate-clang-modules-once -clang-build-session-file /Users/admin/builder/spi-builder-workspace/.derivedData/ModuleCache.noindex/Session.modulevalidation -Xcc -working-directory -Xcc /Users/admin/builder/spi-builder-workspace/.swiftpm/xcode -enable-anonymous-context-mangled-names -file-compilation-dir /Users/admin/builder/spi-builder-workspace/.swiftpm/xcode -Xcc -D_LIBCPP_HARDENING_MODE\=_LIBCPP_HARDENING_MODE_DEBUG -Xcc -ivfsstatcache -Xcc /Users/admin/builder/spi-builder-workspace/.derivedData/SDKStatCaches.noindex/xros27.0-24M361-e829b21a6f8c9b70876ba0858053c044735bd543db762f57723cac368afd1ce4.sdkstatcache -Xcc -fmodules-prune-interval\=86400 -Xcc -fmodules-prune-after\=345600 -Xcc -I/Users/admin/builder/spi-builder-workspace/.derivedData/Build/Products/Debug-xros/include -Xcc -I/Users/admin/builder/spi-builder-workspace/.derivedData/Build/Intermediates.noindex/SwiftyBash.build/Debug-xros/SwiftyBash-t.build/DerivedSources-normal/arm64 -Xcc -I/Users/admin/builder/spi-builder-workspace/.derivedData/Build/Intermediates.noindex/SwiftyBash.build/Debug-xros/SwiftyBash-t.build/DerivedSources/arm64 -Xcc -I/Users/admin/builder/spi-builder-workspace/.derivedData/Build/Intermediates.noindex/SwiftyBash.build/Debug-xros/SwiftyBash-t.build/DerivedSources -Xcc -DSWIFT_PACKAGE -Xcc -DDEBUG\=1 -no-auto-bridging-header-chaining -module-name SwiftyBash -const-gather-protocols-file /Users/admin/builder/spi-builder-workspace/.derivedData/Build/Intermediates.noindex/SwiftyBash.build/Debug-xros/SwiftyBash-t.build/Objects-normal/arm64/SwiftyBash_const_extract_protocols.json -disable-clang-spi -target-sdk-version 27.0 -target-sdk-name xros27.0 -external-plugin-path /Applications/Xcode-27.0.0-Release.Candidate.app/Contents/Developer/Platforms/XROS.platform/Developer/usr/lib/swift/host/plugins\#/Applications/Xcode-27.0.0-Release.Candidate.app/Contents/Developer/Platforms/XROS.platform/Developer/usr/bin/swift-plugin-server -external-plugin-path /Applications/Xcode-27.0.0-Release.Candidate.app/Contents/Developer/Platforms/XROS.platform/Developer/usr/local/lib/swift/host/plugins\#/Applications/Xcode-27.0.0-Release.Candidate.app/Contents/Developer/Platforms/XROS.platform/Developer/usr/bin/swift-plugin-server -in-process-plugin-server-path /Applications/Xcode-27.0.0-Release.Candidate.app/Contents/Developer/Toolchains/XcodeDefault.xctoolchain/usr/lib/swift/host/libSwiftInProcPluginServer.dylib -plugin-path /Applications/Xcode-27.0.0-Release.Candidate.app/Contents/Developer/Toolchains/XcodeDefault.xctoolchain/usr/lib/swift/host/plugins -plugin-path /Applications/Xcode-27.0.0-Release.Candidate.app/Contents/Developer/Toolchains/XcodeDefault.xctoolchain/usr/local/lib/swift/host/plugins -parse-as-library -o /Users/admin/builder/spi-builder-workspace/.derivedData/Build/Intermediates.noindex/SwiftyBash.build/Debug-xros/SwiftyBash-t.build/Objects-normal/arm64/BashCmd.o -index-unit-output-path /SwiftyBash.build/Debug-xros/SwiftyBash-t.build/Objects-normal/arm64/BashCmd.o -index-store-path /Users/admin/builder/spi-builder-workspace/.derivedData/Index.noindex/DataStore -index-system-modules
SwiftCompile normal arm64 /Users/admin/builder/spi-builder-workspace/Sources/BashCmd.swift (in target 'SwiftyBash' from project 'SwiftyBash')
    cd /Users/admin/builder/spi-builder-workspace/.swiftpm/xcode
    builtin-SwiftPerFileCompile BashCmd.swift
SwiftCompile normal arm64 Compiling\ BashOutputType.swift /Users/admin/builder/spi-builder-workspace/Sources/BashOutputType.swift (in target 'SwiftyBash' from project 'SwiftyBash')
SwiftCompile normal arm64 /Users/admin/builder/spi-builder-workspace/Sources/BashOutputType.swift (in target 'SwiftyBash' from project 'SwiftyBash')
    cd /Users/admin/builder/spi-builder-workspace/.swiftpm/xcode
    builtin-SwiftPerFileCompile BashOutputType.swift
SwiftEmitModule normal arm64 Emitting\ module\ for\ SwiftyBash (in target 'SwiftyBash' from project 'SwiftyBash')
/Users/admin/builder/spi-builder-workspace/Sources/BashCmd.swift:117:5: warning: 'public' modifier is redundant for instance method declared in a public extension
115 |      Newly BashCmd created with commands piped
116 |      */
117 |     public func pipe(_ pipedCmd:BashCmd) -> BashCmd {
    |     `- warning: 'public' modifier is redundant for instance method declared in a public extension
118 |         return BashCmd(_command + " | " + pipedCmd._command)
119 |     }
/Users/admin/builder/spi-builder-workspace/Sources/BashCmd.swift:128:5: warning: 'public' modifier is redundant for operator function declared in a public extension
126 |         - rhs: Pipe output stream
127 |     */
128 |     public static func | (lhs: BashCmd, rhs: BashCmd) -> BashCmd {
    |     `- warning: 'public' modifier is redundant for operator function declared in a public extension
129 |         return lhs.pipe(rhs)
130 |     }
/Users/admin/builder/spi-builder-workspace/Sources/BashOutputType.swift:40:5: warning: 'public' modifier is redundant for instance method declared in a public extension
38 |     /// Returns a new string made by removing from both ends on each new line of the String characters
39 |     /// contained in a given character set.
40 |     public func trimmingCharactersEachNewLine(in set: CharacterSet) -> String {
   |     `- warning: 'public' modifier is redundant for instance method declared in a public extension
41 |         let lines = split(separator: "\n")
42 |         // Need to transform each String.SubSequence aka Substring to String to avoid errors on Linux 16.04 with Swift 4.0
SwiftCompile normal arm64 (in target 'SwiftyBash' from project 'SwiftyBash')
    cd /Users/admin/builder/spi-builder-workspace/.swiftpm/xcode

SwiftDriverJobDiscovery normal arm64 Emitting module for SwiftyBash (in target 'SwiftyBash' from project 'SwiftyBash')
SwiftDriver\ Compilation\ Requirements SwiftyBash normal arm64 com.apple.xcode.tools.swift.compiler (in target 'SwiftyBash' from project 'SwiftyBash')
    cd /Users/admin/builder/spi-builder-workspace/.swiftpm/xcode
    builtin-Swift-Compilation-Requirements -- /Applications/Xcode-27.0.0-Release.Candidate.app/Contents/Developer/Toolchains/XcodeDefault.xctoolchain/usr/bin/swiftc -parse-as-library -module-name SwiftyBash -Onone @/Users/admin/builder/spi-builder-workspace/.derivedData/Build/Intermediates.noindex/SwiftyBash.build/Debug-xros/SwiftyBash-t.build/Objects-normal/arm64/SwiftyBash.SwiftFileList -DSWIFT_PACKAGE -DDEBUG -DSWIFT_MODULE_RESOURCE_BUNDLE_UNAVAILABLE -DXcode -plugin-path /Applications/Xcode-27.0.0-Release.Candidate.app/Contents/Developer/Toolchains/XcodeDefault.xctoolchain/usr/lib/swift/host/plugins/testing -enable-experimental-feature DebugDescriptionMacro -sdk /Applications/Xcode-27.0.0-Release.Candidate.app/Contents/Developer/Platforms/XROS.platform/Developer/SDKs/XROS27.0.sdk -target arm64-apple-xros1.0 -g -module-cache-path /Users/admin/builder/spi-builder-workspace/.derivedData/ModuleCache.noindex -Xfrontend -serialize-debugging-options -profile-coverage-mapping -profile-generate -enable-testing -index-store-path /Users/admin/builder/spi-builder-workspace/.derivedData/Index.noindex/DataStore -Xcc -D_LIBCPP_HARDENING_MODE\=_LIBCPP_HARDENING_MODE_DEBUG -swift-version 4 -I /Users/admin/builder/spi-builder-workspace/.derivedData/Build/Products/Debug-xros -Isystem /Applications/Xcode-27.0.0-Release.Candidate.app/Contents/Developer/Platforms/XROS.platform/Developer/usr/lib -F /Users/admin/builder/spi-builder-workspace/.derivedData/Build/Products/Debug-xros -F /Applications/Xcode-27.0.0-Release.Candidate.app/Contents/Developer/Platforms/XROS.platform/Developer/Library/Frameworks -F /Applications/Xcode-27.0.0-Release.Candidate.app/Contents/Developer/Platforms/XROS.platform/Developer/SDKs/XROS27.0.sdk/Developer/Library/Frameworks -c -j10 -enable-batch-mode -incremental -Xcc -ivfsstatcache -Xcc /Users/admin/builder/spi-builder-workspace/.derivedData/SDKStatCaches.noindex/xros27.0-24M361-e829b21a6f8c9b70876ba0858053c044735bd543db762f57723cac368afd1ce4.sdkstatcache -output-file-map /Users/admin/builder/spi-builder-workspace/.derivedData/Build/Intermediates.noindex/SwiftyBash.build/Debug-xros/SwiftyBash-t.build/Objects-normal/arm64/SwiftyBash-OutputFileMap.json -save-temps -no-color-diagnostics -emit-dependencies -emit-module -emit-module-path /Users/admin/builder/spi-builder-workspace/.derivedData/Build/Intermediates.noindex/SwiftyBash.build/Debug-xros/SwiftyBash-t.build/Objects-normal/arm64/SwiftyBash.swiftmodule -serialize-diagnostics -validate-clang-modules-once -clang-build-session-file /Users/admin/builder/spi-builder-workspace/.derivedData/ModuleCache.noindex/Session.modulevalidation -Xcc -fmodules-prune-interval\=86400 -Xcc -fmodules-prune-after\=345600 -emit-const-values -const-gather-protocols-list /Users/admin/builder/spi-builder-workspace/.derivedData/Build/Intermediates.noindex/SwiftyBash.build/Debug-xros/SwiftyBash-t.build/Objects-normal/arm64/SwiftyBash_const_extract_protocols.json -Xcc -I/Users/admin/builder/spi-builder-workspace/.derivedData/Build/Products/Debug-xros/include -Xcc -I/Users/admin/builder/spi-builder-workspace/.derivedData/Build/Intermediates.noindex/SwiftyBash.build/Debug-xros/SwiftyBash-t.build/DerivedSources-normal/arm64 -Xcc -I/Users/admin/builder/spi-builder-workspace/.derivedData/Build/Intermediates.noindex/SwiftyBash.build/Debug-xros/SwiftyBash-t.build/DerivedSources/arm64 -Xcc -I/Users/admin/builder/spi-builder-workspace/.derivedData/Build/Intermediates.noindex/SwiftyBash.build/Debug-xros/SwiftyBash-t.build/DerivedSources -Xcc -DSWIFT_PACKAGE -Xcc -DDEBUG\=1 -emit-objc-header -emit-objc-header-path /Users/admin/builder/spi-builder-workspace/.derivedData/Build/Intermediates.noindex/SwiftyBash.build/Debug-xros/SwiftyBash-t.build/Objects-normal/arm64/SwiftyBash-Swift.h -working-directory /Users/admin/builder/spi-builder-workspace/.swiftpm/xcode -experimental-emit-module-separately -disable-cmo
SwiftMergeGeneratedHeaders /Users/admin/builder/spi-builder-workspace/.derivedData/Build/Intermediates.noindex/GeneratedModuleMaps-xros/SwiftyBash-Swift.h /Users/admin/builder/spi-builder-workspace/.derivedData/Build/Intermediates.noindex/SwiftyBash.build/Debug-xros/SwiftyBash-t.build/Objects-normal/arm64/SwiftyBash-Swift.h (in target 'SwiftyBash' from project 'SwiftyBash')
    cd /Users/admin/builder/spi-builder-workspace
    builtin-swiftHeaderTool -arch arm64 /Users/admin/builder/spi-builder-workspace/.derivedData/Build/Intermediates.noindex/SwiftyBash.build/Debug-xros/SwiftyBash-t.build/Objects-normal/arm64/SwiftyBash-Swift.h -o /Users/admin/builder/spi-builder-workspace/.derivedData/Build/Intermediates.noindex/GeneratedModuleMaps-xros/SwiftyBash-Swift.h
Copy /Users/admin/builder/spi-builder-workspace/.derivedData/Build/Products/Debug-xros/SwiftyBash.swiftmodule/arm64-apple-xros.swiftdoc /Users/admin/builder/spi-builder-workspace/.derivedData/Build/Intermediates.noindex/SwiftyBash.build/Debug-xros/SwiftyBash-t.build/Objects-normal/arm64/SwiftyBash.swiftdoc (in target 'SwiftyBash' from project 'SwiftyBash')
    cd /Users/admin/builder/spi-builder-workspace
    builtin-copy -exclude .DS_Store -exclude CVS -exclude .svn -exclude .git -exclude .hg -resolve-src-symlinks -rename /Users/admin/builder/spi-builder-workspace/.derivedData/Build/Intermediates.noindex/SwiftyBash.build/Debug-xros/SwiftyBash-t.build/Objects-normal/arm64/SwiftyBash.swiftdoc /Users/admin/builder/spi-builder-workspace/.derivedData/Build/Products/Debug-xros/SwiftyBash.swiftmodule/arm64-apple-xros.swiftdoc
Copy /Users/admin/builder/spi-builder-workspace/.derivedData/Build/Products/Debug-xros/SwiftyBash.swiftmodule/arm64-apple-xros.abi.json /Users/admin/builder/spi-builder-workspace/.derivedData/Build/Intermediates.noindex/SwiftyBash.build/Debug-xros/SwiftyBash-t.build/Objects-normal/arm64/SwiftyBash.abi.json (in target 'SwiftyBash' from project 'SwiftyBash')
    cd /Users/admin/builder/spi-builder-workspace
    builtin-copy -exclude .DS_Store -exclude CVS -exclude .svn -exclude .git -exclude .hg -resolve-src-symlinks -rename /Users/admin/builder/spi-builder-workspace/.derivedData/Build/Intermediates.noindex/SwiftyBash.build/Debug-xros/SwiftyBash-t.build/Objects-normal/arm64/SwiftyBash.abi.json /Users/admin/builder/spi-builder-workspace/.derivedData/Build/Products/Debug-xros/SwiftyBash.swiftmodule/arm64-apple-xros.abi.json
Copy /Users/admin/builder/spi-builder-workspace/.derivedData/Build/Products/Debug-xros/SwiftyBash.swiftmodule/arm64-apple-xros.swiftmodule /Users/admin/builder/spi-builder-workspace/.derivedData/Build/Intermediates.noindex/SwiftyBash.build/Debug-xros/SwiftyBash-t.build/Objects-normal/arm64/SwiftyBash.swiftmodule (in target 'SwiftyBash' from project 'SwiftyBash')
    cd /Users/admin/builder/spi-builder-workspace
    builtin-copy -exclude .DS_Store -exclude CVS -exclude .svn -exclude .git -exclude .hg -resolve-src-symlinks -rename /Users/admin/builder/spi-builder-workspace/.derivedData/Build/Intermediates.noindex/SwiftyBash.build/Debug-xros/SwiftyBash-t.build/Objects-normal/arm64/SwiftyBash.swiftmodule /Users/admin/builder/spi-builder-workspace/.derivedData/Build/Products/Debug-xros/SwiftyBash.swiftmodule/arm64-apple-xros.swiftmodule
Copy /Users/admin/builder/spi-builder-workspace/.derivedData/Build/Products/Debug-xros/SwiftyBash.swiftmodule/Project/arm64-apple-xros.swiftsourceinfo /Users/admin/builder/spi-builder-workspace/.derivedData/Build/Intermediates.noindex/SwiftyBash.build/Debug-xros/SwiftyBash-t.build/Objects-normal/arm64/SwiftyBash.swiftsourceinfo (in target 'SwiftyBash' from project 'SwiftyBash')
    cd /Users/admin/builder/spi-builder-workspace
    builtin-copy -exclude .DS_Store -exclude CVS -exclude .svn -exclude .git -exclude .hg -resolve-src-symlinks -rename /Users/admin/builder/spi-builder-workspace/.derivedData/Build/Intermediates.noindex/SwiftyBash.build/Debug-xros/SwiftyBash-t.build/Objects-normal/arm64/SwiftyBash.swiftsourceinfo /Users/admin/builder/spi-builder-workspace/.derivedData/Build/Products/Debug-xros/SwiftyBash.swiftmodule/Project/arm64-apple-xros.swiftsourceinfo
PruneExplicitPrecompiledModules /Users/admin/builder/spi-builder-workspace/.derivedData/Build/Intermediates.noindex/ExplicitPrecompiledModules
PruneExplicitPrecompiledModules /Users/admin/builder/spi-builder-workspace/.derivedData/Build/Intermediates.noindex/SwiftExplicitPrecompiledModules
PruneExplicitPrecompiledModules /Users/admin/builder/spi-builder-workspace/.derivedData/SDKExplicitPrecompiledModules
2026-09-16 07:06:19.017 xcodebuild[681:4262] [MT] IDERunDestination: Supported platforms for the buildables in the current scheme is empty.
** BUILD FAILED **
The following build commands failed:
	SwiftCompile normal arm64 Compiling\ BashCmd.swift /Users/admin/builder/spi-builder-workspace/Sources/BashCmd.swift (in target 'SwiftyBash' from project 'SwiftyBash')
	SwiftCompile normal arm64 /Users/admin/builder/spi-builder-workspace/Sources/BashCmd.swift (in target 'SwiftyBash' from project 'SwiftyBash')
	Building workspace SwiftyBash with scheme SwiftyBash
(3 failures)
Command line invocation:
    /Applications/Xcode-27.0.0-Release.Candidate.app/Contents/Developer/usr/bin/xcodebuild -IDEClonedSourcePackagesDirPathOverride=/Users/admin/builder/spi-builder-workspace/.dependencies -resolvePackageDependencies
Resolve Package Graph
Resolved source packages:
  SwiftyBash: /Users/admin/builder/spi-builder-workspace
resolved source packages: SwiftyBash
2026-09-16 07:06:25.129 xcodebuild[709:4453] [MT] IDERunDestination: Supported platforms for the buildables in the current scheme is empty.
{
  "dependencies" : [
  ],
  "manifest_display_name" : "SwiftyBash",
  "name" : "SwiftyBash",
  "path" : "/Users/admin/builder/spi-builder-workspace",
  "platforms" : [
  ],
  "products" : [
    {
      "name" : "SwiftyBash",
      "targets" : [
        "SwiftyBash"
      ],
      "type" : {
        "library" : [
          "automatic"
        ]
      }
    }
  ],
  "targets" : [
    {
      "c99name" : "SwiftyBashTests",
      "module_type" : "SwiftTarget",
      "name" : "SwiftyBashTests",
      "path" : "Tests/SwiftyBashTests",
      "sources" : [
        "SwiftyBashTests.swift"
      ],
      "target_dependencies" : [
        "SwiftyBash"
      ],
      "type" : "test"
    },
    {
      "c99name" : "SwiftyBash",
      "module_type" : "SwiftTarget",
      "name" : "SwiftyBash",
      "path" : "Sources",
      "product_memberships" : [
        "SwiftyBash"
      ],
      "sources" : [
        "BashCmd.swift",
        "BashException.swift",
        "BashOutputType.swift"
      ],
      "type" : "library"
    }
  ],
  "tools_version" : "4.0"
}
{
  "workspace" : {
    "name" : "SwiftyBash",
    "schemes" : [
      "SwiftyBash"
    ]
  }
}
2026-09-16 07:06:26.388 xcodebuild[717:4528] [MT] IDERunDestination: Supported platforms for the buildables in the current scheme is empty.
Running build ...
env DEVELOPER_DIR=/Applications/Xcode-27.0.0-Release.Candidate.app xcrun xcodebuild -IDEClonedSourcePackagesDirPathOverride=$PWD/.dependencies -skipMacroValidation -skipPackagePluginValidation -derivedDataPath $PWD/.derivedData build -scheme SwiftyBash -destination generic/platform=xrOS
Command line invocation:
    /Applications/Xcode-27.0.0-Release.Candidate.app/Contents/Developer/usr/bin/xcodebuild -IDEClonedSourcePackagesDirPathOverride=/Users/admin/builder/spi-builder-workspace/.dependencies -skipMacroValidation -skipPackagePluginValidation -derivedDataPath /Users/admin/builder/spi-builder-workspace/.derivedData build -scheme SwiftyBash -destination generic/platform=xrOS
Resolve Package Graph
Resolved source packages:
  SwiftyBash: /Users/admin/builder/spi-builder-workspace
ComputePackagePrebuildTargetDependencyGraph
Prepare packages
CreateBuildRequest
SendProjectDescription
CreateBuildOperation
ComputeTargetDependencyGraph
note: Building targets in dependency order
note: Target dependency graph (2 targets)
    Target 'SwiftyBash-product' in project 'SwiftyBash'
        ➜ Explicit dependency on target 'SwiftyBash' in project 'SwiftyBash'
    Target 'SwiftyBash' in project 'SwiftyBash' (no dependencies)
GatherProvisioningInputs
CreateBuildDescription
ClangStatCache /Applications/Xcode-27.0.0-Release.Candidate.app/Contents/Developer/Toolchains/XcodeDefault.xctoolchain/usr/bin/clang-stat-cache /Applications/Xcode-27.0.0-Release.Candidate.app/Contents/Developer/Platforms/XROS.platform/Developer/SDKs/XROS27.0.sdk /Users/admin/builder/spi-builder-workspace/.derivedData/SDKStatCaches.noindex/xros27.0-24M361-e829b21a6f8c9b70876ba0858053c044735bd543db762f57723cac368afd1ce4.sdkstatcache
    cd /Users/admin/builder/spi-builder-workspace/.swiftpm/xcode
    /Applications/Xcode-27.0.0-Release.Candidate.app/Contents/Developer/Toolchains/XcodeDefault.xctoolchain/usr/bin/clang-stat-cache /Applications/Xcode-27.0.0-Release.Candidate.app/Contents/Developer/Platforms/XROS.platform/Developer/SDKs/XROS27.0.sdk -o /Users/admin/builder/spi-builder-workspace/.derivedData/SDKStatCaches.noindex/xros27.0-24M361-e829b21a6f8c9b70876ba0858053c044735bd543db762f57723cac368afd1ce4.sdkstatcache
SwiftDriver SwiftyBash normal arm64 com.apple.xcode.tools.swift.compiler (in target 'SwiftyBash' from project 'SwiftyBash')
    cd /Users/admin/builder/spi-builder-workspace/.swiftpm/xcode
    builtin-SwiftDriver -- /Applications/Xcode-27.0.0-Release.Candidate.app/Contents/Developer/Toolchains/XcodeDefault.xctoolchain/usr/bin/swiftc -parse-as-library -module-name SwiftyBash -Onone @/Users/admin/builder/spi-builder-workspace/.derivedData/Build/Intermediates.noindex/SwiftyBash.build/Debug-xros/SwiftyBash-t.build/Objects-normal/arm64/SwiftyBash.SwiftFileList -DSWIFT_PACKAGE -DDEBUG -DSWIFT_MODULE_RESOURCE_BUNDLE_UNAVAILABLE -DXcode -plugin-path /Applications/Xcode-27.0.0-Release.Candidate.app/Contents/Developer/Toolchains/XcodeDefault.xctoolchain/usr/lib/swift/host/plugins/testing -enable-experimental-feature DebugDescriptionMacro -sdk /Applications/Xcode-27.0.0-Release.Candidate.app/Contents/Developer/Platforms/XROS.platform/Developer/SDKs/XROS27.0.sdk -target arm64-apple-xros1.0 -g -module-cache-path /Users/admin/builder/spi-builder-workspace/.derivedData/ModuleCache.noindex -Xfrontend -serialize-debugging-options -profile-coverage-mapping -profile-generate -enable-testing -index-store-path /Users/admin/builder/spi-builder-workspace/.derivedData/Index.noindex/DataStore -Xcc -D_LIBCPP_HARDENING_MODE\=_LIBCPP_HARDENING_MODE_DEBUG -swift-version 4 -I /Users/admin/builder/spi-builder-workspace/.derivedData/Build/Products/Debug-xros -Isystem /Applications/Xcode-27.0.0-Release.Candidate.app/Contents/Developer/Platforms/XROS.platform/Developer/usr/lib -F /Users/admin/builder/spi-builder-workspace/.derivedData/Build/Products/Debug-xros -F /Applications/Xcode-27.0.0-Release.Candidate.app/Contents/Developer/Platforms/XROS.platform/Developer/Library/Frameworks -F /Applications/Xcode-27.0.0-Release.Candidate.app/Contents/Developer/Platforms/XROS.platform/Developer/SDKs/XROS27.0.sdk/Developer/Library/Frameworks -c -j10 -enable-batch-mode -incremental -Xcc -ivfsstatcache -Xcc /Users/admin/builder/spi-builder-workspace/.derivedData/SDKStatCaches.noindex/xros27.0-24M361-e829b21a6f8c9b70876ba0858053c044735bd543db762f57723cac368afd1ce4.sdkstatcache -output-file-map /Users/admin/builder/spi-builder-workspace/.derivedData/Build/Intermediates.noindex/SwiftyBash.build/Debug-xros/SwiftyBash-t.build/Objects-normal/arm64/SwiftyBash-OutputFileMap.json -save-temps -no-color-diagnostics -emit-dependencies -emit-module -emit-module-path /Users/admin/builder/spi-builder-workspace/.derivedData/Build/Intermediates.noindex/SwiftyBash.build/Debug-xros/SwiftyBash-t.build/Objects-normal/arm64/SwiftyBash.swiftmodule -serialize-diagnostics -validate-clang-modules-once -clang-build-session-file /Users/admin/builder/spi-builder-workspace/.derivedData/ModuleCache.noindex/Session.modulevalidation -Xcc -fmodules-prune-interval\=86400 -Xcc -fmodules-prune-after\=345600 -emit-const-values -const-gather-protocols-list /Users/admin/builder/spi-builder-workspace/.derivedData/Build/Intermediates.noindex/SwiftyBash.build/Debug-xros/SwiftyBash-t.build/Objects-normal/arm64/SwiftyBash_const_extract_protocols.json -Xcc -I/Users/admin/builder/spi-builder-workspace/.derivedData/Build/Products/Debug-xros/include -Xcc -I/Users/admin/builder/spi-builder-workspace/.derivedData/Build/Intermediates.noindex/SwiftyBash.build/Debug-xros/SwiftyBash-t.build/DerivedSources-normal/arm64 -Xcc -I/Users/admin/builder/spi-builder-workspace/.derivedData/Build/Intermediates.noindex/SwiftyBash.build/Debug-xros/SwiftyBash-t.build/DerivedSources/arm64 -Xcc -I/Users/admin/builder/spi-builder-workspace/.derivedData/Build/Intermediates.noindex/SwiftyBash.build/Debug-xros/SwiftyBash-t.build/DerivedSources -Xcc -DSWIFT_PACKAGE -Xcc -DDEBUG\=1 -emit-objc-header -emit-objc-header-path /Users/admin/builder/spi-builder-workspace/.derivedData/Build/Intermediates.noindex/SwiftyBash.build/Debug-xros/SwiftyBash-t.build/Objects-normal/arm64/SwiftyBash-Swift.h -working-directory /Users/admin/builder/spi-builder-workspace/.swiftpm/xcode -experimental-emit-module-separately -disable-cmo
SwiftCompile normal arm64 Compiling\ BashCmd.swift /Users/admin/builder/spi-builder-workspace/Sources/BashCmd.swift (in target 'SwiftyBash' from project 'SwiftyBash')
SwiftCompile normal arm64 /Users/admin/builder/spi-builder-workspace/Sources/BashCmd.swift (in target 'SwiftyBash' from project 'SwiftyBash')
    cd /Users/admin/builder/spi-builder-workspace/.swiftpm/xcode
    builtin-SwiftPerFileCompile BashCmd.swift
/Users/admin/builder/spi-builder-workspace/Sources/BashCmd.swift:117:5: warning: 'public' modifier is redundant for instance method declared in a public extension
115 |      Newly BashCmd created with commands piped
116 |      */
117 |     public func pipe(_ pipedCmd:BashCmd) -> BashCmd {
    |     `- warning: 'public' modifier is redundant for instance method declared in a public extension
118 |         return BashCmd(_command + " | " + pipedCmd._command)
119 |     }
/Users/admin/builder/spi-builder-workspace/Sources/BashCmd.swift:128:5: warning: 'public' modifier is redundant for operator function declared in a public extension
126 |         - rhs: Pipe output stream
127 |     */
128 |     public static func | (lhs: BashCmd, rhs: BashCmd) -> BashCmd {
    |     `- warning: 'public' modifier is redundant for operator function declared in a public extension
129 |         return lhs.pipe(rhs)
130 |     }
/Users/admin/builder/spi-builder-workspace/Sources/BashCmd.swift:52:23: error: cannot find 'Process' in scope
 50 |
 51 |         // Initialize process, stdout and stderr
 52 |         let process = Process()
    |                       `- error: cannot find 'Process' in scope
 53 |         let stdout = Pipe()
 54 |         let stderr = Pipe()
Failed frontend command:
/Applications/Xcode-27.0.0-Release.Candidate.app/Contents/Developer/Toolchains/XcodeDefault.xctoolchain/usr/bin/swift-frontend -frontend -c -primary-file /Users/admin/builder/spi-builder-workspace/Sources/BashCmd.swift /Users/admin/builder/spi-builder-workspace/Sources/BashException.swift /Users/admin/builder/spi-builder-workspace/Sources/BashOutputType.swift -emit-dependencies-path /Users/admin/builder/spi-builder-workspace/.derivedData/Build/Intermediates.noindex/SwiftyBash.build/Debug-xros/SwiftyBash-t.build/Objects-normal/arm64/BashCmd.d -emit-const-values-path /Users/admin/builder/spi-builder-workspace/.derivedData/Build/Intermediates.noindex/SwiftyBash.build/Debug-xros/SwiftyBash-t.build/Objects-normal/arm64/BashCmd.swiftconstvalues -emit-reference-dependencies-path /Users/admin/builder/spi-builder-workspace/.derivedData/Build/Intermediates.noindex/SwiftyBash.build/Debug-xros/SwiftyBash-t.build/Objects-normal/arm64/BashCmd.swiftdeps -serialize-diagnostics-path /Users/admin/builder/spi-builder-workspace/.derivedData/Build/Intermediates.noindex/SwiftyBash.build/Debug-xros/SwiftyBash-t.build/Objects-normal/arm64/BashCmd.dia -target arm64-apple-xros1.0 -Xllvm -aarch64-use-tbi -enable-objc-interop -stack-check -sdk /Applications/Xcode-27.0.0-Release.Candidate.app/Contents/Developer/Platforms/XROS.platform/Developer/SDKs/XROS27.0.sdk -I /Users/admin/builder/spi-builder-workspace/.derivedData/Build/Products/Debug-xros -Isystem /Applications/Xcode-27.0.0-Release.Candidate.app/Contents/Developer/Platforms/XROS.platform/Developer/usr/lib -F /Users/admin/builder/spi-builder-workspace/.derivedData/Build/Products/Debug-xros -F /Applications/Xcode-27.0.0-Release.Candidate.app/Contents/Developer/Platforms/XROS.platform/Developer/Library/Frameworks -F /Applications/Xcode-27.0.0-Release.Candidate.app/Contents/Developer/Platforms/XROS.platform/Developer/SDKs/XROS27.0.sdk/Developer/Library/Frameworks -module-cache-path /Users/admin/builder/spi-builder-workspace/.derivedData/ModuleCache.noindex -no-color-diagnostics -Xcc -fno-color-diagnostics -enable-testing -g -debug-info-format\=dwarf -dwarf-version\=4 -profile-generate -profile-coverage-mapping -swift-version 4 -Onone -D SWIFT_PACKAGE -D DEBUG -D SWIFT_MODULE_RESOURCE_BUNDLE_UNAVAILABLE -D Xcode -serialize-debugging-options -enable-experimental-feature DebugDescriptionMacro -empty-abi-descriptor -plugin-path /Applications/Xcode-27.0.0-Release.Candidate.app/Contents/Developer/Toolchains/XcodeDefault.xctoolchain/usr/lib/swift/host/plugins/testing -validate-clang-modules-once -clang-build-session-file /Users/admin/builder/spi-builder-workspace/.derivedData/ModuleCache.noindex/Session.modulevalidation -Xcc -working-directory -Xcc /Users/admin/builder/spi-builder-workspace/.swiftpm/xcode -enable-anonymous-context-mangled-names -file-compilation-dir /Users/admin/builder/spi-builder-workspace/.swiftpm/xcode -Xcc -D_LIBCPP_HARDENING_MODE\=_LIBCPP_HARDENING_MODE_DEBUG -Xcc -ivfsstatcache -Xcc /Users/admin/builder/spi-builder-workspace/.derivedData/SDKStatCaches.noindex/xros27.0-24M361-e829b21a6f8c9b70876ba0858053c044735bd543db762f57723cac368afd1ce4.sdkstatcache -Xcc -fmodules-prune-interval\=86400 -Xcc -fmodules-prune-after\=345600 -Xcc -I/Users/admin/builder/spi-builder-workspace/.derivedData/Build/Products/Debug-xros/include -Xcc -I/Users/admin/builder/spi-builder-workspace/.derivedData/Build/Intermediates.noindex/SwiftyBash.build/Debug-xros/SwiftyBash-t.build/DerivedSources-normal/arm64 -Xcc -I/Users/admin/builder/spi-builder-workspace/.derivedData/Build/Intermediates.noindex/SwiftyBash.build/Debug-xros/SwiftyBash-t.build/DerivedSources/arm64 -Xcc -I/Users/admin/builder/spi-builder-workspace/.derivedData/Build/Intermediates.noindex/SwiftyBash.build/Debug-xros/SwiftyBash-t.build/DerivedSources -Xcc -DSWIFT_PACKAGE -Xcc -DDEBUG\=1 -no-auto-bridging-header-chaining -module-name SwiftyBash -const-gather-protocols-file /Users/admin/builder/spi-builder-workspace/.derivedData/Build/Intermediates.noindex/SwiftyBash.build/Debug-xros/SwiftyBash-t.build/Objects-normal/arm64/SwiftyBash_const_extract_protocols.json -disable-clang-spi -target-sdk-version 27.0 -target-sdk-name xros27.0 -external-plugin-path /Applications/Xcode-27.0.0-Release.Candidate.app/Contents/Developer/Platforms/XROS.platform/Developer/usr/lib/swift/host/plugins\#/Applications/Xcode-27.0.0-Release.Candidate.app/Contents/Developer/Platforms/XROS.platform/Developer/usr/bin/swift-plugin-server -external-plugin-path /Applications/Xcode-27.0.0-Release.Candidate.app/Contents/Developer/Platforms/XROS.platform/Developer/usr/local/lib/swift/host/plugins\#/Applications/Xcode-27.0.0-Release.Candidate.app/Contents/Developer/Platforms/XROS.platform/Developer/usr/bin/swift-plugin-server -in-process-plugin-server-path /Applications/Xcode-27.0.0-Release.Candidate.app/Contents/Developer/Toolchains/XcodeDefault.xctoolchain/usr/lib/swift/host/libSwiftInProcPluginServer.dylib -plugin-path /Applications/Xcode-27.0.0-Release.Candidate.app/Contents/Developer/Toolchains/XcodeDefault.xctoolchain/usr/lib/swift/host/plugins -plugin-path /Applications/Xcode-27.0.0-Release.Candidate.app/Contents/Developer/Toolchains/XcodeDefault.xctoolchain/usr/local/lib/swift/host/plugins -parse-as-library -o /Users/admin/builder/spi-builder-workspace/.derivedData/Build/Intermediates.noindex/SwiftyBash.build/Debug-xros/SwiftyBash-t.build/Objects-normal/arm64/BashCmd.o -index-unit-output-path /SwiftyBash.build/Debug-xros/SwiftyBash-t.build/Objects-normal/arm64/BashCmd.o -index-store-path /Users/admin/builder/spi-builder-workspace/.derivedData/Index.noindex/DataStore -index-system-modules
SwiftEmitModule normal arm64 Emitting\ module\ for\ SwiftyBash (in target 'SwiftyBash' from project 'SwiftyBash')
/Users/admin/builder/spi-builder-workspace/Sources/BashCmd.swift:117:5: warning: 'public' modifier is redundant for instance method declared in a public extension
115 |      Newly BashCmd created with commands piped
116 |      */
117 |     public func pipe(_ pipedCmd:BashCmd) -> BashCmd {
    |     `- warning: 'public' modifier is redundant for instance method declared in a public extension
118 |         return BashCmd(_command + " | " + pipedCmd._command)
119 |     }
/Users/admin/builder/spi-builder-workspace/Sources/BashCmd.swift:128:5: warning: 'public' modifier is redundant for operator function declared in a public extension
126 |         - rhs: Pipe output stream
127 |     */
128 |     public static func | (lhs: BashCmd, rhs: BashCmd) -> BashCmd {
    |     `- warning: 'public' modifier is redundant for operator function declared in a public extension
129 |         return lhs.pipe(rhs)
130 |     }
/Users/admin/builder/spi-builder-workspace/Sources/BashOutputType.swift:40:5: warning: 'public' modifier is redundant for instance method declared in a public extension
38 |     /// Returns a new string made by removing from both ends on each new line of the String characters
39 |     /// contained in a given character set.
40 |     public func trimmingCharactersEachNewLine(in set: CharacterSet) -> String {
   |     `- warning: 'public' modifier is redundant for instance method declared in a public extension
41 |         let lines = split(separator: "\n")
42 |         // Need to transform each String.SubSequence aka Substring to String to avoid errors on Linux 16.04 with Swift 4.0
SwiftCompile normal arm64 (in target 'SwiftyBash' from project 'SwiftyBash')
    cd /Users/admin/builder/spi-builder-workspace/.swiftpm/xcode

SwiftCompile normal arm64 Compiling\ BashOutputType.swift /Users/admin/builder/spi-builder-workspace/Sources/BashOutputType.swift (in target 'SwiftyBash' from project 'SwiftyBash')
SwiftCompile normal arm64 /Users/admin/builder/spi-builder-workspace/Sources/BashOutputType.swift (in target 'SwiftyBash' from project 'SwiftyBash')
    cd /Users/admin/builder/spi-builder-workspace/.swiftpm/xcode
    builtin-SwiftPerFileCompile BashOutputType.swift
SwiftCompile normal arm64 Compiling\ BashException.swift /Users/admin/builder/spi-builder-workspace/Sources/BashException.swift (in target 'SwiftyBash' from project 'SwiftyBash')
SwiftCompile normal arm64 /Users/admin/builder/spi-builder-workspace/Sources/BashException.swift (in target 'SwiftyBash' from project 'SwiftyBash')
    cd /Users/admin/builder/spi-builder-workspace/.swiftpm/xcode
    builtin-SwiftPerFileCompile BashException.swift
SwiftDriverJobDiscovery normal arm64 Compiling BashException.swift (in target 'SwiftyBash' from project 'SwiftyBash')
PruneExplicitPrecompiledModules /Users/admin/builder/spi-builder-workspace/.derivedData/Build/Intermediates.noindex/SwiftExplicitPrecompiledModules
PruneExplicitPrecompiledModules /Users/admin/builder/spi-builder-workspace/.derivedData/Build/Intermediates.noindex/ExplicitPrecompiledModules
PruneExplicitPrecompiledModules /Users/admin/builder/spi-builder-workspace/.derivedData/SDKExplicitPrecompiledModules
2026-09-16 07:06:27.323 xcodebuild[718:4554] [MT] IDERunDestination: Supported platforms for the buildables in the current scheme is empty.
** BUILD FAILED **
The following build commands failed:
	SwiftCompile normal arm64 /Users/admin/builder/spi-builder-workspace/Sources/BashCmd.swift (in target 'SwiftyBash' from project 'SwiftyBash')
	SwiftCompile normal arm64 Compiling\ BashCmd.swift /Users/admin/builder/spi-builder-workspace/Sources/BashCmd.swift (in target 'SwiftyBash' from project 'SwiftyBash')
	Building workspace SwiftyBash with scheme SwiftyBash
(3 failures)
BUILD FAILURE 6.4 visionOS