The Swift Package Index logo.Swift Package Index

Build Information

Failed to build FlowPilot, reference 3.2.2 (232af8), with Swift 6.4 for visionOS using Xcode 27.0 on 24 Sep 2026 10:31:39 UTC.

Build Command

env DEVELOPER_DIR=/Applications/Xcode-27.0.0-Release.Candidate.app xcrun xcodebuild -IDEClonedSourcePackagesDirPathOverride=$PWD/.dependencies -skipMacroValidation -skipPackagePluginValidation -derivedDataPath $PWD/.derivedData build -scheme FlowPilot-Package -destination generic/platform=xrOS

Build Log

    cd /Users/admin/builder/spi-builder-workspace/.dependencies/checkouts/swift-collections
    builtin-swiftHeaderTool -arch arm64 /Users/admin/builder/spi-builder-workspace/.derivedData/Build/Intermediates.noindex/swift-collections.build/Debug-xros/InternalCollectionsUtilities-t.build/Objects-normal/arm64/InternalCollectionsUtilities-Swift.h -o /Users/admin/builder/spi-builder-workspace/.derivedData/Build/Intermediates.noindex/GeneratedModuleMaps-xros/InternalCollectionsUtilities-Swift.h
Copy /Users/admin/builder/spi-builder-workspace/.derivedData/Build/Products/Debug-xros/InternalCollectionsUtilities.swiftmodule/arm64-apple-xros.swiftmodule /Users/admin/builder/spi-builder-workspace/.derivedData/Build/Intermediates.noindex/swift-collections.build/Debug-xros/InternalCollectionsUtilities-t.build/Objects-normal/arm64/InternalCollectionsUtilities.swiftmodule (in target 'InternalCollectionsUtilities' from project 'swift-collections')
    cd /Users/admin/builder/spi-builder-workspace/.dependencies/checkouts/swift-collections
    builtin-copy -exclude .DS_Store -exclude CVS -exclude .svn -exclude .git -exclude .hg -resolve-src-symlinks -rename /Users/admin/builder/spi-builder-workspace/.derivedData/Build/Intermediates.noindex/swift-collections.build/Debug-xros/InternalCollectionsUtilities-t.build/Objects-normal/arm64/InternalCollectionsUtilities.swiftmodule /Users/admin/builder/spi-builder-workspace/.derivedData/Build/Products/Debug-xros/InternalCollectionsUtilities.swiftmodule/arm64-apple-xros.swiftmodule
Copy /Users/admin/builder/spi-builder-workspace/.derivedData/Build/Products/Debug-xros/InternalCollectionsUtilities.swiftmodule/arm64-apple-xros.swiftdoc /Users/admin/builder/spi-builder-workspace/.derivedData/Build/Intermediates.noindex/swift-collections.build/Debug-xros/InternalCollectionsUtilities-t.build/Objects-normal/arm64/InternalCollectionsUtilities.swiftdoc (in target 'InternalCollectionsUtilities' from project 'swift-collections')
    cd /Users/admin/builder/spi-builder-workspace/.dependencies/checkouts/swift-collections
    builtin-copy -exclude .DS_Store -exclude CVS -exclude .svn -exclude .git -exclude .hg -resolve-src-symlinks -rename /Users/admin/builder/spi-builder-workspace/.derivedData/Build/Intermediates.noindex/swift-collections.build/Debug-xros/InternalCollectionsUtilities-t.build/Objects-normal/arm64/InternalCollectionsUtilities.swiftdoc /Users/admin/builder/spi-builder-workspace/.derivedData/Build/Products/Debug-xros/InternalCollectionsUtilities.swiftmodule/arm64-apple-xros.swiftdoc
SwiftDriverJobDiscovery normal arm64 Compiling FixedWidthInteger+roundUpToPowerOfTwo.swift, Integer rank.swift, UInt+first and last set bit.swift (in target 'InternalCollectionsUtilities' from project 'swift-collections')
Copy /Users/admin/builder/spi-builder-workspace/.derivedData/Build/Products/Debug-xros/InternalCollectionsUtilities.swiftmodule/arm64-apple-xros.abi.json /Users/admin/builder/spi-builder-workspace/.derivedData/Build/Intermediates.noindex/swift-collections.build/Debug-xros/InternalCollectionsUtilities-t.build/Objects-normal/arm64/InternalCollectionsUtilities.abi.json (in target 'InternalCollectionsUtilities' from project 'swift-collections')
    cd /Users/admin/builder/spi-builder-workspace/.dependencies/checkouts/swift-collections
    builtin-copy -exclude .DS_Store -exclude CVS -exclude .svn -exclude .git -exclude .hg -resolve-src-symlinks -rename /Users/admin/builder/spi-builder-workspace/.derivedData/Build/Intermediates.noindex/swift-collections.build/Debug-xros/InternalCollectionsUtilities-t.build/Objects-normal/arm64/InternalCollectionsUtilities.abi.json /Users/admin/builder/spi-builder-workspace/.derivedData/Build/Products/Debug-xros/InternalCollectionsUtilities.swiftmodule/arm64-apple-xros.abi.json
Copy /Users/admin/builder/spi-builder-workspace/.derivedData/Build/Products/Debug-xros/InternalCollectionsUtilities.swiftmodule/Project/arm64-apple-xros.swiftsourceinfo /Users/admin/builder/spi-builder-workspace/.derivedData/Build/Intermediates.noindex/swift-collections.build/Debug-xros/InternalCollectionsUtilities-t.build/Objects-normal/arm64/InternalCollectionsUtilities.swiftsourceinfo (in target 'InternalCollectionsUtilities' from project 'swift-collections')
    cd /Users/admin/builder/spi-builder-workspace/.dependencies/checkouts/swift-collections
    builtin-copy -exclude .DS_Store -exclude CVS -exclude .svn -exclude .git -exclude .hg -resolve-src-symlinks -rename /Users/admin/builder/spi-builder-workspace/.derivedData/Build/Intermediates.noindex/swift-collections.build/Debug-xros/InternalCollectionsUtilities-t.build/Objects-normal/arm64/InternalCollectionsUtilities.swiftsourceinfo /Users/admin/builder/spi-builder-workspace/.derivedData/Build/Products/Debug-xros/InternalCollectionsUtilities.swiftmodule/Project/arm64-apple-xros.swiftsourceinfo
SwiftDriver OrderedCollections normal arm64 com.apple.xcode.tools.swift.compiler (in target 'OrderedCollections' from project 'swift-collections')
    cd /Users/admin/builder/spi-builder-workspace/.swiftpm/xcode
    builtin-SwiftDriver -- /Applications/Xcode-27.0.0-Release.Candidate.app/Contents/Developer/Toolchains/XcodeDefault.xctoolchain/usr/bin/swiftc -parse-as-library -module-name OrderedCollections -Onone @/Users/admin/builder/spi-builder-workspace/.derivedData/Build/Intermediates.noindex/swift-collections.build/Debug-xros/OrderedCollections-t.build/Objects-normal/arm64/OrderedCollections.SwiftFileList -DSWIFT_PACKAGE -DDEBUG -DSWIFT_MODULE_RESOURCE_BUNDLE_UNAVAILABLE -DCOLLECTIONS_RANDOMIZED_TESTING -DXcode -enable-experimental-feature AvailabilityMacro\=SwiftStdlib\ 5.0:\ macOS\ 10.14.4,\ iOS\ 12.2,\ watchOS\ 5.2,\ tvOS\ 12.2 -enable-experimental-feature AvailabilityMacro\=SwiftStdlib\ 5.1:\ macOS\ 10.15,\ iOS\ 13.0,\ watchOS\ 6.0,\ tvOS\ 13.0 -enable-experimental-feature AvailabilityMacro\=SwiftStdlib\ 5.6:\ macOS\ 12.3,\ iOS\ 15.4,\ watchOS\ 8.5,\ tvOS\ 15.4 -enable-experimental-feature AvailabilityMacro\=SwiftStdlib\ 5.7:\ macOS\ 13.0,\ iOS\ 16.0,\ watchOS\ 9.0,\ tvOS\ 16.0 -enable-experimental-feature AvailabilityMacro\=SwiftStdlib\ 5.8:\ macOS\ 13.3,\ iOS\ 16.4,\ watchOS\ 9.4,\ tvOS\ 16.4 -enable-experimental-feature AvailabilityMacro\=SwiftStdlib\ 5.9:\ macOS\ 14.0,\ iOS\ 17.0,\ watchOS\ 10.0,\ tvOS\ 17.0 -enable-experimental-feature AvailabilityMacro\=SwiftStdlib\ 5.10:\ macOS\ 14.4,\ iOS\ 17.4,\ watchOS\ 10.4,\ tvOS\ 17.4,\ visionOS\ 1.1 -enable-experimental-feature AvailabilityMacro\=SwiftStdlib\ 6.0:\ macOS\ 15.0,\ iOS\ 18.0,\ watchOS\ 11.0,\ tvOS\ 18.0,\ visionOS\ 2.0 -enable-experimental-feature AvailabilityMacro\=SwiftStdlib\ 6.1:\ macOS\ 15.4,\ iOS\ 18.4,\ watchOS\ 11.4,\ tvOS\ 18.4,\ visionOS\ 2.4 -enable-experimental-feature AvailabilityMacro\=SwiftStdlib\ 6.2:\ macOS\ 26.0,\ iOS\ 26.0,\ watchOS\ 26.0,\ tvOS\ 26.0,\ visionOS\ 26.0 -enable-experimental-feature AvailabilityMacro\=SwiftStdlib\ 6.3:\ macOS\ 26.4,\ iOS\ 26.4,\ watchOS\ 26.4,\ tvOS\ 26.4,\ visionOS\ 26.4 -enable-experimental-feature AvailabilityMacro\=SwiftStdlib\ 6.4:\ macOS\ 27.0,\ iOS\ 27.0,\ watchOS\ 27.0,\ tvOS\ 27.0,\ visionOS\ 27.0 -enable-experimental-feature AvailabilityMacro\=SwiftStdlib\ 6.5:\ macOS\ 9999,\ iOS\ 9999,\ watchOS\ 9999,\ tvOS\ 9999,\ visionOS\ 9999 -enable-upcoming-feature MemberImportVisibility -enable-experimental-feature BuiltinModule -enable-experimental-feature Lifetimes -enable-experimental-feature InoutLifetimeDependence -enable-experimental-feature AddressableParameters -enable-experimental-feature AddressableTypes -enable-experimental-feature SuppressedAssociatedTypesWithDefaults -enable-experimental-feature BorrowingSequence -plugin-path /Applications/Xcode-27.0.0-Release.Candidate.app/Contents/Developer/Toolchains/XcodeDefault.xctoolchain/usr/lib/swift/host/plugins/testing -enable-experimental-feature DebugDescriptionMacro -sdk /Applications/Xcode-27.0.0-Release.Candidate.app/Contents/Developer/Platforms/XROS.platform/Developer/SDKs/XROS27.0.sdk -target arm64-apple-xros1.0 -g -module-cache-path /Users/admin/builder/spi-builder-workspace/.derivedData/ModuleCache.noindex -Xfrontend -serialize-debugging-options -profile-coverage-mapping -profile-generate -enable-testing -suppress-warnings -index-store-path /Users/admin/builder/spi-builder-workspace/.derivedData/Index.noindex/DataStore -Xcc -D_LIBCPP_HARDENING_MODE\=_LIBCPP_HARDENING_MODE_DEBUG -swift-version 6 -I /Users/admin/builder/spi-builder-workspace/.derivedData/Build/Products/Debug-xros -Isystem /Applications/Xcode-27.0.0-Release.Candidate.app/Contents/Developer/Platforms/XROS.platform/Developer/usr/lib -F /Users/admin/builder/spi-builder-workspace/.derivedData/Build/Products/Debug-xros/PackageFrameworks -F /Users/admin/builder/spi-builder-workspace/.derivedData/Build/Products/Debug-xros -F /Applications/Xcode-27.0.0-Release.Candidate.app/Contents/Developer/Platforms/XROS.platform/Developer/Library/Frameworks -F /Applications/Xcode-27.0.0-Release.Candidate.app/Contents/Developer/Platforms/XROS.platform/Developer/SDKs/XROS27.0.sdk/Developer/Library/Frameworks -c -j10 -enable-batch-mode -incremental -Xcc -ivfsstatcache -Xcc /Users/admin/builder/spi-builder-workspace/.derivedData/SDKStatCaches.noindex/xros27.0-24M361-e829b21a6f8c9b70876ba0858053c044735bd543db762f57723cac368afd1ce4.sdkstatcache -output-file-map /Users/admin/builder/spi-builder-workspace/.derivedData/Build/Intermediates.noindex/swift-collections.build/Debug-xros/OrderedCollections-t.build/Objects-normal/arm64/OrderedCollections-OutputFileMap.json -save-temps -no-color-diagnostics -explicit-module-build -module-cache-path /Users/admin/builder/spi-builder-workspace/.derivedData/Build/Intermediates.noindex/SwiftExplicitPrecompiledModules -clang-scanner-module-cache-path /Users/admin/builder/spi-builder-workspace/.derivedData/ModuleCache.noindex -sdk-module-cache-path /Users/admin/builder/spi-builder-workspace/.derivedData/SDKExplicitPrecompiledModules -emit-dependencies -emit-module -emit-module-path /Users/admin/builder/spi-builder-workspace/.derivedData/Build/Intermediates.noindex/swift-collections.build/Debug-xros/OrderedCollections-t.build/Objects-normal/arm64/OrderedCollections.swiftmodule -serialize-diagnostics -dependency-scan-serialize-diagnostics-path /Users/admin/builder/spi-builder-workspace/.derivedData/Build/Intermediates.noindex/swift-collections.build/Debug-xros/OrderedCollections-t.build/Objects-normal/arm64/OrderedCollections-dependency-scan.dia -user-module-version 1.7.0 -validate-clang-modules-once -clang-build-session-file /Users/admin/builder/spi-builder-workspace/.derivedData/ModuleCache.noindex/Session.modulevalidation -Xcc -fmodules-prune-interval\=86400 -Xcc -fmodules-prune-after\=345600 -package-name swift_collections -emit-const-values -const-gather-protocols-list /Users/admin/builder/spi-builder-workspace/.derivedData/Build/Intermediates.noindex/swift-collections.build/Debug-xros/OrderedCollections-t.build/Objects-normal/arm64/OrderedCollections_const_extract_protocols.json -Xcc -I/Users/admin/builder/spi-builder-workspace/.derivedData/Build/Products/Debug-xros/include -Xcc -I/Users/admin/builder/spi-builder-workspace/.derivedData/Build/Intermediates.noindex/swift-collections.build/Debug-xros/OrderedCollections-t.build/DerivedSources-normal/arm64 -Xcc -I/Users/admin/builder/spi-builder-workspace/.derivedData/Build/Intermediates.noindex/swift-collections.build/Debug-xros/OrderedCollections-t.build/DerivedSources/arm64 -Xcc -I/Users/admin/builder/spi-builder-workspace/.derivedData/Build/Intermediates.noindex/swift-collections.build/Debug-xros/OrderedCollections-t.build/DerivedSources -Xcc -DSWIFT_PACKAGE -Xcc -DDEBUG\=1 -emit-objc-header -emit-objc-header-path /Users/admin/builder/spi-builder-workspace/.derivedData/Build/Intermediates.noindex/swift-collections.build/Debug-xros/OrderedCollections-t.build/Objects-normal/arm64/OrderedCollections-Swift.h -working-directory /Users/admin/builder/spi-builder-workspace/.swiftpm/xcode -experimental-emit-module-separately -disable-cmo
SwiftDriverJobDiscovery normal arm64 Compiling Span+Extras.swift, Strideable+LimitHelpers.swift, String+Padding.swift (in target 'InternalCollectionsUtilities' from project 'swift-collections')
SwiftExplicitDependencyGeneratePcm arm64 /Users/admin/builder/spi-builder-workspace/.derivedData/SDKExplicitPrecompiledModules/_DarwinFoundation1-AVZIQZ8HOAUXTT5CXVE5TNG7E.pcm
SwiftDriverJobDiscovery normal arm64 Compiling TemporaryAllocation.swift, _UnsafeBitSet+Index.swift, _UnsafeBitSet+_Word.swift (in target 'InternalCollectionsUtilities' from project 'swift-collections')
SwiftCompile normal arm64 Compiling\ _Hashtable+Header.swift,\ OrderedDictionary+Codable.swift,\ OrderedDictionary+CustomReflectable.swift,\ OrderedDictionary+Deprecations.swift,\ OrderedDictionary+Descriptions.swift,\ OrderedDictionary+Elements.SubSequence.swift,\ OrderedDictionary+Elements.swift /Users/admin/builder/spi-builder-workspace/.dependencies/checkouts/swift-collections/Sources/OrderedCollections/HashTable/_Hashtable+Header.swift /Users/admin/builder/spi-builder-workspace/.dependencies/checkouts/swift-collections/Sources/OrderedCollections/OrderedDictionary/OrderedDictionary+Codable.swift /Users/admin/builder/spi-builder-workspace/.dependencies/checkouts/swift-collections/Sources/OrderedCollections/OrderedDictionary/OrderedDictionary+CustomReflectable.swift /Users/admin/builder/spi-builder-workspace/.dependencies/checkouts/swift-collections/Sources/OrderedCollections/OrderedDictionary/OrderedDictionary+Deprecations.swift /Users/admin/builder/spi-builder-workspace/.dependencies/checkouts/swift-collections/Sources/OrderedCollections/OrderedDictionary/OrderedDictionary+Descriptions.swift /Users/admin/builder/spi-builder-workspace/.dependencies/checkouts/swift-collections/Sources/OrderedCollections/OrderedDictionary/OrderedDictionary+Elements.SubSequence.swift /Users/admin/builder/spi-builder-workspace/.dependencies/checkouts/swift-collections/Sources/OrderedCollections/OrderedDictionary/OrderedDictionary+Elements.swift (in target 'OrderedCollections' from project 'swift-collections')
SwiftCompile normal arm64 /Users/admin/builder/spi-builder-workspace/.dependencies/checkouts/swift-collections/Sources/OrderedCollections/HashTable/_Hashtable+Header.swift (in target 'OrderedCollections' from project 'swift-collections')
    cd /Users/admin/builder/spi-builder-workspace/.swiftpm/xcode
    builtin-SwiftPerFileCompile _Hashtable+Header.swift
SwiftCompile normal arm64 /Users/admin/builder/spi-builder-workspace/.dependencies/checkouts/swift-collections/Sources/OrderedCollections/OrderedDictionary/OrderedDictionary+Codable.swift (in target 'OrderedCollections' from project 'swift-collections')
    cd /Users/admin/builder/spi-builder-workspace/.swiftpm/xcode
    builtin-SwiftPerFileCompile OrderedDictionary+Codable.swift
SwiftCompile normal arm64 /Users/admin/builder/spi-builder-workspace/.dependencies/checkouts/swift-collections/Sources/OrderedCollections/OrderedDictionary/OrderedDictionary+CustomReflectable.swift (in target 'OrderedCollections' from project 'swift-collections')
    cd /Users/admin/builder/spi-builder-workspace/.swiftpm/xcode
    builtin-SwiftPerFileCompile OrderedDictionary+CustomReflectable.swift
SwiftCompile normal arm64 /Users/admin/builder/spi-builder-workspace/.dependencies/checkouts/swift-collections/Sources/OrderedCollections/OrderedDictionary/OrderedDictionary+Deprecations.swift (in target 'OrderedCollections' from project 'swift-collections')
    cd /Users/admin/builder/spi-builder-workspace/.swiftpm/xcode
    builtin-SwiftPerFileCompile OrderedDictionary+Deprecations.swift
SwiftCompile normal arm64 /Users/admin/builder/spi-builder-workspace/.dependencies/checkouts/swift-collections/Sources/OrderedCollections/OrderedDictionary/OrderedDictionary+Descriptions.swift (in target 'OrderedCollections' from project 'swift-collections')
    cd /Users/admin/builder/spi-builder-workspace/.swiftpm/xcode
    builtin-SwiftPerFileCompile OrderedDictionary+Descriptions.swift
SwiftCompile normal arm64 /Users/admin/builder/spi-builder-workspace/.dependencies/checkouts/swift-collections/Sources/OrderedCollections/OrderedDictionary/OrderedDictionary+Elements.SubSequence.swift (in target 'OrderedCollections' from project 'swift-collections')
    cd /Users/admin/builder/spi-builder-workspace/.swiftpm/xcode
    builtin-SwiftPerFileCompile OrderedDictionary+Elements.SubSequence.swift
SwiftCompile normal arm64 /Users/admin/builder/spi-builder-workspace/.dependencies/checkouts/swift-collections/Sources/OrderedCollections/OrderedDictionary/OrderedDictionary+Elements.swift (in target 'OrderedCollections' from project 'swift-collections')
    cd /Users/admin/builder/spi-builder-workspace/.swiftpm/xcode
    builtin-SwiftPerFileCompile OrderedDictionary+Elements.swift
SwiftCompile normal arm64 Compiling\ OrderedDictionary+Partial\ RangeReplaceableCollection.swift,\ OrderedDictionary+Sendable.swift,\ OrderedDictionary+Sequence.swift,\ OrderedDictionary+Values.swift,\ OrderedDictionary.swift,\ OrderedSet+Codable.swift /Users/admin/builder/spi-builder-workspace/.dependencies/checkouts/swift-collections/Sources/OrderedCollections/OrderedDictionary/OrderedDictionary+Partial\ RangeReplaceableCollection.swift /Users/admin/builder/spi-builder-workspace/.dependencies/checkouts/swift-collections/Sources/OrderedCollections/OrderedDictionary/OrderedDictionary+Sendable.swift /Users/admin/builder/spi-builder-workspace/.dependencies/checkouts/swift-collections/Sources/OrderedCollections/OrderedDictionary/OrderedDictionary+Sequence.swift /Users/admin/builder/spi-builder-workspace/.dependencies/checkouts/swift-collections/Sources/OrderedCollections/OrderedDictionary/OrderedDictionary+Values.swift /Users/admin/builder/spi-builder-workspace/.dependencies/checkouts/swift-collections/Sources/OrderedCollections/OrderedDictionary/OrderedDictionary.swift /Users/admin/builder/spi-builder-workspace/.dependencies/checkouts/swift-collections/Sources/OrderedCollections/OrderedSet/OrderedSet+Codable.swift (in target 'OrderedCollections' from project 'swift-collections')
SwiftCompile normal arm64 /Users/admin/builder/spi-builder-workspace/.dependencies/checkouts/swift-collections/Sources/OrderedCollections/OrderedDictionary/OrderedDictionary+Partial\ RangeReplaceableCollection.swift (in target 'OrderedCollections' from project 'swift-collections')
    cd /Users/admin/builder/spi-builder-workspace/.swiftpm/xcode
    builtin-SwiftPerFileCompile OrderedDictionary+Partial\ RangeReplaceableCollection.swift
SwiftCompile normal arm64 /Users/admin/builder/spi-builder-workspace/.dependencies/checkouts/swift-collections/Sources/OrderedCollections/OrderedDictionary/OrderedDictionary+Sendable.swift (in target 'OrderedCollections' from project 'swift-collections')
    cd /Users/admin/builder/spi-builder-workspace/.swiftpm/xcode
    builtin-SwiftPerFileCompile OrderedDictionary+Sendable.swift
SwiftCompile normal arm64 /Users/admin/builder/spi-builder-workspace/.dependencies/checkouts/swift-collections/Sources/OrderedCollections/OrderedDictionary/OrderedDictionary+Sequence.swift (in target 'OrderedCollections' from project 'swift-collections')
    cd /Users/admin/builder/spi-builder-workspace/.swiftpm/xcode
    builtin-SwiftPerFileCompile OrderedDictionary+Sequence.swift
SwiftCompile normal arm64 /Users/admin/builder/spi-builder-workspace/.dependencies/checkouts/swift-collections/Sources/OrderedCollections/OrderedDictionary/OrderedDictionary+Values.swift (in target 'OrderedCollections' from project 'swift-collections')
    cd /Users/admin/builder/spi-builder-workspace/.swiftpm/xcode
    builtin-SwiftPerFileCompile OrderedDictionary+Values.swift
SwiftCompile normal arm64 /Users/admin/builder/spi-builder-workspace/.dependencies/checkouts/swift-collections/Sources/OrderedCollections/OrderedDictionary/OrderedDictionary.swift (in target 'OrderedCollections' from project 'swift-collections')
    cd /Users/admin/builder/spi-builder-workspace/.swiftpm/xcode
    builtin-SwiftPerFileCompile OrderedDictionary.swift
SwiftCompile normal arm64 /Users/admin/builder/spi-builder-workspace/.dependencies/checkouts/swift-collections/Sources/OrderedCollections/OrderedSet/OrderedSet+Codable.swift (in target 'OrderedCollections' from project 'swift-collections')
    cd /Users/admin/builder/spi-builder-workspace/.swiftpm/xcode
    builtin-SwiftPerFileCompile OrderedSet+Codable.swift
SwiftCompile normal arm64 Compiling\ OrderedSet+Initializers.swift,\ OrderedSet+Insertions.swift,\ OrderedSet+Invariants.swift,\ OrderedSet+Move.swift,\ OrderedSet+Partial\ MutableCollection.swift,\ OrderedSet+Partial\ RangeReplaceableCollection.swift /Users/admin/builder/spi-builder-workspace/.dependencies/checkouts/swift-collections/Sources/OrderedCollections/OrderedSet/OrderedSet+Initializers.swift /Users/admin/builder/spi-builder-workspace/.dependencies/checkouts/swift-collections/Sources/OrderedCollections/OrderedSet/OrderedSet+Insertions.swift /Users/admin/builder/spi-builder-workspace/.dependencies/checkouts/swift-collections/Sources/OrderedCollections/OrderedSet/OrderedSet+Invariants.swift /Users/admin/builder/spi-builder-workspace/.dependencies/checkouts/swift-collections/Sources/OrderedCollections/OrderedSet/OrderedSet+Move.swift /Users/admin/builder/spi-builder-workspace/.dependencies/checkouts/swift-collections/Sources/OrderedCollections/OrderedSet/OrderedSet+Partial\ MutableCollection.swift /Users/admin/builder/spi-builder-workspace/.dependencies/checkouts/swift-collections/Sources/OrderedCollections/OrderedSet/OrderedSet+Partial\ RangeReplaceableCollection.swift (in target 'OrderedCollections' from project 'swift-collections')
SwiftCompile normal arm64 /Users/admin/builder/spi-builder-workspace/.dependencies/checkouts/swift-collections/Sources/OrderedCollections/OrderedSet/OrderedSet+Initializers.swift (in target 'OrderedCollections' from project 'swift-collections')
    cd /Users/admin/builder/spi-builder-workspace/.swiftpm/xcode
    builtin-SwiftPerFileCompile OrderedSet+Initializers.swift
SwiftCompile normal arm64 /Users/admin/builder/spi-builder-workspace/.dependencies/checkouts/swift-collections/Sources/OrderedCollections/OrderedSet/OrderedSet+Insertions.swift (in target 'OrderedCollections' from project 'swift-collections')
    cd /Users/admin/builder/spi-builder-workspace/.swiftpm/xcode
    builtin-SwiftPerFileCompile OrderedSet+Insertions.swift
SwiftCompile normal arm64 /Users/admin/builder/spi-builder-workspace/.dependencies/checkouts/swift-collections/Sources/OrderedCollections/OrderedSet/OrderedSet+Invariants.swift (in target 'OrderedCollections' from project 'swift-collections')
    cd /Users/admin/builder/spi-builder-workspace/.swiftpm/xcode
    builtin-SwiftPerFileCompile OrderedSet+Invariants.swift
SwiftCompile normal arm64 /Users/admin/builder/spi-builder-workspace/.dependencies/checkouts/swift-collections/Sources/OrderedCollections/OrderedSet/OrderedSet+Move.swift (in target 'OrderedCollections' from project 'swift-collections')
    cd /Users/admin/builder/spi-builder-workspace/.swiftpm/xcode
    builtin-SwiftPerFileCompile OrderedSet+Move.swift
SwiftCompile normal arm64 /Users/admin/builder/spi-builder-workspace/.dependencies/checkouts/swift-collections/Sources/OrderedCollections/OrderedSet/OrderedSet+Partial\ MutableCollection.swift (in target 'OrderedCollections' from project 'swift-collections')
    cd /Users/admin/builder/spi-builder-workspace/.swiftpm/xcode
    builtin-SwiftPerFileCompile OrderedSet+Partial\ MutableCollection.swift
SwiftCompile normal arm64 /Users/admin/builder/spi-builder-workspace/.dependencies/checkouts/swift-collections/Sources/OrderedCollections/OrderedSet/OrderedSet+Partial\ RangeReplaceableCollection.swift (in target 'OrderedCollections' from project 'swift-collections')
    cd /Users/admin/builder/spi-builder-workspace/.swiftpm/xcode
    builtin-SwiftPerFileCompile OrderedSet+Partial\ RangeReplaceableCollection.swift
SwiftCompile normal arm64 Compiling\ _HashTable+Bucket.swift,\ _HashTable+BucketIterator.swift,\ _HashTable+Constants.swift,\ _HashTable+CustomStringConvertible.swift,\ _HashTable+Testing.swift,\ _HashTable+UnsafeHandle.swift,\ _HashTable.swift /Users/admin/builder/spi-builder-workspace/.dependencies/checkouts/swift-collections/Sources/OrderedCollections/HashTable/_HashTable+Bucket.swift /Users/admin/builder/spi-builder-workspace/.dependencies/checkouts/swift-collections/Sources/OrderedCollections/HashTable/_HashTable+BucketIterator.swift /Users/admin/builder/spi-builder-workspace/.dependencies/checkouts/swift-collections/Sources/OrderedCollections/HashTable/_HashTable+Constants.swift /Users/admin/builder/spi-builder-workspace/.dependencies/checkouts/swift-collections/Sources/OrderedCollections/HashTable/_HashTable+CustomStringConvertible.swift /Users/admin/builder/spi-builder-workspace/.dependencies/checkouts/swift-collections/Sources/OrderedCollections/HashTable/_HashTable+Testing.swift /Users/admin/builder/spi-builder-workspace/.dependencies/checkouts/swift-collections/Sources/OrderedCollections/HashTable/_HashTable+UnsafeHandle.swift /Users/admin/builder/spi-builder-workspace/.dependencies/checkouts/swift-collections/Sources/OrderedCollections/HashTable/_HashTable.swift (in target 'OrderedCollections' from project 'swift-collections')
SwiftCompile normal arm64 /Users/admin/builder/spi-builder-workspace/.dependencies/checkouts/swift-collections/Sources/OrderedCollections/HashTable/_HashTable+Bucket.swift (in target 'OrderedCollections' from project 'swift-collections')
    cd /Users/admin/builder/spi-builder-workspace/.swiftpm/xcode
    builtin-SwiftPerFileCompile _HashTable+Bucket.swift
SwiftCompile normal arm64 /Users/admin/builder/spi-builder-workspace/.dependencies/checkouts/swift-collections/Sources/OrderedCollections/HashTable/_HashTable+BucketIterator.swift (in target 'OrderedCollections' from project 'swift-collections')
    cd /Users/admin/builder/spi-builder-workspace/.swiftpm/xcode
    builtin-SwiftPerFileCompile _HashTable+BucketIterator.swift
SwiftCompile normal arm64 /Users/admin/builder/spi-builder-workspace/.dependencies/checkouts/swift-collections/Sources/OrderedCollections/HashTable/_HashTable+Constants.swift (in target 'OrderedCollections' from project 'swift-collections')
    cd /Users/admin/builder/spi-builder-workspace/.swiftpm/xcode
    builtin-SwiftPerFileCompile _HashTable+Constants.swift
SwiftCompile normal arm64 /Users/admin/builder/spi-builder-workspace/.dependencies/checkouts/swift-collections/Sources/OrderedCollections/HashTable/_HashTable+CustomStringConvertible.swift (in target 'OrderedCollections' from project 'swift-collections')
    cd /Users/admin/builder/spi-builder-workspace/.swiftpm/xcode
    builtin-SwiftPerFileCompile _HashTable+CustomStringConvertible.swift
SwiftCompile normal arm64 /Users/admin/builder/spi-builder-workspace/.dependencies/checkouts/swift-collections/Sources/OrderedCollections/HashTable/_HashTable+Testing.swift (in target 'OrderedCollections' from project 'swift-collections')
    cd /Users/admin/builder/spi-builder-workspace/.swiftpm/xcode
    builtin-SwiftPerFileCompile _HashTable+Testing.swift
SwiftCompile normal arm64 /Users/admin/builder/spi-builder-workspace/.dependencies/checkouts/swift-collections/Sources/OrderedCollections/HashTable/_HashTable+UnsafeHandle.swift (in target 'OrderedCollections' from project 'swift-collections')
    cd /Users/admin/builder/spi-builder-workspace/.swiftpm/xcode
    builtin-SwiftPerFileCompile _HashTable+UnsafeHandle.swift
SwiftCompile normal arm64 /Users/admin/builder/spi-builder-workspace/.dependencies/checkouts/swift-collections/Sources/OrderedCollections/HashTable/_HashTable.swift (in target 'OrderedCollections' from project 'swift-collections')
    cd /Users/admin/builder/spi-builder-workspace/.swiftpm/xcode
    builtin-SwiftPerFileCompile _HashTable.swift
SwiftEmitModule normal arm64 Emitting\ module\ for\ OrderedCollections (in target 'OrderedCollections' from project 'swift-collections')
SwiftCompile normal arm64 (in target 'OrderedCollections' from project 'swift-collections')
    cd /Users/admin/builder/spi-builder-workspace/.swiftpm/xcode

SwiftExplicitDependencyGeneratePcm arm64 /Users/admin/builder/spi-builder-workspace/.derivedData/SDKExplicitPrecompiledModules/_Builtin_limits-599EXAY0E7DPK78D1JASUXYCQ.pcm
SwiftCompile normal arm64 Compiling\ OrderedSet+Partial\ SetAlgebra\ symmetricDifference.swift,\ OrderedSet+Partial\ SetAlgebra\ union.swift,\ OrderedSet+Partial\ SetAlgebra+Basics.swift,\ OrderedSet+RandomAccessCollection.swift,\ OrderedSet+ReserveCapacity.swift,\ OrderedSet+Sendable.swift /Users/admin/builder/spi-builder-workspace/.dependencies/checkouts/swift-collections/Sources/OrderedCollections/OrderedSet/OrderedSet+Partial\ SetAlgebra\ symmetricDifference.swift /Users/admin/builder/spi-builder-workspace/.dependencies/checkouts/swift-collections/Sources/OrderedCollections/OrderedSet/OrderedSet+Partial\ SetAlgebra\ union.swift /Users/admin/builder/spi-builder-workspace/.dependencies/checkouts/swift-collections/Sources/OrderedCollections/OrderedSet/OrderedSet+Partial\ SetAlgebra+Basics.swift /Users/admin/builder/spi-builder-workspace/.dependencies/checkouts/swift-collections/Sources/OrderedCollections/OrderedSet/OrderedSet+RandomAccessCollection.swift /Users/admin/builder/spi-builder-workspace/.dependencies/checkouts/swift-collections/Sources/OrderedCollections/OrderedSet/OrderedSet+ReserveCapacity.swift /Users/admin/builder/spi-builder-workspace/.dependencies/checkouts/swift-collections/Sources/OrderedCollections/OrderedSet/OrderedSet+Sendable.swift (in target 'OrderedCollections' from project 'swift-collections')
SwiftCompile normal arm64 /Users/admin/builder/spi-builder-workspace/.dependencies/checkouts/swift-collections/Sources/OrderedCollections/OrderedSet/OrderedSet+Partial\ SetAlgebra\ symmetricDifference.swift (in target 'OrderedCollections' from project 'swift-collections')
    cd /Users/admin/builder/spi-builder-workspace/.swiftpm/xcode
    builtin-SwiftPerFileCompile OrderedSet+Partial\ SetAlgebra\ symmetricDifference.swift
SwiftCompile normal arm64 /Users/admin/builder/spi-builder-workspace/.dependencies/checkouts/swift-collections/Sources/OrderedCollections/OrderedSet/OrderedSet+Partial\ SetAlgebra\ union.swift (in target 'OrderedCollections' from project 'swift-collections')
    cd /Users/admin/builder/spi-builder-workspace/.swiftpm/xcode
    builtin-SwiftPerFileCompile OrderedSet+Partial\ SetAlgebra\ union.swift
SwiftCompile normal arm64 /Users/admin/builder/spi-builder-workspace/.dependencies/checkouts/swift-collections/Sources/OrderedCollections/OrderedSet/OrderedSet+Partial\ SetAlgebra+Basics.swift (in target 'OrderedCollections' from project 'swift-collections')
    cd /Users/admin/builder/spi-builder-workspace/.swiftpm/xcode
    builtin-SwiftPerFileCompile OrderedSet+Partial\ SetAlgebra+Basics.swift
SwiftCompile normal arm64 /Users/admin/builder/spi-builder-workspace/.dependencies/checkouts/swift-collections/Sources/OrderedCollections/OrderedSet/OrderedSet+RandomAccessCollection.swift (in target 'OrderedCollections' from project 'swift-collections')
    cd /Users/admin/builder/spi-builder-workspace/.swiftpm/xcode
    builtin-SwiftPerFileCompile OrderedSet+RandomAccessCollection.swift
SwiftCompile normal arm64 /Users/admin/builder/spi-builder-workspace/.dependencies/checkouts/swift-collections/Sources/OrderedCollections/OrderedSet/OrderedSet+ReserveCapacity.swift (in target 'OrderedCollections' from project 'swift-collections')
    cd /Users/admin/builder/spi-builder-workspace/.swiftpm/xcode
    builtin-SwiftPerFileCompile OrderedSet+ReserveCapacity.swift
SwiftCompile normal arm64 /Users/admin/builder/spi-builder-workspace/.dependencies/checkouts/swift-collections/Sources/OrderedCollections/OrderedSet/OrderedSet+Sendable.swift (in target 'OrderedCollections' from project 'swift-collections')
    cd /Users/admin/builder/spi-builder-workspace/.swiftpm/xcode
    builtin-SwiftPerFileCompile OrderedSet+Sendable.swift
SwiftCompile normal arm64 Compiling\ OrderedSet+Partial\ SetAlgebra\ isStrictSubset.swift,\ OrderedSet+Partial\ SetAlgebra\ isStrictSuperset.swift,\ OrderedSet+Partial\ SetAlgebra\ isSubset.swift,\ OrderedSet+Partial\ SetAlgebra\ isSuperset.swift,\ OrderedSet+Partial\ SetAlgebra\ subtract.swift,\ OrderedSet+Partial\ SetAlgebra\ subtracting.swift /Users/admin/builder/spi-builder-workspace/.dependencies/checkouts/swift-collections/Sources/OrderedCollections/OrderedSet/OrderedSet+Partial\ SetAlgebra\ isStrictSubset.swift /Users/admin/builder/spi-builder-workspace/.dependencies/checkouts/swift-collections/Sources/OrderedCollections/OrderedSet/OrderedSet+Partial\ SetAlgebra\ isStrictSuperset.swift /Users/admin/builder/spi-builder-workspace/.dependencies/checkouts/swift-collections/Sources/OrderedCollections/OrderedSet/OrderedSet+Partial\ SetAlgebra\ isSubset.swift /Users/admin/builder/spi-builder-workspace/.dependencies/checkouts/swift-collections/Sources/OrderedCollections/OrderedSet/OrderedSet+Partial\ SetAlgebra\ isSuperset.swift /Users/admin/builder/spi-builder-workspace/.dependencies/checkouts/swift-collections/Sources/OrderedCollections/OrderedSet/OrderedSet+Partial\ SetAlgebra\ subtract.swift /Users/admin/builder/spi-builder-workspace/.dependencies/checkouts/swift-collections/Sources/OrderedCollections/OrderedSet/OrderedSet+Partial\ SetAlgebra\ subtracting.swift (in target 'OrderedCollections' from project 'swift-collections')
SwiftCompile normal arm64 /Users/admin/builder/spi-builder-workspace/.dependencies/checkouts/swift-collections/Sources/OrderedCollections/OrderedSet/OrderedSet+Partial\ SetAlgebra\ isStrictSubset.swift (in target 'OrderedCollections' from project 'swift-collections')
    cd /Users/admin/builder/spi-builder-workspace/.swiftpm/xcode
    builtin-SwiftPerFileCompile OrderedSet+Partial\ SetAlgebra\ isStrictSubset.swift
SwiftCompile normal arm64 /Users/admin/builder/spi-builder-workspace/.dependencies/checkouts/swift-collections/Sources/OrderedCollections/OrderedSet/OrderedSet+Partial\ SetAlgebra\ isStrictSuperset.swift (in target 'OrderedCollections' from project 'swift-collections')
    cd /Users/admin/builder/spi-builder-workspace/.swiftpm/xcode
    builtin-SwiftPerFileCompile OrderedSet+Partial\ SetAlgebra\ isStrictSuperset.swift
SwiftCompile normal arm64 /Users/admin/builder/spi-builder-workspace/.dependencies/checkouts/swift-collections/Sources/OrderedCollections/OrderedSet/OrderedSet+Partial\ SetAlgebra\ isSubset.swift (in target 'OrderedCollections' from project 'swift-collections')
    cd /Users/admin/builder/spi-builder-workspace/.swiftpm/xcode
    builtin-SwiftPerFileCompile OrderedSet+Partial\ SetAlgebra\ isSubset.swift
SwiftCompile normal arm64 /Users/admin/builder/spi-builder-workspace/.dependencies/checkouts/swift-collections/Sources/OrderedCollections/OrderedSet/OrderedSet+Partial\ SetAlgebra\ isSuperset.swift (in target 'OrderedCollections' from project 'swift-collections')
    cd /Users/admin/builder/spi-builder-workspace/.swiftpm/xcode
    builtin-SwiftPerFileCompile OrderedSet+Partial\ SetAlgebra\ isSuperset.swift
SwiftCompile normal arm64 /Users/admin/builder/spi-builder-workspace/.dependencies/checkouts/swift-collections/Sources/OrderedCollections/OrderedSet/OrderedSet+Partial\ SetAlgebra\ subtract.swift (in target 'OrderedCollections' from project 'swift-collections')
    cd /Users/admin/builder/spi-builder-workspace/.swiftpm/xcode
    builtin-SwiftPerFileCompile OrderedSet+Partial\ SetAlgebra\ subtract.swift
SwiftCompile normal arm64 /Users/admin/builder/spi-builder-workspace/.dependencies/checkouts/swift-collections/Sources/OrderedCollections/OrderedSet/OrderedSet+Partial\ SetAlgebra\ subtracting.swift (in target 'OrderedCollections' from project 'swift-collections')
    cd /Users/admin/builder/spi-builder-workspace/.swiftpm/xcode
    builtin-SwiftPerFileCompile OrderedSet+Partial\ SetAlgebra\ subtracting.swift
SwiftExplicitDependencyGeneratePcm arm64 /Users/admin/builder/spi-builder-workspace/.derivedData/SDKExplicitPrecompiledModules/_DarwinFoundation2-E0NXA4K8N3W3XTJG0EDH15WR2.pcm
SwiftCompile normal arm64 Compiling\ OrderedDictionary+Equatable.swift,\ OrderedDictionary+ExpressibleByDictionaryLiteral.swift,\ OrderedDictionary+Hashable.swift,\ OrderedDictionary+Initializers.swift,\ OrderedDictionary+Invariants.swift,\ OrderedDictionary+Move.swift,\ OrderedDictionary+Partial\ MutableCollection.swift /Users/admin/builder/spi-builder-workspace/.dependencies/checkouts/swift-collections/Sources/OrderedCollections/OrderedDictionary/OrderedDictionary+Equatable.swift /Users/admin/builder/spi-builder-workspace/.dependencies/checkouts/swift-collections/Sources/OrderedCollections/OrderedDictionary/OrderedDictionary+ExpressibleByDictionaryLiteral.swift /Users/admin/builder/spi-builder-workspace/.dependencies/checkouts/swift-collections/Sources/OrderedCollections/OrderedDictionary/OrderedDictionary+Hashable.swift /Users/admin/builder/spi-builder-workspace/.dependencies/checkouts/swift-collections/Sources/OrderedCollections/OrderedDictionary/OrderedDictionary+Initializers.swift /Users/admin/builder/spi-builder-workspace/.dependencies/checkouts/swift-collections/Sources/OrderedCollections/OrderedDictionary/OrderedDictionary+Invariants.swift /Users/admin/builder/spi-builder-workspace/.dependencies/checkouts/swift-collections/Sources/OrderedCollections/OrderedDictionary/OrderedDictionary+Move.swift /Users/admin/builder/spi-builder-workspace/.dependencies/checkouts/swift-collections/Sources/OrderedCollections/OrderedDictionary/OrderedDictionary+Partial\ MutableCollection.swift (in target 'OrderedCollections' from project 'swift-collections')
SwiftCompile normal arm64 /Users/admin/builder/spi-builder-workspace/.dependencies/checkouts/swift-collections/Sources/OrderedCollections/OrderedDictionary/OrderedDictionary+Equatable.swift (in target 'OrderedCollections' from project 'swift-collections')
    cd /Users/admin/builder/spi-builder-workspace/.swiftpm/xcode
    builtin-SwiftPerFileCompile OrderedDictionary+Equatable.swift
SwiftCompile normal arm64 /Users/admin/builder/spi-builder-workspace/.dependencies/checkouts/swift-collections/Sources/OrderedCollections/OrderedDictionary/OrderedDictionary+ExpressibleByDictionaryLiteral.swift (in target 'OrderedCollections' from project 'swift-collections')
    cd /Users/admin/builder/spi-builder-workspace/.swiftpm/xcode
    builtin-SwiftPerFileCompile OrderedDictionary+ExpressibleByDictionaryLiteral.swift
SwiftCompile normal arm64 /Users/admin/builder/spi-builder-workspace/.dependencies/checkouts/swift-collections/Sources/OrderedCollections/OrderedDictionary/OrderedDictionary+Hashable.swift (in target 'OrderedCollections' from project 'swift-collections')
    cd /Users/admin/builder/spi-builder-workspace/.swiftpm/xcode
    builtin-SwiftPerFileCompile OrderedDictionary+Hashable.swift
SwiftCompile normal arm64 /Users/admin/builder/spi-builder-workspace/.dependencies/checkouts/swift-collections/Sources/OrderedCollections/OrderedDictionary/OrderedDictionary+Initializers.swift (in target 'OrderedCollections' from project 'swift-collections')
    cd /Users/admin/builder/spi-builder-workspace/.swiftpm/xcode
    builtin-SwiftPerFileCompile OrderedDictionary+Initializers.swift
SwiftCompile normal arm64 /Users/admin/builder/spi-builder-workspace/.dependencies/checkouts/swift-collections/Sources/OrderedCollections/OrderedDictionary/OrderedDictionary+Invariants.swift (in target 'OrderedCollections' from project 'swift-collections')
    cd /Users/admin/builder/spi-builder-workspace/.swiftpm/xcode
    builtin-SwiftPerFileCompile OrderedDictionary+Invariants.swift
SwiftCompile normal arm64 /Users/admin/builder/spi-builder-workspace/.dependencies/checkouts/swift-collections/Sources/OrderedCollections/OrderedDictionary/OrderedDictionary+Move.swift (in target 'OrderedCollections' from project 'swift-collections')
    cd /Users/admin/builder/spi-builder-workspace/.swiftpm/xcode
    builtin-SwiftPerFileCompile OrderedDictionary+Move.swift
SwiftCompile normal arm64 /Users/admin/builder/spi-builder-workspace/.dependencies/checkouts/swift-collections/Sources/OrderedCollections/OrderedDictionary/OrderedDictionary+Partial\ MutableCollection.swift (in target 'OrderedCollections' from project 'swift-collections')
    cd /Users/admin/builder/spi-builder-workspace/.swiftpm/xcode
    builtin-SwiftPerFileCompile OrderedDictionary+Partial\ MutableCollection.swift
SwiftCompile normal arm64 Compiling\ OrderedSet+Partial\ SetAlgebra\ formIntersection.swift,\ OrderedSet+Partial\ SetAlgebra\ formSymmetricDifference.swift,\ OrderedSet+Partial\ SetAlgebra\ formUnion.swift,\ OrderedSet+Partial\ SetAlgebra\ intersection.swift,\ OrderedSet+Partial\ SetAlgebra\ isDisjoint.swift,\ OrderedSet+Partial\ SetAlgebra\ isEqualSet.swift /Users/admin/builder/spi-builder-workspace/.dependencies/checkouts/swift-collections/Sources/OrderedCollections/OrderedSet/OrderedSet+Partial\ SetAlgebra\ formIntersection.swift /Users/admin/builder/spi-builder-workspace/.dependencies/checkouts/swift-collections/Sources/OrderedCollections/OrderedSet/OrderedSet+Partial\ SetAlgebra\ formSymmetricDifference.swift /Users/admin/builder/spi-builder-workspace/.dependencies/checkouts/swift-collections/Sources/OrderedCollections/OrderedSet/OrderedSet+Partial\ SetAlgebra\ formUnion.swift /Users/admin/builder/spi-builder-workspace/.dependencies/checkouts/swift-collections/Sources/OrderedCollections/OrderedSet/OrderedSet+Partial\ SetAlgebra\ intersection.swift /Users/admin/builder/spi-builder-workspace/.dependencies/checkouts/swift-collections/Sources/OrderedCollections/OrderedSet/OrderedSet+Partial\ SetAlgebra\ isDisjoint.swift /Users/admin/builder/spi-builder-workspace/.dependencies/checkouts/swift-collections/Sources/OrderedCollections/OrderedSet/OrderedSet+Partial\ SetAlgebra\ isEqualSet.swift (in target 'OrderedCollections' from project 'swift-collections')
SwiftCompile normal arm64 /Users/admin/builder/spi-builder-workspace/.dependencies/checkouts/swift-collections/Sources/OrderedCollections/OrderedSet/OrderedSet+Partial\ SetAlgebra\ formIntersection.swift (in target 'OrderedCollections' from project 'swift-collections')
    cd /Users/admin/builder/spi-builder-workspace/.swiftpm/xcode
    builtin-SwiftPerFileCompile OrderedSet+Partial\ SetAlgebra\ formIntersection.swift
SwiftCompile normal arm64 /Users/admin/builder/spi-builder-workspace/.dependencies/checkouts/swift-collections/Sources/OrderedCollections/OrderedSet/OrderedSet+Partial\ SetAlgebra\ formSymmetricDifference.swift (in target 'OrderedCollections' from project 'swift-collections')
    cd /Users/admin/builder/spi-builder-workspace/.swiftpm/xcode
    builtin-SwiftPerFileCompile OrderedSet+Partial\ SetAlgebra\ formSymmetricDifference.swift
SwiftCompile normal arm64 /Users/admin/builder/spi-builder-workspace/.dependencies/checkouts/swift-collections/Sources/OrderedCollections/OrderedSet/OrderedSet+Partial\ SetAlgebra\ formUnion.swift (in target 'OrderedCollections' from project 'swift-collections')
    cd /Users/admin/builder/spi-builder-workspace/.swiftpm/xcode
    builtin-SwiftPerFileCompile OrderedSet+Partial\ SetAlgebra\ formUnion.swift
SwiftCompile normal arm64 /Users/admin/builder/spi-builder-workspace/.dependencies/checkouts/swift-collections/Sources/OrderedCollections/OrderedSet/OrderedSet+Partial\ SetAlgebra\ intersection.swift (in target 'OrderedCollections' from project 'swift-collections')
    cd /Users/admin/builder/spi-builder-workspace/.swiftpm/xcode
    builtin-SwiftPerFileCompile OrderedSet+Partial\ SetAlgebra\ intersection.swift
SwiftCompile normal arm64 /Users/admin/builder/spi-builder-workspace/.dependencies/checkouts/swift-collections/Sources/OrderedCollections/OrderedSet/OrderedSet+Partial\ SetAlgebra\ isDisjoint.swift (in target 'OrderedCollections' from project 'swift-collections')
    cd /Users/admin/builder/spi-builder-workspace/.swiftpm/xcode
    builtin-SwiftPerFileCompile OrderedSet+Partial\ SetAlgebra\ isDisjoint.swift
SwiftCompile normal arm64 /Users/admin/builder/spi-builder-workspace/.dependencies/checkouts/swift-collections/Sources/OrderedCollections/OrderedSet/OrderedSet+Partial\ SetAlgebra\ isEqualSet.swift (in target 'OrderedCollections' from project 'swift-collections')
    cd /Users/admin/builder/spi-builder-workspace/.swiftpm/xcode
    builtin-SwiftPerFileCompile OrderedSet+Partial\ SetAlgebra\ isEqualSet.swift
SwiftExplicitDependencyGeneratePcm arm64 /Users/admin/builder/spi-builder-workspace/.derivedData/SDKExplicitPrecompiledModules/string_h-BGPLTZ4H9HACR813QKF6VS72D.pcm
SwiftDriverJobDiscovery normal arm64 Compiling OrderedSet+Partial SetAlgebra isStrictSubset.swift, OrderedSet+Partial SetAlgebra isStrictSuperset.swift, OrderedSet+Partial SetAlgebra isSubset.swift, OrderedSet+Partial SetAlgebra isSuperset.swift, OrderedSet+Partial SetAlgebra subtract.swift, OrderedSet+Partial SetAlgebra subtracting.swift (in target 'OrderedCollections' from project 'swift-collections')
SwiftExplicitDependencyGeneratePcm arm64 /Users/admin/builder/spi-builder-workspace/.derivedData/SDKExplicitPrecompiledModules/sys_types-A3BBS6FJZK4C974FRQ5ZCTND7.pcm
SwiftDriverJobDiscovery normal arm64 Compiling OrderedSet+Partial SetAlgebra symmetricDifference.swift, OrderedSet+Partial SetAlgebra union.swift, OrderedSet+Partial SetAlgebra+Basics.swift, OrderedSet+RandomAccessCollection.swift, OrderedSet+ReserveCapacity.swift, OrderedSet+Sendable.swift (in target 'OrderedCollections' from project 'swift-collections')
SwiftExplicitDependencyGeneratePcm arm64 /Users/admin/builder/spi-builder-workspace/.derivedData/SDKExplicitPrecompiledModules/_Builtin_stdint-F1DLW8WMMSOC414RWOQWK8OS8.pcm
SwiftDriverJobDiscovery normal arm64 Compiling _UnsafeBitSet.swift, UnsafeBufferPointer+Extras.swift, UnsafeMutableBufferPointer+Extras.swift (in target 'InternalCollectionsUtilities' from project 'swift-collections')
SwiftCompile normal arm64 Compiling\ OrderedSet+CustomReflectable.swift,\ OrderedSet+Descriptions.swift,\ OrderedSet+Diffing.swift,\ OrderedSet+Equatable.swift,\ OrderedSet+ExpressibleByArrayLiteral.swift,\ OrderedSet+Hashable.swift /Users/admin/builder/spi-builder-workspace/.dependencies/checkouts/swift-collections/Sources/OrderedCollections/OrderedSet/OrderedSet+CustomReflectable.swift /Users/admin/builder/spi-builder-workspace/.dependencies/checkouts/swift-collections/Sources/OrderedCollections/OrderedSet/OrderedSet+Descriptions.swift /Users/admin/builder/spi-builder-workspace/.dependencies/checkouts/swift-collections/Sources/OrderedCollections/OrderedSet/OrderedSet+Diffing.swift /Users/admin/builder/spi-builder-workspace/.dependencies/checkouts/swift-collections/Sources/OrderedCollections/OrderedSet/OrderedSet+Equatable.swift /Users/admin/builder/spi-builder-workspace/.dependencies/checkouts/swift-collections/Sources/OrderedCollections/OrderedSet/OrderedSet+ExpressibleByArrayLiteral.swift /Users/admin/builder/spi-builder-workspace/.dependencies/checkouts/swift-collections/Sources/OrderedCollections/OrderedSet/OrderedSet+Hashable.swift (in target 'OrderedCollections' from project 'swift-collections')
SwiftCompile normal arm64 /Users/admin/builder/spi-builder-workspace/.dependencies/checkouts/swift-collections/Sources/OrderedCollections/OrderedSet/OrderedSet+CustomReflectable.swift (in target 'OrderedCollections' from project 'swift-collections')
    cd /Users/admin/builder/spi-builder-workspace/.swiftpm/xcode
    builtin-SwiftPerFileCompile OrderedSet+CustomReflectable.swift
SwiftCompile normal arm64 /Users/admin/builder/spi-builder-workspace/.dependencies/checkouts/swift-collections/Sources/OrderedCollections/OrderedSet/OrderedSet+Descriptions.swift (in target 'OrderedCollections' from project 'swift-collections')
    cd /Users/admin/builder/spi-builder-workspace/.swiftpm/xcode
    builtin-SwiftPerFileCompile OrderedSet+Descriptions.swift
SwiftCompile normal arm64 /Users/admin/builder/spi-builder-workspace/.dependencies/checkouts/swift-collections/Sources/OrderedCollections/OrderedSet/OrderedSet+Diffing.swift (in target 'OrderedCollections' from project 'swift-collections')
    cd /Users/admin/builder/spi-builder-workspace/.swiftpm/xcode
    builtin-SwiftPerFileCompile OrderedSet+Diffing.swift
SwiftCompile normal arm64 /Users/admin/builder/spi-builder-workspace/.dependencies/checkouts/swift-collections/Sources/OrderedCollections/OrderedSet/OrderedSet+Equatable.swift (in target 'OrderedCollections' from project 'swift-collections')
    cd /Users/admin/builder/spi-builder-workspace/.swiftpm/xcode
    builtin-SwiftPerFileCompile OrderedSet+Equatable.swift
SwiftCompile normal arm64 /Users/admin/builder/spi-builder-workspace/.dependencies/checkouts/swift-collections/Sources/OrderedCollections/OrderedSet/OrderedSet+ExpressibleByArrayLiteral.swift (in target 'OrderedCollections' from project 'swift-collections')
    cd /Users/admin/builder/spi-builder-workspace/.swiftpm/xcode
    builtin-SwiftPerFileCompile OrderedSet+ExpressibleByArrayLiteral.swift
SwiftCompile normal arm64 /Users/admin/builder/spi-builder-workspace/.dependencies/checkouts/swift-collections/Sources/OrderedCollections/OrderedSet/OrderedSet+Hashable.swift (in target 'OrderedCollections' from project 'swift-collections')
    cd /Users/admin/builder/spi-builder-workspace/.swiftpm/xcode
    builtin-SwiftPerFileCompile OrderedSet+Hashable.swift
SwiftDriverJobDiscovery normal arm64 Compiling OrderedSet+Partial SetAlgebra formIntersection.swift, OrderedSet+Partial SetAlgebra formSymmetricDifference.swift, OrderedSet+Partial SetAlgebra formUnion.swift, OrderedSet+Partial SetAlgebra intersection.swift, OrderedSet+Partial SetAlgebra isDisjoint.swift, OrderedSet+Partial SetAlgebra isEqualSet.swift (in target 'OrderedCollections' from project 'swift-collections')
SwiftCompile normal arm64 Compiling\ OrderedSet+SubSequence.swift,\ OrderedSet+Testing.swift,\ OrderedSet+UnorderedView.swift,\ OrderedSet+UnstableInternals.swift,\ OrderedSet.swift,\ _UnsafeBitset.swift /Users/admin/builder/spi-builder-workspace/.dependencies/checkouts/swift-collections/Sources/OrderedCollections/OrderedSet/OrderedSet+SubSequence.swift /Users/admin/builder/spi-builder-workspace/.dependencies/checkouts/swift-collections/Sources/OrderedCollections/OrderedSet/OrderedSet+Testing.swift /Users/admin/builder/spi-builder-workspace/.dependencies/checkouts/swift-collections/Sources/OrderedCollections/OrderedSet/OrderedSet+UnorderedView.swift /Users/admin/builder/spi-builder-workspace/.dependencies/checkouts/swift-collections/Sources/OrderedCollections/OrderedSet/OrderedSet+UnstableInternals.swift /Users/admin/builder/spi-builder-workspace/.dependencies/checkouts/swift-collections/Sources/OrderedCollections/OrderedSet/OrderedSet.swift /Users/admin/builder/spi-builder-workspace/.dependencies/checkouts/swift-collections/Sources/OrderedCollections/Utilities/_UnsafeBitset.swift (in target 'OrderedCollections' from project 'swift-collections')
SwiftCompile normal arm64 /Users/admin/builder/spi-builder-workspace/.dependencies/checkouts/swift-collections/Sources/OrderedCollections/OrderedSet/OrderedSet+SubSequence.swift (in target 'OrderedCollections' from project 'swift-collections')
    cd /Users/admin/builder/spi-builder-workspace/.swiftpm/xcode
    builtin-SwiftPerFileCompile OrderedSet+SubSequence.swift
SwiftCompile normal arm64 /Users/admin/builder/spi-builder-workspace/.dependencies/checkouts/swift-collections/Sources/OrderedCollections/OrderedSet/OrderedSet+Testing.swift (in target 'OrderedCollections' from project 'swift-collections')
    cd /Users/admin/builder/spi-builder-workspace/.swiftpm/xcode
    builtin-SwiftPerFileCompile OrderedSet+Testing.swift
SwiftCompile normal arm64 /Users/admin/builder/spi-builder-workspace/.dependencies/checkouts/swift-collections/Sources/OrderedCollections/OrderedSet/OrderedSet+UnorderedView.swift (in target 'OrderedCollections' from project 'swift-collections')
    cd /Users/admin/builder/spi-builder-workspace/.swiftpm/xcode
    builtin-SwiftPerFileCompile OrderedSet+UnorderedView.swift
SwiftCompile normal arm64 /Users/admin/builder/spi-builder-workspace/.dependencies/checkouts/swift-collections/Sources/OrderedCollections/OrderedSet/OrderedSet+UnstableInternals.swift (in target 'OrderedCollections' from project 'swift-collections')
    cd /Users/admin/builder/spi-builder-workspace/.swiftpm/xcode
    builtin-SwiftPerFileCompile OrderedSet+UnstableInternals.swift
SwiftCompile normal arm64 /Users/admin/builder/spi-builder-workspace/.dependencies/checkouts/swift-collections/Sources/OrderedCollections/OrderedSet/OrderedSet.swift (in target 'OrderedCollections' from project 'swift-collections')
    cd /Users/admin/builder/spi-builder-workspace/.swiftpm/xcode
    builtin-SwiftPerFileCompile OrderedSet.swift
SwiftCompile normal arm64 /Users/admin/builder/spi-builder-workspace/.dependencies/checkouts/swift-collections/Sources/OrderedCollections/Utilities/_UnsafeBitset.swift (in target 'OrderedCollections' from project 'swift-collections')
    cd /Users/admin/builder/spi-builder-workspace/.swiftpm/xcode
    builtin-SwiftPerFileCompile _UnsafeBitset.swift
SwiftDriver\ Compilation InternalCollectionsUtilities normal arm64 com.apple.xcode.tools.swift.compiler (in target 'InternalCollectionsUtilities' from project 'swift-collections')
    cd /Users/admin/builder/spi-builder-workspace/.swiftpm/xcode
    builtin-Swift-Compilation -- /Applications/Xcode-27.0.0-Release.Candidate.app/Contents/Developer/Toolchains/XcodeDefault.xctoolchain/usr/bin/swiftc -parse-as-library -module-name InternalCollectionsUtilities -Onone @/Users/admin/builder/spi-builder-workspace/.derivedData/Build/Intermediates.noindex/swift-collections.build/Debug-xros/InternalCollectionsUtilities-t.build/Objects-normal/arm64/InternalCollectionsUtilities.SwiftFileList -DSWIFT_PACKAGE -DDEBUG -DSWIFT_MODULE_RESOURCE_BUNDLE_UNAVAILABLE -DCOLLECTIONS_RANDOMIZED_TESTING -DXcode -enable-experimental-feature AvailabilityMacro\=SwiftStdlib\ 5.0:\ macOS\ 10.14.4,\ iOS\ 12.2,\ watchOS\ 5.2,\ tvOS\ 12.2 -enable-experimental-feature AvailabilityMacro\=SwiftStdlib\ 5.1:\ macOS\ 10.15,\ iOS\ 13.0,\ watchOS\ 6.0,\ tvOS\ 13.0 -enable-experimental-feature AvailabilityMacro\=SwiftStdlib\ 5.6:\ macOS\ 12.3,\ iOS\ 15.4,\ watchOS\ 8.5,\ tvOS\ 15.4 -enable-experimental-feature AvailabilityMacro\=SwiftStdlib\ 5.7:\ macOS\ 13.0,\ iOS\ 16.0,\ watchOS\ 9.0,\ tvOS\ 16.0 -enable-experimental-feature AvailabilityMacro\=SwiftStdlib\ 5.8:\ macOS\ 13.3,\ iOS\ 16.4,\ watchOS\ 9.4,\ tvOS\ 16.4 -enable-experimental-feature AvailabilityMacro\=SwiftStdlib\ 5.9:\ macOS\ 14.0,\ iOS\ 17.0,\ watchOS\ 10.0,\ tvOS\ 17.0 -enable-experimental-feature AvailabilityMacro\=SwiftStdlib\ 5.10:\ macOS\ 14.4,\ iOS\ 17.4,\ watchOS\ 10.4,\ tvOS\ 17.4,\ visionOS\ 1.1 -enable-experimental-feature AvailabilityMacro\=SwiftStdlib\ 6.0:\ macOS\ 15.0,\ iOS\ 18.0,\ watchOS\ 11.0,\ tvOS\ 18.0,\ visionOS\ 2.0 -enable-experimental-feature AvailabilityMacro\=SwiftStdlib\ 6.1:\ macOS\ 15.4,\ iOS\ 18.4,\ watchOS\ 11.4,\ tvOS\ 18.4,\ visionOS\ 2.4 -enable-experimental-feature AvailabilityMacro\=SwiftStdlib\ 6.2:\ macOS\ 26.0,\ iOS\ 26.0,\ watchOS\ 26.0,\ tvOS\ 26.0,\ visionOS\ 26.0 -enable-experimental-feature AvailabilityMacro\=SwiftStdlib\ 6.3:\ macOS\ 26.4,\ iOS\ 26.4,\ watchOS\ 26.4,\ tvOS\ 26.4,\ visionOS\ 26.4 -enable-experimental-feature AvailabilityMacro\=SwiftStdlib\ 6.4:\ macOS\ 27.0,\ iOS\ 27.0,\ watchOS\ 27.0,\ tvOS\ 27.0,\ visionOS\ 27.0 -enable-experimental-feature AvailabilityMacro\=SwiftStdlib\ 6.5:\ macOS\ 9999,\ iOS\ 9999,\ watchOS\ 9999,\ tvOS\ 9999,\ visionOS\ 9999 -enable-upcoming-feature MemberImportVisibility -enable-experimental-feature BuiltinModule -enable-experimental-feature Lifetimes -enable-experimental-feature InoutLifetimeDependence -enable-experimental-feature AddressableParameters -enable-experimental-feature AddressableTypes -enable-experimental-feature SuppressedAssociatedTypesWithDefaults -enable-experimental-feature BorrowingSequence -plugin-path /Applications/Xcode-27.0.0-Release.Candidate.app/Contents/Developer/Toolchains/XcodeDefault.xctoolchain/usr/lib/swift/host/plugins/testing -enable-experimental-feature DebugDescriptionMacro -sdk /Applications/Xcode-27.0.0-Release.Candidate.app/Contents/Developer/Platforms/XROS.platform/Developer/SDKs/XROS27.0.sdk -target arm64-apple-xros1.0 -g -module-cache-path /Users/admin/builder/spi-builder-workspace/.derivedData/ModuleCache.noindex -Xfrontend -serialize-debugging-options -profile-coverage-mapping -profile-generate -enable-testing -suppress-warnings -index-store-path /Users/admin/builder/spi-builder-workspace/.derivedData/Index.noindex/DataStore -Xcc -D_LIBCPP_HARDENING_MODE\=_LIBCPP_HARDENING_MODE_DEBUG -swift-version 6 -I /Users/admin/builder/spi-builder-workspace/.derivedData/Build/Products/Debug-xros -Isystem /Applications/Xcode-27.0.0-Release.Candidate.app/Contents/Developer/Platforms/XROS.platform/Developer/usr/lib -F /Users/admin/builder/spi-builder-workspace/.derivedData/Build/Products/Debug-xros -F /Applications/Xcode-27.0.0-Release.Candidate.app/Contents/Developer/Platforms/XROS.platform/Developer/Library/Frameworks -F /Applications/Xcode-27.0.0-Release.Candidate.app/Contents/Developer/Platforms/XROS.platform/Developer/SDKs/XROS27.0.sdk/Developer/Library/Frameworks -c -j10 -enable-batch-mode -incremental -Xcc -ivfsstatcache -Xcc /Users/admin/builder/spi-builder-workspace/.derivedData/SDKStatCaches.noindex/xros27.0-24M361-e829b21a6f8c9b70876ba0858053c044735bd543db762f57723cac368afd1ce4.sdkstatcache -output-file-map /Users/admin/builder/spi-builder-workspace/.derivedData/Build/Intermediates.noindex/swift-collections.build/Debug-xros/InternalCollectionsUtilities-t.build/Objects-normal/arm64/InternalCollectionsUtilities-OutputFileMap.json -save-temps -no-color-diagnostics -explicit-module-build -module-cache-path /Users/admin/builder/spi-builder-workspace/.derivedData/Build/Intermediates.noindex/SwiftExplicitPrecompiledModules -clang-scanner-module-cache-path /Users/admin/builder/spi-builder-workspace/.derivedData/ModuleCache.noindex -sdk-module-cache-path /Users/admin/builder/spi-builder-workspace/.derivedData/SDKExplicitPrecompiledModules -emit-dependencies -emit-module -emit-module-path /Users/admin/builder/spi-builder-workspace/.derivedData/Build/Intermediates.noindex/swift-collections.build/Debug-xros/InternalCollectionsUtilities-t.build/Objects-normal/arm64/InternalCollectionsUtilities.swiftmodule -serialize-diagnostics -dependency-scan-serialize-diagnostics-path /Users/admin/builder/spi-builder-workspace/.derivedData/Build/Intermediates.noindex/swift-collections.build/Debug-xros/InternalCollectionsUtilities-t.build/Objects-normal/arm64/InternalCollectionsUtilities-dependency-scan.dia -user-module-version 1.7.0 -validate-clang-modules-once -clang-build-session-file /Users/admin/builder/spi-builder-workspace/.derivedData/ModuleCache.noindex/Session.modulevalidation -Xcc -fmodules-prune-interval\=86400 -Xcc -fmodules-prune-after\=345600 -package-name swift_collections -emit-const-values -const-gather-protocols-list /Users/admin/builder/spi-builder-workspace/.derivedData/Build/Intermediates.noindex/swift-collections.build/Debug-xros/InternalCollectionsUtilities-t.build/Objects-normal/arm64/InternalCollectionsUtilities_const_extract_protocols.json -Xcc -I/Users/admin/builder/spi-builder-workspace/.derivedData/Build/Products/Debug-xros/include -Xcc -I/Users/admin/builder/spi-builder-workspace/.derivedData/Build/Intermediates.noindex/swift-collections.build/Debug-xros/InternalCollectionsUtilities-t.build/DerivedSources-normal/arm64 -Xcc -I/Users/admin/builder/spi-builder-workspace/.derivedData/Build/Intermediates.noindex/swift-collections.build/Debug-xros/InternalCollectionsUtilities-t.build/DerivedSources/arm64 -Xcc -I/Users/admin/builder/spi-builder-workspace/.derivedData/Build/Intermediates.noindex/swift-collections.build/Debug-xros/InternalCollectionsUtilities-t.build/DerivedSources -Xcc -DSWIFT_PACKAGE -Xcc -DDEBUG\=1 -emit-objc-header -emit-objc-header-path /Users/admin/builder/spi-builder-workspace/.derivedData/Build/Intermediates.noindex/swift-collections.build/Debug-xros/InternalCollectionsUtilities-t.build/Objects-normal/arm64/InternalCollectionsUtilities-Swift.h -working-directory /Users/admin/builder/spi-builder-workspace/.swiftpm/xcode -experimental-emit-module-separately -disable-cmo
Ld /Users/admin/builder/spi-builder-workspace/.derivedData/Build/Products/Debug-xros/InternalCollectionsUtilities.o normal (in target 'InternalCollectionsUtilities' from project 'swift-collections')
    cd /Users/admin/builder/spi-builder-workspace/.dependencies/checkouts/swift-collections
    /Applications/Xcode-27.0.0-Release.Candidate.app/Contents/Developer/Toolchains/XcodeDefault.xctoolchain/usr/bin/clang -Xlinker -reproducible -target arm64-apple-xros1.0 -r -isysroot /Applications/Xcode-27.0.0-Release.Candidate.app/Contents/Developer/Platforms/XROS.platform/Developer/SDKs/XROS27.0.sdk -O0 -w -Xlinker -no_warn_duplicate_libraries -F/Users/admin/builder/spi-builder-workspace/.derivedData/Build/Intermediates.noindex/EagerLinkingTBDs/Debug-xros -F/Users/admin/builder/spi-builder-workspace/.derivedData/Build/Products/Debug-xros -iframework /Applications/Xcode-27.0.0-Release.Candidate.app/Contents/Developer/Platforms/XROS.platform/Developer/Library/Frameworks -iframework /Applications/Xcode-27.0.0-Release.Candidate.app/Contents/Developer/Platforms/XROS.platform/Developer/SDKs/XROS27.0.sdk/Developer/Library/Frameworks -filelist /Users/admin/builder/spi-builder-workspace/.derivedData/Build/Intermediates.noindex/swift-collections.build/Debug-xros/InternalCollectionsUtilities-t.build/Objects-normal/arm64/InternalCollectionsUtilities.LinkFileList -nostdlib -Xlinker -object_path_lto -Xlinker /Users/admin/builder/spi-builder-workspace/.derivedData/Build/Intermediates.noindex/swift-collections.build/Debug-xros/InternalCollectionsUtilities-t.build/Objects-normal/arm64/InternalCollectionsUtilities_lto.o -Xlinker -no_deduplicate -Xlinker -debug_variant -Xlinker -dependency_info -Xlinker /Users/admin/builder/spi-builder-workspace/.derivedData/Build/Intermediates.noindex/swift-collections.build/Debug-xros/InternalCollectionsUtilities-t.build/Objects-normal/arm64/InternalCollectionsUtilities_dependency_info.dat -fobjc-link-runtime -L/Applications/Xcode-27.0.0-Release.Candidate.app/Contents/Developer/Toolchains/XcodeDefault.xctoolchain/usr/lib/swift/xros -L/usr/lib/swift -Xlinker -add_ast_path -Xlinker /Users/admin/builder/spi-builder-workspace/.derivedData/Build/Intermediates.noindex/swift-collections.build/Debug-xros/InternalCollectionsUtilities-t.build/Objects-normal/arm64/InternalCollectionsUtilities.swiftmodule -o /Users/admin/builder/spi-builder-workspace/.derivedData/Build/Products/Debug-xros/InternalCollectionsUtilities.o
SwiftExplicitDependencyGeneratePcm arm64 /Users/admin/builder/spi-builder-workspace/.derivedData/SDKExplicitPrecompiledModules/_DarwinFoundation3-C1P0SZMW1CBYZ1956G2WPAGVQ.pcm
ExtractAppIntentsMetadata (in target 'InternalCollectionsUtilities' from project 'swift-collections')
    cd /Users/admin/builder/spi-builder-workspace/.dependencies/checkouts/swift-collections
    /Applications/Xcode-27.0.0-Release.Candidate.app/Contents/Developer/Toolchains/XcodeDefault.xctoolchain/usr/bin/appintentsmetadataprocessor --toolchain-dir /var/run/com.apple.security.cryptexd/mnt/com.apple.MobileAsset.MetalToolchain-v27.1.266.1.b9EsB4/Metal.xctoolchain --module-name InternalCollectionsUtilities --sdk-root /Applications/Xcode-27.0.0-Release.Candidate.app/Contents/Developer/Platforms/XROS.platform/Developer/SDKs/XROS27.0.sdk --xcode-version 27A266a --platform-family xrOS --deployment-target 1.0 --bundle-identifier swift-collections.InternalCollectionsUtilities --output /Users/admin/builder/spi-builder-workspace/.derivedData/Build/Products/Debug-xros/InternalCollectionsUtilities.appintents --target-triple arm64-apple-xros1.0 --binary-file /Users/admin/builder/spi-builder-workspace/.derivedData/Build/Products/Debug-xros/InternalCollectionsUtilities.o --dependency-file /Users/admin/builder/spi-builder-workspace/.derivedData/Build/Intermediates.noindex/swift-collections.build/Debug-xros/InternalCollectionsUtilities-t.build/Objects-normal/arm64/InternalCollectionsUtilities_dependency_info.dat --stringsdata-file /Users/admin/builder/spi-builder-workspace/.derivedData/Build/Intermediates.noindex/swift-collections.build/Debug-xros/InternalCollectionsUtilities-t.build/Objects-normal/arm64/ExtractedAppShortcutsMetadata.stringsdata --source-file-list /Users/admin/builder/spi-builder-workspace/.derivedData/Build/Intermediates.noindex/swift-collections.build/Debug-xros/InternalCollectionsUtilities-t.build/Objects-normal/arm64/InternalCollectionsUtilities.SwiftFileList --metadata-file-list /Users/admin/builder/spi-builder-workspace/.derivedData/Build/Intermediates.noindex/swift-collections.build/Debug-xros/InternalCollectionsUtilities-t.build/InternalCollectionsUtilities.DependencyMetadataFileList --static-metadata-file-list /Users/admin/builder/spi-builder-workspace/.derivedData/Build/Intermediates.noindex/swift-collections.build/Debug-xros/InternalCollectionsUtilities-t.build/InternalCollectionsUtilities.DependencyStaticMetadataFileList --swift-const-vals-list /Users/admin/builder/spi-builder-workspace/.derivedData/Build/Intermediates.noindex/swift-collections.build/Debug-xros/InternalCollectionsUtilities-t.build/Objects-normal/arm64/InternalCollectionsUtilities.SwiftConstValuesFileList --force --compile-time-extraction --deployment-aware-processing --no-app-shortcuts-localization
2026-09-24 06:31:28.483 appintentsmetadataprocessor[865:5113] Starting appintentsmetadataprocessor export
2026-09-24 06:31:28.585 appintentsmetadataprocessor[865:5113] Extracted no relevant App Intents symbols, skipping writing output
SwiftDriverJobDiscovery normal arm64 Compiling OrderedDictionary+Equatable.swift, OrderedDictionary+ExpressibleByDictionaryLiteral.swift, OrderedDictionary+Hashable.swift, OrderedDictionary+Initializers.swift, OrderedDictionary+Invariants.swift, OrderedDictionary+Move.swift, OrderedDictionary+Partial MutableCollection.swift (in target 'OrderedCollections' from project 'swift-collections')
SwiftDriverJobDiscovery normal arm64 Compiling OrderedDictionary+Partial RangeReplaceableCollection.swift, OrderedDictionary+Sendable.swift, OrderedDictionary+Sequence.swift, OrderedDictionary+Values.swift, OrderedDictionary.swift, OrderedSet+Codable.swift (in target 'OrderedCollections' from project 'swift-collections')
SwiftDriverJobDiscovery normal arm64 Compiling _Hashtable+Header.swift, OrderedDictionary+Codable.swift, OrderedDictionary+CustomReflectable.swift, OrderedDictionary+Deprecations.swift, OrderedDictionary+Descriptions.swift, OrderedDictionary+Elements.SubSequence.swift, OrderedDictionary+Elements.swift (in target 'OrderedCollections' from project 'swift-collections')
SwiftExplicitDependencyGeneratePcm arm64 /Users/admin/builder/spi-builder-workspace/.derivedData/SDKExplicitPrecompiledModules/_Builtin_inttypes-9DU9NJC5HKVLIXJ97CZROETBU.pcm
SwiftDriverJobDiscovery normal arm64 Compiling OrderedSet+CustomReflectable.swift, OrderedSet+Descriptions.swift, OrderedSet+Diffing.swift, OrderedSet+Equatable.swift, OrderedSet+ExpressibleByArrayLiteral.swift, OrderedSet+Hashable.swift (in target 'OrderedCollections' from project 'swift-collections')
SwiftExplicitDependencyGeneratePcm arm64 /Users/admin/builder/spi-builder-workspace/.derivedData/SDKExplicitPrecompiledModules/Darwin-ET1KOXI5QIB2QZ81K0LJ5SCNP.pcm
SwiftDriverJobDiscovery normal arm64 Compiling _HashTable+Bucket.swift, _HashTable+BucketIterator.swift, _HashTable+Constants.swift, _HashTable+CustomStringConvertible.swift, _HashTable+Testing.swift, _HashTable+UnsafeHandle.swift, _HashTable.swift (in target 'OrderedCollections' from project 'swift-collections')
SwiftDriverJobDiscovery normal arm64 Compiling OrderedSet+Initializers.swift, OrderedSet+Insertions.swift, OrderedSet+Invariants.swift, OrderedSet+Move.swift, OrderedSet+Partial MutableCollection.swift, OrderedSet+Partial RangeReplaceableCollection.swift (in target 'OrderedCollections' from project 'swift-collections')
SwiftExplicitDependencyGeneratePcm arm64 /Users/admin/builder/spi-builder-workspace/.derivedData/SDKExplicitPrecompiledModules/ObjectiveC-7UYOWV2RO2CMEGURP3Y7WLPAT.pcm
SwiftDriverJobDiscovery normal arm64 Compiling OrderedSet+SubSequence.swift, OrderedSet+Testing.swift, OrderedSet+UnorderedView.swift, OrderedSet+UnstableInternals.swift, OrderedSet.swift, _UnsafeBitset.swift (in target 'OrderedCollections' from project 'swift-collections')
SwiftExplicitDependencyGeneratePcm arm64 /Users/admin/builder/spi-builder-workspace/.derivedData/SDKExplicitPrecompiledModules/os_object-A49MUZWNB60JKCX0NMFXESEZD.pcm
SwiftExplicitDependencyGeneratePcm arm64 /Users/admin/builder/spi-builder-workspace/.derivedData/SDKExplicitPrecompiledModules/os_workgroup-1J3Q9ELSMX5271913GPIT75QV.pcm
SwiftDriverJobDiscovery normal arm64 Emitting module for OrderedCollections (in target 'OrderedCollections' from project 'swift-collections')
SwiftDriver\ Compilation\ Requirements OrderedCollections normal arm64 com.apple.xcode.tools.swift.compiler (in target 'OrderedCollections' from project 'swift-collections')
    cd /Users/admin/builder/spi-builder-workspace/.swiftpm/xcode
    builtin-Swift-Compilation-Requirements -- /Applications/Xcode-27.0.0-Release.Candidate.app/Contents/Developer/Toolchains/XcodeDefault.xctoolchain/usr/bin/swiftc -parse-as-library -module-name OrderedCollections -Onone @/Users/admin/builder/spi-builder-workspace/.derivedData/Build/Intermediates.noindex/swift-collections.build/Debug-xros/OrderedCollections-t.build/Objects-normal/arm64/OrderedCollections.SwiftFileList -DSWIFT_PACKAGE -DDEBUG -DSWIFT_MODULE_RESOURCE_BUNDLE_UNAVAILABLE -DCOLLECTIONS_RANDOMIZED_TESTING -DXcode -enable-experimental-feature AvailabilityMacro\=SwiftStdlib\ 5.0:\ macOS\ 10.14.4,\ iOS\ 12.2,\ watchOS\ 5.2,\ tvOS\ 12.2 -enable-experimental-feature AvailabilityMacro\=SwiftStdlib\ 5.1:\ macOS\ 10.15,\ iOS\ 13.0,\ watchOS\ 6.0,\ tvOS\ 13.0 -enable-experimental-feature AvailabilityMacro\=SwiftStdlib\ 5.6:\ macOS\ 12.3,\ iOS\ 15.4,\ watchOS\ 8.5,\ tvOS\ 15.4 -enable-experimental-feature AvailabilityMacro\=SwiftStdlib\ 5.7:\ macOS\ 13.0,\ iOS\ 16.0,\ watchOS\ 9.0,\ tvOS\ 16.0 -enable-experimental-feature AvailabilityMacro\=SwiftStdlib\ 5.8:\ macOS\ 13.3,\ iOS\ 16.4,\ watchOS\ 9.4,\ tvOS\ 16.4 -enable-experimental-feature AvailabilityMacro\=SwiftStdlib\ 5.9:\ macOS\ 14.0,\ iOS\ 17.0,\ watchOS\ 10.0,\ tvOS\ 17.0 -enable-experimental-feature AvailabilityMacro\=SwiftStdlib\ 5.10:\ macOS\ 14.4,\ iOS\ 17.4,\ watchOS\ 10.4,\ tvOS\ 17.4,\ visionOS\ 1.1 -enable-experimental-feature AvailabilityMacro\=SwiftStdlib\ 6.0:\ macOS\ 15.0,\ iOS\ 18.0,\ watchOS\ 11.0,\ tvOS\ 18.0,\ visionOS\ 2.0 -enable-experimental-feature AvailabilityMacro\=SwiftStdlib\ 6.1:\ macOS\ 15.4,\ iOS\ 18.4,\ watchOS\ 11.4,\ tvOS\ 18.4,\ visionOS\ 2.4 -enable-experimental-feature AvailabilityMacro\=SwiftStdlib\ 6.2:\ macOS\ 26.0,\ iOS\ 26.0,\ watchOS\ 26.0,\ tvOS\ 26.0,\ visionOS\ 26.0 -enable-experimental-feature AvailabilityMacro\=SwiftStdlib\ 6.3:\ macOS\ 26.4,\ iOS\ 26.4,\ watchOS\ 26.4,\ tvOS\ 26.4,\ visionOS\ 26.4 -enable-experimental-feature AvailabilityMacro\=SwiftStdlib\ 6.4:\ macOS\ 27.0,\ iOS\ 27.0,\ watchOS\ 27.0,\ tvOS\ 27.0,\ visionOS\ 27.0 -enable-experimental-feature AvailabilityMacro\=SwiftStdlib\ 6.5:\ macOS\ 9999,\ iOS\ 9999,\ watchOS\ 9999,\ tvOS\ 9999,\ visionOS\ 9999 -enable-upcoming-feature MemberImportVisibility -enable-experimental-feature BuiltinModule -enable-experimental-feature Lifetimes -enable-experimental-feature InoutLifetimeDependence -enable-experimental-feature AddressableParameters -enable-experimental-feature AddressableTypes -enable-experimental-feature SuppressedAssociatedTypesWithDefaults -enable-experimental-feature BorrowingSequence -plugin-path /Applications/Xcode-27.0.0-Release.Candidate.app/Contents/Developer/Toolchains/XcodeDefault.xctoolchain/usr/lib/swift/host/plugins/testing -enable-experimental-feature DebugDescriptionMacro -sdk /Applications/Xcode-27.0.0-Release.Candidate.app/Contents/Developer/Platforms/XROS.platform/Developer/SDKs/XROS27.0.sdk -target arm64-apple-xros1.0 -g -module-cache-path /Users/admin/builder/spi-builder-workspace/.derivedData/ModuleCache.noindex -Xfrontend -serialize-debugging-options -profile-coverage-mapping -profile-generate -enable-testing -suppress-warnings -index-store-path /Users/admin/builder/spi-builder-workspace/.derivedData/Index.noindex/DataStore -Xcc -D_LIBCPP_HARDENING_MODE\=_LIBCPP_HARDENING_MODE_DEBUG -swift-version 6 -I /Users/admin/builder/spi-builder-workspace/.derivedData/Build/Products/Debug-xros -Isystem /Applications/Xcode-27.0.0-Release.Candidate.app/Contents/Developer/Platforms/XROS.platform/Developer/usr/lib -F /Users/admin/builder/spi-builder-workspace/.derivedData/Build/Products/Debug-xros/PackageFrameworks -F /Users/admin/builder/spi-builder-workspace/.derivedData/Build/Products/Debug-xros -F /Applications/Xcode-27.0.0-Release.Candidate.app/Contents/Developer/Platforms/XROS.platform/Developer/Library/Frameworks -F /Applications/Xcode-27.0.0-Release.Candidate.app/Contents/Developer/Platforms/XROS.platform/Developer/SDKs/XROS27.0.sdk/Developer/Library/Frameworks -c -j10 -enable-batch-mode -incremental -Xcc -ivfsstatcache -Xcc /Users/admin/builder/spi-builder-workspace/.derivedData/SDKStatCaches.noindex/xros27.0-24M361-e829b21a6f8c9b70876ba0858053c044735bd543db762f57723cac368afd1ce4.sdkstatcache -output-file-map /Users/admin/builder/spi-builder-workspace/.derivedData/Build/Intermediates.noindex/swift-collections.build/Debug-xros/OrderedCollections-t.build/Objects-normal/arm64/OrderedCollections-OutputFileMap.json -save-temps -no-color-diagnostics -explicit-module-build -module-cache-path /Users/admin/builder/spi-builder-workspace/.derivedData/Build/Intermediates.noindex/SwiftExplicitPrecompiledModules -clang-scanner-module-cache-path /Users/admin/builder/spi-builder-workspace/.derivedData/ModuleCache.noindex -sdk-module-cache-path /Users/admin/builder/spi-builder-workspace/.derivedData/SDKExplicitPrecompiledModules -emit-dependencies -emit-module -emit-module-path /Users/admin/builder/spi-builder-workspace/.derivedData/Build/Intermediates.noindex/swift-collections.build/Debug-xros/OrderedCollections-t.build/Objects-normal/arm64/OrderedCollections.swiftmodule -serialize-diagnostics -dependency-scan-serialize-diagnostics-path /Users/admin/builder/spi-builder-workspace/.derivedData/Build/Intermediates.noindex/swift-collections.build/Debug-xros/OrderedCollections-t.build/Objects-normal/arm64/OrderedCollections-dependency-scan.dia -user-module-version 1.7.0 -validate-clang-modules-once -clang-build-session-file /Users/admin/builder/spi-builder-workspace/.derivedData/ModuleCache.noindex/Session.modulevalidation -Xcc -fmodules-prune-interval\=86400 -Xcc -fmodules-prune-after\=345600 -package-name swift_collections -emit-const-values -const-gather-protocols-list /Users/admin/builder/spi-builder-workspace/.derivedData/Build/Intermediates.noindex/swift-collections.build/Debug-xros/OrderedCollections-t.build/Objects-normal/arm64/OrderedCollections_const_extract_protocols.json -Xcc -I/Users/admin/builder/spi-builder-workspace/.derivedData/Build/Products/Debug-xros/include -Xcc -I/Users/admin/builder/spi-builder-workspace/.derivedData/Build/Intermediates.noindex/swift-collections.build/Debug-xros/OrderedCollections-t.build/DerivedSources-normal/arm64 -Xcc -I/Users/admin/builder/spi-builder-workspace/.derivedData/Build/Intermediates.noindex/swift-collections.build/Debug-xros/OrderedCollections-t.build/DerivedSources/arm64 -Xcc -I/Users/admin/builder/spi-builder-workspace/.derivedData/Build/Intermediates.noindex/swift-collections.build/Debug-xros/OrderedCollections-t.build/DerivedSources -Xcc -DSWIFT_PACKAGE -Xcc -DDEBUG\=1 -emit-objc-header -emit-objc-header-path /Users/admin/builder/spi-builder-workspace/.derivedData/Build/Intermediates.noindex/swift-collections.build/Debug-xros/OrderedCollections-t.build/Objects-normal/arm64/OrderedCollections-Swift.h -working-directory /Users/admin/builder/spi-builder-workspace/.swiftpm/xcode -experimental-emit-module-separately -disable-cmo
SwiftDriver\ Compilation OrderedCollections normal arm64 com.apple.xcode.tools.swift.compiler (in target 'OrderedCollections' from project 'swift-collections')
    cd /Users/admin/builder/spi-builder-workspace/.swiftpm/xcode
    builtin-Swift-Compilation -- /Applications/Xcode-27.0.0-Release.Candidate.app/Contents/Developer/Toolchains/XcodeDefault.xctoolchain/usr/bin/swiftc -parse-as-library -module-name OrderedCollections -Onone @/Users/admin/builder/spi-builder-workspace/.derivedData/Build/Intermediates.noindex/swift-collections.build/Debug-xros/OrderedCollections-t.build/Objects-normal/arm64/OrderedCollections.SwiftFileList -DSWIFT_PACKAGE -DDEBUG -DSWIFT_MODULE_RESOURCE_BUNDLE_UNAVAILABLE -DCOLLECTIONS_RANDOMIZED_TESTING -DXcode -enable-experimental-feature AvailabilityMacro\=SwiftStdlib\ 5.0:\ macOS\ 10.14.4,\ iOS\ 12.2,\ watchOS\ 5.2,\ tvOS\ 12.2 -enable-experimental-feature AvailabilityMacro\=SwiftStdlib\ 5.1:\ macOS\ 10.15,\ iOS\ 13.0,\ watchOS\ 6.0,\ tvOS\ 13.0 -enable-experimental-feature AvailabilityMacro\=SwiftStdlib\ 5.6:\ macOS\ 12.3,\ iOS\ 15.4,\ watchOS\ 8.5,\ tvOS\ 15.4 -enable-experimental-feature AvailabilityMacro\=SwiftStdlib\ 5.7:\ macOS\ 13.0,\ iOS\ 16.0,\ watchOS\ 9.0,\ tvOS\ 16.0 -enable-experimental-feature AvailabilityMacro\=SwiftStdlib\ 5.8:\ macOS\ 13.3,\ iOS\ 16.4,\ watchOS\ 9.4,\ tvOS\ 16.4 -enable-experimental-feature AvailabilityMacro\=SwiftStdlib\ 5.9:\ macOS\ 14.0,\ iOS\ 17.0,\ watchOS\ 10.0,\ tvOS\ 17.0 -enable-experimental-feature AvailabilityMacro\=SwiftStdlib\ 5.10:\ macOS\ 14.4,\ iOS\ 17.4,\ watchOS\ 10.4,\ tvOS\ 17.4,\ visionOS\ 1.1 -enable-experimental-feature AvailabilityMacro\=SwiftStdlib\ 6.0:\ macOS\ 15.0,\ iOS\ 18.0,\ watchOS\ 11.0,\ tvOS\ 18.0,\ visionOS\ 2.0 -enable-experimental-feature AvailabilityMacro\=SwiftStdlib\ 6.1:\ macOS\ 15.4,\ iOS\ 18.4,\ watchOS\ 11.4,\ tvOS\ 18.4,\ visionOS\ 2.4 -enable-experimental-feature AvailabilityMacro\=SwiftStdlib\ 6.2:\ macOS\ 26.0,\ iOS\ 26.0,\ watchOS\ 26.0,\ tvOS\ 26.0,\ visionOS\ 26.0 -enable-experimental-feature AvailabilityMacro\=SwiftStdlib\ 6.3:\ macOS\ 26.4,\ iOS\ 26.4,\ watchOS\ 26.4,\ tvOS\ 26.4,\ visionOS\ 26.4 -enable-experimental-feature AvailabilityMacro\=SwiftStdlib\ 6.4:\ macOS\ 27.0,\ iOS\ 27.0,\ watchOS\ 27.0,\ tvOS\ 27.0,\ visionOS\ 27.0 -enable-experimental-feature AvailabilityMacro\=SwiftStdlib\ 6.5:\ macOS\ 9999,\ iOS\ 9999,\ watchOS\ 9999,\ tvOS\ 9999,\ visionOS\ 9999 -enable-upcoming-feature MemberImportVisibility -enable-experimental-feature BuiltinModule -enable-experimental-feature Lifetimes -enable-experimental-feature InoutLifetimeDependence -enable-experimental-feature AddressableParameters -enable-experimental-feature AddressableTypes -enable-experimental-feature SuppressedAssociatedTypesWithDefaults -enable-experimental-feature BorrowingSequence -plugin-path /Applications/Xcode-27.0.0-Release.Candidate.app/Contents/Developer/Toolchains/XcodeDefault.xctoolchain/usr/lib/swift/host/plugins/testing -enable-experimental-feature DebugDescriptionMacro -sdk /Applications/Xcode-27.0.0-Release.Candidate.app/Contents/Developer/Platforms/XROS.platform/Developer/SDKs/XROS27.0.sdk -target arm64-apple-xros1.0 -g -module-cache-path /Users/admin/builder/spi-builder-workspace/.derivedData/ModuleCache.noindex -Xfrontend -serialize-debugging-options -profile-coverage-mapping -profile-generate -enable-testing -suppress-warnings -index-store-path /Users/admin/builder/spi-builder-workspace/.derivedData/Index.noindex/DataStore -Xcc -D_LIBCPP_HARDENING_MODE\=_LIBCPP_HARDENING_MODE_DEBUG -swift-version 6 -I /Users/admin/builder/spi-builder-workspace/.derivedData/Build/Products/Debug-xros -Isystem /Applications/Xcode-27.0.0-Release.Candidate.app/Contents/Developer/Platforms/XROS.platform/Developer/usr/lib -F /Users/admin/builder/spi-builder-workspace/.derivedData/Build/Products/Debug-xros/PackageFrameworks -F /Users/admin/builder/spi-builder-workspace/.derivedData/Build/Products/Debug-xros -F /Applications/Xcode-27.0.0-Release.Candidate.app/Contents/Developer/Platforms/XROS.platform/Developer/Library/Frameworks -F /Applications/Xcode-27.0.0-Release.Candidate.app/Contents/Developer/Platforms/XROS.platform/Developer/SDKs/XROS27.0.sdk/Developer/Library/Frameworks -c -j10 -enable-batch-mode -incremental -Xcc -ivfsstatcache -Xcc /Users/admin/builder/spi-builder-workspace/.derivedData/SDKStatCaches.noindex/xros27.0-24M361-e829b21a6f8c9b70876ba0858053c044735bd543db762f57723cac368afd1ce4.sdkstatcache -output-file-map /Users/admin/builder/spi-builder-workspace/.derivedData/Build/Intermediates.noindex/swift-collections.build/Debug-xros/OrderedCollections-t.build/Objects-normal/arm64/OrderedCollections-OutputFileMap.json -save-temps -no-color-diagnostics -explicit-module-build -module-cache-path /Users/admin/builder/spi-builder-workspace/.derivedData/Build/Intermediates.noindex/SwiftExplicitPrecompiledModules -clang-scanner-module-cache-path /Users/admin/builder/spi-builder-workspace/.derivedData/ModuleCache.noindex -sdk-module-cache-path /Users/admin/builder/spi-builder-workspace/.derivedData/SDKExplicitPrecompiledModules -emit-dependencies -emit-module -emit-module-path /Users/admin/builder/spi-builder-workspace/.derivedData/Build/Intermediates.noindex/swift-collections.build/Debug-xros/OrderedCollections-t.build/Objects-normal/arm64/OrderedCollections.swiftmodule -serialize-diagnostics -dependency-scan-serialize-diagnostics-path /Users/admin/builder/spi-builder-workspace/.derivedData/Build/Intermediates.noindex/swift-collections.build/Debug-xros/OrderedCollections-t.build/Objects-normal/arm64/OrderedCollections-dependency-scan.dia -user-module-version 1.7.0 -validate-clang-modules-once -clang-build-session-file /Users/admin/builder/spi-builder-workspace/.derivedData/ModuleCache.noindex/Session.modulevalidation -Xcc -fmodules-prune-interval\=86400 -Xcc -fmodules-prune-after\=345600 -package-name swift_collections -emit-const-values -const-gather-protocols-list /Users/admin/builder/spi-builder-workspace/.derivedData/Build/Intermediates.noindex/swift-collections.build/Debug-xros/OrderedCollections-t.build/Objects-normal/arm64/OrderedCollections_const_extract_protocols.json -Xcc -I/Users/admin/builder/spi-builder-workspace/.derivedData/Build/Products/Debug-xros/include -Xcc -I/Users/admin/builder/spi-builder-workspace/.derivedData/Build/Intermediates.noindex/swift-collections.build/Debug-xros/OrderedCollections-t.build/DerivedSources-normal/arm64 -Xcc -I/Users/admin/builder/spi-builder-workspace/.derivedData/Build/Intermediates.noindex/swift-collections.build/Debug-xros/OrderedCollections-t.build/DerivedSources/arm64 -Xcc -I/Users/admin/builder/spi-builder-workspace/.derivedData/Build/Intermediates.noindex/swift-collections.build/Debug-xros/OrderedCollections-t.build/DerivedSources -Xcc -DSWIFT_PACKAGE -Xcc -DDEBUG\=1 -emit-objc-header -emit-objc-header-path /Users/admin/builder/spi-builder-workspace/.derivedData/Build/Intermediates.noindex/swift-collections.build/Debug-xros/OrderedCollections-t.build/Objects-normal/arm64/OrderedCollections-Swift.h -working-directory /Users/admin/builder/spi-builder-workspace/.swiftpm/xcode -experimental-emit-module-separately -disable-cmo
SwiftMergeGeneratedHeaders /Users/admin/builder/spi-builder-workspace/.derivedData/Build/Intermediates.noindex/GeneratedModuleMaps-xros/OrderedCollections-Swift.h /Users/admin/builder/spi-builder-workspace/.derivedData/Build/Intermediates.noindex/swift-collections.build/Debug-xros/OrderedCollections-t.build/Objects-normal/arm64/OrderedCollections-Swift.h (in target 'OrderedCollections' from project 'swift-collections')
    cd /Users/admin/builder/spi-builder-workspace/.dependencies/checkouts/swift-collections
    builtin-swiftHeaderTool -arch arm64 /Users/admin/builder/spi-builder-workspace/.derivedData/Build/Intermediates.noindex/swift-collections.build/Debug-xros/OrderedCollections-t.build/Objects-normal/arm64/OrderedCollections-Swift.h -o /Users/admin/builder/spi-builder-workspace/.derivedData/Build/Intermediates.noindex/GeneratedModuleMaps-xros/OrderedCollections-Swift.h
Copy /Users/admin/builder/spi-builder-workspace/.derivedData/Build/Products/Debug-xros/OrderedCollections.swiftmodule/arm64-apple-xros.swiftdoc /Users/admin/builder/spi-builder-workspace/.derivedData/Build/Intermediates.noindex/swift-collections.build/Debug-xros/OrderedCollections-t.build/Objects-normal/arm64/OrderedCollections.swiftdoc (in target 'OrderedCollections' from project 'swift-collections')
    cd /Users/admin/builder/spi-builder-workspace/.dependencies/checkouts/swift-collections
    builtin-copy -exclude .DS_Store -exclude CVS -exclude .svn -exclude .git -exclude .hg -resolve-src-symlinks -rename /Users/admin/builder/spi-builder-workspace/.derivedData/Build/Intermediates.noindex/swift-collections.build/Debug-xros/OrderedCollections-t.build/Objects-normal/arm64/OrderedCollections.swiftdoc /Users/admin/builder/spi-builder-workspace/.derivedData/Build/Products/Debug-xros/OrderedCollections.swiftmodule/arm64-apple-xros.swiftdoc
Copy /Users/admin/builder/spi-builder-workspace/.derivedData/Build/Products/Debug-xros/OrderedCollections.swiftmodule/arm64-apple-xros.swiftmodule /Users/admin/builder/spi-builder-workspace/.derivedData/Build/Intermediates.noindex/swift-collections.build/Debug-xros/OrderedCollections-t.build/Objects-normal/arm64/OrderedCollections.swiftmodule (in target 'OrderedCollections' from project 'swift-collections')
    cd /Users/admin/builder/spi-builder-workspace/.dependencies/checkouts/swift-collections
    builtin-copy -exclude .DS_Store -exclude CVS -exclude .svn -exclude .git -exclude .hg -resolve-src-symlinks -rename /Users/admin/builder/spi-builder-workspace/.derivedData/Build/Intermediates.noindex/swift-collections.build/Debug-xros/OrderedCollections-t.build/Objects-normal/arm64/OrderedCollections.swiftmodule /Users/admin/builder/spi-builder-workspace/.derivedData/Build/Products/Debug-xros/OrderedCollections.swiftmodule/arm64-apple-xros.swiftmodule
Copy /Users/admin/builder/spi-builder-workspace/.derivedData/Build/Products/Debug-xros/OrderedCollections.swiftmodule/arm64-apple-xros.abi.json /Users/admin/builder/spi-builder-workspace/.derivedData/Build/Intermediates.noindex/swift-collections.build/Debug-xros/OrderedCollections-t.build/Objects-normal/arm64/OrderedCollections.abi.json (in target 'OrderedCollections' from project 'swift-collections')
    cd /Users/admin/builder/spi-builder-workspace/.dependencies/checkouts/swift-collections
    builtin-copy -exclude .DS_Store -exclude CVS -exclude .svn -exclude .git -exclude .hg -resolve-src-symlinks -rename /Users/admin/builder/spi-builder-workspace/.derivedData/Build/Intermediates.noindex/swift-collections.build/Debug-xros/OrderedCollections-t.build/Objects-normal/arm64/OrderedCollections.abi.json /Users/admin/builder/spi-builder-workspace/.derivedData/Build/Products/Debug-xros/OrderedCollections.swiftmodule/arm64-apple-xros.abi.json
Copy /Users/admin/builder/spi-builder-workspace/.derivedData/Build/Products/Debug-xros/OrderedCollections.swiftmodule/Project/arm64-apple-xros.swiftsourceinfo /Users/admin/builder/spi-builder-workspace/.derivedData/Build/Intermediates.noindex/swift-collections.build/Debug-xros/OrderedCollections-t.build/Objects-normal/arm64/OrderedCollections.swiftsourceinfo (in target 'OrderedCollections' from project 'swift-collections')
    cd /Users/admin/builder/spi-builder-workspace/.dependencies/checkouts/swift-collections
    builtin-copy -exclude .DS_Store -exclude CVS -exclude .svn -exclude .git -exclude .hg -resolve-src-symlinks -rename /Users/admin/builder/spi-builder-workspace/.derivedData/Build/Intermediates.noindex/swift-collections.build/Debug-xros/OrderedCollections-t.build/Objects-normal/arm64/OrderedCollections.swiftsourceinfo /Users/admin/builder/spi-builder-workspace/.derivedData/Build/Products/Debug-xros/OrderedCollections.swiftmodule/Project/arm64-apple-xros.swiftsourceinfo
Ld /Users/admin/builder/spi-builder-workspace/.derivedData/Build/Products/Debug-xros/OrderedCollections.o normal (in target 'OrderedCollections' from project 'swift-collections')
    cd /Users/admin/builder/spi-builder-workspace/.dependencies/checkouts/swift-collections
    /Applications/Xcode-27.0.0-Release.Candidate.app/Contents/Developer/Toolchains/XcodeDefault.xctoolchain/usr/bin/clang -Xlinker -reproducible -target arm64-apple-xros1.0 -r -isysroot /Applications/Xcode-27.0.0-Release.Candidate.app/Contents/Developer/Platforms/XROS.platform/Developer/SDKs/XROS27.0.sdk -O0 -w -Xlinker -no_warn_duplicate_libraries -F/Users/admin/builder/spi-builder-workspace/.derivedData/Build/Intermediates.noindex/EagerLinkingTBDs/Debug-xros -F/Users/admin/builder/spi-builder-workspace/.derivedData/Build/Products/Debug-xros/PackageFrameworks -F/Users/admin/builder/spi-builder-workspace/.derivedData/Build/Products/Debug-xros -iframework /Applications/Xcode-27.0.0-Release.Candidate.app/Contents/Developer/Platforms/XROS.platform/Developer/Library/Frameworks -iframework /Applications/Xcode-27.0.0-Release.Candidate.app/Contents/Developer/Platforms/XROS.platform/Developer/SDKs/XROS27.0.sdk/Developer/Library/Frameworks -filelist /Users/admin/builder/spi-builder-workspace/.derivedData/Build/Intermediates.noindex/swift-collections.build/Debug-xros/OrderedCollections-t.build/Objects-normal/arm64/OrderedCollections.LinkFileList -nostdlib -Xlinker -object_path_lto -Xlinker /Users/admin/builder/spi-builder-workspace/.derivedData/Build/Intermediates.noindex/swift-collections.build/Debug-xros/OrderedCollections-t.build/Objects-normal/arm64/OrderedCollections_lto.o -Xlinker -no_deduplicate -Xlinker -debug_variant -Xlinker -dependency_info -Xlinker /Users/admin/builder/spi-builder-workspace/.derivedData/Build/Intermediates.noindex/swift-collections.build/Debug-xros/OrderedCollections-t.build/Objects-normal/arm64/OrderedCollections_dependency_info.dat -fobjc-link-runtime -L/Applications/Xcode-27.0.0-Release.Candidate.app/Contents/Developer/Toolchains/XcodeDefault.xctoolchain/usr/lib/swift/xros -L/usr/lib/swift -Xlinker -add_ast_path -Xlinker /Users/admin/builder/spi-builder-workspace/.derivedData/Build/Intermediates.noindex/swift-collections.build/Debug-xros/OrderedCollections-t.build/Objects-normal/arm64/OrderedCollections.swiftmodule -o /Users/admin/builder/spi-builder-workspace/.derivedData/Build/Products/Debug-xros/OrderedCollections.o
SwiftExplicitDependencyGeneratePcm arm64 /Users/admin/builder/spi-builder-workspace/.derivedData/SDKExplicitPrecompiledModules/Dispatch-7TDXDXPVVCZ0IQLPT2W4Z1AW3.pcm
ExtractAppIntentsMetadata (in target 'OrderedCollections' from project 'swift-collections')
    cd /Users/admin/builder/spi-builder-workspace/.dependencies/checkouts/swift-collections
    /Applications/Xcode-27.0.0-Release.Candidate.app/Contents/Developer/Toolchains/XcodeDefault.xctoolchain/usr/bin/appintentsmetadataprocessor --toolchain-dir /var/run/com.apple.security.cryptexd/mnt/com.apple.MobileAsset.MetalToolchain-v27.1.266.1.b9EsB4/Metal.xctoolchain --module-name OrderedCollections --sdk-root /Applications/Xcode-27.0.0-Release.Candidate.app/Contents/Developer/Platforms/XROS.platform/Developer/SDKs/XROS27.0.sdk --xcode-version 27A266a --platform-family xrOS --deployment-target 1.0 --bundle-identifier swift-collections.OrderedCollections --output /Users/admin/builder/spi-builder-workspace/.derivedData/Build/Products/Debug-xros/OrderedCollections.appintents --target-triple arm64-apple-xros1.0 --binary-file /Users/admin/builder/spi-builder-workspace/.derivedData/Build/Products/Debug-xros/OrderedCollections.o --dependency-file /Users/admin/builder/spi-builder-workspace/.derivedData/Build/Intermediates.noindex/swift-collections.build/Debug-xros/OrderedCollections-t.build/Objects-normal/arm64/OrderedCollections_dependency_info.dat --stringsdata-file /Users/admin/builder/spi-builder-workspace/.derivedData/Build/Intermediates.noindex/swift-collections.build/Debug-xros/OrderedCollections-t.build/Objects-normal/arm64/ExtractedAppShortcutsMetadata.stringsdata --source-file-list /Users/admin/builder/spi-builder-workspace/.derivedData/Build/Intermediates.noindex/swift-collections.build/Debug-xros/OrderedCollections-t.build/Objects-normal/arm64/OrderedCollections.SwiftFileList --metadata-file-list /Users/admin/builder/spi-builder-workspace/.derivedData/Build/Intermediates.noindex/swift-collections.build/Debug-xros/OrderedCollections-t.build/OrderedCollections.DependencyMetadataFileList --static-metadata-file-list /Users/admin/builder/spi-builder-workspace/.derivedData/Build/Intermediates.noindex/swift-collections.build/Debug-xros/OrderedCollections-t.build/OrderedCollections.DependencyStaticMetadataFileList --swift-const-vals-list /Users/admin/builder/spi-builder-workspace/.derivedData/Build/Intermediates.noindex/swift-collections.build/Debug-xros/OrderedCollections-t.build/Objects-normal/arm64/OrderedCollections.SwiftConstValuesFileList --force --compile-time-extraction --deployment-aware-processing --no-app-shortcuts-localization
2026-09-24 06:31:29.038 appintentsmetadataprocessor[874:5159] Starting appintentsmetadataprocessor export
2026-09-24 06:31:29.101 appintentsmetadataprocessor[874:5159] Extracted no relevant App Intents symbols, skipping writing output
SwiftExplicitDependencyGeneratePcm arm64 /Users/admin/builder/spi-builder-workspace/.derivedData/SDKExplicitPrecompiledModules/XPC-1U8J3QOEPI1JREQTBJYCK4Z2Z.pcm
SwiftExplicitDependencyGeneratePcm arm64 /Users/admin/builder/spi-builder-workspace/.derivedData/SDKExplicitPrecompiledModules/CoreFoundation-5D49BF05JAG3T79HLXZS0QOEB.pcm
SwiftExplicitDependencyGeneratePcm arm64 /Users/admin/builder/spi-builder-workspace/.derivedData/SDKExplicitPrecompiledModules/Security-4BDO3J0PXFNR7ZRKSDSXCO6IM.pcm
SwiftExplicitDependencyGeneratePcm arm64 /Users/admin/builder/spi-builder-workspace/.derivedData/SDKExplicitPrecompiledModules/CFNetwork-8XNJAT23SK5D0OET9NV9X387I.pcm
SwiftExplicitDependencyGeneratePcm arm64 /Users/admin/builder/spi-builder-workspace/.derivedData/SDKExplicitPrecompiledModules/Foundation-48S9SVOOX01R4NP8KF0LJG57Z.pcm
SwiftEmitModule normal arm64 Emitting\ module\ for\ CleevioCore (in target 'CleevioCore' from project 'CleevioCore')
SwiftCompile normal arm64 (in target 'CleevioCore' from project 'CleevioCore')
    cd /Users/admin/builder/spi-builder-workspace/.swiftpm/xcode

SwiftCompile normal arm64 Compiling\ HashableType.swift /Users/admin/builder/spi-builder-workspace/.dependencies/checkouts/CleevioCore/Sources/CleevioCore/Helpers/HashableType.swift (in target 'CleevioCore' from project 'CleevioCore')
SwiftCompile normal arm64 /Users/admin/builder/spi-builder-workspace/.dependencies/checkouts/CleevioCore/Sources/CleevioCore/Helpers/HashableType.swift (in target 'CleevioCore' from project 'CleevioCore')
    cd /Users/admin/builder/spi-builder-workspace/.swiftpm/xcode
    builtin-SwiftPerFileCompile HashableType.swift
SwiftCompile normal arm64 Compiling\ ViewModelType.swift /Users/admin/builder/spi-builder-workspace/.dependencies/checkouts/CleevioCore/Sources/CleevioCore/ViewModelType.swift (in target 'CleevioCore' from project 'CleevioCore')
SwiftCompile normal arm64 /Users/admin/builder/spi-builder-workspace/.dependencies/checkouts/CleevioCore/Sources/CleevioCore/ViewModelType.swift (in target 'CleevioCore' from project 'CleevioCore')
    cd /Users/admin/builder/spi-builder-workspace/.swiftpm/xcode
    builtin-SwiftPerFileCompile ViewModelType.swift
SwiftCompile normal arm64 Compiling\ WeakBox.swift /Users/admin/builder/spi-builder-workspace/.dependencies/checkouts/CleevioCore/Sources/CleevioCore/WeakBox.swift (in target 'CleevioCore' from project 'CleevioCore')
SwiftCompile normal arm64 /Users/admin/builder/spi-builder-workspace/.dependencies/checkouts/CleevioCore/Sources/CleevioCore/WeakBox.swift (in target 'CleevioCore' from project 'CleevioCore')
    cd /Users/admin/builder/spi-builder-workspace/.swiftpm/xcode
    builtin-SwiftPerFileCompile WeakBox.swift
SwiftCompile normal arm64 Compiling\ Aliases.swift,\ AppVersion.swift /Users/admin/builder/spi-builder-workspace/.dependencies/checkouts/CleevioCore/Sources/CleevioCore/Aliases.swift /Users/admin/builder/spi-builder-workspace/.dependencies/checkouts/CleevioCore/Sources/CleevioCore/AppVersion.swift (in target 'CleevioCore' from project 'CleevioCore')
SwiftCompile normal arm64 /Users/admin/builder/spi-builder-workspace/.dependencies/checkouts/CleevioCore/Sources/CleevioCore/Aliases.swift (in target 'CleevioCore' from project 'CleevioCore')
    cd /Users/admin/builder/spi-builder-workspace/.swiftpm/xcode
    builtin-SwiftPerFileCompile Aliases.swift
SwiftCompile normal arm64 /Users/admin/builder/spi-builder-workspace/.dependencies/checkouts/CleevioCore/Sources/CleevioCore/AppVersion.swift (in target 'CleevioCore' from project 'CleevioCore')
    cd /Users/admin/builder/spi-builder-workspace/.swiftpm/xcode
    builtin-SwiftPerFileCompile AppVersion.swift
SwiftCompile normal arm64 Compiling\ AssociatedObjectHelper.swift /Users/admin/builder/spi-builder-workspace/.dependencies/checkouts/CleevioCore/Sources/CleevioCore/Helpers/AssociatedObjectHelper.swift (in target 'CleevioCore' from project 'CleevioCore')
SwiftCompile normal arm64 /Users/admin/builder/spi-builder-workspace/.dependencies/checkouts/CleevioCore/Sources/CleevioCore/Helpers/AssociatedObjectHelper.swift (in target 'CleevioCore' from project 'CleevioCore')
    cd /Users/admin/builder/spi-builder-workspace/.swiftpm/xcode
    builtin-SwiftPerFileCompile AssociatedObjectHelper.swift
SwiftCompile normal arm64 Compiling\ DismissHandler.swift,\ Bundle+.swift /Users/admin/builder/spi-builder-workspace/.dependencies/checkouts/CleevioCore/Sources/CleevioCore/BaseViewControllers/DismissHandler.swift /Users/admin/builder/spi-builder-workspace/.dependencies/checkouts/CleevioCore/Sources/CleevioCore/Bundle+.swift (in target 'CleevioCore' from project 'CleevioCore')
SwiftCompile normal arm64 /Users/admin/builder/spi-builder-workspace/.dependencies/checkouts/CleevioCore/Sources/CleevioCore/BaseViewControllers/DismissHandler.swift (in target 'CleevioCore' from project 'CleevioCore')
    cd /Users/admin/builder/spi-builder-workspace/.swiftpm/xcode
    builtin-SwiftPerFileCompile DismissHandler.swift
SwiftCompile normal arm64 /Users/admin/builder/spi-builder-workspace/.dependencies/checkouts/CleevioCore/Sources/CleevioCore/Bundle+.swift (in target 'CleevioCore' from project 'CleevioCore')
    cd /Users/admin/builder/spi-builder-workspace/.swiftpm/xcode
    builtin-SwiftPerFileCompile Bundle+.swift
SwiftCompile normal arm64 Compiling\ ErrorLogging.swift /Users/admin/builder/spi-builder-workspace/.dependencies/checkouts/CleevioCore/Sources/CleevioCore/ErrorLogging.swift (in target 'CleevioCore' from project 'CleevioCore')
SwiftCompile normal arm64 /Users/admin/builder/spi-builder-workspace/.dependencies/checkouts/CleevioCore/Sources/CleevioCore/ErrorLogging.swift (in target 'CleevioCore' from project 'CleevioCore')
    cd /Users/admin/builder/spi-builder-workspace/.swiftpm/xcode
    builtin-SwiftPerFileCompile ErrorLogging.swift
SwiftCompile normal arm64 Compiling\ BaseUIHostingController.swift,\ BaseUIViewController.swift /Users/admin/builder/spi-builder-workspace/.dependencies/checkouts/CleevioCore/Sources/CleevioCore/BaseViewControllers/BaseUIHostingController.swift /Users/admin/builder/spi-builder-workspace/.dependencies/checkouts/CleevioCore/Sources/CleevioCore/BaseViewControllers/BaseUIViewController.swift (in target 'CleevioCore' from project 'CleevioCore')
SwiftCompile normal arm64 /Users/admin/builder/spi-builder-workspace/.dependencies/checkouts/CleevioCore/Sources/CleevioCore/BaseViewControllers/BaseUIHostingController.swift (in target 'CleevioCore' from project 'CleevioCore')
    cd /Users/admin/builder/spi-builder-workspace/.swiftpm/xcode
    builtin-SwiftPerFileCompile BaseUIHostingController.swift
SwiftCompile normal arm64 /Users/admin/builder/spi-builder-workspace/.dependencies/checkouts/CleevioCore/Sources/CleevioCore/BaseViewControllers/BaseUIViewController.swift (in target 'CleevioCore' from project 'CleevioCore')
    cd /Users/admin/builder/spi-builder-workspace/.swiftpm/xcode
    builtin-SwiftPerFileCompile BaseUIViewController.swift
SwiftCompile normal arm64 Compiling\ CancelBag.swift,\ ErrorIndicator.swift /Users/admin/builder/spi-builder-workspace/.dependencies/checkouts/CleevioCore/Sources/CleevioCore/CancelBag.swift /Users/admin/builder/spi-builder-workspace/.dependencies/checkouts/CleevioCore/Sources/CleevioCore/ErrorIndicator.swift (in target 'CleevioCore' from project 'CleevioCore')
SwiftCompile normal arm64 /Users/admin/builder/spi-builder-workspace/.dependencies/checkouts/CleevioCore/Sources/CleevioCore/CancelBag.swift (in target 'CleevioCore' from project 'CleevioCore')
    cd /Users/admin/builder/spi-builder-workspace/.swiftpm/xcode
    builtin-SwiftPerFileCompile CancelBag.swift
SwiftCompile normal arm64 /Users/admin/builder/spi-builder-workspace/.dependencies/checkouts/CleevioCore/Sources/CleevioCore/ErrorIndicator.swift (in target 'CleevioCore' from project 'CleevioCore')
    cd /Users/admin/builder/spi-builder-workspace/.swiftpm/xcode
    builtin-SwiftPerFileCompile ErrorIndicator.swift
SwiftCompile normal arm64 Compiling\ Activity.swift,\ ActivityIndicator.swift /Users/admin/builder/spi-builder-workspace/.dependencies/checkouts/CleevioCore/Sources/CleevioCore/Activity.swift /Users/admin/builder/spi-builder-workspace/.dependencies/checkouts/CleevioCore/Sources/CleevioCore/ActivityIndicator.swift (in target 'CleevioCore' from project 'CleevioCore')
SwiftCompile normal arm64 /Users/admin/builder/spi-builder-workspace/.dependencies/checkouts/CleevioCore/Sources/CleevioCore/Activity.swift (in target 'CleevioCore' from project 'CleevioCore')
    cd /Users/admin/builder/spi-builder-workspace/.swiftpm/xcode
    builtin-SwiftPerFileCompile Activity.swift
SwiftCompile normal arm64 /Users/admin/builder/spi-builder-workspace/.dependencies/checkouts/CleevioCore/Sources/CleevioCore/ActivityIndicator.swift (in target 'CleevioCore' from project 'CleevioCore')
    cd /Users/admin/builder/spi-builder-workspace/.swiftpm/xcode
    builtin-SwiftPerFileCompile ActivityIndicator.swift
SwiftDriverJobDiscovery normal arm64 Compiling BaseUIHostingController.swift, BaseUIViewController.swift (in target 'CleevioCore' from project 'CleevioCore')
SwiftDriverJobDiscovery normal arm64 Emitting module for CleevioCore (in target 'CleevioCore' from project 'CleevioCore')
SwiftDriver\ Compilation\ Requirements CleevioCore normal arm64 com.apple.xcode.tools.swift.compiler (in target 'CleevioCore' from project 'CleevioCore')
    cd /Users/admin/builder/spi-builder-workspace/.swiftpm/xcode
    builtin-Swift-Compilation-Requirements -- /Applications/Xcode-27.0.0-Release.Candidate.app/Contents/Developer/Toolchains/XcodeDefault.xctoolchain/usr/bin/swiftc -parse-as-library -module-name CleevioCore -Onone @/Users/admin/builder/spi-builder-workspace/.derivedData/Build/Intermediates.noindex/CleevioCore.build/Debug-xros/CleevioCore-t.build/Objects-normal/arm64/CleevioCore.SwiftFileList -DSWIFT_PACKAGE -DDEBUG -DSWIFT_MODULE_RESOURCE_BUNDLE_UNAVAILABLE -DXcode -plugin-path /Applications/Xcode-27.0.0-Release.Candidate.app/Contents/Developer/Toolchains/XcodeDefault.xctoolchain/usr/lib/swift/host/plugins/testing -enable-experimental-feature DebugDescriptionMacro -sdk /Applications/Xcode-27.0.0-Release.Candidate.app/Contents/Developer/Platforms/XROS.platform/Developer/SDKs/XROS27.0.sdk -target arm64-apple-xros1.0 -g -module-cache-path /Users/admin/builder/spi-builder-workspace/.derivedData/ModuleCache.noindex -Xfrontend -serialize-debugging-options -profile-coverage-mapping -profile-generate -enable-testing -suppress-warnings -index-store-path /Users/admin/builder/spi-builder-workspace/.derivedData/Index.noindex/DataStore -Xcc -D_LIBCPP_HARDENING_MODE\=_LIBCPP_HARDENING_MODE_DEBUG -swift-version 6 -I /Users/admin/builder/spi-builder-workspace/.derivedData/Build/Products/Debug-xros -Isystem /Applications/Xcode-27.0.0-Release.Candidate.app/Contents/Developer/Platforms/XROS.platform/Developer/usr/lib -F /Users/admin/builder/spi-builder-workspace/.derivedData/Build/Products/Debug-xros -F /Applications/Xcode-27.0.0-Release.Candidate.app/Contents/Developer/Platforms/XROS.platform/Developer/Library/Frameworks -F /Applications/Xcode-27.0.0-Release.Candidate.app/Contents/Developer/Platforms/XROS.platform/Developer/SDKs/XROS27.0.sdk/Developer/Library/Frameworks -c -j10 -enable-batch-mode -incremental -Xcc -ivfsstatcache -Xcc /Users/admin/builder/spi-builder-workspace/.derivedData/SDKStatCaches.noindex/xros27.0-24M361-e829b21a6f8c9b70876ba0858053c044735bd543db762f57723cac368afd1ce4.sdkstatcache -output-file-map /Users/admin/builder/spi-builder-workspace/.derivedData/Build/Intermediates.noindex/CleevioCore.build/Debug-xros/CleevioCore-t.build/Objects-normal/arm64/CleevioCore-OutputFileMap.json -save-temps -no-color-diagnostics -explicit-module-build -module-cache-path /Users/admin/builder/spi-builder-workspace/.derivedData/Build/Intermediates.noindex/SwiftExplicitPrecompiledModules -clang-scanner-module-cache-path /Users/admin/builder/spi-builder-workspace/.derivedData/ModuleCache.noindex -sdk-module-cache-path /Users/admin/builder/spi-builder-workspace/.derivedData/SDKExplicitPrecompiledModules -emit-dependencies -emit-module -emit-module-path /Users/admin/builder/spi-builder-workspace/.derivedData/Build/Intermediates.noindex/CleevioCore.build/Debug-xros/CleevioCore-t.build/Objects-normal/arm64/CleevioCore.swiftmodule -serialize-diagnostics -dependency-scan-serialize-diagnostics-path /Users/admin/builder/spi-builder-workspace/.derivedData/Build/Intermediates.noindex/CleevioCore.build/Debug-xros/CleevioCore-t.build/Objects-normal/arm64/CleevioCore-dependency-scan.dia -user-module-version 2.2.0 -validate-clang-modules-once -clang-build-session-file /Users/admin/builder/spi-builder-workspace/.derivedData/ModuleCache.noindex/Session.modulevalidation -Xcc -fmodules-prune-interval\=86400 -Xcc -fmodules-prune-after\=345600 -package-name cleeviocore -emit-const-values -const-gather-protocols-list /Users/admin/builder/spi-builder-workspace/.derivedData/Build/Intermediates.noindex/CleevioCore.build/Debug-xros/CleevioCore-t.build/Objects-normal/arm64/CleevioCore_const_extract_protocols.json -Xcc -I/Users/admin/builder/spi-builder-workspace/.derivedData/Build/Products/Debug-xros/include -Xcc -I/Users/admin/builder/spi-builder-workspace/.derivedData/Build/Intermediates.noindex/CleevioCore.build/Debug-xros/CleevioCore-t.build/DerivedSources-normal/arm64 -Xcc -I/Users/admin/builder/spi-builder-workspace/.derivedData/Build/Intermediates.noindex/CleevioCore.build/Debug-xros/CleevioCore-t.build/DerivedSources/arm64 -Xcc -I/Users/admin/builder/spi-builder-workspace/.derivedData/Build/Intermediates.noindex/CleevioCore.build/Debug-xros/CleevioCore-t.build/DerivedSources -Xcc -DSWIFT_PACKAGE -Xcc -DDEBUG\=1 -emit-objc-header -emit-objc-header-path /Users/admin/builder/spi-builder-workspace/.derivedData/Build/Intermediates.noindex/CleevioCore.build/Debug-xros/CleevioCore-t.build/Objects-normal/arm64/CleevioCore-Swift.h -working-directory /Users/admin/builder/spi-builder-workspace/.swiftpm/xcode -experimental-emit-module-separately -disable-cmo
SwiftMergeGeneratedHeaders /Users/admin/builder/spi-builder-workspace/.derivedData/Build/Intermediates.noindex/GeneratedModuleMaps-xros/CleevioCore-Swift.h /Users/admin/builder/spi-builder-workspace/.derivedData/Build/Intermediates.noindex/CleevioCore.build/Debug-xros/CleevioCore-t.build/Objects-normal/arm64/CleevioCore-Swift.h (in target 'CleevioCore' from project 'CleevioCore')
    cd /Users/admin/builder/spi-builder-workspace/.dependencies/checkouts/CleevioCore
    builtin-swiftHeaderTool -arch arm64 /Users/admin/builder/spi-builder-workspace/.derivedData/Build/Intermediates.noindex/CleevioCore.build/Debug-xros/CleevioCore-t.build/Objects-normal/arm64/CleevioCore-Swift.h -o /Users/admin/builder/spi-builder-workspace/.derivedData/Build/Intermediates.noindex/GeneratedModuleMaps-xros/CleevioCore-Swift.h
Copy /Users/admin/builder/spi-builder-workspace/.derivedData/Build/Products/Debug-xros/CleevioCore.swiftmodule/arm64-apple-xros.swiftmodule /Users/admin/builder/spi-builder-workspace/.derivedData/Build/Intermediates.noindex/CleevioCore.build/Debug-xros/CleevioCore-t.build/Objects-normal/arm64/CleevioCore.swiftmodule (in target 'CleevioCore' from project 'CleevioCore')
    cd /Users/admin/builder/spi-builder-workspace/.dependencies/checkouts/CleevioCore
    builtin-copy -exclude .DS_Store -exclude CVS -exclude .svn -exclude .git -exclude .hg -resolve-src-symlinks -rename /Users/admin/builder/spi-builder-workspace/.derivedData/Build/Intermediates.noindex/CleevioCore.build/Debug-xros/CleevioCore-t.build/Objects-normal/arm64/CleevioCore.swiftmodule /Users/admin/builder/spi-builder-workspace/.derivedData/Build/Products/Debug-xros/CleevioCore.swiftmodule/arm64-apple-xros.swiftmodule
Copy /Users/admin/builder/spi-builder-workspace/.derivedData/Build/Products/Debug-xros/CleevioCore.swiftmodule/arm64-apple-xros.swiftdoc /Users/admin/builder/spi-builder-workspace/.derivedData/Build/Intermediates.noindex/CleevioCore.build/Debug-xros/CleevioCore-t.build/Objects-normal/arm64/CleevioCore.swiftdoc (in target 'CleevioCore' from project 'CleevioCore')
    cd /Users/admin/builder/spi-builder-workspace/.dependencies/checkouts/CleevioCore
    builtin-copy -exclude .DS_Store -exclude CVS -exclude .svn -exclude .git -exclude .hg -resolve-src-symlinks -rename /Users/admin/builder/spi-builder-workspace/.derivedData/Build/Intermediates.noindex/CleevioCore.build/Debug-xros/CleevioCore-t.build/Objects-normal/arm64/CleevioCore.swiftdoc /Users/admin/builder/spi-builder-workspace/.derivedData/Build/Products/Debug-xros/CleevioCore.swiftmodule/arm64-apple-xros.swiftdoc
Copy /Users/admin/builder/spi-builder-workspace/.derivedData/Build/Products/Debug-xros/CleevioCore.swiftmodule/arm64-apple-xros.abi.json /Users/admin/builder/spi-builder-workspace/.derivedData/Build/Intermediates.noindex/CleevioCore.build/Debug-xros/CleevioCore-t.build/Objects-normal/arm64/CleevioCore.abi.json (in target 'CleevioCore' from project 'CleevioCore')
    cd /Users/admin/builder/spi-builder-workspace/.dependencies/checkouts/CleevioCore
    builtin-copy -exclude .DS_Store -exclude CVS -exclude .svn -exclude .git -exclude .hg -resolve-src-symlinks -rename /Users/admin/builder/spi-builder-workspace/.derivedData/Build/Intermediates.noindex/CleevioCore.build/Debug-xros/CleevioCore-t.build/Objects-normal/arm64/CleevioCore.abi.json /Users/admin/builder/spi-builder-workspace/.derivedData/Build/Products/Debug-xros/CleevioCore.swiftmodule/arm64-apple-xros.abi.json
Copy /Users/admin/builder/spi-builder-workspace/.derivedData/Build/Products/Debug-xros/CleevioCore.swiftmodule/Project/arm64-apple-xros.swiftsourceinfo /Users/admin/builder/spi-builder-workspace/.derivedData/Build/Intermediates.noindex/CleevioCore.build/Debug-xros/CleevioCore-t.build/Objects-normal/arm64/CleevioCore.swiftsourceinfo (in target 'CleevioCore' from project 'CleevioCore')
    cd /Users/admin/builder/spi-builder-workspace/.dependencies/checkouts/CleevioCore
    builtin-copy -exclude .DS_Store -exclude CVS -exclude .svn -exclude .git -exclude .hg -resolve-src-symlinks -rename /Users/admin/builder/spi-builder-workspace/.derivedData/Build/Intermediates.noindex/CleevioCore.build/Debug-xros/CleevioCore-t.build/Objects-normal/arm64/CleevioCore.swiftsourceinfo /Users/admin/builder/spi-builder-workspace/.derivedData/Build/Products/Debug-xros/CleevioCore.swiftmodule/Project/arm64-apple-xros.swiftsourceinfo
SwiftDriver FlowPilot normal arm64 com.apple.xcode.tools.swift.compiler (in target 'FlowPilot' from project 'FlowPilot')
    cd /Users/admin/builder/spi-builder-workspace/.swiftpm/xcode
    builtin-SwiftDriver -- /Applications/Xcode-27.0.0-Release.Candidate.app/Contents/Developer/Toolchains/XcodeDefault.xctoolchain/usr/bin/swiftc -parse-as-library -module-name FlowPilot -Onone @/Users/admin/builder/spi-builder-workspace/.derivedData/Build/Intermediates.noindex/FlowPilot.build/Debug-xros/FlowPilot-t.build/Objects-normal/arm64/FlowPilot.SwiftFileList -DSWIFT_PACKAGE -DDEBUG -DSWIFT_MODULE_RESOURCE_BUNDLE_UNAVAILABLE -DXcode -plugin-path /Applications/Xcode-27.0.0-Release.Candidate.app/Contents/Developer/Toolchains/XcodeDefault.xctoolchain/usr/lib/swift/host/plugins/testing -enable-experimental-feature DebugDescriptionMacro -sdk /Applications/Xcode-27.0.0-Release.Candidate.app/Contents/Developer/Platforms/XROS.platform/Developer/SDKs/XROS27.0.sdk -target arm64-apple-xros1.0 -g -module-cache-path /Users/admin/builder/spi-builder-workspace/.derivedData/ModuleCache.noindex -Xfrontend -serialize-debugging-options -profile-coverage-mapping -profile-generate -enable-testing -index-store-path /Users/admin/builder/spi-builder-workspace/.derivedData/Index.noindex/DataStore -Xcc -D_LIBCPP_HARDENING_MODE\=_LIBCPP_HARDENING_MODE_DEBUG -swift-version 6 -I /Users/admin/builder/spi-builder-workspace/.derivedData/Build/Products/Debug-xros -Isystem /Applications/Xcode-27.0.0-Release.Candidate.app/Contents/Developer/Platforms/XROS.platform/Developer/usr/lib -F /Users/admin/builder/spi-builder-workspace/.derivedData/Build/Products/Debug-xros/PackageFrameworks -F /Users/admin/builder/spi-builder-workspace/.derivedData/Build/Products/Debug-xros -F /Applications/Xcode-27.0.0-Release.Candidate.app/Contents/Developer/Platforms/XROS.platform/Developer/Library/Frameworks -F /Applications/Xcode-27.0.0-Release.Candidate.app/Contents/Developer/Platforms/XROS.platform/Developer/SDKs/XROS27.0.sdk/Developer/Library/Frameworks -c -j10 -enable-batch-mode -incremental -Xcc -ivfsstatcache -Xcc /Users/admin/builder/spi-builder-workspace/.derivedData/SDKStatCaches.noindex/xros27.0-24M361-e829b21a6f8c9b70876ba0858053c044735bd543db762f57723cac368afd1ce4.sdkstatcache -output-file-map /Users/admin/builder/spi-builder-workspace/.derivedData/Build/Intermediates.noindex/FlowPilot.build/Debug-xros/FlowPilot-t.build/Objects-normal/arm64/FlowPilot-OutputFileMap.json -save-temps -no-color-diagnostics -explicit-module-build -module-cache-path /Users/admin/builder/spi-builder-workspace/.derivedData/Build/Intermediates.noindex/SwiftExplicitPrecompiledModules -clang-scanner-module-cache-path /Users/admin/builder/spi-builder-workspace/.derivedData/ModuleCache.noindex -sdk-module-cache-path /Users/admin/builder/spi-builder-workspace/.derivedData/SDKExplicitPrecompiledModules -emit-dependencies -emit-module -emit-module-path /Users/admin/builder/spi-builder-workspace/.derivedData/Build/Intermediates.noindex/FlowPilot.build/Debug-xros/FlowPilot-t.build/Objects-normal/arm64/FlowPilot.swiftmodule -serialize-diagnostics -dependency-scan-serialize-diagnostics-path /Users/admin/builder/spi-builder-workspace/.derivedData/Build/Intermediates.noindex/FlowPilot.build/Debug-xros/FlowPilot-t.build/Objects-normal/arm64/FlowPilot-dependency-scan.dia -validate-clang-modules-once -clang-build-session-file /Users/admin/builder/spi-builder-workspace/.derivedData/ModuleCache.noindex/Session.modulevalidation -Xcc -fmodules-prune-interval\=86400 -Xcc -fmodules-prune-after\=345600 -package-name spi_builder_workspace -emit-const-values -const-gather-protocols-list /Users/admin/builder/spi-builder-workspace/.derivedData/Build/Intermediates.noindex/FlowPilot.build/Debug-xros/FlowPilot-t.build/Objects-normal/arm64/FlowPilot_const_extract_protocols.json -Xcc -I/Users/admin/builder/spi-builder-workspace/.derivedData/Build/Products/Debug-xros/include -Xcc -I/Users/admin/builder/spi-builder-workspace/.derivedData/Build/Intermediates.noindex/FlowPilot.build/Debug-xros/FlowPilot-t.build/DerivedSources-normal/arm64 -Xcc -I/Users/admin/builder/spi-builder-workspace/.derivedData/Build/Intermediates.noindex/FlowPilot.build/Debug-xros/FlowPilot-t.build/DerivedSources/arm64 -Xcc -I/Users/admin/builder/spi-builder-workspace/.derivedData/Build/Intermediates.noindex/FlowPilot.build/Debug-xros/FlowPilot-t.build/DerivedSources -Xcc -DSWIFT_PACKAGE -Xcc -DDEBUG\=1 -emit-objc-header -emit-objc-header-path /Users/admin/builder/spi-builder-workspace/.derivedData/Build/Intermediates.noindex/FlowPilot.build/Debug-xros/FlowPilot-t.build/Objects-normal/arm64/FlowPilot-Swift.h -working-directory /Users/admin/builder/spi-builder-workspace/.swiftpm/xcode -experimental-emit-module-separately -disable-cmo
SwiftDriverJobDiscovery normal arm64 Compiling Activity.swift, ActivityIndicator.swift (in target 'CleevioCore' from project 'CleevioCore')
SwiftDriverJobDiscovery normal arm64 Compiling ErrorLogging.swift (in target 'CleevioCore' from project 'CleevioCore')
SwiftDriverJobDiscovery normal arm64 Compiling ViewModelType.swift (in target 'CleevioCore' from project 'CleevioCore')
SwiftDriverJobDiscovery normal arm64 Compiling AssociatedObjectHelper.swift (in target 'CleevioCore' from project 'CleevioCore')
SwiftDriverJobDiscovery normal arm64 Compiling DismissHandler.swift, Bundle+.swift (in target 'CleevioCore' from project 'CleevioCore')
SwiftDriverJobDiscovery normal arm64 Compiling Aliases.swift, AppVersion.swift (in target 'CleevioCore' from project 'CleevioCore')
SwiftDriverJobDiscovery normal arm64 Compiling CancelBag.swift, ErrorIndicator.swift (in target 'CleevioCore' from project 'CleevioCore')
SwiftDriverJobDiscovery normal arm64 Compiling HashableType.swift (in target 'CleevioCore' from project 'CleevioCore')
SwiftDriverJobDiscovery normal arm64 Compiling WeakBox.swift (in target 'CleevioCore' from project 'CleevioCore')
SwiftDriver\ Compilation CleevioCore normal arm64 com.apple.xcode.tools.swift.compiler (in target 'CleevioCore' from project 'CleevioCore')
    cd /Users/admin/builder/spi-builder-workspace/.swiftpm/xcode
    builtin-Swift-Compilation -- /Applications/Xcode-27.0.0-Release.Candidate.app/Contents/Developer/Toolchains/XcodeDefault.xctoolchain/usr/bin/swiftc -parse-as-library -module-name CleevioCore -Onone @/Users/admin/builder/spi-builder-workspace/.derivedData/Build/Intermediates.noindex/CleevioCore.build/Debug-xros/CleevioCore-t.build/Objects-normal/arm64/CleevioCore.SwiftFileList -DSWIFT_PACKAGE -DDEBUG -DSWIFT_MODULE_RESOURCE_BUNDLE_UNAVAILABLE -DXcode -plugin-path /Applications/Xcode-27.0.0-Release.Candidate.app/Contents/Developer/Toolchains/XcodeDefault.xctoolchain/usr/lib/swift/host/plugins/testing -enable-experimental-feature DebugDescriptionMacro -sdk /Applications/Xcode-27.0.0-Release.Candidate.app/Contents/Developer/Platforms/XROS.platform/Developer/SDKs/XROS27.0.sdk -target arm64-apple-xros1.0 -g -module-cache-path /Users/admin/builder/spi-builder-workspace/.derivedData/ModuleCache.noindex -Xfrontend -serialize-debugging-options -profile-coverage-mapping -profile-generate -enable-testing -suppress-warnings -index-store-path /Users/admin/builder/spi-builder-workspace/.derivedData/Index.noindex/DataStore -Xcc -D_LIBCPP_HARDENING_MODE\=_LIBCPP_HARDENING_MODE_DEBUG -swift-version 6 -I /Users/admin/builder/spi-builder-workspace/.derivedData/Build/Products/Debug-xros -Isystem /Applications/Xcode-27.0.0-Release.Candidate.app/Contents/Developer/Platforms/XROS.platform/Developer/usr/lib -F /Users/admin/builder/spi-builder-workspace/.derivedData/Build/Products/Debug-xros -F /Applications/Xcode-27.0.0-Release.Candidate.app/Contents/Developer/Platforms/XROS.platform/Developer/Library/Frameworks -F /Applications/Xcode-27.0.0-Release.Candidate.app/Contents/Developer/Platforms/XROS.platform/Developer/SDKs/XROS27.0.sdk/Developer/Library/Frameworks -c -j10 -enable-batch-mode -incremental -Xcc -ivfsstatcache -Xcc /Users/admin/builder/spi-builder-workspace/.derivedData/SDKStatCaches.noindex/xros27.0-24M361-e829b21a6f8c9b70876ba0858053c044735bd543db762f57723cac368afd1ce4.sdkstatcache -output-file-map /Users/admin/builder/spi-builder-workspace/.derivedData/Build/Intermediates.noindex/CleevioCore.build/Debug-xros/CleevioCore-t.build/Objects-normal/arm64/CleevioCore-OutputFileMap.json -save-temps -no-color-diagnostics -explicit-module-build -module-cache-path /Users/admin/builder/spi-builder-workspace/.derivedData/Build/Intermediates.noindex/SwiftExplicitPrecompiledModules -clang-scanner-module-cache-path /Users/admin/builder/spi-builder-workspace/.derivedData/ModuleCache.noindex -sdk-module-cache-path /Users/admin/builder/spi-builder-workspace/.derivedData/SDKExplicitPrecompiledModules -emit-dependencies -emit-module -emit-module-path /Users/admin/builder/spi-builder-workspace/.derivedData/Build/Intermediates.noindex/CleevioCore.build/Debug-xros/CleevioCore-t.build/Objects-normal/arm64/CleevioCore.swiftmodule -serialize-diagnostics -dependency-scan-serialize-diagnostics-path /Users/admin/builder/spi-builder-workspace/.derivedData/Build/Intermediates.noindex/CleevioCore.build/Debug-xros/CleevioCore-t.build/Objects-normal/arm64/CleevioCore-dependency-scan.dia -user-module-version 2.2.0 -validate-clang-modules-once -clang-build-session-file /Users/admin/builder/spi-builder-workspace/.derivedData/ModuleCache.noindex/Session.modulevalidation -Xcc -fmodules-prune-interval\=86400 -Xcc -fmodules-prune-after\=345600 -package-name cleeviocore -emit-const-values -const-gather-protocols-list /Users/admin/builder/spi-builder-workspace/.derivedData/Build/Intermediates.noindex/CleevioCore.build/Debug-xros/CleevioCore-t.build/Objects-normal/arm64/CleevioCore_const_extract_protocols.json -Xcc -I/Users/admin/builder/spi-builder-workspace/.derivedData/Build/Products/Debug-xros/include -Xcc -I/Users/admin/builder/spi-builder-workspace/.derivedData/Build/Intermediates.noindex/CleevioCore.build/Debug-xros/CleevioCore-t.build/DerivedSources-normal/arm64 -Xcc -I/Users/admin/builder/spi-builder-workspace/.derivedData/Build/Intermediates.noindex/CleevioCore.build/Debug-xros/CleevioCore-t.build/DerivedSources/arm64 -Xcc -I/Users/admin/builder/spi-builder-workspace/.derivedData/Build/Intermediates.noindex/CleevioCore.build/Debug-xros/CleevioCore-t.build/DerivedSources -Xcc -DSWIFT_PACKAGE -Xcc -DDEBUG\=1 -emit-objc-header -emit-objc-header-path /Users/admin/builder/spi-builder-workspace/.derivedData/Build/Intermediates.noindex/CleevioCore.build/Debug-xros/CleevioCore-t.build/Objects-normal/arm64/CleevioCore-Swift.h -working-directory /Users/admin/builder/spi-builder-workspace/.swiftpm/xcode -experimental-emit-module-separately -disable-cmo
Ld /Users/admin/builder/spi-builder-workspace/.derivedData/Build/Products/Debug-xros/CleevioCore.o normal (in target 'CleevioCore' from project 'CleevioCore')
    cd /Users/admin/builder/spi-builder-workspace/.dependencies/checkouts/CleevioCore
    /Applications/Xcode-27.0.0-Release.Candidate.app/Contents/Developer/Toolchains/XcodeDefault.xctoolchain/usr/bin/clang -Xlinker -reproducible -target arm64-apple-xros1.0 -r -isysroot /Applications/Xcode-27.0.0-Release.Candidate.app/Contents/Developer/Platforms/XROS.platform/Developer/SDKs/XROS27.0.sdk -O0 -w -Xlinker -no_warn_duplicate_libraries -F/Users/admin/builder/spi-builder-workspace/.derivedData/Build/Intermediates.noindex/EagerLinkingTBDs/Debug-xros -F/Users/admin/builder/spi-builder-workspace/.derivedData/Build/Products/Debug-xros -iframework /Applications/Xcode-27.0.0-Release.Candidate.app/Contents/Developer/Platforms/XROS.platform/Developer/Library/Frameworks -iframework /Applications/Xcode-27.0.0-Release.Candidate.app/Contents/Developer/Platforms/XROS.platform/Developer/SDKs/XROS27.0.sdk/Developer/Library/Frameworks -filelist /Users/admin/builder/spi-builder-workspace/.derivedData/Build/Intermediates.noindex/CleevioCore.build/Debug-xros/CleevioCore-t.build/Objects-normal/arm64/CleevioCore.LinkFileList -nostdlib -Xlinker -object_path_lto -Xlinker /Users/admin/builder/spi-builder-workspace/.derivedData/Build/Intermediates.noindex/CleevioCore.build/Debug-xros/CleevioCore-t.build/Objects-normal/arm64/CleevioCore_lto.o -Xlinker -no_deduplicate -Xlinker -debug_variant -Xlinker -dependency_info -Xlinker /Users/admin/builder/spi-builder-workspace/.derivedData/Build/Intermediates.noindex/CleevioCore.build/Debug-xros/CleevioCore-t.build/Objects-normal/arm64/CleevioCore_dependency_info.dat -fobjc-link-runtime -L/Applications/Xcode-27.0.0-Release.Candidate.app/Contents/Developer/Toolchains/XcodeDefault.xctoolchain/usr/lib/swift/xros -L/usr/lib/swift -Xlinker -add_ast_path -Xlinker /Users/admin/builder/spi-builder-workspace/.derivedData/Build/Intermediates.noindex/CleevioCore.build/Debug-xros/CleevioCore-t.build/Objects-normal/arm64/CleevioCore.swiftmodule -o /Users/admin/builder/spi-builder-workspace/.derivedData/Build/Products/Debug-xros/CleevioCore.o
ExtractAppIntentsMetadata (in target 'CleevioCore' from project 'CleevioCore')
    cd /Users/admin/builder/spi-builder-workspace/.dependencies/checkouts/CleevioCore
    /Applications/Xcode-27.0.0-Release.Candidate.app/Contents/Developer/Toolchains/XcodeDefault.xctoolchain/usr/bin/appintentsmetadataprocessor --toolchain-dir /var/run/com.apple.security.cryptexd/mnt/com.apple.MobileAsset.MetalToolchain-v27.1.266.1.b9EsB4/Metal.xctoolchain --module-name CleevioCore --sdk-root /Applications/Xcode-27.0.0-Release.Candidate.app/Contents/Developer/Platforms/XROS.platform/Developer/SDKs/XROS27.0.sdk --xcode-version 27A266a --platform-family xrOS --deployment-target 1.0 --bundle-identifier cleeviocore.CleevioCore --output /Users/admin/builder/spi-builder-workspace/.derivedData/Build/Products/Debug-xros/CleevioCore.appintents --target-triple arm64-apple-xros1.0 --binary-file /Users/admin/builder/spi-builder-workspace/.derivedData/Build/Products/Debug-xros/CleevioCore.o --dependency-file /Users/admin/builder/spi-builder-workspace/.derivedData/Build/Intermediates.noindex/CleevioCore.build/Debug-xros/CleevioCore-t.build/Objects-normal/arm64/CleevioCore_dependency_info.dat --stringsdata-file /Users/admin/builder/spi-builder-workspace/.derivedData/Build/Intermediates.noindex/CleevioCore.build/Debug-xros/CleevioCore-t.build/Objects-normal/arm64/ExtractedAppShortcutsMetadata.stringsdata --source-file-list /Users/admin/builder/spi-builder-workspace/.derivedData/Build/Intermediates.noindex/CleevioCore.build/Debug-xros/CleevioCore-t.build/Objects-normal/arm64/CleevioCore.SwiftFileList --metadata-file-list /Users/admin/builder/spi-builder-workspace/.derivedData/Build/Intermediates.noindex/CleevioCore.build/Debug-xros/CleevioCore-t.build/CleevioCore.DependencyMetadataFileList --static-metadata-file-list /Users/admin/builder/spi-builder-workspace/.derivedData/Build/Intermediates.noindex/CleevioCore.build/Debug-xros/CleevioCore-t.build/CleevioCore.DependencyStaticMetadataFileList --swift-const-vals-list /Users/admin/builder/spi-builder-workspace/.derivedData/Build/Intermediates.noindex/CleevioCore.build/Debug-xros/CleevioCore-t.build/Objects-normal/arm64/CleevioCore.SwiftConstValuesFileList --force --compile-time-extraction --deployment-aware-processing --no-app-shortcuts-localization
2026-09-24 06:31:30.783 appintentsmetadataprocessor[899:5321] Starting appintentsmetadataprocessor export
2026-09-24 06:31:30.846 appintentsmetadataprocessor[899:5321] Extracted no relevant App Intents symbols, skipping writing output
SwiftExplicitDependencyGeneratePcm arm64 /Users/admin/builder/spi-builder-workspace/.derivedData/SDKExplicitPrecompiledModules/dnssd-3O0RNR51LL3EG0N1T07ZFMALS.pcm
SwiftExplicitDependencyGeneratePcm arm64 /Users/admin/builder/spi-builder-workspace/.derivedData/SDKExplicitPrecompiledModules/_Builtin_intrinsics-3111M8ALPD4YFW0NUUUBCM0JD.pcm
SwiftExplicitDependencyGeneratePcm arm64 /Users/admin/builder/spi-builder-workspace/.derivedData/SDKExplicitPrecompiledModules/LocalAuthentication-DY23D7R1X7DY7BV7FZ6NHSR9L.pcm
SwiftExplicitDependencyGeneratePcm arm64 /Users/admin/builder/spi-builder-workspace/.derivedData/SDKExplicitPrecompiledModules/CoreAudioTypes-312R5U71UD8UC735GBX55K3US.pcm
SwiftExplicitDependencyGeneratePcm arm64 /Users/admin/builder/spi-builder-workspace/.derivedData/SDKExplicitPrecompiledModules/_Builtin_tgmath-6A504NZTD9420A66PPDYUHISN.pcm
SwiftExplicitDependencyGeneratePcm arm64 /Users/admin/builder/spi-builder-workspace/.derivedData/SDKExplicitPrecompiledModules/UIUtilities-F3U0HSZMZSXCP772P753OT1G5.pcm
SwiftExplicitDependencyGeneratePcm arm64 /Users/admin/builder/spi-builder-workspace/.derivedData/SDKExplicitPrecompiledModules/DataDetection-7LQD8Z3LW2FUEO4CR6TGECXW0.pcm
SwiftExplicitDependencyGeneratePcm arm64 /Users/admin/builder/spi-builder-workspace/.derivedData/SDKExplicitPrecompiledModules/UserNotifications-6JIY9EEYAYYTJITYYQZF42LAH.pcm
SwiftExplicitDependencyGeneratePcm arm64 /Users/admin/builder/spi-builder-workspace/.derivedData/SDKExplicitPrecompiledModules/Symbols-ECOU17NNJUYRSDVSZI1SX0DNL.pcm
SwiftExplicitDependencyGeneratePcm arm64 /Users/admin/builder/spi-builder-workspace/.derivedData/SDKExplicitPrecompiledModules/CoreData-5V8622D8G59RJKITQSAST89GC.pcm
SwiftExplicitDependencyGeneratePcm arm64 /Users/admin/builder/spi-builder-workspace/.derivedData/SDKExplicitPrecompiledModules/DeveloperToolsSupport-194HZPFNNCEHRVXIO6O8L9S0O.pcm
SwiftExplicitDependencyGeneratePcm arm64 /Users/admin/builder/spi-builder-workspace/.derivedData/SDKExplicitPrecompiledModules/CoreMIDI-3PXS069A7G7J69W6C2O4U64TR.pcm
SwiftExplicitDependencyGeneratePcm arm64 /Users/admin/builder/spi-builder-workspace/.derivedData/SDKExplicitPrecompiledModules/CoreTransferable-EFMTSDPFE8WPPM5HOZ47P0KQO.pcm
SwiftExplicitDependencyGeneratePcm arm64 /Users/admin/builder/spi-builder-workspace/.derivedData/SDKExplicitPrecompiledModules/Network-59OXS1WBU0E96MTVI1BQ4Y8O0.pcm
SwiftExplicitDependencyGeneratePcm arm64 /Users/admin/builder/spi-builder-workspace/.derivedData/SDKExplicitPrecompiledModules/IOSurface-2D5KLETWRIPRMLT8HCRTTINH3.pcm
SwiftExplicitDependencyGeneratePcm arm64 /Users/admin/builder/spi-builder-workspace/.derivedData/SDKExplicitPrecompiledModules/ShaderGraph-60HTPBNDVX0CX5JIAYFVTA9L4.pcm
SwiftExplicitDependencyGeneratePcm arm64 /Users/admin/builder/spi-builder-workspace/.derivedData/SDKExplicitPrecompiledModules/CoreAudio-BNVVZ0H6VD0B9Q2N4KZUSB6RB.pcm
SwiftExplicitDependencyGeneratePcm arm64 /Users/admin/builder/spi-builder-workspace/.derivedData/SDKExplicitPrecompiledModules/MachO-6F2CAO15JWU9TP0S5ZC6PL9IB.pcm
SwiftExplicitDependencyGeneratePcm arm64 /Users/admin/builder/spi-builder-workspace/.derivedData/SDKExplicitPrecompiledModules/_LocationEssentials-32JNDL0Y7WK6X17R1HPKJCQEE.pcm
SwiftExplicitDependencyGeneratePcm arm64 /Users/admin/builder/spi-builder-workspace/.derivedData/SDKExplicitPrecompiledModules/UniformTypeIdentifiers-9BPZRHV9PRGRSU35W243D89CW.pcm
SwiftExplicitDependencyGeneratePcm arm64 /Users/admin/builder/spi-builder-workspace/.derivedData/SDKExplicitPrecompiledModules/CoreGraphics-AY8OPKLJIGMHZ9MYROUT854WA.pcm
SwiftExplicitDependencyGeneratePcm arm64 /Users/admin/builder/spi-builder-workspace/.derivedData/SDKExplicitPrecompiledModules/_Builtin_stdatomic-158FFQF46AB7DZCSEC3RCRTFC.pcm
SwiftExplicitDependencyGeneratePcm arm64 /Users/admin/builder/spi-builder-workspace/.derivedData/SDKExplicitPrecompiledModules/Metal-CAKGHYH5ACDACD017V00QOQC9.pcm
SwiftExplicitDependencyGeneratePcm arm64 /Users/admin/builder/spi-builder-workspace/.derivedData/SDKExplicitPrecompiledModules/OpenGLES-CKJ9EEPIRPNP44Q12R6YOKS1E.pcm
SwiftExplicitDependencyGeneratePcm arm64 /Users/admin/builder/spi-builder-workspace/.derivedData/SDKExplicitPrecompiledModules/AudioToolbox-BIB990ZQT6Y2YX7R0HKENKU6T.pcm
SwiftExplicitDependencyGeneratePcm arm64 /Users/admin/builder/spi-builder-workspace/.derivedData/SDKExplicitPrecompiledModules/CoreLocation-E62WUNIY48I4BO5WNB3SVVIP8.pcm
SwiftExplicitDependencyGeneratePcm arm64 /Users/admin/builder/spi-builder-workspace/.derivedData/SDKExplicitPrecompiledModules/AVRouting-A58BUG9HB1NCTPD2PCCO84ARM.pcm
SwiftExplicitDependencyGeneratePcm arm64 /Users/admin/builder/spi-builder-workspace/.derivedData/SDKExplicitPrecompiledModules/os-7D3ZMGEZW9BBPJG5AFYWTJQLV.pcm
SwiftExplicitDependencyGeneratePcm arm64 /Users/admin/builder/spi-builder-workspace/.derivedData/SDKExplicitPrecompiledModules/simd-7J2M7D2SOHYQ7IO8MYH2RXTKH.pcm
SwiftExplicitDependencyGeneratePcm arm64 /Users/admin/builder/spi-builder-workspace/.derivedData/SDKExplicitPrecompiledModules/FileProvider-C1CJK6EJC5IUBTWZU8FS47OM3.pcm
SwiftExplicitDependencyGeneratePcm arm64 /Users/admin/builder/spi-builder-workspace/.derivedData/SDKExplicitPrecompiledModules/ImageIO-IAKQMD68GVR7DW77YOHGK8X7.pcm
SwiftExplicitDependencyGeneratePcm arm64 /Users/admin/builder/spi-builder-workspace/.derivedData/SDKExplicitPrecompiledModules/CoreText-3Q9AYRR8Y0RMYX4VGST56EDCZ.pcm
SwiftExplicitDependencyGeneratePcm arm64 /Users/admin/builder/spi-builder-workspace/.derivedData/SDKExplicitPrecompiledModules/Accessibility-8QB8DU95K5GFNCPAUIMZLHBIU.pcm
SwiftExplicitDependencyGeneratePcm arm64 /Users/admin/builder/spi-builder-workspace/.derivedData/SDKExplicitPrecompiledModules/CoreMotion-DCVNRIJ2COFK7QG37YNW48EGV.pcm
SwiftExplicitDependencyGeneratePcm arm64 /Users/admin/builder/spi-builder-workspace/.derivedData/SDKExplicitPrecompiledModules/OSLog-3CTW8AFBZNTJNTYU2CNXR306R.pcm
SwiftExplicitDependencyGeneratePcm arm64 /Users/admin/builder/spi-builder-workspace/.derivedData/SDKExplicitPrecompiledModules/CoreVideo-4PK3Q849TG28PPFW9ON3UC1O9.pcm
SwiftExplicitDependencyGeneratePcm arm64 /Users/admin/builder/spi-builder-workspace/.derivedData/SDKExplicitPrecompiledModules/CoreImage-9GN6OPXIJ356C54K347I7T417.pcm
SwiftExplicitDependencyGeneratePcm arm64 /Users/admin/builder/spi-builder-workspace/.derivedData/SDKExplicitPrecompiledModules/QuartzCore-6ZHUATRF8P4D51R22KZF8F6EG.pcm
SwiftExplicitDependencyGeneratePcm arm64 /Users/admin/builder/spi-builder-workspace/.derivedData/SDKExplicitPrecompiledModules/ARKitFoundation-BT979VLYXKXTC443T81YQQEY1.pcm
SwiftExplicitDependencyGeneratePcm arm64 /Users/admin/builder/spi-builder-workspace/.derivedData/SDKExplicitPrecompiledModules/CoreMedia-X23SRPCPJE6SQFHHHYCZ7WVC.pcm
SwiftExplicitDependencyGeneratePcm arm64 /Users/admin/builder/spi-builder-workspace/.derivedData/SDKExplicitPrecompiledModules/CoreML-C2BW2527PDNODK16LJ9I668C8.pcm
SwiftExplicitDependencyGeneratePcm arm64 /Users/admin/builder/spi-builder-workspace/.derivedData/SDKExplicitPrecompiledModules/AVFAudio-7A6YZTGYW2RLZD9E99CP5838N.pcm
SwiftExplicitDependencyGeneratePcm arm64 /Users/admin/builder/spi-builder-workspace/.derivedData/SDKExplicitPrecompiledModules/MediaToolbox-ANHHEHPC85W3ECWTCJ308UFOE.pcm
SwiftExplicitDependencyGeneratePcm arm64 /Users/admin/builder/spi-builder-workspace/.derivedData/SDKExplicitPrecompiledModules/VideoToolbox-3P3B69YG5JT8YUFOCSUNDM59.pcm
SwiftExplicitDependencyGeneratePcm arm64 /Users/admin/builder/spi-builder-workspace/.derivedData/SDKExplicitPrecompiledModules/UIKit-1PV3XTOUQPUVY5I4MLPUAXR9J.pcm
SwiftExplicitDependencyGeneratePcm arm64 /Users/admin/builder/spi-builder-workspace/.derivedData/SDKExplicitPrecompiledModules/Spatial-92H2FIVGSGXGN6Z0PM4QAD9U8.pcm
SwiftExplicitDependencyCompileModuleFromInterface arm64 /Users/admin/builder/spi-builder-workspace/.derivedData/SDKExplicitPrecompiledModules/ShaderGraph-URHKVVOFZL5Z.swiftmodule
SwiftExplicitDependencyGeneratePcm arm64 /Users/admin/builder/spi-builder-workspace/.derivedData/SDKExplicitPrecompiledModules/Vision-3I7AR38LZFB22SF4LQC7Q6KA.pcm
SwiftExplicitDependencyGeneratePcm arm64 /Users/admin/builder/spi-builder-workspace/.derivedData/SDKExplicitPrecompiledModules/AVFoundation-81FTBCX2AZLM90X977V6F8213.pcm
SwiftExplicitDependencyGeneratePcm arm64 /Users/admin/builder/spi-builder-workspace/.derivedData/SDKExplicitPrecompiledModules/SwiftUICore-374BUSM2QWS9MQO694AHOADDT.pcm
SwiftExplicitDependencyGeneratePcm arm64 /Users/admin/builder/spi-builder-workspace/.derivedData/SDKExplicitPrecompiledModules/ARKitCore-3XTE32VQMIOYU5QR9S293LZS1.pcm
SwiftExplicitDependencyGeneratePcm arm64 /Users/admin/builder/spi-builder-workspace/.derivedData/SDKExplicitPrecompiledModules/SwiftUI-C448PJ9D4ZYA5OED1YDWBD562.pcm
SwiftExplicitDependencyGeneratePcm arm64 /Users/admin/builder/spi-builder-workspace/.derivedData/SDKExplicitPrecompiledModules/GameController-X9URPRY7QBKI12E33T2Y28WV.pcm
SwiftExplicitDependencyGeneratePcm arm64 /Users/admin/builder/spi-builder-workspace/.derivedData/SDKExplicitPrecompiledModules/ARKit-DR3A0F7OE5VAP1U4QICI8GJ1B.pcm
SwiftEmitModule normal arm64 Emitting\ module\ for\ FlowPilot (in target 'FlowPilot' from project 'FlowPilot')
SwiftCompile normal arm64 (in target 'FlowPilot' from project 'FlowPilot')
    cd /Users/admin/builder/spi-builder-workspace/.swiftpm/xcode

/Users/admin/builder/spi-builder-workspace/Sources/FlowPilot/AnyRouter.swift:19:25: error: cannot find type 'PlatformViewController' in scope
17 |     /// The closure to invoke when presenting a view controller.
18 |     @usableFromInline
19 |     let presentAction: (PlatformViewController, Bool) -> Void
   |                         `- error: cannot find type 'PlatformViewController' in scope
20 |
21 |     /// The closure to invoke when dismissing a view controller.
/Users/admin/builder/spi-builder-workspace/Sources/FlowPilot/AnyRouter.swift:39:47: error: cannot find type 'PlatformViewController' in scope
37 |      */
38 |     @inlinable
39 |     init(presentAction: @escaping @MainActor (PlatformViewController, Bool) -> Void,
   |                                               `- error: cannot find type 'PlatformViewController' in scope
40 |          dismissAction: @escaping @MainActor (Bool, (() -> Void)?) -> Void,
41 |          dismissRouterAction: @escaping @MainActor (Bool, (() -> Void)?) -> Void) {
/Users/admin/builder/spi-builder-workspace/Sources/FlowPilot/AnyRouter.swift:57:43: error: cannot find type 'PlatformViewController' in scope
55 |      */
56 |     @inlinable
57 |     public func present(_ viewController: PlatformViewController, animated: Bool) {
   |                                           `- error: cannot find type 'PlatformViewController' in scope
58 |         presentAction(viewController, animated)
59 |     }
SwiftCompile normal arm64 Compiling\ shouldAnimateTransition.swift /Users/admin/builder/spi-builder-workspace/Sources/FlowPilot/shouldAnimateTransition.swift (in target 'FlowPilot' from project 'FlowPilot')
SwiftCompile normal arm64 /Users/admin/builder/spi-builder-workspace/Sources/FlowPilot/shouldAnimateTransition.swift (in target 'FlowPilot' from project 'FlowPilot')
    cd /Users/admin/builder/spi-builder-workspace/.swiftpm/xcode
    builtin-SwiftPerFileCompile shouldAnimateTransition.swift
SwiftCompile normal arm64 Compiling\ ModalNavigationRouter.swift,\ ModalRouter.swift /Users/admin/builder/spi-builder-workspace/Sources/FlowPilot/ModalNavigationRouter.swift /Users/admin/builder/spi-builder-workspace/Sources/FlowPilot/ModalRouter.swift (in target 'FlowPilot' from project 'FlowPilot')
SwiftCompile normal arm64 /Users/admin/builder/spi-builder-workspace/Sources/FlowPilot/ModalNavigationRouter.swift (in target 'FlowPilot' from project 'FlowPilot')
    cd /Users/admin/builder/spi-builder-workspace/.swiftpm/xcode
    builtin-SwiftPerFileCompile ModalNavigationRouter.swift
SwiftCompile normal arm64 /Users/admin/builder/spi-builder-workspace/Sources/FlowPilot/ModalRouter.swift (in target 'FlowPilot' from project 'FlowPilot')
    cd /Users/admin/builder/spi-builder-workspace/.swiftpm/xcode
    builtin-SwiftPerFileCompile ModalRouter.swift
SwiftCompile normal arm64 Compiling\ WindowNavigationRouter.swift /Users/admin/builder/spi-builder-workspace/Sources/FlowPilot/WindowNavigationRouter.swift (in target 'FlowPilot' from project 'FlowPilot')
SwiftCompile normal arm64 /Users/admin/builder/spi-builder-workspace/Sources/FlowPilot/WindowNavigationRouter.swift (in target 'FlowPilot' from project 'FlowPilot')
    cd /Users/admin/builder/spi-builder-workspace/.swiftpm/xcode
    builtin-SwiftPerFileCompile WindowNavigationRouter.swift
SwiftCompile normal arm64 Compiling\ WindowRouter.swift /Users/admin/builder/spi-builder-workspace/Sources/FlowPilot/WindowRouter.swift (in target 'FlowPilot' from project 'FlowPilot')
SwiftCompile normal arm64 /Users/admin/builder/spi-builder-workspace/Sources/FlowPilot/WindowRouter.swift (in target 'FlowPilot' from project 'FlowPilot')
    cd /Users/admin/builder/spi-builder-workspace/.swiftpm/xcode
    builtin-SwiftPerFileCompile WindowRouter.swift
SwiftCompile normal arm64 Compiling\ RouterCoordinator.swift,\ IdentifiedHashableType.swift /Users/admin/builder/spi-builder-workspace/Sources/FlowPilot/Coordinators/RouterCoordinator.swift /Users/admin/builder/spi-builder-workspace/Sources/FlowPilot/IdentifiedHashableType.swift (in target 'FlowPilot' from project 'FlowPilot')
/Users/admin/builder/spi-builder-workspace/Sources/FlowPilot/Coordinators/RouterCoordinator.swift:71:46: error: cannot find type 'PlatformViewController' in scope
69 |      */
70 |     @inlinable
71 |     open func present(_ viewController: some PlatformViewController, animated: Bool) {
   |                                              `- error: cannot find type 'PlatformViewController' in scope
72 |         setAssociatedViewController(viewController)
73 |         #if canImport(UIKit)
SwiftCompile normal arm64 /Users/admin/builder/spi-builder-workspace/Sources/FlowPilot/Coordinators/RouterCoordinator.swift (in target 'FlowPilot' from project 'FlowPilot')
    cd /Users/admin/builder/spi-builder-workspace/.swiftpm/xcode
    builtin-SwiftPerFileCompile RouterCoordinator.swift
SwiftCompile normal arm64 /Users/admin/builder/spi-builder-workspace/Sources/FlowPilot/IdentifiedHashableType.swift (in target 'FlowPilot' from project 'FlowPilot')
    cd /Users/admin/builder/spi-builder-workspace/.swiftpm/xcode
    builtin-SwiftPerFileCompile IdentifiedHashableType.swift
SwiftCompile normal arm64 Compiling\ Router.swift,\ WindowLevelRouter.swift /Users/admin/builder/spi-builder-workspace/Sources/FlowPilot/Router.swift /Users/admin/builder/spi-builder-workspace/Sources/FlowPilot/WindowLevelRouter.swift (in target 'FlowPilot' from project 'FlowPilot')
/Users/admin/builder/spi-builder-workspace/Sources/FlowPilot/Router.swift:20:47: error: cannot find type 'PlatformViewController' in scope
18 |     ///   - viewController: The view controller to present.
19 |     ///   - animated: A Boolean value that indicates whether the presentation should be animated.
20 |     @MainActor func present(_ viewController: PlatformViewController, animated: Bool)
   |                                               `- error: cannot find type 'PlatformViewController' in scope
21 |
22 |     /// Dismisses a view controller.
/Users/admin/builder/spi-builder-workspace/Sources/FlowPilot/AnyRouter.swift:39:47: error: cannot find type 'PlatformViewController' in scope
37 |      */
38 |     @inlinable
39 |     init(presentAction: @escaping @MainActor (PlatformViewController, Bool) -> Void,
   |                                               `- error: cannot find type 'PlatformViewController' in scope
40 |          dismissAction: @escaping @MainActor (Bool, (() -> Void)?) -> Void,
41 |          dismissRouterAction: @escaping @MainActor (Bool, (() -> Void)?) -> Void) {
Failed frontend command:
/Applications/Xcode-27.0.0-Release.Candidate.app/Contents/Developer/Toolchains/XcodeDefault.xctoolchain/usr/bin/swift-frontend -frontend -c /Users/admin/builder/spi-builder-workspace/Sources/FlowPilot/AnyRouter.swift /Users/admin/builder/spi-builder-workspace/Sources/FlowPilot/Coordinators/Coordinator.swift /Users/admin/builder/spi-builder-workspace/Sources/FlowPilot/Coordinators/CoordinatorPreview.swift /Users/admin/builder/spi-builder-workspace/Sources/FlowPilot/Coordinators/ParametersRouterCoordinator.swift /Users/admin/builder/spi-builder-workspace/Sources/FlowPilot/Coordinators/ResponseParametersCoordinator.swift /Users/admin/builder/spi-builder-workspace/Sources/FlowPilot/Coordinators/ResponseRouterCoordinator.swift /Users/admin/builder/spi-builder-workspace/Sources/FlowPilot/Coordinators/RouterCoordinator.swift /Users/admin/builder/spi-builder-workspace/Sources/FlowPilot/IdentifiedHashableType.swift /Users/admin/builder/spi-builder-workspace/Sources/FlowPilot/ModalNavigationRouter.swift /Users/admin/builder/spi-builder-workspace/Sources/FlowPilot/ModalRouter.swift /Users/admin/builder/spi-builder-workspace/Sources/FlowPilot/NavigationRouter.swift /Users/admin/builder/spi-builder-workspace/Sources/FlowPilot/NavigationRouterWrapper.swift -primary-file /Users/admin/builder/spi-builder-workspace/Sources/FlowPilot/Router.swift -primary-file /Users/admin/builder/spi-builder-workspace/Sources/FlowPilot/WindowLevelRouter.swift /Users/admin/builder/spi-builder-workspace/Sources/FlowPilot/WindowNavigationRouter.swift /Users/admin/builder/spi-builder-workspace/Sources/FlowPilot/WindowRouter.swift /Users/admin/builder/spi-builder-workspace/Sources/FlowPilot/shouldAnimateTransition.swift -emit-dependencies-path /Users/admin/builder/spi-builder-workspace/.derivedData/Build/Intermediates.noindex/FlowPilot.build/Debug-xros/FlowPilot-t.build/Objects-normal/arm64/Router.d -emit-const-values-path /Users/admin/builder/spi-builder-workspace/.derivedData/Build/Intermediates.noindex/FlowPilot.build/Debug-xros/FlowPilot-t.build/Objects-normal/arm64/Router.swiftconstvalues -emit-reference-dependencies-path /Users/admin/builder/spi-builder-workspace/.derivedData/Build/Intermediates.noindex/FlowPilot.build/Debug-xros/FlowPilot-t.build/Objects-normal/arm64/Router.swiftdeps -serialize-diagnostics-path /Users/admin/builder/spi-builder-workspace/.derivedData/Build/Intermediates.noindex/FlowPilot.build/Debug-xros/FlowPilot-t.build/Objects-normal/arm64/Router.dia -emit-dependencies-path /Users/admin/builder/spi-builder-workspace/.derivedData/Build/Intermediates.noindex/FlowPilot.build/Debug-xros/FlowPilot-t.build/Objects-normal/arm64/WindowLevelRouter.d -emit-const-values-path /Users/admin/builder/spi-builder-workspace/.derivedData/Build/Intermediates.noindex/FlowPilot.build/Debug-xros/FlowPilot-t.build/Objects-normal/arm64/WindowLevelRouter.swiftconstvalues -emit-reference-dependencies-path /Users/admin/builder/spi-builder-workspace/.derivedData/Build/Intermediates.noindex/FlowPilot.build/Debug-xros/FlowPilot-t.build/Objects-normal/arm64/WindowLevelRouter.swiftdeps -serialize-diagnostics-path /Users/admin/builder/spi-builder-workspace/.derivedData/Build/Intermediates.noindex/FlowPilot.build/Debug-xros/FlowPilot-t.build/Objects-normal/arm64/WindowLevelRouter.dia -target arm64-apple-xros1.0 -module-can-import-version UIKit 9127.0.84.1 9127.0.84 -disable-cross-import-overlay-search -load-resolved-plugin /Applications/Xcode-27.0.0-Release.Candidate.app/Contents/Developer/Platforms/XROS.platform/Developer/usr/lib/swift/host/plugins/libFoundationMacros.dylib\#/Applications/Xcode-27.0.0-Release.Candidate.app/Contents/Developer/Platforms/XROS.platform/Developer/usr/bin/swift-plugin-server\#FoundationMacros -load-resolved-plugin /Applications/Xcode-27.0.0-Release.Candidate.app/Contents/Developer/Platforms/XROS.platform/Developer/usr/lib/swift/host/plugins/libObservationMacros.dylib\#/Applications/Xcode-27.0.0-Release.Candidate.app/Contents/Developer/Platforms/XROS.platform/Developer/usr/bin/swift-plugin-server\#ObservationMacros -load-resolved-plugin /Applications/Xcode-27.0.0-Release.Candidate.app/Contents/Developer/Platforms/XROS.platform/Developer/usr/lib/swift/host/plugins/libPreviewsMacros.dylib\#/Applications/Xcode-27.0.0-Release.Candidate.app/Contents/Developer/Platforms/XROS.platform/Developer/usr/bin/swift-plugin-server\#PreviewsMacros -load-resolved-plugin /Applications/Xcode-27.0.0-Release.Candidate.app/Contents/Developer/Platforms/XROS.platform/Developer/usr/lib/swift/host/plugins/libSwiftMacros.dylib\#/Applications/Xcode-27.0.0-Release.Candidate.app/Contents/Developer/Platforms/XROS.platform/Developer/usr/bin/swift-plugin-server\#SwiftMacros -load-resolved-plugin /Applications/Xcode-27.0.0-Release.Candidate.app/Contents/Developer/Platforms/XROS.platform/Developer/usr/lib/swift/host/plugins/libSwiftUIMacros.dylib\#/Applications/Xcode-27.0.0-Release.Candidate.app/Contents/Developer/Platforms/XROS.platform/Developer/usr/bin/swift-plugin-server\#SwiftUIMacros -disable-implicit-swift-modules -Xcc -fno-implicit-modules -Xcc -fno-implicit-module-maps -explicit-swift-module-map-file /Users/admin/builder/spi-builder-workspace/.derivedData/Build/Intermediates.noindex/FlowPilot.build/Debug-xros/FlowPilot-t.build/Objects-normal/arm64/FlowPilot-dependencies-1.json -Xllvm -aarch64-use-tbi -enable-objc-interop -stack-check -sdk /Applications/Xcode-27.0.0-Release.Candidate.app/Contents/Developer/Platforms/XROS.platform/Developer/SDKs/XROS27.0.sdk -I /Users/admin/builder/spi-builder-workspace/.derivedData/Build/Products/Debug-xros -Isystem /Applications/Xcode-27.0.0-Release.Candidate.app/Contents/Developer/Platforms/XROS.platform/Developer/usr/lib -F /Users/admin/builder/spi-builder-workspace/.derivedData/Build/Products/Debug-xros/PackageFrameworks -F /Users/admin/builder/spi-builder-workspace/.derivedData/Build/Products/Debug-xros -F /Applications/Xcode-27.0.0-Release.Candidate.app/Contents/Developer/Platforms/XROS.platform/Developer/Library/Frameworks -F /Applications/Xcode-27.0.0-Release.Candidate.app/Contents/Developer/Platforms/XROS.platform/Developer/SDKs/XROS27.0.sdk/Developer/Library/Frameworks -module-cache-path /Users/admin/builder/spi-builder-workspace/.derivedData/Build/Intermediates.noindex/SwiftExplicitPrecompiledModules -no-color-diagnostics -Xcc -fno-color-diagnostics -enable-testing -g -debug-info-format\=dwarf -dwarf-version\=4 -profile-generate -profile-coverage-mapping -swift-version 6 -Onone -D SWIFT_PACKAGE -D DEBUG -D SWIFT_MODULE_RESOURCE_BUNDLE_UNAVAILABLE -D Xcode -serialize-debugging-options -enable-experimental-feature DebugDescriptionMacro -empty-abi-descriptor -validate-clang-modules-once -clang-build-session-file /Users/admin/builder/spi-builder-workspace/.derivedData/ModuleCache.noindex/Session.modulevalidation -Xcc -working-directory -Xcc /Users/admin/builder/spi-builder-workspace/.swiftpm/xcode -enable-anonymous-context-mangled-names -file-compilation-dir /Users/admin/builder/spi-builder-workspace/.swiftpm/xcode -Xcc -D_LIBCPP_HARDENING_MODE\=_LIBCPP_HARDENING_MODE_DEBUG -Xcc -ivfsstatcache -Xcc /Users/admin/builder/spi-builder-workspace/.derivedData/SDKStatCaches.noindex/xros27.0-24M361-e829b21a6f8c9b70876ba0858053c044735bd543db762f57723cac368afd1ce4.sdkstatcache -Xcc -fmodules-prune-interval\=86400 -Xcc -fmodules-prune-after\=345600 -Xcc -I/Users/admin/builder/spi-builder-workspace/.derivedData/Build/Products/Debug-xros/include -Xcc -I/Users/admin/builder/spi-builder-workspace/.derivedData/Build/Intermediates.noindex/FlowPilot.build/Debug-xros/FlowPilot-t.build/DerivedSources-normal/arm64 -Xcc -I/Users/admin/builder/spi-builder-workspace/.derivedData/Build/Intermediates.noindex/FlowPilot.build/Debug-xros/FlowPilot-t.build/DerivedSources/arm64 -Xcc -I/Users/admin/builder/spi-builder-workspace/.derivedData/Build/Intermediates.noindex/FlowPilot.build/Debug-xros/FlowPilot-t.build/DerivedSources -Xcc -DSWIFT_PACKAGE -Xcc -DDEBUG\=1 -no-auto-bridging-header-chaining -module-name FlowPilot -package-name spi_builder_workspace -const-gather-protocols-file /Users/admin/builder/spi-builder-workspace/.derivedData/Build/Intermediates.noindex/FlowPilot.build/Debug-xros/FlowPilot-t.build/Objects-normal/arm64/FlowPilot_const_extract_protocols.json -disable-clang-spi -clang-target arm64-apple-xros27.0 -target-sdk-version 27.0 -target-sdk-name xros27.0 -in-process-plugin-server-path /Applications/Xcode-27.0.0-Release.Candidate.app/Contents/Developer/Toolchains/XcodeDefault.xctoolchain/usr/lib/swift/host/libSwiftInProcPluginServer.dylib -parse-as-library -o /Users/admin/builder/spi-builder-workspace/.derivedData/Build/Intermediates.noindex/FlowPilot.build/Debug-xros/FlowPilot-t.build/Objects-normal/arm64/Router.o -o /Users/admin/builder/spi-builder-workspace/.derivedData/Build/Intermediates.noindex/FlowPilot.build/Debug-xros/FlowPilot-t.build/Objects-normal/arm64/WindowLevelRouter.o -debug-module-path /Users/admin/builder/spi-builder-workspace/.derivedData/Build/Intermediates.noindex/FlowPilot.build/Debug-xros/FlowPilot-t.build/Objects-normal/arm64/FlowPilot.swiftmodule -index-unit-output-path /FlowPilot.build/Debug-xros/FlowPilot-t.build/Objects-normal/arm64/Router.o -index-unit-output-path /FlowPilot.build/Debug-xros/FlowPilot-t.build/Objects-normal/arm64/WindowLevelRouter.o -index-store-path /Users/admin/builder/spi-builder-workspace/.derivedData/Index.noindex/DataStore -index-system-modules
SwiftCompile normal arm64 /Users/admin/builder/spi-builder-workspace/Sources/FlowPilot/Router.swift (in target 'FlowPilot' from project 'FlowPilot')
    cd /Users/admin/builder/spi-builder-workspace/.swiftpm/xcode
    builtin-SwiftPerFileCompile Router.swift
SwiftCompile normal arm64 /Users/admin/builder/spi-builder-workspace/Sources/FlowPilot/WindowLevelRouter.swift (in target 'FlowPilot' from project 'FlowPilot')
    cd /Users/admin/builder/spi-builder-workspace/.swiftpm/xcode
    builtin-SwiftPerFileCompile WindowLevelRouter.swift
SwiftCompile normal arm64 Compiling\ NavigationRouter.swift,\ NavigationRouterWrapper.swift /Users/admin/builder/spi-builder-workspace/Sources/FlowPilot/NavigationRouter.swift /Users/admin/builder/spi-builder-workspace/Sources/FlowPilot/NavigationRouterWrapper.swift (in target 'FlowPilot' from project 'FlowPilot')
SwiftCompile normal arm64 /Users/admin/builder/spi-builder-workspace/Sources/FlowPilot/NavigationRouter.swift (in target 'FlowPilot' from project 'FlowPilot')
    cd /Users/admin/builder/spi-builder-workspace/.swiftpm/xcode
    builtin-SwiftPerFileCompile NavigationRouter.swift
SwiftCompile normal arm64 /Users/admin/builder/spi-builder-workspace/Sources/FlowPilot/NavigationRouterWrapper.swift (in target 'FlowPilot' from project 'FlowPilot')
    cd /Users/admin/builder/spi-builder-workspace/.swiftpm/xcode
    builtin-SwiftPerFileCompile NavigationRouterWrapper.swift
SwiftCompile normal arm64 Compiling\ ResponseParametersCoordinator.swift,\ ResponseRouterCoordinator.swift /Users/admin/builder/spi-builder-workspace/Sources/FlowPilot/Coordinators/ResponseParametersCoordinator.swift /Users/admin/builder/spi-builder-workspace/Sources/FlowPilot/Coordinators/ResponseRouterCoordinator.swift (in target 'FlowPilot' from project 'FlowPilot')
SwiftCompile normal arm64 /Users/admin/builder/spi-builder-workspace/Sources/FlowPilot/Coordinators/ResponseParametersCoordinator.swift (in target 'FlowPilot' from project 'FlowPilot')
    cd /Users/admin/builder/spi-builder-workspace/.swiftpm/xcode
    builtin-SwiftPerFileCompile ResponseParametersCoordinator.swift
SwiftCompile normal arm64 /Users/admin/builder/spi-builder-workspace/Sources/FlowPilot/Coordinators/ResponseRouterCoordinator.swift (in target 'FlowPilot' from project 'FlowPilot')
    cd /Users/admin/builder/spi-builder-workspace/.swiftpm/xcode
    builtin-SwiftPerFileCompile ResponseRouterCoordinator.swift
SwiftCompile normal arm64 Compiling\ AnyRouter.swift,\ Coordinator.swift /Users/admin/builder/spi-builder-workspace/Sources/FlowPilot/AnyRouter.swift /Users/admin/builder/spi-builder-workspace/Sources/FlowPilot/Coordinators/Coordinator.swift (in target 'FlowPilot' from project 'FlowPilot')
/Users/admin/builder/spi-builder-workspace/Sources/FlowPilot/AnyRouter.swift:19:25: error: cannot find type 'PlatformViewController' in scope
17 |     /// The closure to invoke when presenting a view controller.
18 |     @usableFromInline
19 |     let presentAction: (PlatformViewController, Bool) -> Void
   |                         `- error: cannot find type 'PlatformViewController' in scope
20 |
21 |     /// The closure to invoke when dismissing a view controller.
/Users/admin/builder/spi-builder-workspace/Sources/FlowPilot/AnyRouter.swift:39:47: error: cannot find type 'PlatformViewController' in scope
37 |      */
38 |     @inlinable
39 |     init(presentAction: @escaping @MainActor (PlatformViewController, Bool) -> Void,
   |                                               `- error: cannot find type 'PlatformViewController' in scope
40 |          dismissAction: @escaping @MainActor (Bool, (() -> Void)?) -> Void,
41 |          dismissRouterAction: @escaping @MainActor (Bool, (() -> Void)?) -> Void) {
/Users/admin/builder/spi-builder-workspace/Sources/FlowPilot/AnyRouter.swift:57:43: error: cannot find type 'PlatformViewController' in scope
55 |      */
56 |     @inlinable
57 |     public func present(_ viewController: PlatformViewController, animated: Bool) {
   |                                           `- error: cannot find type 'PlatformViewController' in scope
58 |         presentAction(viewController, animated)
59 |     }
SwiftCompile normal arm64 /Users/admin/builder/spi-builder-workspace/Sources/FlowPilot/AnyRouter.swift (in target 'FlowPilot' from project 'FlowPilot')
    cd /Users/admin/builder/spi-builder-workspace/.swiftpm/xcode
    builtin-SwiftPerFileCompile AnyRouter.swift
SwiftCompile normal arm64 /Users/admin/builder/spi-builder-workspace/Sources/FlowPilot/Coordinators/Coordinator.swift (in target 'FlowPilot' from project 'FlowPilot')
    cd /Users/admin/builder/spi-builder-workspace/.swiftpm/xcode
    builtin-SwiftPerFileCompile Coordinator.swift
SwiftCompile normal arm64 Compiling\ CoordinatorPreview.swift,\ ParametersRouterCoordinator.swift /Users/admin/builder/spi-builder-workspace/Sources/FlowPilot/Coordinators/CoordinatorPreview.swift /Users/admin/builder/spi-builder-workspace/Sources/FlowPilot/Coordinators/ParametersRouterCoordinator.swift (in target 'FlowPilot' from project 'FlowPilot')
SwiftCompile normal arm64 /Users/admin/builder/spi-builder-workspace/Sources/FlowPilot/Coordinators/CoordinatorPreview.swift (in target 'FlowPilot' from project 'FlowPilot')
    cd /Users/admin/builder/spi-builder-workspace/.swiftpm/xcode
    builtin-SwiftPerFileCompile CoordinatorPreview.swift
SwiftCompile normal arm64 /Users/admin/builder/spi-builder-workspace/Sources/FlowPilot/Coordinators/ParametersRouterCoordinator.swift (in target 'FlowPilot' from project 'FlowPilot')
    cd /Users/admin/builder/spi-builder-workspace/.swiftpm/xcode
    builtin-SwiftPerFileCompile ParametersRouterCoordinator.swift
SwiftDriverJobDiscovery normal arm64 Compiling WindowRouter.swift (in target 'FlowPilot' from project 'FlowPilot')
SwiftDriverJobDiscovery normal arm64 Compiling NavigationRouter.swift, NavigationRouterWrapper.swift (in target 'FlowPilot' from project 'FlowPilot')
SwiftDriverJobDiscovery normal arm64 Compiling WindowNavigationRouter.swift (in target 'FlowPilot' from project 'FlowPilot')
SwiftDriverJobDiscovery normal arm64 Compiling ModalNavigationRouter.swift, ModalRouter.swift (in target 'FlowPilot' from project 'FlowPilot')
PruneExplicitPrecompiledModules /Users/admin/builder/spi-builder-workspace/.derivedData/Build/Intermediates.noindex/ExplicitPrecompiledModules
PruneExplicitPrecompiledModules /Users/admin/builder/spi-builder-workspace/.derivedData/Build/Intermediates.noindex/SwiftExplicitPrecompiledModules
PruneExplicitPrecompiledModules /Users/admin/builder/spi-builder-workspace/.derivedData/SDKExplicitPrecompiledModules
2026-09-24 06:31:23.574 xcodebuild[762:4593] [MT] IDERunDestination: Supported platforms for the buildables in the current scheme is empty.
** BUILD FAILED **
The following build commands failed:
	SwiftCompile normal arm64 Compiling\ Router.swift,\ WindowLevelRouter.swift /Users/admin/builder/spi-builder-workspace/Sources/FlowPilot/Router.swift /Users/admin/builder/spi-builder-workspace/Sources/FlowPilot/WindowLevelRouter.swift (in target 'FlowPilot' from project 'FlowPilot')
	SwiftCompile normal arm64 /Users/admin/builder/spi-builder-workspace/Sources/FlowPilot/Router.swift (in target 'FlowPilot' from project 'FlowPilot')
	Building workspace FlowPilot with scheme FlowPilot-Package
(3 failures)
Command line invocation:
    /Applications/Xcode-27.0.0-Release.Candidate.app/Contents/Developer/usr/bin/xcodebuild -IDEClonedSourcePackagesDirPathOverride=/Users/admin/builder/spi-builder-workspace/.dependencies -resolvePackageDependencies
Resolve Package Graph
Resolved source packages:
  FlowPilot: /Users/admin/builder/spi-builder-workspace
  CleevioCore: https://github.com/cleevio/CleevioCore.git @ 2.2.0
  swift-collections: https://github.com/apple/swift-collections @ 1.7.0
  FloatingPanel: https://github.com/scenee/FloatingPanel @ 3.0.1
resolved source packages: FlowPilot, CleevioCore, swift-collections, FloatingPanel
2026-09-24 06:31:33.719 xcodebuild[965:5492] [MT] IDERunDestination: Supported platforms for the buildables in the current scheme is empty.
{
  "dependencies" : [
    {
      "identity" : "cleeviocore",
      "requirement" : {
        "range" : [
          {
            "lower_bound" : "2.0.0",
            "upper_bound" : "3.0.0"
          }
        ]
      },
      "type" : "sourceControl",
      "url" : "https://github.com/cleevio/CleevioCore.git"
    },
    {
      "identity" : "floatingpanel",
      "requirement" : {
        "range" : [
          {
            "lower_bound" : "2.6.0",
            "upper_bound" : "3.1.0"
          }
        ]
      },
      "type" : "sourceControl",
      "url" : "https://github.com/scenee/FloatingPanel"
    },
    {
      "identity" : "swift-collections",
      "requirement" : {
        "range" : [
          {
            "lower_bound" : "1.0.0",
            "upper_bound" : "2.0.0"
          }
        ]
      },
      "type" : "sourceControl",
      "url" : "https://github.com/apple/swift-collections"
    }
  ],
  "manifest_display_name" : "FlowPilot",
  "name" : "FlowPilot",
  "path" : "/Users/admin/builder/spi-builder-workspace",
  "platforms" : [
    {
      "name" : "ios",
      "version" : "13.0"
    }
  ],
  "products" : [
    {
      "name" : "FlowPilot",
      "targets" : [
        "FlowPilot"
      ],
      "type" : {
        "library" : [
          "automatic"
        ]
      }
    },
    {
      "name" : "FlowPilotFloatingRouters",
      "targets" : [
        "FlowPilotFloatingRouters"
      ],
      "type" : {
        "library" : [
          "automatic"
        ]
      }
    },
    {
      "name" : "FlowPilotLegacyCombineCoordinators",
      "targets" : [
        "FlowPilotLegacyCombineCoordinators"
      ],
      "type" : {
        "library" : [
          "automatic"
        ]
      }
    }
  ],
  "swift_languages_versions" : [
    "5",
    "6"
  ],
  "targets" : [
    {
      "c99name" : "FlowPilotTests",
      "module_type" : "SwiftTarget",
      "name" : "FlowPilotTests",
      "path" : "Tests/FlowPilotTests",
      "sources" : [
        "CleevioRoutersTests.swift",
        "CoordinatorTests.swift",
        "ResponseRouterCoordinatorTests.swift",
        "RouterCoordinatorTests.swift",
        "TestCoordinator.swift"
      ],
      "target_dependencies" : [
        "FlowPilot"
      ],
      "type" : "test"
    },
    {
      "c99name" : "FlowPilotLegacyCombineCoordinators",
      "module_type" : "SwiftTarget",
      "name" : "FlowPilotLegacyCombineCoordinators",
      "path" : "Sources/FlowPilotLegacyCombineCoordinators",
      "product_dependencies" : [
        "CleevioCore"
      ],
      "product_memberships" : [
        "FlowPilotLegacyCombineCoordinators"
      ],
      "sources" : [
        "BaseCoordinator.swift",
        "Coordinator.swift",
        "LegacyRouterCoordinator.swift",
        "Router+.swift"
      ],
      "target_dependencies" : [
        "FlowPilot"
      ],
      "type" : "library"
    },
    {
      "c99name" : "FlowPilotFloatingRouters",
      "module_type" : "SwiftTarget",
      "name" : "FlowPilotFloatingRouters",
      "path" : "Sources/FlowPilotFloatingRouters",
      "product_dependencies" : [
        "FloatingPanel"
      ],
      "product_memberships" : [
        "FlowPilotFloatingRouters"
      ],
      "sources" : [
        "FloatingNavigationRouter.swift",
        "FloatingPanelDelegate.swift",
        "FloatingPanelStickerHeaderDelegate.swift",
        "FloatingRouter.swift"
      ],
      "target_dependencies" : [
        "FlowPilot"
      ],
      "type" : "library"
    },
    {
      "c99name" : "FlowPilot",
      "module_type" : "SwiftTarget",
      "name" : "FlowPilot",
      "path" : "Sources/FlowPilot",
      "product_dependencies" : [
        "CleevioCore",
        "OrderedCollections"
      ],
      "product_memberships" : [
        "FlowPilot",
        "FlowPilotFloatingRouters",
        "FlowPilotLegacyCombineCoordinators"
      ],
      "sources" : [
        "AnyRouter.swift",
        "Coordinators/Coordinator.swift",
        "Coordinators/CoordinatorPreview.swift",
        "Coordinators/ParametersRouterCoordinator.swift",
        "Coordinators/ResponseParametersCoordinator.swift",
        "Coordinators/ResponseRouterCoordinator.swift",
        "Coordinators/RouterCoordinator.swift",
        "IdentifiedHashableType.swift",
        "ModalNavigationRouter.swift",
        "ModalRouter.swift",
        "NavigationRouter.swift",
        "NavigationRouterWrapper.swift",
        "Router.swift",
        "WindowLevelRouter.swift",
        "WindowNavigationRouter.swift",
        "WindowRouter.swift",
        "shouldAnimateTransition.swift"
      ],
      "type" : "library"
    }
  ],
  "tools_version" : "6.0"
}
{
  "workspace" : {
    "name" : "FlowPilot",
    "schemes" : [
      "FlowPilot",
      "FlowPilot-Package",
      "FlowPilotFloatingRouters",
      "FlowPilotLegacyCombineCoordinators"
    ]
  }
}
2026-09-24 06:31:35.297 xcodebuild[973:5563] [MT] IDERunDestination: Supported platforms for the buildables in the current scheme is empty.
{
  "workspace" : {
    "name" : "FlowPilot",
    "schemes" : [
      "FlowPilot",
      "FlowPilot-Package",
      "FlowPilotFloatingRouters",
      "FlowPilotLegacyCombineCoordinators"
    ]
  }
}
2026-09-24 06:31:36.569 xcodebuild[975:5599] [MT] IDERunDestination: Supported platforms for the buildables in the current scheme is empty.
Running build ...
env DEVELOPER_DIR=/Applications/Xcode-27.0.0-Release.Candidate.app xcrun xcodebuild -IDEClonedSourcePackagesDirPathOverride=$PWD/.dependencies -skipMacroValidation -skipPackagePluginValidation -derivedDataPath $PWD/.derivedData build -scheme FlowPilot-Package -destination generic/platform=xrOS
Command line invocation:
    /Applications/Xcode-27.0.0-Release.Candidate.app/Contents/Developer/usr/bin/xcodebuild -IDEClonedSourcePackagesDirPathOverride=/Users/admin/builder/spi-builder-workspace/.dependencies -skipMacroValidation -skipPackagePluginValidation -derivedDataPath /Users/admin/builder/spi-builder-workspace/.derivedData build -scheme FlowPilot-Package -destination generic/platform=xrOS
Resolve Package Graph
Resolved source packages:
  CleevioCore: https://github.com/cleevio/CleevioCore.git @ 2.2.0
  FloatingPanel: https://github.com/scenee/FloatingPanel @ 3.0.1
  FlowPilot: /Users/admin/builder/spi-builder-workspace
  swift-collections: https://github.com/apple/swift-collections @ 1.7.0
ComputePackagePrebuildTargetDependencyGraph
Prepare packages
CreateBuildRequest
SendProjectDescription
CreateBuildOperation
ComputeTargetDependencyGraph
note: Building targets in dependency order
note: Target dependency graph (11 targets)
    Target 'FlowPilotLegacyCombineCoordinators-product' in project 'FlowPilot'
        ➜ Explicit dependency on target 'FlowPilotLegacyCombineCoordinators' in project 'FlowPilot'
        ➜ Explicit dependency on target 'FlowPilot' in project 'FlowPilot'
        ➜ Explicit dependency on target 'CleevioCore-product' in project 'CleevioCore'
        ➜ Explicit dependency on target 'OrderedCollections-product' in project 'swift-collections'
    Target 'FlowPilotLegacyCombineCoordinators' in project 'FlowPilot'
        ➜ Explicit dependency on target 'FlowPilot' in project 'FlowPilot'
        ➜ Explicit dependency on target 'CleevioCore-product' in project 'CleevioCore'
        ➜ Explicit dependency on target 'OrderedCollections-product' in project 'swift-collections'
    Target 'FlowPilotFloatingRouters-product' in project 'FlowPilot'
        ➜ Explicit dependency on target 'FlowPilotFloatingRouters' in project 'FlowPilot'
        ➜ Explicit dependency on target 'FlowPilot' in project 'FlowPilot'
        ➜ Explicit dependency on target 'CleevioCore-product' in project 'CleevioCore'
        ➜ Explicit dependency on target 'OrderedCollections-product' in project 'swift-collections'
    Target 'FlowPilotFloatingRouters' in project 'FlowPilot'
        ➜ Explicit dependency on target 'FlowPilot' in project 'FlowPilot'
        ➜ Explicit dependency on target 'CleevioCore-product' in project 'CleevioCore'
        ➜ Explicit dependency on target 'OrderedCollections-product' in project 'swift-collections'
    Target 'FlowPilot-product' in project 'FlowPilot'
        ➜ Explicit dependency on target 'FlowPilot' in project 'FlowPilot'
        ➜ Explicit dependency on target 'CleevioCore-product' in project 'CleevioCore'
        ➜ Explicit dependency on target 'OrderedCollections-product' in project 'swift-collections'
    Target 'FlowPilot' in project 'FlowPilot'
        ➜ Explicit dependency on target 'CleevioCore-product' in project 'CleevioCore'
        ➜ Explicit dependency on target 'OrderedCollections-product' in project 'swift-collections'
    Target 'OrderedCollections-product' in project 'swift-collections'
        ➜ Explicit dependency on target 'OrderedCollections' in project 'swift-collections'
        ➜ Explicit dependency on target 'InternalCollectionsUtilities' in project 'swift-collections'
    Target 'OrderedCollections' in project 'swift-collections'
        ➜ Explicit dependency on target 'InternalCollectionsUtilities' in project 'swift-collections'
    Target 'InternalCollectionsUtilities' in project 'swift-collections' (no dependencies)
    Target 'CleevioCore-product' in project 'CleevioCore'
        ➜ Explicit dependency on target 'CleevioCore' in project 'CleevioCore'
    Target 'CleevioCore' in project 'CleevioCore' (no dependencies)
GatherProvisioningInputs
CreateBuildDescription
ClangStatCache /Applications/Xcode-27.0.0-Release.Candidate.app/Contents/Developer/Toolchains/XcodeDefault.xctoolchain/usr/bin/clang-stat-cache /Applications/Xcode-27.0.0-Release.Candidate.app/Contents/Developer/Platforms/XROS.platform/Developer/SDKs/XROS27.0.sdk /Users/admin/builder/spi-builder-workspace/.derivedData/SDKStatCaches.noindex/xros27.0-24M361-e829b21a6f8c9b70876ba0858053c044735bd543db762f57723cac368afd1ce4.sdkstatcache
    cd /Users/admin/builder/spi-builder-workspace/.swiftpm/xcode
    /Applications/Xcode-27.0.0-Release.Candidate.app/Contents/Developer/Toolchains/XcodeDefault.xctoolchain/usr/bin/clang-stat-cache /Applications/Xcode-27.0.0-Release.Candidate.app/Contents/Developer/Platforms/XROS.platform/Developer/SDKs/XROS27.0.sdk -o /Users/admin/builder/spi-builder-workspace/.derivedData/SDKStatCaches.noindex/xros27.0-24M361-e829b21a6f8c9b70876ba0858053c044735bd543db762f57723cac368afd1ce4.sdkstatcache
SwiftDriver FlowPilot normal arm64 com.apple.xcode.tools.swift.compiler (in target 'FlowPilot' from project 'FlowPilot')
    cd /Users/admin/builder/spi-builder-workspace/.swiftpm/xcode
    builtin-SwiftDriver -- /Applications/Xcode-27.0.0-Release.Candidate.app/Contents/Developer/Toolchains/XcodeDefault.xctoolchain/usr/bin/swiftc -parse-as-library -module-name FlowPilot -Onone @/Users/admin/builder/spi-builder-workspace/.derivedData/Build/Intermediates.noindex/FlowPilot.build/Debug-xros/FlowPilot-t.build/Objects-normal/arm64/FlowPilot.SwiftFileList -DSWIFT_PACKAGE -DDEBUG -DSWIFT_MODULE_RESOURCE_BUNDLE_UNAVAILABLE -DXcode -plugin-path /Applications/Xcode-27.0.0-Release.Candidate.app/Contents/Developer/Toolchains/XcodeDefault.xctoolchain/usr/lib/swift/host/plugins/testing -enable-experimental-feature DebugDescriptionMacro -sdk /Applications/Xcode-27.0.0-Release.Candidate.app/Contents/Developer/Platforms/XROS.platform/Developer/SDKs/XROS27.0.sdk -target arm64-apple-xros1.0 -g -module-cache-path /Users/admin/builder/spi-builder-workspace/.derivedData/ModuleCache.noindex -Xfrontend -serialize-debugging-options -profile-coverage-mapping -profile-generate -enable-testing -index-store-path /Users/admin/builder/spi-builder-workspace/.derivedData/Index.noindex/DataStore -Xcc -D_LIBCPP_HARDENING_MODE\=_LIBCPP_HARDENING_MODE_DEBUG -swift-version 6 -I /Users/admin/builder/spi-builder-workspace/.derivedData/Build/Products/Debug-xros -Isystem /Applications/Xcode-27.0.0-Release.Candidate.app/Contents/Developer/Platforms/XROS.platform/Developer/usr/lib -F /Users/admin/builder/spi-builder-workspace/.derivedData/Build/Products/Debug-xros/PackageFrameworks -F /Users/admin/builder/spi-builder-workspace/.derivedData/Build/Products/Debug-xros -F /Applications/Xcode-27.0.0-Release.Candidate.app/Contents/Developer/Platforms/XROS.platform/Developer/Library/Frameworks -F /Applications/Xcode-27.0.0-Release.Candidate.app/Contents/Developer/Platforms/XROS.platform/Developer/SDKs/XROS27.0.sdk/Developer/Library/Frameworks -c -j10 -enable-batch-mode -incremental -Xcc -ivfsstatcache -Xcc /Users/admin/builder/spi-builder-workspace/.derivedData/SDKStatCaches.noindex/xros27.0-24M361-e829b21a6f8c9b70876ba0858053c044735bd543db762f57723cac368afd1ce4.sdkstatcache -output-file-map /Users/admin/builder/spi-builder-workspace/.derivedData/Build/Intermediates.noindex/FlowPilot.build/Debug-xros/FlowPilot-t.build/Objects-normal/arm64/FlowPilot-OutputFileMap.json -save-temps -no-color-diagnostics -explicit-module-build -module-cache-path /Users/admin/builder/spi-builder-workspace/.derivedData/Build/Intermediates.noindex/SwiftExplicitPrecompiledModules -clang-scanner-module-cache-path /Users/admin/builder/spi-builder-workspace/.derivedData/ModuleCache.noindex -sdk-module-cache-path /Users/admin/builder/spi-builder-workspace/.derivedData/SDKExplicitPrecompiledModules -emit-dependencies -emit-module -emit-module-path /Users/admin/builder/spi-builder-workspace/.derivedData/Build/Intermediates.noindex/FlowPilot.build/Debug-xros/FlowPilot-t.build/Objects-normal/arm64/FlowPilot.swiftmodule -serialize-diagnostics -dependency-scan-serialize-diagnostics-path /Users/admin/builder/spi-builder-workspace/.derivedData/Build/Intermediates.noindex/FlowPilot.build/Debug-xros/FlowPilot-t.build/Objects-normal/arm64/FlowPilot-dependency-scan.dia -validate-clang-modules-once -clang-build-session-file /Users/admin/builder/spi-builder-workspace/.derivedData/ModuleCache.noindex/Session.modulevalidation -Xcc -fmodules-prune-interval\=86400 -Xcc -fmodules-prune-after\=345600 -package-name spi_builder_workspace -emit-const-values -const-gather-protocols-list /Users/admin/builder/spi-builder-workspace/.derivedData/Build/Intermediates.noindex/FlowPilot.build/Debug-xros/FlowPilot-t.build/Objects-normal/arm64/FlowPilot_const_extract_protocols.json -Xcc -I/Users/admin/builder/spi-builder-workspace/.derivedData/Build/Products/Debug-xros/include -Xcc -I/Users/admin/builder/spi-builder-workspace/.derivedData/Build/Intermediates.noindex/FlowPilot.build/Debug-xros/FlowPilot-t.build/DerivedSources-normal/arm64 -Xcc -I/Users/admin/builder/spi-builder-workspace/.derivedData/Build/Intermediates.noindex/FlowPilot.build/Debug-xros/FlowPilot-t.build/DerivedSources/arm64 -Xcc -I/Users/admin/builder/spi-builder-workspace/.derivedData/Build/Intermediates.noindex/FlowPilot.build/Debug-xros/FlowPilot-t.build/DerivedSources -Xcc -DSWIFT_PACKAGE -Xcc -DDEBUG\=1 -emit-objc-header -emit-objc-header-path /Users/admin/builder/spi-builder-workspace/.derivedData/Build/Intermediates.noindex/FlowPilot.build/Debug-xros/FlowPilot-t.build/Objects-normal/arm64/FlowPilot-Swift.h -working-directory /Users/admin/builder/spi-builder-workspace/.swiftpm/xcode -experimental-emit-module-separately -disable-cmo
SwiftCompile normal arm64 Compiling\ ParametersRouterCoordinator.swift /Users/admin/builder/spi-builder-workspace/Sources/FlowPilot/Coordinators/ParametersRouterCoordinator.swift (in target 'FlowPilot' from project 'FlowPilot')
SwiftCompile normal arm64 /Users/admin/builder/spi-builder-workspace/Sources/FlowPilot/Coordinators/ParametersRouterCoordinator.swift (in target 'FlowPilot' from project 'FlowPilot')
    cd /Users/admin/builder/spi-builder-workspace/.swiftpm/xcode
    builtin-SwiftPerFileCompile ParametersRouterCoordinator.swift
/Users/admin/builder/spi-builder-workspace/Sources/FlowPilot/Coordinators/Coordinator.swift:96:62: error: cannot find type 'PlatformViewController' in scope
 94 |
 95 |     /// The view controllers that this coordinator manages. The lifetime of this `Coordinator` object is tied to the lifetime of the view controllers.
 96 |     public private(set) final var viewControllers: WeakArray<PlatformViewController> = .init([])
    |                                                              `- error: cannot find type 'PlatformViewController' in scope
 97 |
 98 |     /// The root view controller managed by this coordinator.
/Users/admin/builder/spi-builder-workspace/Sources/FlowPilot/Coordinators/Coordinator.swift:99:34: error: cannot find type 'PlatformViewController' in scope
 97 |
 98 |     /// The root view controller managed by this coordinator.
 99 |     open var rootViewController: PlatformViewController {
    |                                  `- error: cannot find type 'PlatformViewController' in scope
100 |         get throws {
101 |             guard let rootViewController = viewControllers.lazy.compactMap({ $0 }).first else {
/Users/admin/builder/spi-builder-workspace/Sources/FlowPilot/Coordinators/Coordinator.swift:100:9: error: getter of noncopyable type cannot be 'async' or 'throws'
 98 |     /// The root view controller managed by this coordinator.
 99 |     open var rootViewController: PlatformViewController {
100 |         get throws {
    |         `- error: getter of noncopyable type cannot be 'async' or 'throws'
101 |             guard let rootViewController = viewControllers.lazy.compactMap({ $0 }).first else {
102 |                 throw RootViewControllerNotFound(viewControllerCount: viewControllers.count)
/Users/admin/builder/spi-builder-workspace/Sources/FlowPilot/Coordinators/RouterCoordinator.swift:71:46: error: cannot find type 'PlatformViewController' in scope
69 |      */
70 |     @inlinable
71 |     open func present(_ viewController: some PlatformViewController, animated: Bool) {
   |                                              `- error: cannot find type 'PlatformViewController' in scope
72 |         setAssociatedViewController(viewController)
73 |         #if canImport(UIKit)
SwiftCompile normal arm64 Compiling\ ResponseRouterCoordinator.swift /Users/admin/builder/spi-builder-workspace/Sources/FlowPilot/Coordinators/ResponseRouterCoordinator.swift (in target 'FlowPilot' from project 'FlowPilot')
SwiftCompile normal arm64 /Users/admin/builder/spi-builder-workspace/Sources/FlowPilot/Coordinators/ResponseRouterCoordinator.swift (in target 'FlowPilot' from project 'FlowPilot')
    cd /Users/admin/builder/spi-builder-workspace/.swiftpm/xcode
    builtin-SwiftPerFileCompile ResponseRouterCoordinator.swift
/Users/admin/builder/spi-builder-workspace/Sources/FlowPilot/Coordinators/Coordinator.swift:96:62: error: cannot find type 'PlatformViewController' in scope
 94 |
 95 |     /// The view controllers that this coordinator manages. The lifetime of this `Coordinator` object is tied to the lifetime of the view controllers.
 96 |     public private(set) final var viewControllers: WeakArray<PlatformViewController> = .init([])
    |                                                              `- error: cannot find type 'PlatformViewController' in scope
 97 |
 98 |     /// The root view controller managed by this coordinator.
/Users/admin/builder/spi-builder-workspace/Sources/FlowPilot/Coordinators/Coordinator.swift:99:34: error: cannot find type 'PlatformViewController' in scope
 97 |
 98 |     /// The root view controller managed by this coordinator.
 99 |     open var rootViewController: PlatformViewController {
    |                                  `- error: cannot find type 'PlatformViewController' in scope
100 |         get throws {
101 |             guard let rootViewController = viewControllers.lazy.compactMap({ $0 }).first else {
SwiftCompile normal arm64 Compiling\ ResponseParametersCoordinator.swift /Users/admin/builder/spi-builder-workspace/Sources/FlowPilot/Coordinators/ResponseParametersCoordinator.swift (in target 'FlowPilot' from project 'FlowPilot')
/Users/admin/builder/spi-builder-workspace/Sources/FlowPilot/Coordinators/Coordinator.swift:96:62: error: cannot find type 'PlatformViewController' in scope
 94 |
 95 |     /// The view controllers that this coordinator manages. The lifetime of this `Coordinator` object is tied to the lifetime of the view controllers.
 96 |     public private(set) final var viewControllers: WeakArray<PlatformViewController> = .init([])
    |                                                              `- error: cannot find type 'PlatformViewController' in scope
 97 |
 98 |     /// The root view controller managed by this coordinator.
/Users/admin/builder/spi-builder-workspace/Sources/FlowPilot/Coordinators/Coordinator.swift:99:34: error: cannot find type 'PlatformViewController' in scope
 97 |
 98 |     /// The root view controller managed by this coordinator.
 99 |     open var rootViewController: PlatformViewController {
    |                                  `- error: cannot find type 'PlatformViewController' in scope
100 |         get throws {
101 |             guard let rootViewController = viewControllers.lazy.compactMap({ $0 }).first else {
SwiftCompile normal arm64 /Users/admin/builder/spi-builder-workspace/Sources/FlowPilot/Coordinators/ResponseParametersCoordinator.swift (in target 'FlowPilot' from project 'FlowPilot')
    cd /Users/admin/builder/spi-builder-workspace/.swiftpm/xcode
    builtin-SwiftPerFileCompile ResponseParametersCoordinator.swift
SwiftCompile normal arm64 Compiling\ CoordinatorPreview.swift /Users/admin/builder/spi-builder-workspace/Sources/FlowPilot/Coordinators/CoordinatorPreview.swift (in target 'FlowPilot' from project 'FlowPilot')
SwiftCompile normal arm64 /Users/admin/builder/spi-builder-workspace/Sources/FlowPilot/Coordinators/CoordinatorPreview.swift (in target 'FlowPilot' from project 'FlowPilot')
    cd /Users/admin/builder/spi-builder-workspace/.swiftpm/xcode
    builtin-SwiftPerFileCompile CoordinatorPreview.swift
SwiftCompile normal arm64 Compiling\ AnyRouter.swift,\ Coordinator.swift /Users/admin/builder/spi-builder-workspace/Sources/FlowPilot/AnyRouter.swift /Users/admin/builder/spi-builder-workspace/Sources/FlowPilot/Coordinators/Coordinator.swift (in target 'FlowPilot' from project 'FlowPilot')
/Users/admin/builder/spi-builder-workspace/Sources/FlowPilot/AnyRouter.swift:19:25: error: cannot find type 'PlatformViewController' in scope
17 |     /// The closure to invoke when presenting a view controller.
18 |     @usableFromInline
19 |     let presentAction: (PlatformViewController, Bool) -> Void
   |                         `- error: cannot find type 'PlatformViewController' in scope
20 |
21 |     /// The closure to invoke when dismissing a view controller.
/Users/admin/builder/spi-builder-workspace/Sources/FlowPilot/AnyRouter.swift:39:47: error: cannot find type 'PlatformViewController' in scope
37 |      */
38 |     @inlinable
39 |     init(presentAction: @escaping @MainActor (PlatformViewController, Bool) -> Void,
   |                                               `- error: cannot find type 'PlatformViewController' in scope
40 |          dismissAction: @escaping @MainActor (Bool, (() -> Void)?) -> Void,
41 |          dismissRouterAction: @escaping @MainActor (Bool, (() -> Void)?) -> Void) {
/Users/admin/builder/spi-builder-workspace/Sources/FlowPilot/AnyRouter.swift:57:43: error: cannot find type 'PlatformViewController' in scope
55 |      */
56 |     @inlinable
57 |     public func present(_ viewController: PlatformViewController, animated: Bool) {
   |                                           `- error: cannot find type 'PlatformViewController' in scope
58 |         presentAction(viewController, animated)
59 |     }
SwiftCompile normal arm64 /Users/admin/builder/spi-builder-workspace/Sources/FlowPilot/AnyRouter.swift (in target 'FlowPilot' from project 'FlowPilot')
    cd /Users/admin/builder/spi-builder-workspace/.swiftpm/xcode
    builtin-SwiftPerFileCompile AnyRouter.swift
SwiftCompile normal arm64 /Users/admin/builder/spi-builder-workspace/Sources/FlowPilot/Coordinators/Coordinator.swift (in target 'FlowPilot' from project 'FlowPilot')
    cd /Users/admin/builder/spi-builder-workspace/.swiftpm/xcode
    builtin-SwiftPerFileCompile Coordinator.swift
SwiftCompile normal arm64 Compiling\ Router.swift /Users/admin/builder/spi-builder-workspace/Sources/FlowPilot/Router.swift (in target 'FlowPilot' from project 'FlowPilot')
/Users/admin/builder/spi-builder-workspace/Sources/FlowPilot/Router.swift:20:47: error: cannot find type 'PlatformViewController' in scope
18 |     ///   - viewController: The view controller to present.
19 |     ///   - animated: A Boolean value that indicates whether the presentation should be animated.
20 |     @MainActor func present(_ viewController: PlatformViewController, animated: Bool)
   |                                               `- error: cannot find type 'PlatformViewController' in scope
21 |
22 |     /// Dismisses a view controller.
/Users/admin/builder/spi-builder-workspace/Sources/FlowPilot/AnyRouter.swift:39:47: error: cannot find type 'PlatformViewController' in scope
37 |      */
38 |     @inlinable
39 |     init(presentAction: @escaping @MainActor (PlatformViewController, Bool) -> Void,
   |                                               `- error: cannot find type 'PlatformViewController' in scope
40 |          dismissAction: @escaping @MainActor (Bool, (() -> Void)?) -> Void,
41 |          dismissRouterAction: @escaping @MainActor (Bool, (() -> Void)?) -> Void) {
Failed frontend command:
/Applications/Xcode-27.0.0-Release.Candidate.app/Contents/Developer/Toolchains/XcodeDefault.xctoolchain/usr/bin/swift-frontend -frontend -c /Users/admin/builder/spi-builder-workspace/Sources/FlowPilot/AnyRouter.swift /Users/admin/builder/spi-builder-workspace/Sources/FlowPilot/Coordinators/Coordinator.swift /Users/admin/builder/spi-builder-workspace/Sources/FlowPilot/Coordinators/CoordinatorPreview.swift /Users/admin/builder/spi-builder-workspace/Sources/FlowPilot/Coordinators/ParametersRouterCoordinator.swift /Users/admin/builder/spi-builder-workspace/Sources/FlowPilot/Coordinators/ResponseParametersCoordinator.swift /Users/admin/builder/spi-builder-workspace/Sources/FlowPilot/Coordinators/ResponseRouterCoordinator.swift /Users/admin/builder/spi-builder-workspace/Sources/FlowPilot/Coordinators/RouterCoordinator.swift /Users/admin/builder/spi-builder-workspace/Sources/FlowPilot/IdentifiedHashableType.swift /Users/admin/builder/spi-builder-workspace/Sources/FlowPilot/ModalNavigationRouter.swift /Users/admin/builder/spi-builder-workspace/Sources/FlowPilot/ModalRouter.swift /Users/admin/builder/spi-builder-workspace/Sources/FlowPilot/NavigationRouter.swift /Users/admin/builder/spi-builder-workspace/Sources/FlowPilot/NavigationRouterWrapper.swift -primary-file /Users/admin/builder/spi-builder-workspace/Sources/FlowPilot/Router.swift /Users/admin/builder/spi-builder-workspace/Sources/FlowPilot/WindowLevelRouter.swift /Users/admin/builder/spi-builder-workspace/Sources/FlowPilot/WindowNavigationRouter.swift /Users/admin/builder/spi-builder-workspace/Sources/FlowPilot/WindowRouter.swift /Users/admin/builder/spi-builder-workspace/Sources/FlowPilot/shouldAnimateTransition.swift -emit-dependencies-path /Users/admin/builder/spi-builder-workspace/.derivedData/Build/Intermediates.noindex/FlowPilot.build/Debug-xros/FlowPilot-t.build/Objects-normal/arm64/Router.d -emit-const-values-path /Users/admin/builder/spi-builder-workspace/.derivedData/Build/Intermediates.noindex/FlowPilot.build/Debug-xros/FlowPilot-t.build/Objects-normal/arm64/Router.swiftconstvalues -emit-reference-dependencies-path /Users/admin/builder/spi-builder-workspace/.derivedData/Build/Intermediates.noindex/FlowPilot.build/Debug-xros/FlowPilot-t.build/Objects-normal/arm64/Router.swiftdeps -serialize-diagnostics-path /Users/admin/builder/spi-builder-workspace/.derivedData/Build/Intermediates.noindex/FlowPilot.build/Debug-xros/FlowPilot-t.build/Objects-normal/arm64/Router.dia -target arm64-apple-xros1.0 -module-can-import-version UIKit 9127.0.84.1 9127.0.84 -disable-cross-import-overlay-search -load-resolved-plugin /Applications/Xcode-27.0.0-Release.Candidate.app/Contents/Developer/Platforms/XROS.platform/Developer/usr/lib/swift/host/plugins/libFoundationMacros.dylib\#/Applications/Xcode-27.0.0-Release.Candidate.app/Contents/Developer/Platforms/XROS.platform/Developer/usr/bin/swift-plugin-server\#FoundationMacros -load-resolved-plugin /Applications/Xcode-27.0.0-Release.Candidate.app/Contents/Developer/Platforms/XROS.platform/Developer/usr/lib/swift/host/plugins/libObservationMacros.dylib\#/Applications/Xcode-27.0.0-Release.Candidate.app/Contents/Developer/Platforms/XROS.platform/Developer/usr/bin/swift-plugin-server\#ObservationMacros -load-resolved-plugin /Applications/Xcode-27.0.0-Release.Candidate.app/Contents/Developer/Platforms/XROS.platform/Developer/usr/lib/swift/host/plugins/libPreviewsMacros.dylib\#/Applications/Xcode-27.0.0-Release.Candidate.app/Contents/Developer/Platforms/XROS.platform/Developer/usr/bin/swift-plugin-server\#PreviewsMacros -load-resolved-plugin /Applications/Xcode-27.0.0-Release.Candidate.app/Contents/Developer/Platforms/XROS.platform/Developer/usr/lib/swift/host/plugins/libSwiftMacros.dylib\#/Applications/Xcode-27.0.0-Release.Candidate.app/Contents/Developer/Platforms/XROS.platform/Developer/usr/bin/swift-plugin-server\#SwiftMacros -load-resolved-plugin /Applications/Xcode-27.0.0-Release.Candidate.app/Contents/Developer/Platforms/XROS.platform/Developer/usr/lib/swift/host/plugins/libSwiftUIMacros.dylib\#/Applications/Xcode-27.0.0-Release.Candidate.app/Contents/Developer/Platforms/XROS.platform/Developer/usr/bin/swift-plugin-server\#SwiftUIMacros -disable-implicit-swift-modules -Xcc -fno-implicit-modules -Xcc -fno-implicit-module-maps -explicit-swift-module-map-file /Users/admin/builder/spi-builder-workspace/.derivedData/Build/Intermediates.noindex/FlowPilot.build/Debug-xros/FlowPilot-t.build/Objects-normal/arm64/FlowPilot-dependencies-1.json -Xllvm -aarch64-use-tbi -enable-objc-interop -stack-check -sdk /Applications/Xcode-27.0.0-Release.Candidate.app/Contents/Developer/Platforms/XROS.platform/Developer/SDKs/XROS27.0.sdk -I /Users/admin/builder/spi-builder-workspace/.derivedData/Build/Products/Debug-xros -Isystem /Applications/Xcode-27.0.0-Release.Candidate.app/Contents/Developer/Platforms/XROS.platform/Developer/usr/lib -F /Users/admin/builder/spi-builder-workspace/.derivedData/Build/Products/Debug-xros/PackageFrameworks -F /Users/admin/builder/spi-builder-workspace/.derivedData/Build/Products/Debug-xros -F /Applications/Xcode-27.0.0-Release.Candidate.app/Contents/Developer/Platforms/XROS.platform/Developer/Library/Frameworks -F /Applications/Xcode-27.0.0-Release.Candidate.app/Contents/Developer/Platforms/XROS.platform/Developer/SDKs/XROS27.0.sdk/Developer/Library/Frameworks -module-cache-path /Users/admin/builder/spi-builder-workspace/.derivedData/Build/Intermediates.noindex/SwiftExplicitPrecompiledModules -no-color-diagnostics -Xcc -fno-color-diagnostics -enable-testing -g -debug-info-format\=dwarf -dwarf-version\=4 -profile-generate -profile-coverage-mapping -swift-version 6 -Onone -D SWIFT_PACKAGE -D DEBUG -D SWIFT_MODULE_RESOURCE_BUNDLE_UNAVAILABLE -D Xcode -serialize-debugging-options -enable-experimental-feature DebugDescriptionMacro -empty-abi-descriptor -validate-clang-modules-once -clang-build-session-file /Users/admin/builder/spi-builder-workspace/.derivedData/ModuleCache.noindex/Session.modulevalidation -Xcc -working-directory -Xcc /Users/admin/builder/spi-builder-workspace/.swiftpm/xcode -enable-anonymous-context-mangled-names -file-compilation-dir /Users/admin/builder/spi-builder-workspace/.swiftpm/xcode -Xcc -D_LIBCPP_HARDENING_MODE\=_LIBCPP_HARDENING_MODE_DEBUG -Xcc -ivfsstatcache -Xcc /Users/admin/builder/spi-builder-workspace/.derivedData/SDKStatCaches.noindex/xros27.0-24M361-e829b21a6f8c9b70876ba0858053c044735bd543db762f57723cac368afd1ce4.sdkstatcache -Xcc -fmodules-prune-interval\=86400 -Xcc -fmodules-prune-after\=345600 -Xcc -I/Users/admin/builder/spi-builder-workspace/.derivedData/Build/Products/Debug-xros/include -Xcc -I/Users/admin/builder/spi-builder-workspace/.derivedData/Build/Intermediates.noindex/FlowPilot.build/Debug-xros/FlowPilot-t.build/DerivedSources-normal/arm64 -Xcc -I/Users/admin/builder/spi-builder-workspace/.derivedData/Build/Intermediates.noindex/FlowPilot.build/Debug-xros/FlowPilot-t.build/DerivedSources/arm64 -Xcc -I/Users/admin/builder/spi-builder-workspace/.derivedData/Build/Intermediates.noindex/FlowPilot.build/Debug-xros/FlowPilot-t.build/DerivedSources -Xcc -DSWIFT_PACKAGE -Xcc -DDEBUG\=1 -no-auto-bridging-header-chaining -module-name FlowPilot -package-name spi_builder_workspace -const-gather-protocols-file /Users/admin/builder/spi-builder-workspace/.derivedData/Build/Intermediates.noindex/FlowPilot.build/Debug-xros/FlowPilot-t.build/Objects-normal/arm64/FlowPilot_const_extract_protocols.json -disable-clang-spi -clang-target arm64-apple-xros27.0 -target-sdk-version 27.0 -target-sdk-name xros27.0 -in-process-plugin-server-path /Applications/Xcode-27.0.0-Release.Candidate.app/Contents/Developer/Toolchains/XcodeDefault.xctoolchain/usr/lib/swift/host/libSwiftInProcPluginServer.dylib -parse-as-library -o /Users/admin/builder/spi-builder-workspace/.derivedData/Build/Intermediates.noindex/FlowPilot.build/Debug-xros/FlowPilot-t.build/Objects-normal/arm64/Router.o -debug-module-path /Users/admin/builder/spi-builder-workspace/.derivedData/Build/Intermediates.noindex/FlowPilot.build/Debug-xros/FlowPilot-t.build/Objects-normal/arm64/FlowPilot.swiftmodule -index-unit-output-path /FlowPilot.build/Debug-xros/FlowPilot-t.build/Objects-normal/arm64/Router.o -index-store-path /Users/admin/builder/spi-builder-workspace/.derivedData/Index.noindex/DataStore -index-system-modules
SwiftCompile normal arm64 /Users/admin/builder/spi-builder-workspace/Sources/FlowPilot/Router.swift (in target 'FlowPilot' from project 'FlowPilot')
    cd /Users/admin/builder/spi-builder-workspace/.swiftpm/xcode
    builtin-SwiftPerFileCompile Router.swift
SwiftCompile normal arm64 Compiling\ IdentifiedHashableType.swift /Users/admin/builder/spi-builder-workspace/Sources/FlowPilot/IdentifiedHashableType.swift (in target 'FlowPilot' from project 'FlowPilot')
SwiftCompile normal arm64 /Users/admin/builder/spi-builder-workspace/Sources/FlowPilot/IdentifiedHashableType.swift (in target 'FlowPilot' from project 'FlowPilot')
    cd /Users/admin/builder/spi-builder-workspace/.swiftpm/xcode
    builtin-SwiftPerFileCompile IdentifiedHashableType.swift
SwiftEmitModule normal arm64 Emitting\ module\ for\ FlowPilot (in target 'FlowPilot' from project 'FlowPilot')
/Users/admin/builder/spi-builder-workspace/Sources/FlowPilot/AnyRouter.swift:19:25: error: cannot find type 'PlatformViewController' in scope
17 |     /// The closure to invoke when presenting a view controller.
18 |     @usableFromInline
19 |     let presentAction: (PlatformViewController, Bool) -> Void
   |                         `- error: cannot find type 'PlatformViewController' in scope
20 |
21 |     /// The closure to invoke when dismissing a view controller.
/Users/admin/builder/spi-builder-workspace/Sources/FlowPilot/AnyRouter.swift:39:47: error: cannot find type 'PlatformViewController' in scope
37 |      */
38 |     @inlinable
39 |     init(presentAction: @escaping @MainActor (PlatformViewController, Bool) -> Void,
   |                                               `- error: cannot find type 'PlatformViewController' in scope
40 |          dismissAction: @escaping @MainActor (Bool, (() -> Void)?) -> Void,
41 |          dismissRouterAction: @escaping @MainActor (Bool, (() -> Void)?) -> Void) {
/Users/admin/builder/spi-builder-workspace/Sources/FlowPilot/AnyRouter.swift:57:43: error: cannot find type 'PlatformViewController' in scope
55 |      */
56 |     @inlinable
57 |     public func present(_ viewController: PlatformViewController, animated: Bool) {
   |                                           `- error: cannot find type 'PlatformViewController' in scope
58 |         presentAction(viewController, animated)
59 |     }
SwiftCompile normal arm64 (in target 'FlowPilot' from project 'FlowPilot')
    cd /Users/admin/builder/spi-builder-workspace/.swiftpm/xcode

SwiftCompile normal arm64 Compiling\ shouldAnimateTransition.swift /Users/admin/builder/spi-builder-workspace/Sources/FlowPilot/shouldAnimateTransition.swift (in target 'FlowPilot' from project 'FlowPilot')
SwiftCompile normal arm64 /Users/admin/builder/spi-builder-workspace/Sources/FlowPilot/shouldAnimateTransition.swift (in target 'FlowPilot' from project 'FlowPilot')
    cd /Users/admin/builder/spi-builder-workspace/.swiftpm/xcode
    builtin-SwiftPerFileCompile shouldAnimateTransition.swift
SwiftCompile normal arm64 Compiling\ WindowLevelRouter.swift /Users/admin/builder/spi-builder-workspace/Sources/FlowPilot/WindowLevelRouter.swift (in target 'FlowPilot' from project 'FlowPilot')
SwiftCompile normal arm64 /Users/admin/builder/spi-builder-workspace/Sources/FlowPilot/WindowLevelRouter.swift (in target 'FlowPilot' from project 'FlowPilot')
    cd /Users/admin/builder/spi-builder-workspace/.swiftpm/xcode
    builtin-SwiftPerFileCompile WindowLevelRouter.swift
SwiftCompile normal arm64 Compiling\ RouterCoordinator.swift /Users/admin/builder/spi-builder-workspace/Sources/FlowPilot/Coordinators/RouterCoordinator.swift (in target 'FlowPilot' from project 'FlowPilot')
SwiftCompile normal arm64 /Users/admin/builder/spi-builder-workspace/Sources/FlowPilot/Coordinators/RouterCoordinator.swift (in target 'FlowPilot' from project 'FlowPilot')
    cd /Users/admin/builder/spi-builder-workspace/.swiftpm/xcode
    builtin-SwiftPerFileCompile RouterCoordinator.swift
PruneExplicitPrecompiledModules /Users/admin/builder/spi-builder-workspace/.derivedData/SDKExplicitPrecompiledModules
PruneExplicitPrecompiledModules /Users/admin/builder/spi-builder-workspace/.derivedData/Build/Intermediates.noindex/ExplicitPrecompiledModules
PruneExplicitPrecompiledModules /Users/admin/builder/spi-builder-workspace/.derivedData/Build/Intermediates.noindex/SwiftExplicitPrecompiledModules
2026-09-24 06:31:37.795 xcodebuild[976:5626] [MT] IDERunDestination: Supported platforms for the buildables in the current scheme is empty.
** BUILD FAILED **
The following build commands failed:
	SwiftCompile normal arm64 Compiling\ Router.swift /Users/admin/builder/spi-builder-workspace/Sources/FlowPilot/Router.swift (in target 'FlowPilot' from project 'FlowPilot')
	SwiftCompile normal arm64 /Users/admin/builder/spi-builder-workspace/Sources/FlowPilot/Router.swift (in target 'FlowPilot' from project 'FlowPilot')
	Building workspace FlowPilot with scheme FlowPilot-Package
(3 failures)
BUILD FAILURE 6.4 visionOS