Build Information
Failed to build SuggestedTests, reference 0.1.1 (6aee9c), with Swift 6.2 for Wasm on 19 Oct 2026 16:34:40 UTC.
Build Command
bash -c docker run --pull=always --rm -v "checkouts-54344847-1":/host -w "$PWD" -e JAVA_HOME="/root/.sdkman/candidates/java/current" -e SPI_BUILD="1" -e SPI_PROCESSING="1" registry.gitlab.com/saguaro1/spi-images:wasm-6.2-latest swift build --swift-sdk swift-6.2-RELEASE_wasm 2>&1Build Log
========================================
RunAll
========================================
Builder version: 5.1.3
Interrupt handler set up.
========================================
Checkout
========================================
Clone URL: https://github.com/lesterkaufungen/suggestedtests-swift.git
Reference: 0.1.1
Initialized empty Git repository in /host/spi-builder-workspace/.git/
hint: Using 'master' as the name for the initial branch. This default branch name
hint: is subject to change. To configure the initial branch name to use in all
hint: of your new repositories, which will suppress this warning, call:
hint:
hint: git config --global init.defaultBranch <name>
hint:
hint: Names commonly chosen instead of 'master' are 'main', 'trunk' and
hint: 'development'. The just-created branch can be renamed via this command:
hint:
hint: git branch -m <name>
From https://github.com/lesterkaufungen/suggestedtests-swift
* tag 0.1.1 -> FETCH_HEAD
HEAD is now at 6aee9ce Release 0.1.1
Cloned https://github.com/lesterkaufungen/suggestedtests-swift.git
Revision (git rev-parse @):
6aee9ce65a4d07a700dd43ddb517907b40d21a96
SUCCESS checkout https://github.com/lesterkaufungen/suggestedtests-swift.git at 0.1.1
========================================
Build
========================================
Selected platform: wasm
Swift version: 6.2
Building package at path: $PWD
https://github.com/lesterkaufungen/suggestedtests-swift.git
Running build ...
bash -c docker run --pull=always --rm -v "checkouts-54344847-1":/host -w "$PWD" -e JAVA_HOME="/root/.sdkman/candidates/java/current" -e SPI_BUILD="1" -e SPI_PROCESSING="1" registry.gitlab.com/saguaro1/spi-images:wasm-6.2-latest swift build --swift-sdk swift-6.2-RELEASE_wasm 2>&1
wasm-6.2-latest: Pulling from saguaro1/spi-images
Digest: sha256:0563b842faffea9ddc6fe15fbd2051d02dff3ef29dc4b5bfe0a0910a084eee81
Status: Image is up to date for registry.gitlab.com/saguaro1/spi-images:wasm-6.2-latest
Building for debugging...
[0/8] Write sources
[2/8] Copying Prebuilt
[3/8] Write swift-version-24593BA9C3E375BF.txt
[5/19] Compiling SuggestedTests SystemProbe.swift
/host/spi-builder-workspace/Sources/SuggestedTests/Benchmark.swift:1:8: error: no such module 'Dispatch'
1 | import Dispatch
| `- error: no such module 'Dispatch'
2 |
3 | /// Which statistic of a benchmark a budget is checked against.
[6/20] Compiling SuggestedTests Unique.swift
/host/spi-builder-workspace/Sources/SuggestedTests/Benchmark.swift:1:8: error: no such module 'Dispatch'
1 | import Dispatch
| `- error: no such module 'Dispatch'
2 |
3 | /// Which statistic of a benchmark a budget is checked against.
[7/20] Compiling SuggestedTests resource_bundle_accessor.swift
/host/spi-builder-workspace/Sources/SuggestedTests/Benchmark.swift:1:8: error: no such module 'Dispatch'
1 | import Dispatch
| `- error: no such module 'Dispatch'
2 |
3 | /// Which statistic of a benchmark a budget is checked against.
[8/20] Compiling SuggestedTests TestData.swift
/host/spi-builder-workspace/Sources/SuggestedTests/Benchmark.swift:1:8: error: no such module 'Dispatch'
1 | import Dispatch
| `- error: no such module 'Dispatch'
2 |
3 | /// Which statistic of a benchmark a budget is checked against.
[9/20] Compiling SuggestedTests Scenario.swift
/host/spi-builder-workspace/Sources/SuggestedTests/Benchmark.swift:1:8: error: no such module 'Dispatch'
1 | import Dispatch
| `- error: no such module 'Dispatch'
2 |
3 | /// Which statistic of a benchmark a budget is checked against.
[10/20] Compiling SuggestedTests Memory.swift
/host/spi-builder-workspace/Sources/SuggestedTests/Benchmark.swift:1:8: error: no such module 'Dispatch'
1 | import Dispatch
| `- error: no such module 'Dispatch'
2 |
3 | /// Which statistic of a benchmark a budget is checked against.
[11/20] Compiling SuggestedTests NativeBridge.swift
/host/spi-builder-workspace/Sources/SuggestedTests/Benchmark.swift:1:8: error: no such module 'Dispatch'
1 | import Dispatch
| `- error: no such module 'Dispatch'
2 |
3 | /// Which statistic of a benchmark a budget is checked against.
error: emit-module command failed with exit code 1 (use -v to see invocation)
[12/20] Emitting module SuggestedTests
/host/spi-builder-workspace/Sources/SuggestedTests/Benchmark.swift:1:8: error: no such module 'Dispatch'
1 | import Dispatch
| `- error: no such module 'Dispatch'
2 |
3 | /// Which statistic of a benchmark a budget is checked against.
[13/20] Compiling SuggestedTests Benchmark.swift
/host/spi-builder-workspace/Sources/SuggestedTests/Benchmark.swift:1:8: error: no such module 'Dispatch'
1 | import Dispatch
| `- error: no such module 'Dispatch'
2 |
3 | /// Which statistic of a benchmark a budget is checked against.
[14/20] Compiling SuggestedTests Eventually.swift
/host/spi-builder-workspace/Sources/SuggestedTests/Benchmark.swift:1:8: error: no such module 'Dispatch'
1 | import Dispatch
| `- error: no such module 'Dispatch'
2 |
3 | /// Which statistic of a benchmark a budget is checked against.
[15/20] Compiling SuggestedTests Failure.swift
/host/spi-builder-workspace/Sources/SuggestedTests/Benchmark.swift:1:8: error: no such module 'Dispatch'
1 | import Dispatch
| `- error: no such module 'Dispatch'
2 |
3 | /// Which statistic of a benchmark a budget is checked against.
[16/20] Compiling SuggestedTests Format.swift
/host/spi-builder-workspace/Sources/SuggestedTests/Benchmark.swift:1:8: error: no such module 'Dispatch'
1 | import Dispatch
| `- error: no such module 'Dispatch'
2 |
3 | /// Which statistic of a benchmark a budget is checked against.
BUILD FAILURE 6.2 wasm