Build Information
Failed to build swift-ip, reference master (c9a85e), with Swift 6.2 for macOS (SPM) on 29 Oct 2026 08:04:39 UTC.
Build Command
env DEVELOPER_DIR=/Applications/Xcode-26.3.0.app xcrun swift build --arch arm64Build Log
========================================
RunAll
========================================
Builder version: 5.1.3
Interrupt handler set up.
========================================
Checkout
========================================
Clone URL: https://github.com/rarestype/swift-ip.git
Reference: master
Initialized empty Git repository in /Users/admin/builder/spi-builder-workspace/.git/
From https://github.com/rarestype/swift-ip
* branch master -> FETCH_HEAD
* [new branch] master -> origin/master
HEAD is now at c9a85e3 [autosync]
Cloned https://github.com/rarestype/swift-ip.git
Revision (git rev-parse @):
c9a85e3788ead897656419144934d75d28443d61
SUCCESS checkout https://github.com/rarestype/swift-ip.git at master
========================================
Build
========================================
Selected platform: macosSpm
Swift version: 6.2
Building package at path: $PWD
https://github.com/rarestype/swift-ip.git
Running build ...
env DEVELOPER_DIR=/Applications/Xcode-26.3.0.app xcrun swift build --arch arm64
[1/1] Compiling plugin DollupPlugin
[2/2] Compiling plugin GenerateManual
[3/3] Compiling plugin GenerateDoccReference
Building for debugging...
[3/56] Write sources
[7/56] Write swift-ip-prefabricator-entitlement.plist
[7/56] Write sources
[30/56] Compiling CNIOWindows shim.c
[31/56] Compiling CNIOWindows WSAStartup.c
[32/56] Compiling CNIOLinux shim.c
[32/56] Write sources
[42/56] Compiling CNIOWASI CNIOWASI.c
[43/56] Compiling CNIOFreeBSD shim.c
[44/56] Compiling CNIOOpenBSD shim.c
[44/56] Compiling CNIOLinux liburing_shims.c
[46/56] Write swift-version--3CB7CFEC50E0D141.txt
[47/107] Compiling _AtomicsShims.c
[48/128] Compiling CNIODarwin shim.c
[50/131] Emitting module CasesByIntegerEncodingMacro
[51/131] Compiling InternalCollectionsUtilities BorrowingIteratorProtocol+Equality.swift
[52/131] Compiling InternalCollectionsUtilities BorrowingIteratorProtocol+Extras.swift
[53/131] Compiling InternalCollectionsUtilities Debugging.swift
[54/134] Compiling UnixTime UnixInstant.swift
[55/135] Compiling JSONAST JSON.swift
/Users/admin/builder/spi-builder-workspace/.build/checkouts/swift-json/Sources/JSONAST/JSON.swift:15:6: error: unknown option 'always' for attribute 'inline'
13 | }
14 | extension JSON {
15 | @inline(always) @inlinable static func hex(_ remainder: UInt8) -> UInt8 {
| `- error: unknown option 'always' for attribute 'inline'
16 | remainder < 10 ? remainder + 0x30 : remainder + 0x37
17 | }
error: emit-module command failed with exit code 1 (use -v to see invocation)
[56/136] Emitting module JSONAST
/Users/admin/builder/spi-builder-workspace/.build/checkouts/swift-json/Sources/JSONAST/JSON.swift:15:6: error: unknown option 'always' for attribute 'inline'
13 | }
14 | extension JSON {
15 | @inline(always) @inlinable static func hex(_ remainder: UInt8) -> UInt8 {
| `- error: unknown option 'always' for attribute 'inline'
16 | remainder < 10 ? remainder + 0x30 : remainder + 0x37
17 | }
[57/136] Compiling JSONAST JSON.TypecastError.swift
/Users/admin/builder/spi-builder-workspace/.build/checkouts/swift-json/Sources/JSONAST/JSON.swift:15:6: error: unknown option 'always' for attribute 'inline'
13 | }
14 | extension JSON {
15 | @inline(always) @inlinable static func hex(_ remainder: UInt8) -> UInt8 {
| `- error: unknown option 'always' for attribute 'inline'
16 | remainder < 10 ? remainder + 0x30 : remainder + 0x37
17 | }
/Users/admin/builder/spi-builder-workspace/.build/checkouts/swift-json/Sources/JSONAST/JSON.swift:15:6: error: unknown option 'always' for attribute 'inline'
13 | }
14 | extension JSON {
15 | @inline(always) @inlinable static func hex(_ remainder: UInt8) -> UInt8 {
| `- error: unknown option 'always' for attribute 'inline'
16 | remainder < 10 ? remainder + 0x30 : remainder + 0x37
17 | }
/Users/admin/builder/spi-builder-workspace/.build/checkouts/swift-json/Sources/JSONAST/JSON.swift:15:6: error: unknown option 'always' for attribute 'inline'
13 | }
14 | extension JSON {
15 | @inline(always) @inlinable static func hex(_ remainder: UInt8) -> UInt8 {
| `- error: unknown option 'always' for attribute 'inline'
16 | remainder < 10 ? remainder + 0x30 : remainder + 0x37
17 | }
/Users/admin/builder/spi-builder-workspace/.build/checkouts/swift-json/Sources/JSONAST/JSON.swift:15:6: error: unknown option 'always' for attribute 'inline'
13 | }
14 | extension JSON {
15 | @inline(always) @inlinable static func hex(_ remainder: UInt8) -> UInt8 {
| `- error: unknown option 'always' for attribute 'inline'
16 | remainder < 10 ? remainder + 0x30 : remainder + 0x37
17 | }
[61/136] Compiling InternalCollectionsUtilities Descriptions.swift
/Users/admin/builder/spi-builder-workspace/.build/checkouts/swift-json/Sources/JSONAST/JSON.swift:15:6: error: unknown option 'always' for attribute 'inline'
13 | }
14 | extension JSON {
15 | @inline(always) @inlinable static func hex(_ remainder: UInt8) -> UInt8 {
| `- error: unknown option 'always' for attribute 'inline'
16 | remainder < 10 ? remainder + 0x30 : remainder + 0x37
17 | }
[62/136] Compiling JSONAST JSON.Object.swift
/Users/admin/builder/spi-builder-workspace/.build/checkouts/swift-json/Sources/JSONAST/JSON.swift:15:6: error: unknown option 'always' for attribute 'inline'
13 | }
14 | extension JSON {
15 | @inline(always) @inlinable static func hex(_ remainder: UInt8) -> UInt8 {
| `- error: unknown option 'always' for attribute 'inline'
16 | remainder < 10 ? remainder + 0x30 : remainder + 0x37
17 | }
[63/136] Compiling JSONAST JSON.NumericOverflowError.swift
/Users/admin/builder/spi-builder-workspace/.build/checkouts/swift-json/Sources/JSONAST/JSON.swift:15:6: error: unknown option 'always' for attribute 'inline'
13 | }
14 | extension JSON {
15 | @inline(always) @inlinable static func hex(_ remainder: UInt8) -> UInt8 {
| `- error: unknown option 'always' for attribute 'inline'
16 | remainder < 10 ? remainder + 0x30 : remainder + 0x37
17 | }
[64/136] Compiling TestableErrors Error (ext).swift
[65/136] Emitting module TestableErrors
[66/136] Compiling InternalCollectionsUtilities UInt+first and last set bit.swift
/Users/admin/builder/spi-builder-workspace/.build/checkouts/swift-json/Sources/JSONAST/JSON.swift:15:6: error: unknown option 'always' for attribute 'inline'
13 | }
14 | extension JSON {
15 | @inline(always) @inlinable static func hex(_ remainder: UInt8) -> UInt8 {
| `- error: unknown option 'always' for attribute 'inline'
16 | remainder < 10 ? remainder + 0x30 : remainder + 0x37
17 | }
[67/136] Compiling InternalCollectionsUtilities UInt+reversed.swift
/Users/admin/builder/spi-builder-workspace/.build/checkouts/swift-json/Sources/JSONAST/JSON.swift:15:6: error: unknown option 'always' for attribute 'inline'
13 | }
14 | extension JSON {
15 | @inline(always) @inlinable static func hex(_ remainder: UInt8) -> UInt8 {
| `- error: unknown option 'always' for attribute 'inline'
16 | remainder < 10 ? remainder + 0x30 : remainder + 0x37
17 | }
[68/136] Compiling InternalCollectionsUtilities FixedWidthInteger+roundUpToPowerOfTwo.swift
/Users/admin/builder/spi-builder-workspace/.build/checkouts/swift-json/Sources/JSONAST/JSON.swift:15:6: error: unknown option 'always' for attribute 'inline'
13 | }
14 | extension JSON {
15 | @inline(always) @inlinable static func hex(_ remainder: UInt8) -> UInt8 {
| `- error: unknown option 'always' for attribute 'inline'
16 | remainder < 10 ? remainder + 0x30 : remainder + 0x37
17 | }
[69/136] Compiling InternalCollectionsUtilities Integer rank.swift
/Users/admin/builder/spi-builder-workspace/.build/checkouts/swift-json/Sources/JSONAST/JSON.swift:15:6: error: unknown option 'always' for attribute 'inline'
13 | }
14 | extension JSON {
15 | @inline(always) @inlinable static func hex(_ remainder: UInt8) -> UInt8 {
| `- error: unknown option 'always' for attribute 'inline'
16 | remainder < 10 ? remainder + 0x30 : remainder + 0x37
17 | }
[70/136] Compiling JSONAST JSON.Number.swift
/Users/admin/builder/spi-builder-workspace/.build/checkouts/swift-json/Sources/JSONAST/JSON.swift:15:6: error: unknown option 'always' for attribute 'inline'
13 | }
14 | extension JSON {
15 | @inline(always) @inlinable static func hex(_ remainder: UInt8) -> UInt8 {
| `- error: unknown option 'always' for attribute 'inline'
16 | remainder < 10 ? remainder + 0x30 : remainder + 0x37
17 | }
[71/136] Compiling JSONAST String (ext).swift
/Users/admin/builder/spi-builder-workspace/.build/checkouts/swift-json/Sources/JSONAST/JSON.swift:15:6: error: unknown option 'always' for attribute 'inline'
13 | }
14 | extension JSON {
15 | @inline(always) @inlinable static func hex(_ remainder: UInt8) -> UInt8 {
| `- error: unknown option 'always' for attribute 'inline'
16 | remainder < 10 ? remainder + 0x30 : remainder + 0x37
17 | }
[71/136] Compiling c-atomics.c
[71/136] Compiling c-nioatomics.c
[72/136] Emitting module _NIOBase64
[73/136] Compiling IP IP.swift
Fetching https://github.com/rarestype/swift-bson
Fetching https://github.com/apple/swift-nio
Fetching https://github.com/ordo-one/dollup
Fetching https://github.com/apple/swift-argument-parser
Fetching https://github.com/rarestype/swift-json
[1/3091] Fetching swift-json
[558/5133] Fetching swift-json, swift-bson
[865/5192] Fetching swift-json, swift-bson, dollup
[2659/24505] Fetching swift-json, swift-bson, dollup, swift-argument-parser
[3264/111192] Fetching swift-json, swift-bson, dollup, swift-argument-parser, swift-nio
Fetched https://github.com/rarestype/swift-json from cache (34.11s)
Fetched https://github.com/apple/swift-nio from cache (34.11s)
Fetched https://github.com/ordo-one/dollup from cache (34.11s)
Fetched https://github.com/apple/swift-argument-parser from cache (34.11s)
Fetched https://github.com/rarestype/swift-bson from cache (34.11s)
Computing version for https://github.com/rarestype/swift-bson
Computed https://github.com/rarestype/swift-bson at 2.2.0 (34.76s)
Fetching https://github.com/rarestype/gram
Fetching https://github.com/rarestype/u
Fetching https://github.com/rarestype/h
[1/1366] Fetching gram
[15/2740] Fetching gram, h
[221/3407] Fetching gram, h, u
Fetched https://github.com/rarestype/h from cache (1.00s)
Fetched https://github.com/rarestype/u from cache (1.00s)
Fetched https://github.com/rarestype/gram from cache (1.00s)
Computing version for https://github.com/rarestype/gram
Computed https://github.com/rarestype/gram at 2.1.0 (1.62s)
Computing version for https://github.com/rarestype/u
Computed https://github.com/rarestype/u at 1.1.0 (3.37s)
Computing version for https://github.com/rarestype/h
Computed https://github.com/rarestype/h at 1.0.1 (0.59s)
Computing version for https://github.com/apple/swift-argument-parser
Computed https://github.com/apple/swift-argument-parser at 1.8.2 (0.58s)
Computing version for https://github.com/apple/swift-nio
Computed https://github.com/apple/swift-nio at 2.104.0 (0.78s)
Fetching https://github.com/apple/swift-collections.git
Fetching https://github.com/apple/swift-system.git
Fetching https://github.com/apple/swift-atomics.git
[1/1893] Fetching swift-atomics
[437/9287] Fetching swift-atomics, swift-system
[2560/38649] Fetching swift-atomics, swift-system, swift-collections
Fetched https://github.com/apple/swift-atomics.git from cache (4.53s)
Fetched https://github.com/apple/swift-system.git from cache (4.53s)
Fetched https://github.com/apple/swift-collections.git from cache (4.54s)
Computing version for https://github.com/apple/swift-atomics.git
Computed https://github.com/apple/swift-atomics.git at 1.3.1 (5.16s)
Computing version for https://github.com/rarestype/swift-json
Computed https://github.com/rarestype/swift-json at 3.5.2 (0.75s)
Computing version for https://github.com/ordo-one/dollup
Computed https://github.com/ordo-one/dollup at 1.3.1 (0.56s)
Computing version for https://github.com/apple/swift-system.git
Computed https://github.com/apple/swift-system.git at 1.8.1 (0.60s)
Computing version for https://github.com/apple/swift-collections.git
Computed https://github.com/apple/swift-collections.git at 1.7.5 (0.66s)
Creating working copy for https://github.com/rarestype/swift-bson
Working copy of https://github.com/rarestype/swift-bson resolved at 2.2.0
Creating working copy for https://github.com/rarestype/gram
Working copy of https://github.com/rarestype/gram resolved at 2.1.0
Creating working copy for https://github.com/apple/swift-system.git
Working copy of https://github.com/apple/swift-system.git resolved at 1.8.1
Creating working copy for https://github.com/apple/swift-nio
Working copy of https://github.com/apple/swift-nio resolved at 2.104.0
Creating working copy for https://github.com/apple/swift-argument-parser
Working copy of https://github.com/apple/swift-argument-parser resolved at 1.8.2
Creating working copy for https://github.com/rarestype/swift-json
Working copy of https://github.com/rarestype/swift-json resolved at 3.5.2
Creating working copy for https://github.com/apple/swift-collections.git
Working copy of https://github.com/apple/swift-collections.git resolved at 1.7.5
Creating working copy for https://github.com/rarestype/h
Working copy of https://github.com/rarestype/h resolved at 1.0.1
Creating working copy for https://github.com/ordo-one/dollup
Working copy of https://github.com/ordo-one/dollup resolved at 1.3.1
Creating working copy for https://github.com/rarestype/u
Working copy of https://github.com/rarestype/u resolved at 1.1.0
Creating working copy for https://github.com/apple/swift-atomics.git
Working copy of https://github.com/apple/swift-atomics.git resolved at 1.3.1
Downloading binary artifact https://get.rarestype.com/dollup/1.3.1/macOS-arm64/dollup.artifactbundle.zip
[39656/4483785] Downloading https://get.rarestype.com/dollup/1.3.1/macOS-arm64/dollup.artifactbundle.zip
Downloaded https://get.rarestype.com/dollup/1.3.1/macOS-arm64/dollup.artifactbundle.zip (0.41s)
BUILD FAILURE 6.2 macosSpm