Build Information
Failed to build Splitflap, reference 4.1.1 (047169), with Swift 6.4 for watchOS using Xcode 27.0 on 16 Sep 2026 23:14:28 UTC.
Build Command
env DEVELOPER_DIR=/Applications/Xcode-27.0.0-Release.Candidate.app xcrun xcodebuild -IDEClonedSourcePackagesDirPathOverride=$PWD/.dependencies -skipMacroValidation -skipPackagePluginValidation -derivedDataPath $PWD/.derivedData build -scheme Splitflap -destination generic/platform=watchOSBuild Log
========================================
RunAll
========================================
Builder version: 5.1.0
Interrupt handler set up.
========================================
Checkout
========================================
Clone URL: https://github.com/yannickl/Splitflap.git
Reference: 4.1.1
Initialized empty Git repository in /Users/admin/builder/spi-builder-workspace/.git/
From https://github.com/yannickl/Splitflap
* tag 4.1.1 -> FETCH_HEAD
HEAD is now at 0471693 Merge pull request #16 from phongleq/master
Cloned https://github.com/yannickl/Splitflap.git
Revision (git rev-parse @):
04716937ebffcbd23c8e5080e0341c8978279edb
SUCCESS checkout https://github.com/yannickl/Splitflap.git at 4.1.1
========================================
Build
========================================
Selected platform: watchOS
Swift version: 6.4
Building package at path: $PWD
https://github.com/yannickl/Splitflap.git
Command line invocation:
/Applications/Xcode-27.0.0-Release.Candidate.app/Contents/Developer/usr/bin/xcodebuild -IDEClonedSourcePackagesDirPathOverride=/Users/admin/builder/spi-builder-workspace/.dependencies -resolvePackageDependencies
Resolve Package Graph
Resolve Package Graph
Resolved source packages:
Splitflap: /Users/admin/builder/spi-builder-workspace
resolved source packages: Splitflap
2026-09-16 19:13:36.219 xcodebuild[529:3032] [MT] IDERunDestination: Supported platforms for the buildables in the current scheme is empty.
{
"dependencies" : [
],
"manifest_display_name" : "Splitflap",
"name" : "Splitflap",
"path" : "/Users/admin/builder/spi-builder-workspace",
"platforms" : [
{
"name" : "macos",
"version" : "10.12"
},
{
"name" : "ios",
"version" : "8.0"
},
{
"name" : "tvos",
"version" : "9.0"
}
],
"products" : [
{
"name" : "Splitflap",
"targets" : [
"Splitflap"
],
"type" : {
"library" : [
"automatic"
]
}
}
],
"targets" : [
{
"c99name" : "Splitflap",
"module_type" : "SwiftTarget",
"name" : "Splitflap",
"path" : "Sources",
"product_memberships" : [
"Splitflap"
],
"sources" : [
"FlapView.swift",
"FlapViewBuilder.swift",
"Splitflap.swift",
"SplitflapDataSource.swift",
"SplitflapDelegate.swift",
"SplitflapTokens.swift",
"TileView.swift",
"TokenGenerator.swift",
"TokenParser.swift"
],
"type" : "library"
}
],
"tools_version" : "5.0"
}
{
"workspace" : {
"name" : "Splitflap",
"schemes" : [
"Splitflap"
]
}
}
2026-09-16 19:14:17.801 xcodebuild[661:4230] [MT] IDERunDestination: Supported platforms for the buildables in the current scheme is empty.
Running build ...
env DEVELOPER_DIR=/Applications/Xcode-27.0.0-Release.Candidate.app xcrun xcodebuild -IDEClonedSourcePackagesDirPathOverride=$PWD/.dependencies -skipMacroValidation -skipPackagePluginValidation -derivedDataPath $PWD/.derivedData build -scheme Splitflap -destination generic/platform=watchOS
Command line invocation:
/Applications/Xcode-27.0.0-Release.Candidate.app/Contents/Developer/usr/bin/xcodebuild -IDEClonedSourcePackagesDirPathOverride=/Users/admin/builder/spi-builder-workspace/.dependencies -skipMacroValidation -skipPackagePluginValidation -derivedDataPath /Users/admin/builder/spi-builder-workspace/.derivedData build -scheme Splitflap -destination generic/platform=watchOS
Resolve Package Graph
Resolved source packages:
Splitflap: /Users/admin/builder/spi-builder-workspace
ComputePackagePrebuildTargetDependencyGraph
Prepare packages
CreateBuildRequest
SendProjectDescription
CreateBuildOperation
ComputeTargetDependencyGraph
note: Building targets in dependency order
note: Target dependency graph (2 targets)
Target 'Splitflap-product' in project 'Splitflap'
➜ Explicit dependency on target 'Splitflap' in project 'Splitflap'
Target 'Splitflap' in project 'Splitflap' (no dependencies)
GatherProvisioningInputs
CreateBuildDescription
ExecuteExternalTool /Applications/Xcode-27.0.0-Release.Candidate.app/Contents/Developer/Toolchains/XcodeDefault.xctoolchain/usr/bin/clang -v -E -dM -isysroot /Applications/Xcode-27.0.0-Release.Candidate.app/Contents/Developer/Platforms/WatchOS.platform/Developer/SDKs/WatchOS27.0.sdk -x c -c /dev/null
ExecuteExternalTool /Applications/Xcode-27.0.0-Release.Candidate.app/Contents/Developer/Toolchains/XcodeDefault.xctoolchain/usr/bin/swiftc --version
ExecuteExternalTool /Applications/Xcode-27.0.0-Release.Candidate.app/Contents/Developer/Toolchains/XcodeDefault.xctoolchain/usr/bin/ld -version_details
Build description signature: b51285e380ac2d13a587574c7c6744f2
Build description path: /Users/admin/builder/spi-builder-workspace/.derivedData/Build/Intermediates.noindex/XCBuildData/b51285e380ac2d13a587574c7c6744f2.xcbuilddata
CreateBuildDirectory /Users/admin/builder/spi-builder-workspace/.derivedData/SDKExplicitPrecompiledModules
cd /Users/admin/builder/spi-builder-workspace/.swiftpm/xcode
builtin-create-build-directory /Users/admin/builder/spi-builder-workspace/.derivedData/SDKExplicitPrecompiledModules
CreateBuildDirectory /Users/admin/builder/spi-builder-workspace/.derivedData/ModuleCache.noindex
cd /Users/admin/builder/spi-builder-workspace/.swiftpm/xcode
builtin-create-build-directory /Users/admin/builder/spi-builder-workspace/.derivedData/ModuleCache.noindex
CreateBuildDirectory /Users/admin/builder/spi-builder-workspace/.derivedData/Build/Intermediates.noindex
cd /Users/admin/builder/spi-builder-workspace/.swiftpm/xcode
builtin-create-build-directory /Users/admin/builder/spi-builder-workspace/.derivedData/Build/Intermediates.noindex
CreateBuildDirectory /Users/admin/builder/spi-builder-workspace/.derivedData/CompilationCache.noindex
cd /Users/admin/builder/spi-builder-workspace/.swiftpm/xcode
builtin-create-build-directory /Users/admin/builder/spi-builder-workspace/.derivedData/CompilationCache.noindex
CreateBuildDirectory /Users/admin/builder/spi-builder-workspace/.derivedData/Build/Products
cd /Users/admin/builder/spi-builder-workspace/.swiftpm/xcode
builtin-create-build-directory /Users/admin/builder/spi-builder-workspace/.derivedData/Build/Products
ClangStatCache /Applications/Xcode-27.0.0-Release.Candidate.app/Contents/Developer/Toolchains/XcodeDefault.xctoolchain/usr/bin/clang-stat-cache /Applications/Xcode-27.0.0-Release.Candidate.app/Contents/Developer/Platforms/WatchOS.platform/Developer/SDKs/WatchOS27.0.sdk /Users/admin/builder/spi-builder-workspace/.derivedData/SDKStatCaches.noindex/watchos27.0-24R360-e829b21a6f8c9b70876ba0858053c04477534ef55a1706bf4c1112bbb242f0a2.sdkstatcache
cd /Users/admin/builder/spi-builder-workspace/.swiftpm/xcode
/Applications/Xcode-27.0.0-Release.Candidate.app/Contents/Developer/Toolchains/XcodeDefault.xctoolchain/usr/bin/clang-stat-cache /Applications/Xcode-27.0.0-Release.Candidate.app/Contents/Developer/Platforms/WatchOS.platform/Developer/SDKs/WatchOS27.0.sdk -o /Users/admin/builder/spi-builder-workspace/.derivedData/SDKStatCaches.noindex/watchos27.0-24R360-e829b21a6f8c9b70876ba0858053c04477534ef55a1706bf4c1112bbb242f0a2.sdkstatcache
CreateBuildDirectory /Users/admin/builder/spi-builder-workspace/.derivedData/Build/Intermediates.noindex/PrecompiledHeaders
cd /Users/admin/builder/spi-builder-workspace/.swiftpm/xcode
builtin-create-build-directory /Users/admin/builder/spi-builder-workspace/.derivedData/Build/Intermediates.noindex/PrecompiledHeaders
CreateBuildDirectory /Users/admin/builder/spi-builder-workspace/.derivedData/Build/Intermediates.noindex/ExplicitPrecompiledModules
cd /Users/admin/builder/spi-builder-workspace/.swiftpm/xcode
builtin-create-build-directory /Users/admin/builder/spi-builder-workspace/.derivedData/Build/Intermediates.noindex/ExplicitPrecompiledModules
CreateBuildDirectory /Users/admin/builder/spi-builder-workspace/.derivedData/Build/Intermediates.noindex/SwiftExplicitPrecompiledModules
cd /Users/admin/builder/spi-builder-workspace/.swiftpm/xcode
builtin-create-build-directory /Users/admin/builder/spi-builder-workspace/.derivedData/Build/Intermediates.noindex/SwiftExplicitPrecompiledModules
CreateBuildDirectory /Users/admin/builder/spi-builder-workspace/.derivedData/Build/Intermediates.noindex/EagerLinkingTBDs/Debug-watchos
cd /Users/admin/builder/spi-builder-workspace/.swiftpm/xcode
builtin-create-build-directory /Users/admin/builder/spi-builder-workspace/.derivedData/Build/Intermediates.noindex/EagerLinkingTBDs/Debug-watchos
CreateBuildDirectory /Users/admin/builder/spi-builder-workspace/.derivedData/Build/Products/Debug-watchos
cd /Users/admin/builder/spi-builder-workspace/.swiftpm/xcode
builtin-create-build-directory /Users/admin/builder/spi-builder-workspace/.derivedData/Build/Products/Debug-watchos
CreateBuildDirectory /Users/admin/builder/spi-builder-workspace/.derivedData/Build/Products/Debug-watchos/PackageFrameworks
cd /Users/admin/builder/spi-builder-workspace/.swiftpm/xcode
builtin-create-build-directory /Users/admin/builder/spi-builder-workspace/.derivedData/Build/Products/Debug-watchos/PackageFrameworks
WriteAuxiliaryFile /Users/admin/builder/spi-builder-workspace/.derivedData/Build/Intermediates.noindex/Splitflap.build/Debug-watchos/Splitflap-t.build/Splitflap.modulemap (in target 'Splitflap' from project 'Splitflap')
cd /Users/admin/builder/spi-builder-workspace
write-file /Users/admin/builder/spi-builder-workspace/.derivedData/Build/Intermediates.noindex/Splitflap.build/Debug-watchos/Splitflap-t.build/Splitflap.modulemap
WriteAuxiliaryFile /Users/admin/builder/spi-builder-workspace/.derivedData/Build/Intermediates.noindex/Splitflap.build/Debug-watchos/Splitflap-t.build/Splitflap.DependencyMetadataFileList (in target 'Splitflap' from project 'Splitflap')
cd /Users/admin/builder/spi-builder-workspace
write-file /Users/admin/builder/spi-builder-workspace/.derivedData/Build/Intermediates.noindex/Splitflap.build/Debug-watchos/Splitflap-t.build/Splitflap.DependencyMetadataFileList
WriteAuxiliaryFile /Users/admin/builder/spi-builder-workspace/.derivedData/Build/Intermediates.noindex/Splitflap.build/Debug-watchos/Splitflap-t.build/Splitflap.DependencyStaticMetadataFileList (in target 'Splitflap' from project 'Splitflap')
cd /Users/admin/builder/spi-builder-workspace
write-file /Users/admin/builder/spi-builder-workspace/.derivedData/Build/Intermediates.noindex/Splitflap.build/Debug-watchos/Splitflap-t.build/Splitflap.DependencyStaticMetadataFileList
WriteAuxiliaryFile /Users/admin/builder/spi-builder-workspace/.derivedData/Build/Intermediates.noindex/Splitflap.build/Debug-watchos/Splitflap-t.build/Objects-normal/arm64_32/Splitflap.SwiftConstValuesFileList (in target 'Splitflap' from project 'Splitflap')
cd /Users/admin/builder/spi-builder-workspace
write-file /Users/admin/builder/spi-builder-workspace/.derivedData/Build/Intermediates.noindex/Splitflap.build/Debug-watchos/Splitflap-t.build/Objects-normal/arm64_32/Splitflap.SwiftConstValuesFileList
WriteAuxiliaryFile /Users/admin/builder/spi-builder-workspace/.derivedData/Build/Intermediates.noindex/Splitflap.build/Debug-watchos/Splitflap-t.build/Objects-normal/arm64_32/Splitflap_const_extract_protocols.json (in target 'Splitflap' from project 'Splitflap')
cd /Users/admin/builder/spi-builder-workspace
write-file /Users/admin/builder/spi-builder-workspace/.derivedData/Build/Intermediates.noindex/Splitflap.build/Debug-watchos/Splitflap-t.build/Objects-normal/arm64_32/Splitflap_const_extract_protocols.json
WriteAuxiliaryFile /Users/admin/builder/spi-builder-workspace/.derivedData/Build/Intermediates.noindex/Splitflap.build/Debug-watchos/Splitflap-t.build/Objects-normal/arm64_32/Splitflap-OutputFileMap.json (in target 'Splitflap' from project 'Splitflap')
cd /Users/admin/builder/spi-builder-workspace
write-file /Users/admin/builder/spi-builder-workspace/.derivedData/Build/Intermediates.noindex/Splitflap.build/Debug-watchos/Splitflap-t.build/Objects-normal/arm64_32/Splitflap-OutputFileMap.json
WriteAuxiliaryFile /Users/admin/builder/spi-builder-workspace/.derivedData/Build/Intermediates.noindex/Splitflap.build/Debug-watchos/Splitflap-t.build/Objects-normal/arm64_32/Splitflap.LinkFileList (in target 'Splitflap' from project 'Splitflap')
cd /Users/admin/builder/spi-builder-workspace
write-file /Users/admin/builder/spi-builder-workspace/.derivedData/Build/Intermediates.noindex/Splitflap.build/Debug-watchos/Splitflap-t.build/Objects-normal/arm64_32/Splitflap.LinkFileList
WriteAuxiliaryFile /Users/admin/builder/spi-builder-workspace/.derivedData/Build/Intermediates.noindex/Splitflap.build/Debug-watchos/Splitflap-t.build/Objects-normal/arm64_32/Splitflap.SwiftFileList (in target 'Splitflap' from project 'Splitflap')
cd /Users/admin/builder/spi-builder-workspace
write-file /Users/admin/builder/spi-builder-workspace/.derivedData/Build/Intermediates.noindex/Splitflap.build/Debug-watchos/Splitflap-t.build/Objects-normal/arm64_32/Splitflap.SwiftFileList
WriteAuxiliaryFile /Users/admin/builder/spi-builder-workspace/.derivedData/Build/Intermediates.noindex/Splitflap.build/Debug-watchos/Splitflap-t.build/Objects-normal/arm64/Splitflap_const_extract_protocols.json (in target 'Splitflap' from project 'Splitflap')
cd /Users/admin/builder/spi-builder-workspace
write-file /Users/admin/builder/spi-builder-workspace/.derivedData/Build/Intermediates.noindex/Splitflap.build/Debug-watchos/Splitflap-t.build/Objects-normal/arm64/Splitflap_const_extract_protocols.json
WriteAuxiliaryFile /Users/admin/builder/spi-builder-workspace/.derivedData/Build/Intermediates.noindex/Splitflap.build/Debug-watchos/Splitflap-t.build/Objects-normal/arm64/Splitflap.SwiftFileList (in target 'Splitflap' from project 'Splitflap')
cd /Users/admin/builder/spi-builder-workspace
write-file /Users/admin/builder/spi-builder-workspace/.derivedData/Build/Intermediates.noindex/Splitflap.build/Debug-watchos/Splitflap-t.build/Objects-normal/arm64/Splitflap.SwiftFileList
WriteAuxiliaryFile /Users/admin/builder/spi-builder-workspace/.derivedData/Build/Intermediates.noindex/Splitflap.build/Debug-watchos/Splitflap-t.build/Objects-normal/arm64/Splitflap.SwiftConstValuesFileList (in target 'Splitflap' from project 'Splitflap')
cd /Users/admin/builder/spi-builder-workspace
write-file /Users/admin/builder/spi-builder-workspace/.derivedData/Build/Intermediates.noindex/Splitflap.build/Debug-watchos/Splitflap-t.build/Objects-normal/arm64/Splitflap.SwiftConstValuesFileList
WriteAuxiliaryFile /Users/admin/builder/spi-builder-workspace/.derivedData/Build/Intermediates.noindex/Splitflap.build/Debug-watchos/Splitflap-t.build/Objects-normal/arm64/Splitflap.LinkFileList (in target 'Splitflap' from project 'Splitflap')
cd /Users/admin/builder/spi-builder-workspace
write-file /Users/admin/builder/spi-builder-workspace/.derivedData/Build/Intermediates.noindex/Splitflap.build/Debug-watchos/Splitflap-t.build/Objects-normal/arm64/Splitflap.LinkFileList
WriteAuxiliaryFile /Users/admin/builder/spi-builder-workspace/.derivedData/Build/Intermediates.noindex/Splitflap.build/Debug-watchos/Splitflap-t.build/Objects-normal/arm64/Splitflap-OutputFileMap.json (in target 'Splitflap' from project 'Splitflap')
cd /Users/admin/builder/spi-builder-workspace
write-file /Users/admin/builder/spi-builder-workspace/.derivedData/Build/Intermediates.noindex/Splitflap.build/Debug-watchos/Splitflap-t.build/Objects-normal/arm64/Splitflap-OutputFileMap.json
Copy /Users/admin/builder/spi-builder-workspace/.derivedData/Build/Intermediates.noindex/GeneratedModuleMaps-watchos/Splitflap.modulemap /Users/admin/builder/spi-builder-workspace/.derivedData/Build/Intermediates.noindex/Splitflap.build/Debug-watchos/Splitflap-t.build/Splitflap.modulemap (in target 'Splitflap' from project 'Splitflap')
cd /Users/admin/builder/spi-builder-workspace
builtin-copy -exclude .DS_Store -exclude CVS -exclude .svn -exclude .git -exclude .hg -resolve-src-symlinks /Users/admin/builder/spi-builder-workspace/.derivedData/Build/Intermediates.noindex/Splitflap.build/Debug-watchos/Splitflap-t.build/Splitflap.modulemap /Users/admin/builder/spi-builder-workspace/.derivedData/Build/Intermediates.noindex/GeneratedModuleMaps-watchos
SwiftDriver Splitflap normal arm64 com.apple.xcode.tools.swift.compiler (in target 'Splitflap' from project 'Splitflap')
cd /Users/admin/builder/spi-builder-workspace/.swiftpm/xcode
builtin-SwiftDriver -- /Applications/Xcode-27.0.0-Release.Candidate.app/Contents/Developer/Toolchains/XcodeDefault.xctoolchain/usr/bin/swiftc -parse-as-library -module-name Splitflap -Onone @/Users/admin/builder/spi-builder-workspace/.derivedData/Build/Intermediates.noindex/Splitflap.build/Debug-watchos/Splitflap-t.build/Objects-normal/arm64/Splitflap.SwiftFileList -DSWIFT_PACKAGE -DDEBUG -DSWIFT_MODULE_RESOURCE_BUNDLE_UNAVAILABLE -DXcode -plugin-path /Applications/Xcode-27.0.0-Release.Candidate.app/Contents/Developer/Toolchains/XcodeDefault.xctoolchain/usr/lib/swift/host/plugins/testing -enable-experimental-feature DebugDescriptionMacro -sdk /Applications/Xcode-27.0.0-Release.Candidate.app/Contents/Developer/Platforms/WatchOS.platform/Developer/SDKs/WatchOS27.0.sdk -target arm64-apple-watchos9.0 -g -module-cache-path /Users/admin/builder/spi-builder-workspace/.derivedData/ModuleCache.noindex -Xfrontend -serialize-debugging-options -enable-testing -index-store-path /Users/admin/builder/spi-builder-workspace/.derivedData/Index.noindex/DataStore -Xcc -D_LIBCPP_HARDENING_MODE\=_LIBCPP_HARDENING_MODE_DEBUG -swift-version 5 -I /Users/admin/builder/spi-builder-workspace/.derivedData/Build/Products/Debug-watchos -Isystem /Applications/Xcode-27.0.0-Release.Candidate.app/Contents/Developer/Platforms/WatchOS.platform/Developer/usr/lib -F /Users/admin/builder/spi-builder-workspace/.derivedData/Build/Products/Debug-watchos -F /Applications/Xcode-27.0.0-Release.Candidate.app/Contents/Developer/Platforms/WatchOS.platform/Developer/Library/Frameworks -F /Applications/Xcode-27.0.0-Release.Candidate.app/Contents/Developer/Platforms/WatchOS.platform/Developer/SDKs/WatchOS27.0.sdk/Developer/Library/Frameworks -c -j10 -enable-batch-mode -incremental -Xcc -ivfsstatcache -Xcc /Users/admin/builder/spi-builder-workspace/.derivedData/SDKStatCaches.noindex/watchos27.0-24R360-e829b21a6f8c9b70876ba0858053c04477534ef55a1706bf4c1112bbb242f0a2.sdkstatcache -output-file-map /Users/admin/builder/spi-builder-workspace/.derivedData/Build/Intermediates.noindex/Splitflap.build/Debug-watchos/Splitflap-t.build/Objects-normal/arm64/Splitflap-OutputFileMap.json -save-temps -no-color-diagnostics -explicit-module-build -module-cache-path /Users/admin/builder/spi-builder-workspace/.derivedData/Build/Intermediates.noindex/SwiftExplicitPrecompiledModules -clang-scanner-module-cache-path /Users/admin/builder/spi-builder-workspace/.derivedData/ModuleCache.noindex -sdk-module-cache-path /Users/admin/builder/spi-builder-workspace/.derivedData/SDKExplicitPrecompiledModules -emit-dependencies -emit-module -emit-module-path /Users/admin/builder/spi-builder-workspace/.derivedData/Build/Intermediates.noindex/Splitflap.build/Debug-watchos/Splitflap-t.build/Objects-normal/arm64/Splitflap.swiftmodule -serialize-diagnostics -dependency-scan-serialize-diagnostics-path /Users/admin/builder/spi-builder-workspace/.derivedData/Build/Intermediates.noindex/Splitflap.build/Debug-watchos/Splitflap-t.build/Objects-normal/arm64/Splitflap-dependency-scan.dia -validate-clang-modules-once -clang-build-session-file /Users/admin/builder/spi-builder-workspace/.derivedData/ModuleCache.noindex/Session.modulevalidation -Xcc -fmodules-prune-interval\=86400 -Xcc -fmodules-prune-after\=345600 -emit-const-values -const-gather-protocols-list /Users/admin/builder/spi-builder-workspace/.derivedData/Build/Intermediates.noindex/Splitflap.build/Debug-watchos/Splitflap-t.build/Objects-normal/arm64/Splitflap_const_extract_protocols.json -Xcc -I/Users/admin/builder/spi-builder-workspace/.derivedData/Build/Products/Debug-watchos/include -Xcc -I/Users/admin/builder/spi-builder-workspace/.derivedData/Build/Intermediates.noindex/Splitflap.build/Debug-watchos/Splitflap-t.build/DerivedSources-normal/arm64 -Xcc -I/Users/admin/builder/spi-builder-workspace/.derivedData/Build/Intermediates.noindex/Splitflap.build/Debug-watchos/Splitflap-t.build/DerivedSources/arm64 -Xcc -I/Users/admin/builder/spi-builder-workspace/.derivedData/Build/Intermediates.noindex/Splitflap.build/Debug-watchos/Splitflap-t.build/DerivedSources -Xcc -DSWIFT_PACKAGE -Xcc -DDEBUG\=1 -emit-objc-header -emit-objc-header-path /Users/admin/builder/spi-builder-workspace/.derivedData/Build/Intermediates.noindex/Splitflap.build/Debug-watchos/Splitflap-t.build/Objects-normal/arm64/Splitflap-Swift.h -working-directory /Users/admin/builder/spi-builder-workspace/.swiftpm/xcode -experimental-emit-module-separately -disable-cmo
SwiftDriver Splitflap normal arm64_32 com.apple.xcode.tools.swift.compiler (in target 'Splitflap' from project 'Splitflap')
cd /Users/admin/builder/spi-builder-workspace/.swiftpm/xcode
builtin-SwiftDriver -- /Applications/Xcode-27.0.0-Release.Candidate.app/Contents/Developer/Toolchains/XcodeDefault.xctoolchain/usr/bin/swiftc -parse-as-library -module-name Splitflap -Onone @/Users/admin/builder/spi-builder-workspace/.derivedData/Build/Intermediates.noindex/Splitflap.build/Debug-watchos/Splitflap-t.build/Objects-normal/arm64_32/Splitflap.SwiftFileList -DSWIFT_PACKAGE -DDEBUG -DSWIFT_MODULE_RESOURCE_BUNDLE_UNAVAILABLE -DXcode -plugin-path /Applications/Xcode-27.0.0-Release.Candidate.app/Contents/Developer/Toolchains/XcodeDefault.xctoolchain/usr/lib/swift/host/plugins/testing -enable-experimental-feature DebugDescriptionMacro -sdk /Applications/Xcode-27.0.0-Release.Candidate.app/Contents/Developer/Platforms/WatchOS.platform/Developer/SDKs/WatchOS27.0.sdk -target arm64_32-apple-watchos9.0 -g -module-cache-path /Users/admin/builder/spi-builder-workspace/.derivedData/ModuleCache.noindex -Xfrontend -serialize-debugging-options -enable-testing -index-store-path /Users/admin/builder/spi-builder-workspace/.derivedData/Index.noindex/DataStore -Xcc -D_LIBCPP_HARDENING_MODE\=_LIBCPP_HARDENING_MODE_DEBUG -swift-version 5 -I /Users/admin/builder/spi-builder-workspace/.derivedData/Build/Products/Debug-watchos -Isystem /Applications/Xcode-27.0.0-Release.Candidate.app/Contents/Developer/Platforms/WatchOS.platform/Developer/usr/lib -F /Users/admin/builder/spi-builder-workspace/.derivedData/Build/Products/Debug-watchos -F /Applications/Xcode-27.0.0-Release.Candidate.app/Contents/Developer/Platforms/WatchOS.platform/Developer/Library/Frameworks -F /Applications/Xcode-27.0.0-Release.Candidate.app/Contents/Developer/Platforms/WatchOS.platform/Developer/SDKs/WatchOS27.0.sdk/Developer/Library/Frameworks -c -j10 -enable-batch-mode -incremental -Xcc -ivfsstatcache -Xcc /Users/admin/builder/spi-builder-workspace/.derivedData/SDKStatCaches.noindex/watchos27.0-24R360-e829b21a6f8c9b70876ba0858053c04477534ef55a1706bf4c1112bbb242f0a2.sdkstatcache -output-file-map /Users/admin/builder/spi-builder-workspace/.derivedData/Build/Intermediates.noindex/Splitflap.build/Debug-watchos/Splitflap-t.build/Objects-normal/arm64_32/Splitflap-OutputFileMap.json -save-temps -no-color-diagnostics -explicit-module-build -module-cache-path /Users/admin/builder/spi-builder-workspace/.derivedData/Build/Intermediates.noindex/SwiftExplicitPrecompiledModules -clang-scanner-module-cache-path /Users/admin/builder/spi-builder-workspace/.derivedData/ModuleCache.noindex -sdk-module-cache-path /Users/admin/builder/spi-builder-workspace/.derivedData/SDKExplicitPrecompiledModules -emit-dependencies -emit-module -emit-module-path /Users/admin/builder/spi-builder-workspace/.derivedData/Build/Intermediates.noindex/Splitflap.build/Debug-watchos/Splitflap-t.build/Objects-normal/arm64_32/Splitflap.swiftmodule -serialize-diagnostics -dependency-scan-serialize-diagnostics-path /Users/admin/builder/spi-builder-workspace/.derivedData/Build/Intermediates.noindex/Splitflap.build/Debug-watchos/Splitflap-t.build/Objects-normal/arm64_32/Splitflap-dependency-scan.dia -validate-clang-modules-once -clang-build-session-file /Users/admin/builder/spi-builder-workspace/.derivedData/ModuleCache.noindex/Session.modulevalidation -Xcc -fmodules-prune-interval\=86400 -Xcc -fmodules-prune-after\=345600 -emit-const-values -const-gather-protocols-list /Users/admin/builder/spi-builder-workspace/.derivedData/Build/Intermediates.noindex/Splitflap.build/Debug-watchos/Splitflap-t.build/Objects-normal/arm64_32/Splitflap_const_extract_protocols.json -Xcc -I/Users/admin/builder/spi-builder-workspace/.derivedData/Build/Products/Debug-watchos/include -Xcc -I/Users/admin/builder/spi-builder-workspace/.derivedData/Build/Intermediates.noindex/Splitflap.build/Debug-watchos/Splitflap-t.build/DerivedSources-normal/arm64_32 -Xcc -I/Users/admin/builder/spi-builder-workspace/.derivedData/Build/Intermediates.noindex/Splitflap.build/Debug-watchos/Splitflap-t.build/DerivedSources/arm64_32 -Xcc -I/Users/admin/builder/spi-builder-workspace/.derivedData/Build/Intermediates.noindex/Splitflap.build/Debug-watchos/Splitflap-t.build/DerivedSources -Xcc -DSWIFT_PACKAGE -Xcc -DDEBUG\=1 -emit-objc-header -emit-objc-header-path /Users/admin/builder/spi-builder-workspace/.derivedData/Build/Intermediates.noindex/Splitflap.build/Debug-watchos/Splitflap-t.build/Objects-normal/arm64_32/Splitflap-Swift.h -working-directory /Users/admin/builder/spi-builder-workspace/.swiftpm/xcode -experimental-emit-module-separately -disable-cmo
SwiftExplicitDependencyGeneratePcm arm64 /Users/admin/builder/spi-builder-workspace/.derivedData/SDKExplicitPrecompiledModules/ptrcheck-AIF0NDOYZ8ORBNHQAQR5NNB8M.pcm
SwiftExplicitDependencyGeneratePcm arm64 /Users/admin/builder/spi-builder-workspace/.derivedData/SDKExplicitPrecompiledModules/_AvailabilityInternal-BUNV3UXM65NT37THI4W1AM0SF.pcm
SwiftExplicitDependencyGeneratePcm arm64 /Users/admin/builder/spi-builder-workspace/.derivedData/SDKExplicitPrecompiledModules/ptrauth-3TZ9WJCGLYD25HQPWH4968ONX.pcm
SwiftExplicitDependencyGeneratePcm arm64 /Users/admin/builder/spi-builder-workspace/.derivedData/SDKExplicitPrecompiledModules/_Builtin_stddef-1FU30Y8SWFB7OUUHMJQH5J6FM.pcm
SwiftExplicitDependencyGeneratePcm arm64 /Users/admin/builder/spi-builder-workspace/.derivedData/SDKExplicitPrecompiledModules/SwiftShims-4MXFZPV6FEB0XBYXCGPWAMQGL.pcm
SwiftExplicitDependencyGeneratePcm arm64 /Users/admin/builder/spi-builder-workspace/.derivedData/SDKExplicitPrecompiledModules/_Builtin_stdbool-83J96QSOFE9VX04AAS6310UAE.pcm
SwiftExplicitDependencyGeneratePcm arm64 /Users/admin/builder/spi-builder-workspace/.derivedData/SDKExplicitPrecompiledModules/_Builtin_float-C0CW5Q4HGBQYKE77TC42IAFB5.pcm
SwiftExplicitDependencyGeneratePcm arm64 /Users/admin/builder/spi-builder-workspace/.derivedData/SDKExplicitPrecompiledModules/_Builtin_stdarg-A7UU8LE6MP85SM26YO7PBZNUQ.pcm
SwiftExplicitDependencyGeneratePcm arm64 /Users/admin/builder/spi-builder-workspace/.derivedData/SDKExplicitPrecompiledModules/_SwiftConcurrencyShims-659N52XSKR5F0QSB880BH2FJR.pcm
SwiftExplicitDependencyGeneratePcm arm64 /Users/admin/builder/spi-builder-workspace/.derivedData/SDKExplicitPrecompiledModules/DeveloperToolsSupport-E7CNISCB36UE8XQ9IOHK9XDX1.pcm
SwiftExplicitDependencyGeneratePcm arm64_32 /Users/admin/builder/spi-builder-workspace/.derivedData/SDKExplicitPrecompiledModules/_SwiftConcurrencyShims-6RTBPQ03V7BM9SPRK8SUE055H.pcm
SwiftExplicitDependencyGeneratePcm arm64_32 /Users/admin/builder/spi-builder-workspace/.derivedData/SDKExplicitPrecompiledModules/_Builtin_float-6KO8O3PEWRCA4WC6PPLOYO6WJ.pcm
SwiftExplicitDependencyGeneratePcm arm64_32 /Users/admin/builder/spi-builder-workspace/.derivedData/SDKExplicitPrecompiledModules/DeveloperToolsSupport-DZU5G1OCMNWU0AQRULIFHUJ1Z.pcm
SwiftExplicitDependencyGeneratePcm arm64_32 /Users/admin/builder/spi-builder-workspace/.derivedData/SDKExplicitPrecompiledModules/SwiftShims-9CQQGWTSNTN9EB5NSHDWUJICH.pcm
SwiftExplicitDependencyGeneratePcm arm64_32 /Users/admin/builder/spi-builder-workspace/.derivedData/SDKExplicitPrecompiledModules/_Builtin_stdbool-A967K8W8YUYEC9SN52KJ7OO88.pcm
SwiftExplicitDependencyGeneratePcm arm64_32 /Users/admin/builder/spi-builder-workspace/.derivedData/SDKExplicitPrecompiledModules/ptrauth-BFXF358ME5AK535N5A9Z766WU.pcm
SwiftExplicitDependencyGeneratePcm arm64_32 /Users/admin/builder/spi-builder-workspace/.derivedData/SDKExplicitPrecompiledModules/ptrcheck-7ELIH9BTIGVKX3UBITM9N72WD.pcm
SwiftExplicitDependencyGeneratePcm arm64_32 /Users/admin/builder/spi-builder-workspace/.derivedData/SDKExplicitPrecompiledModules/_Builtin_stddef-H44EFHQX6XSS5MZ7QP6YJZ76.pcm
SwiftExplicitDependencyGeneratePcm arm64_32 /Users/admin/builder/spi-builder-workspace/.derivedData/SDKExplicitPrecompiledModules/_AvailabilityInternal-244WAN3Z1QBT7PIA64EZEFY1R.pcm
SwiftExplicitDependencyGeneratePcm arm64 /Users/admin/builder/spi-builder-workspace/.derivedData/SDKExplicitPrecompiledModules/_DarwinFoundation1-7SPX3MD0HMP55E4OLNCPNDQ53.pcm
SwiftExplicitDependencyGeneratePcm arm64_32 /Users/admin/builder/spi-builder-workspace/.derivedData/SDKExplicitPrecompiledModules/_Builtin_stdarg-D305JG44A2WPI6CJY37X3QJE8.pcm
SwiftExplicitDependencyGeneratePcm arm64_32 /Users/admin/builder/spi-builder-workspace/.derivedData/SDKExplicitPrecompiledModules/_DarwinFoundation1-2GWF9RFMPLQW4PDHS3NARVI3G.pcm
SwiftExplicitDependencyGeneratePcm arm64 /Users/admin/builder/spi-builder-workspace/.derivedData/SDKExplicitPrecompiledModules/_Builtin_limits-9GWPA2B0H20DYUNYHYCWKABJG.pcm
SwiftExplicitDependencyGeneratePcm arm64 /Users/admin/builder/spi-builder-workspace/.derivedData/SDKExplicitPrecompiledModules/_DarwinFoundation2-D0XAPJU49S5E9XMKYOFGSTB1Q.pcm
SwiftExplicitDependencyGeneratePcm arm64_32 /Users/admin/builder/spi-builder-workspace/.derivedData/SDKExplicitPrecompiledModules/_Builtin_limits-3VKBU2AFTD65PAJZ5CJ3LHFM2.pcm
SwiftExplicitDependencyGeneratePcm arm64_32 /Users/admin/builder/spi-builder-workspace/.derivedData/SDKExplicitPrecompiledModules/_DarwinFoundation2-9MY8GOSYRO0M9MKNXF6D3MBNK.pcm
SwiftExplicitDependencyGeneratePcm arm64 /Users/admin/builder/spi-builder-workspace/.derivedData/SDKExplicitPrecompiledModules/sys_types-2KXQLI78OUCDP779AE68GZJ2.pcm
SwiftExplicitDependencyGeneratePcm arm64 /Users/admin/builder/spi-builder-workspace/.derivedData/SDKExplicitPrecompiledModules/string_h-E6PRXK75PHIPCZFWOFCQ3QBMK.pcm
SwiftExplicitDependencyGeneratePcm arm64 /Users/admin/builder/spi-builder-workspace/.derivedData/SDKExplicitPrecompiledModules/_Builtin_tgmath-8NQ96OZ0YHXEC24JI95P01UF8.pcm
SwiftExplicitDependencyGeneratePcm arm64 /Users/admin/builder/spi-builder-workspace/.derivedData/SDKExplicitPrecompiledModules/_Builtin_stdint-8XMILLJZEGRN2XG7XZUXZ5RLX.pcm
SwiftExplicitDependencyGeneratePcm arm64_32 /Users/admin/builder/spi-builder-workspace/.derivedData/SDKExplicitPrecompiledModules/sys_types-8TLLMW08ZJWDGIIPKOYFGHHZW.pcm
SwiftExplicitDependencyGeneratePcm arm64_32 /Users/admin/builder/spi-builder-workspace/.derivedData/SDKExplicitPrecompiledModules/string_h-BFVLUQUSBZWYMLCU9QI7VZALW.pcm
SwiftExplicitDependencyGeneratePcm arm64_32 /Users/admin/builder/spi-builder-workspace/.derivedData/SDKExplicitPrecompiledModules/_Builtin_stdint-1HMXWI3V0V4TXHRWZOMZGZ80Y.pcm
SwiftExplicitDependencyGeneratePcm arm64_32 /Users/admin/builder/spi-builder-workspace/.derivedData/SDKExplicitPrecompiledModules/_Builtin_tgmath-23PGCKURCQILXMK0MYZRYDCOU.pcm
SwiftExplicitDependencyGeneratePcm arm64 /Users/admin/builder/spi-builder-workspace/.derivedData/SDKExplicitPrecompiledModules/_Builtin_intrinsics-75960HIPCIYA06IUW8FIIPQT.pcm
SwiftExplicitDependencyGeneratePcm arm64 /Users/admin/builder/spi-builder-workspace/.derivedData/SDKExplicitPrecompiledModules/_DarwinFoundation3-B97LRG0E9GON2NUE65TVG81HU.pcm
SwiftExplicitDependencyGeneratePcm arm64 /Users/admin/builder/spi-builder-workspace/.derivedData/SDKExplicitPrecompiledModules/_Builtin_stdatomic-7JEFA3KBJJJN6TKJWY3OG1VG5.pcm
SwiftExplicitDependencyGeneratePcm arm64_32 /Users/admin/builder/spi-builder-workspace/.derivedData/SDKExplicitPrecompiledModules/_DarwinFoundation3-3DUTYQDQSD9HUAAVY947NMWOI.pcm
SwiftExplicitDependencyGeneratePcm arm64_32 /Users/admin/builder/spi-builder-workspace/.derivedData/SDKExplicitPrecompiledModules/_Builtin_intrinsics-196IIAKDQVU42DLOZP9OQCV76.pcm
SwiftExplicitDependencyGeneratePcm arm64_32 /Users/admin/builder/spi-builder-workspace/.derivedData/SDKExplicitPrecompiledModules/_Builtin_stdatomic-1TY035TURL76BF2U98PZPPZRX.pcm
SwiftExplicitDependencyGeneratePcm arm64 /Users/admin/builder/spi-builder-workspace/.derivedData/SDKExplicitPrecompiledModules/_Builtin_inttypes-3UQSCM7WNM9EK4HZML8TY5J3D.pcm
SwiftExplicitDependencyGeneratePcm arm64_32 /Users/admin/builder/spi-builder-workspace/.derivedData/SDKExplicitPrecompiledModules/_Builtin_inttypes-D2KPCR4PEX9AQA33NGLUT5SBR.pcm
SwiftExplicitDependencyGeneratePcm arm64 /Users/admin/builder/spi-builder-workspace/.derivedData/SDKExplicitPrecompiledModules/Darwin-3984OXKFNSPE77NT743WK8SEX.pcm
SwiftExplicitDependencyGeneratePcm arm64_32 /Users/admin/builder/spi-builder-workspace/.derivedData/SDKExplicitPrecompiledModules/Darwin-3FVT1SKLN2ZQ5RVOABMTQBB34.pcm
SwiftExplicitDependencyGeneratePcm arm64 /Users/admin/builder/spi-builder-workspace/.derivedData/SDKExplicitPrecompiledModules/simd-EH08NODU6574T74ZKU61VP9BW.pcm
SwiftExplicitDependencyGeneratePcm arm64_32 /Users/admin/builder/spi-builder-workspace/.derivedData/SDKExplicitPrecompiledModules/simd-21UNWYOBUZI1LVSQ99S1XBLMO.pcm
SwiftExplicitDependencyGeneratePcm arm64 /Users/admin/builder/spi-builder-workspace/.derivedData/SDKExplicitPrecompiledModules/ObjectiveC-72IVD3VS2RS8Q28D9PIMY0KQP.pcm
SwiftExplicitDependencyGeneratePcm arm64 /Users/admin/builder/spi-builder-workspace/.derivedData/SDKExplicitPrecompiledModules/MachO-2U90NNSAQILBNBPS1SA4F8TYP.pcm
SwiftExplicitDependencyGeneratePcm arm64_32 /Users/admin/builder/spi-builder-workspace/.derivedData/SDKExplicitPrecompiledModules/MachO-56838ZJ0NC1EBAJ0O6O8QMPDX.pcm
SwiftExplicitDependencyGeneratePcm arm64_32 /Users/admin/builder/spi-builder-workspace/.derivedData/SDKExplicitPrecompiledModules/ObjectiveC-6IJNELR2E80E7LUKESVCP2KET.pcm
SwiftExplicitDependencyGeneratePcm arm64 /Users/admin/builder/spi-builder-workspace/.derivedData/SDKExplicitPrecompiledModules/os_object-3SDKD7F87FTZ26OON37DRYT6O.pcm
SwiftExplicitDependencyGeneratePcm arm64_32 /Users/admin/builder/spi-builder-workspace/.derivedData/SDKExplicitPrecompiledModules/os_object-5YWTC6L4756IWSTPGXS5NM0D0.pcm
SwiftExplicitDependencyGeneratePcm arm64 /Users/admin/builder/spi-builder-workspace/.derivedData/SDKExplicitPrecompiledModules/os_workgroup-89GG5G7YC2D0ZTK6AZXXQ20DH.pcm
SwiftExplicitDependencyGeneratePcm arm64_32 /Users/admin/builder/spi-builder-workspace/.derivedData/SDKExplicitPrecompiledModules/os_workgroup-5JHTPDMNBUNHLJI8LPHKQK1JK.pcm
SwiftExplicitDependencyGeneratePcm arm64 /Users/admin/builder/spi-builder-workspace/.derivedData/SDKExplicitPrecompiledModules/Spatial-44FJGYXFAT2AQAW9Z6T7YS02U.pcm
SwiftExplicitDependencyGeneratePcm arm64 /Users/admin/builder/spi-builder-workspace/.derivedData/SDKExplicitPrecompiledModules/Dispatch-1NLJOVAK60XP0DUB05XA59EIM.pcm
SwiftExplicitDependencyGeneratePcm arm64_32 /Users/admin/builder/spi-builder-workspace/.derivedData/SDKExplicitPrecompiledModules/Spatial-CWVWNML3T0NXVHZDKVLD3X1YZ.pcm
SwiftExplicitDependencyGeneratePcm arm64_32 /Users/admin/builder/spi-builder-workspace/.derivedData/SDKExplicitPrecompiledModules/Dispatch-2P62F1T4XV63S4P99TUDTOK2Q.pcm
SwiftExplicitDependencyGeneratePcm arm64 /Users/admin/builder/spi-builder-workspace/.derivedData/SDKExplicitPrecompiledModules/XPC-40DR0X1DHKGCV4J1IOLFS8MOU.pcm
SwiftExplicitDependencyGeneratePcm arm64 /Users/admin/builder/spi-builder-workspace/.derivedData/SDKExplicitPrecompiledModules/CoreFoundation-8T2L24YC5NU7WO6WQJWRY7W08.pcm
SwiftExplicitDependencyGeneratePcm arm64_32 /Users/admin/builder/spi-builder-workspace/.derivedData/SDKExplicitPrecompiledModules/CoreFoundation-8E6Y4BA3EXYKUGJ24GT9LGV3N.pcm
SwiftExplicitDependencyGeneratePcm arm64_32 /Users/admin/builder/spi-builder-workspace/.derivedData/SDKExplicitPrecompiledModules/XPC-81Y45QFY96XYYFCW2GT6FY8S4.pcm
SwiftExplicitDependencyGeneratePcm arm64 /Users/admin/builder/spi-builder-workspace/.derivedData/SDKExplicitPrecompiledModules/os-5DIL6Z9LFIGLMZAHM7X2T5435.pcm
SwiftExplicitDependencyGeneratePcm arm64_32 /Users/admin/builder/spi-builder-workspace/.derivedData/SDKExplicitPrecompiledModules/os-E5IGB442IA6SBB25TTCOLK2OC.pcm
SwiftExplicitDependencyGeneratePcm arm64 /Users/admin/builder/spi-builder-workspace/.derivedData/SDKExplicitPrecompiledModules/Security-6RZ6YBRU8WCUHRFFRVUK5WKMM.pcm
SwiftExplicitDependencyGeneratePcm arm64 /Users/admin/builder/spi-builder-workspace/.derivedData/SDKExplicitPrecompiledModules/CoreGraphics-DWNZ73GEH98SBJXZ7DEXB420K.pcm
SwiftExplicitDependencyGeneratePcm arm64_32 /Users/admin/builder/spi-builder-workspace/.derivedData/SDKExplicitPrecompiledModules/CoreGraphics-9FDXYX6BKBUT6TJ2VF819E7T5.pcm
SwiftExplicitDependencyGeneratePcm arm64_32 /Users/admin/builder/spi-builder-workspace/.derivedData/SDKExplicitPrecompiledModules/Security-D7TOWF88VWF67TB9HAFP5UWB1.pcm
SwiftExplicitDependencyGeneratePcm arm64 /Users/admin/builder/spi-builder-workspace/.derivedData/SDKExplicitPrecompiledModules/Foundation-DLBKUSGXN8QHAT8W0OARR9S8A.pcm
SwiftExplicitDependencyGeneratePcm arm64 /Users/admin/builder/spi-builder-workspace/.derivedData/SDKExplicitPrecompiledModules/CoreVideo-8MRR5MNWUOAW2DBPGUQ8FKK4.pcm
SwiftExplicitDependencyGeneratePcm arm64 /Users/admin/builder/spi-builder-workspace/.derivedData/SDKExplicitPrecompiledModules/CoreText-970YJN6NIYGK1316L35Z0O8QT.pcm
SwiftExplicitDependencyGeneratePcm arm64_32 /Users/admin/builder/spi-builder-workspace/.derivedData/SDKExplicitPrecompiledModules/Foundation-BJ2VQGI3OGR34500MEQ1VKHPH.pcm
SwiftExplicitDependencyGeneratePcm arm64_32 /Users/admin/builder/spi-builder-workspace/.derivedData/SDKExplicitPrecompiledModules/CoreVideo-2P8HI0403J99LBDPKNFJ5D4DL.pcm
SwiftExplicitDependencyGeneratePcm arm64_32 /Users/admin/builder/spi-builder-workspace/.derivedData/SDKExplicitPrecompiledModules/CoreText-C9X2REPZN2V5BSU4G80FCETDR.pcm
SwiftExplicitDependencyGeneratePcm arm64 /Users/admin/builder/spi-builder-workspace/.derivedData/SDKExplicitPrecompiledModules/_LocationEssentials-5ZZDGDXB6HLQUC72SJW7YJ7MK.pcm
SwiftExplicitDependencyGeneratePcm arm64 /Users/admin/builder/spi-builder-workspace/.derivedData/SDKExplicitPrecompiledModules/UniformTypeIdentifiers-8L08Q8DQJV8C4AW84YVGFGTRN.pcm
SwiftExplicitDependencyGeneratePcm arm64 /Users/admin/builder/spi-builder-workspace/.derivedData/SDKExplicitPrecompiledModules/Symbols-3EFABTJ9L5PQDJ7RQCYQWEJMM.pcm
SwiftExplicitDependencyGeneratePcm arm64 /Users/admin/builder/spi-builder-workspace/.derivedData/SDKExplicitPrecompiledModules/OSLog-B7VGO357Y3GJG35TST7DKDSI3.pcm
SwiftExplicitDependencyGeneratePcm arm64 /Users/admin/builder/spi-builder-workspace/.derivedData/SDKExplicitPrecompiledModules/Accessibility-27QMG6ZQ1NKYTNBYFPM1XKNFC.pcm
SwiftExplicitDependencyGeneratePcm arm64 /Users/admin/builder/spi-builder-workspace/.derivedData/SDKExplicitPrecompiledModules/CoreTransferable-9PPG3SLJ55T4LITIFYX2M0NOZ.pcm
SwiftExplicitDependencyGeneratePcm arm64 /Users/admin/builder/spi-builder-workspace/.derivedData/SDKExplicitPrecompiledModules/UserNotifications-ARAH8MEQ0C2L0FBO39HITJMAO.pcm
SwiftExplicitDependencyGeneratePcm arm64 /Users/admin/builder/spi-builder-workspace/.derivedData/SDKExplicitPrecompiledModules/QuartzCore-94KFMWNOU7ZLUZNB4T5DLZC9D.pcm
SwiftExplicitDependencyGeneratePcm arm64 /Users/admin/builder/spi-builder-workspace/.derivedData/SDKExplicitPrecompiledModules/DataDetection-7BNVI1SZW5ISQL5SX4WL2X7I5.pcm
SwiftExplicitDependencyGeneratePcm arm64 /Users/admin/builder/spi-builder-workspace/.derivedData/SDKExplicitPrecompiledModules/UIUtilities-IR7RNW23VAUKYI9MLCS9NL9A.pcm
SwiftExplicitDependencyGeneratePcm arm64_32 /Users/admin/builder/spi-builder-workspace/.derivedData/SDKExplicitPrecompiledModules/UniformTypeIdentifiers-CJZ3NTHPSBH4XWX5EVOG56UZS.pcm
SwiftExplicitDependencyGeneratePcm arm64_32 /Users/admin/builder/spi-builder-workspace/.derivedData/SDKExplicitPrecompiledModules/Accessibility-F385OMZ5GYBUY5O4QAJB4NRII.pcm
SwiftExplicitDependencyGeneratePcm arm64_32 /Users/admin/builder/spi-builder-workspace/.derivedData/SDKExplicitPrecompiledModules/QuartzCore-6375NPYACK5NYVHPMC1QQ8MC2.pcm
SwiftExplicitDependencyGeneratePcm arm64_32 /Users/admin/builder/spi-builder-workspace/.derivedData/SDKExplicitPrecompiledModules/UIUtilities-9YFVNIMRC5HRVOIARNWHP1E3H.pcm
SwiftExplicitDependencyGeneratePcm arm64_32 /Users/admin/builder/spi-builder-workspace/.derivedData/SDKExplicitPrecompiledModules/Symbols-1H97WMG76HU94F5VGJR19PXFY.pcm
SwiftExplicitDependencyGeneratePcm arm64_32 /Users/admin/builder/spi-builder-workspace/.derivedData/SDKExplicitPrecompiledModules/OSLog-D9AVFY0KWO7RVBIQ73CBIJVCN.pcm
SwiftExplicitDependencyGeneratePcm arm64_32 /Users/admin/builder/spi-builder-workspace/.derivedData/SDKExplicitPrecompiledModules/CoreTransferable-5D4IR6X37682FPHJ5CBPTKQV6.pcm
SwiftExplicitDependencyGeneratePcm arm64_32 /Users/admin/builder/spi-builder-workspace/.derivedData/SDKExplicitPrecompiledModules/_LocationEssentials-AQ1OL9QKC3LQLY5CNSRM1HB53.pcm
SwiftExplicitDependencyGeneratePcm arm64 /Users/admin/builder/spi-builder-workspace/.derivedData/SDKExplicitPrecompiledModules/CoreLocation-ACKJ9K7ABI14F97Y46Y6SRR17.pcm
SwiftExplicitDependencyGeneratePcm arm64_32 /Users/admin/builder/spi-builder-workspace/.derivedData/SDKExplicitPrecompiledModules/DataDetection-U9BF7WHFVA6BZGFXXXP272PS.pcm
SwiftExplicitDependencyGeneratePcm arm64 /Users/admin/builder/spi-builder-workspace/.derivedData/SDKExplicitPrecompiledModules/SwiftUICore-C1DST1IX2Z0PTH5SJJZ1IULRB.pcm
SwiftExplicitDependencyGeneratePcm arm64_32 /Users/admin/builder/spi-builder-workspace/.derivedData/SDKExplicitPrecompiledModules/UserNotifications-6TBN8TEAKO014N1T2QD926XED.pcm
SwiftExplicitDependencyGeneratePcm arm64_32 /Users/admin/builder/spi-builder-workspace/.derivedData/SDKExplicitPrecompiledModules/CoreLocation-8XU5YMYM4P11RQMYCQAG65ITK.pcm
SwiftExplicitDependencyGeneratePcm arm64_32 /Users/admin/builder/spi-builder-workspace/.derivedData/SDKExplicitPrecompiledModules/SwiftUICore-3Q7WLRD8MR9R3NGIPUBQCP6F6.pcm
SwiftExplicitDependencyGeneratePcm arm64 /Users/admin/builder/spi-builder-workspace/.derivedData/SDKExplicitPrecompiledModules/CoreMotion-6RD5K48QT1F4L9CATNFD2O7YB.pcm
SwiftExplicitDependencyGeneratePcm arm64_32 /Users/admin/builder/spi-builder-workspace/.derivedData/SDKExplicitPrecompiledModules/CoreMotion-1XGTVTE5PP32UHME8AC63TL6.pcm
SwiftExplicitDependencyGeneratePcm arm64 /Users/admin/builder/spi-builder-workspace/.derivedData/SDKExplicitPrecompiledModules/UIKit-27R3P1YMV4C6JLDT661G3MRIA.pcm
SwiftExplicitDependencyGeneratePcm arm64_32 /Users/admin/builder/spi-builder-workspace/.derivedData/SDKExplicitPrecompiledModules/UIKit-6PPV7YPZ89CZPHYAP072QH8B6.pcm
SwiftEmitModule normal arm64 Emitting\ module\ for\ Splitflap (in target 'Splitflap' from project 'Splitflap')
/Users/admin/builder/spi-builder-workspace/Sources/FlapView.swift:121:35: error: 'CABasicAnimation' is unavailable in watchOS
119 |
120 | fileprivate var animationTime = AnimationTime.tac
121 | fileprivate let topAnim = CABasicAnimation(keyPath: "transform")
| `- error: 'CABasicAnimation' is unavailable in watchOS
122 | fileprivate let bottomAnim = CABasicAnimation(keyPath: "transform")
123 |
/Applications/Xcode-27.0.0-Release.Candidate.app/Contents/Developer/Platforms/WatchOS.platform/Developer/SDKs/WatchOS27.0.sdk/System/Library/Frameworks/QuartzCore.framework/Headers/CAAnimation.h:130:12: note: 'CABasicAnimation' has been explicitly marked unavailable here
128 |
129 | API_AVAILABLE(macos(10.5), ios(2.0), tvos(9.0)) API_UNAVAILABLE(watchos)
130 | @interface CABasicAnimation : CAPropertyAnimation
| `- note: 'CABasicAnimation' has been explicitly marked unavailable here
131 |
132 | /* The objects defining the property values being interpolated between.
/Users/admin/builder/spi-builder-workspace/Sources/FlapView.swift:122:35: error: 'CABasicAnimation' is unavailable in watchOS
120 | fileprivate var animationTime = AnimationTime.tac
121 | fileprivate let topAnim = CABasicAnimation(keyPath: "transform")
122 | fileprivate let bottomAnim = CABasicAnimation(keyPath: "transform")
| `- error: 'CABasicAnimation' is unavailable in watchOS
123 |
124 | fileprivate func setupAnimations() {
/Applications/Xcode-27.0.0-Release.Candidate.app/Contents/Developer/Platforms/WatchOS.platform/Developer/SDKs/WatchOS27.0.sdk/System/Library/Frameworks/QuartzCore.framework/Headers/CAAnimation.h:130:12: note: 'CABasicAnimation' has been explicitly marked unavailable here
128 |
129 | API_AVAILABLE(macos(10.5), ios(2.0), tvos(9.0)) API_UNAVAILABLE(watchos)
130 | @interface CABasicAnimation : CAPropertyAnimation
| `- note: 'CABasicAnimation' has been explicitly marked unavailable here
131 |
132 | /* The objects defining the property values being interpolated between.
/Users/admin/builder/spi-builder-workspace/Sources/FlapView.swift:231:33: error: 'CAAnimation' is unavailable in watchOS
229 | // MARK: - CAAnimation Delegate Methods
230 |
231 | func animationDidStop(_ anim: CAAnimation, finished flag: Bool) {
| `- error: 'CAAnimation' is unavailable in watchOS
232 | animationTime = animationTime == .tic ? .tac : .tic
233 |
/Applications/Xcode-27.0.0-Release.Candidate.app/Contents/Developer/Platforms/WatchOS.platform/Developer/SDKs/WatchOS27.0.sdk/System/Library/Frameworks/QuartzCore.framework/Headers/CAAnimation.h:25:12: note: 'CAAnimation' has been explicitly marked unavailable here
23 |
24 | API_AVAILABLE(macos(10.5), ios(2.0), tvos(9.0)) API_UNAVAILABLE(watchos)
25 | @interface CAAnimation : NSObject
| `- note: 'CAAnimation' has been explicitly marked unavailable here
26 | <NSSecureCoding, NSCopying, CAMediaTiming, CAAction>
27 | {
/Users/admin/builder/spi-builder-workspace/Sources/FlapView.swift:34:23: error: 'UIView' is unavailable in watchOS
32 | desired character or graphic.
33 | */
34 | final class FlapView: UIView, CAAnimationDelegate {
| `- error: 'UIView' is unavailable in watchOS
35 | // The tiles used to display and animate the flaps
36 | fileprivate let topTicTile: TileView
/Applications/Xcode-27.0.0-Release.Candidate.app/Contents/Developer/Platforms/WatchOS.platform/Developer/SDKs/WatchOS27.0.sdk/System/Library/Frameworks/UIKit.framework/Headers/UIView.h:152:12: note: 'UIView' has been explicitly marked unavailable here
150 |
151 | UIKIT_EXTERN API_AVAILABLE(ios(2.0)) API_UNAVAILABLE(watchos) NS_SWIFT_UI_ACTOR
152 | @interface UIView : UIResponder <NSCoding, UIAppearance, UIAppearanceContainer, UIDynamicItem, UITraitEnvironment, UICoordinateSpace, UIFocusItem, UIFocusItemContainer, CALayerDelegate>
| `- note: 'UIView' has been explicitly marked unavailable here
153 |
154 | @property(class, nonatomic, readonly) Class layerClass; // default is [CALayer class]. Used when creating the underlying layer for the view.
/Users/admin/builder/spi-builder-workspace/Sources/FlapView.swift:34:31: error: 'CAAnimationDelegate' is unavailable in watchOS
32 | desired character or graphic.
33 | */
34 | final class FlapView: UIView, CAAnimationDelegate {
| `- error: 'CAAnimationDelegate' is unavailable in watchOS
35 | // The tiles used to display and animate the flaps
36 | fileprivate let topTicTile: TileView
/Applications/Xcode-27.0.0-Release.Candidate.app/Contents/Developer/Platforms/WatchOS.platform/Developer/SDKs/WatchOS27.0.sdk/System/Library/Frameworks/QuartzCore.framework/Headers/CAAnimation.h:71:11: note: 'CAAnimationDelegate' has been explicitly marked unavailable here
69 |
70 | API_AVAILABLE(macos(10.12), ios(10.0), tvos(10.0)) API_UNAVAILABLE(watchos)
71 | @protocol CAAnimationDelegate <NSObject>
| `- note: 'CAAnimationDelegate' has been explicitly marked unavailable here
72 | @optional
73 |
/Users/admin/builder/spi-builder-workspace/Sources/Splitflap.swift:34:37: error: 'UIView' is unavailable in watchOS
32 | some flip clocks.
33 | */
34 | @IBDesignable open class Splitflap: UIView {
| `- error: 'UIView' is unavailable in watchOS
35 | // MARK: - Specifying the Data Source
36 |
/Applications/Xcode-27.0.0-Release.Candidate.app/Contents/Developer/Platforms/WatchOS.platform/Developer/SDKs/WatchOS27.0.sdk/System/Library/Frameworks/UIKit.framework/Headers/UIView.h:152:12: note: 'UIView' has been explicitly marked unavailable here
150 |
151 | UIKIT_EXTERN API_AVAILABLE(ios(2.0)) API_UNAVAILABLE(watchos) NS_SWIFT_UI_ACTOR
152 | @interface UIView : UIResponder <NSCoding, UIAppearance, UIAppearanceContainer, UIDynamicItem, UITraitEnvironment, UICoordinateSpace, UIFocusItem, UIFocusItemContainer, CALayerDelegate>
| `- note: 'UIView' has been explicitly marked unavailable here
153 |
154 | @property(class, nonatomic, readonly) Class layerClass; // default is [CALayer class]. Used when creating the underlying layer for the view.
/Users/admin/builder/spi-builder-workspace/Sources/SplitflapDataSource.swift:35:38: warning: using 'class' keyword to define a class-constrained protocol is deprecated; use 'AnyObject' instead [#deprecation]
33 | displaying the split-flap view data.
34 | */
35 | public protocol SplitflapDataSource: class {
| `- warning: using 'class' keyword to define a class-constrained protocol is deprecated; use 'AnyObject' instead [#deprecation]
36 | // MARK: - Providing Counts for the Splitflap View
37 |
/Users/admin/builder/spi-builder-workspace/Sources/SplitflapDelegate.swift:34:36: warning: using 'class' keyword to define a class-constrained protocol is deprecated; use 'AnyObject' instead [#deprecation]
32 | to construct itself.
33 | */
34 | public protocol SplitflapDelegate: class {
| `- warning: using 'class' keyword to define a class-constrained protocol is deprecated; use 'AnyObject' instead [#deprecation]
35 | // MARK: - Setting the Rotation Duration of Flaps
36 |
/Users/admin/builder/spi-builder-workspace/Sources/TileView.swift:34:39: error: 'UILabel' is unavailable in watchOS
32 | */
33 | final class TileView: UIView {
34 | fileprivate let digitLabel = UILabel()
| `- error: 'UILabel' is unavailable in watchOS
35 | fileprivate let mainLineView = UIView()
36 | fileprivate let secondaryLineView = UIView()
/Applications/Xcode-27.0.0-Release.Candidate.app/Contents/Developer/Platforms/WatchOS.platform/Developer/SDKs/WatchOS27.0.sdk/System/Library/Frameworks/UIKit.framework/Headers/UILabel.h:33:12: note: 'UILabel' has been explicitly marked unavailable here
31 |
32 | UIKIT_EXTERN API_AVAILABLE(ios(2.0)) API_UNAVAILABLE(watchos) NS_SWIFT_UI_ACTOR
33 | @interface UILabel : UIView <NSCoding, UIContentSizeCategoryAdjusting, UILetterformAwareAdjusting>
| `- note: 'UILabel' has been explicitly marked unavailable here
34 |
35 | @property(nullable, nonatomic,copy) NSString *text; // default is nil
/Users/admin/builder/spi-builder-workspace/Sources/TileView.swift:34:39: error: 'init()' is unavailable in watchOS
32 | */
33 | final class TileView: UIView {
34 | fileprivate let digitLabel = UILabel()
| `- error: 'init()' is unavailable in watchOS
35 | fileprivate let mainLineView = UIView()
36 | fileprivate let secondaryLineView = UIView()
/Applications/Xcode-27.0.0-Release.Candidate.app/Contents/Developer/Platforms/WatchOS.platform/Developer/SDKs/WatchOS27.0.sdk/System/Library/Frameworks/UIKit.framework/Headers/UIView.h:158:1: note: 'init()' has been explicitly marked unavailable here
156 | - (instancetype)initWithFrame:(CGRect)frame NS_DESIGNATED_INITIALIZER;
157 | - (nullable instancetype)initWithCoder:(NSCoder *)coder NS_DESIGNATED_INITIALIZER;
158 | - (instancetype)init API_AVAILABLE(ios(2.0), tvos(9.0), visionos(1.0)) API_UNAVAILABLE(watchos);
| `- note: 'init()' has been explicitly marked unavailable here
159 |
160 | @property(nonatomic,getter=isUserInteractionEnabled) BOOL userInteractionEnabled; // default is YES. if set to NO, user events (touch, keys) are ignored and removed from the event queue.
/Users/admin/builder/spi-builder-workspace/Sources/TileView.swift:35:39: error: 'UIView' is unavailable in watchOS
33 | final class TileView: UIView {
34 | fileprivate let digitLabel = UILabel()
35 | fileprivate let mainLineView = UIView()
| `- error: 'UIView' is unavailable in watchOS
36 | fileprivate let secondaryLineView = UIView()
37 |
/Applications/Xcode-27.0.0-Release.Candidate.app/Contents/Developer/Platforms/WatchOS.platform/Developer/SDKs/WatchOS27.0.sdk/System/Library/Frameworks/UIKit.framework/Headers/UIView.h:152:12: note: 'UIView' has been explicitly marked unavailable here
150 |
151 | UIKIT_EXTERN API_AVAILABLE(ios(2.0)) API_UNAVAILABLE(watchos) NS_SWIFT_UI_ACTOR
152 | @interface UIView : UIResponder <NSCoding, UIAppearance, UIAppearanceContainer, UIDynamicItem, UITraitEnvironment, UICoordinateSpace, UIFocusItem, UIFocusItemContainer, CALayerDelegate>
| `- note: 'UIView' has been explicitly marked unavailable here
153 |
154 | @property(class, nonatomic, readonly) Class layerClass; // default is [CALayer class]. Used when creating the underlying layer for the view.
/Users/admin/builder/spi-builder-workspace/Sources/TileView.swift:35:39: error: 'init()' is unavailable in watchOS
33 | final class TileView: UIView {
34 | fileprivate let digitLabel = UILabel()
35 | fileprivate let mainLineView = UIView()
| `- error: 'init()' is unavailable in watchOS
36 | fileprivate let secondaryLineView = UIView()
37 |
/Applications/Xcode-27.0.0-Release.Candidate.app/Contents/Developer/Platforms/WatchOS.platform/Developer/SDKs/WatchOS27.0.sdk/System/Library/Frameworks/UIKit.framework/Headers/UIView.h:158:1: note: 'init()' has been explicitly marked unavailable here
156 | - (instancetype)initWithFrame:(CGRect)frame NS_DESIGNATED_INITIALIZER;
157 | - (nullable instancetype)initWithCoder:(NSCoder *)coder NS_DESIGNATED_INITIALIZER;
158 | - (instancetype)init API_AVAILABLE(ios(2.0), tvos(9.0), visionos(1.0)) API_UNAVAILABLE(watchos);
| `- note: 'init()' has been explicitly marked unavailable here
159 |
160 | @property(nonatomic,getter=isUserInteractionEnabled) BOOL userInteractionEnabled; // default is YES. if set to NO, user events (touch, keys) are ignored and removed from the event queue.
/Users/admin/builder/spi-builder-workspace/Sources/TileView.swift:36:39: error: 'UIView' is unavailable in watchOS
34 | fileprivate let digitLabel = UILabel()
35 | fileprivate let mainLineView = UIView()
36 | fileprivate let secondaryLineView = UIView()
| `- error: 'UIView' is unavailable in watchOS
37 |
38 | /// Defines the position and by the same time appearance of the tiles.
/Applications/Xcode-27.0.0-Release.Candidate.app/Contents/Developer/Platforms/WatchOS.platform/Developer/SDKs/WatchOS27.0.sdk/System/Library/Frameworks/UIKit.framework/Headers/UIView.h:152:12: note: 'UIView' has been explicitly marked unavailable here
150 |
151 | UIKIT_EXTERN API_AVAILABLE(ios(2.0)) API_UNAVAILABLE(watchos) NS_SWIFT_UI_ACTOR
152 | @interface UIView : UIResponder <NSCoding, UIAppearance, UIAppearanceContainer, UIDynamicItem, UITraitEnvironment, UICoordinateSpace, UIFocusItem, UIFocusItemContainer, CALayerDelegate>
| `- note: 'UIView' has been explicitly marked unavailable here
153 |
154 | @property(class, nonatomic, readonly) Class layerClass; // default is [CALayer class]. Used when creating the underlying layer for the view.
/Users/admin/builder/spi-builder-workspace/Sources/TileView.swift:36:39: error: 'init()' is unavailable in watchOS
34 | fileprivate let digitLabel = UILabel()
35 | fileprivate let mainLineView = UIView()
36 | fileprivate let secondaryLineView = UIView()
| `- error: 'init()' is unavailable in watchOS
37 |
38 | /// Defines the position and by the same time appearance of the tiles.
/Applications/Xcode-27.0.0-Release.Candidate.app/Contents/Developer/Platforms/WatchOS.platform/Developer/SDKs/WatchOS27.0.sdk/System/Library/Frameworks/UIKit.framework/Headers/UIView.h:158:1: note: 'init()' has been explicitly marked unavailable here
156 | - (instancetype)initWithFrame:(CGRect)frame NS_DESIGNATED_INITIALIZER;
157 | - (nullable instancetype)initWithCoder:(NSCoder *)coder NS_DESIGNATED_INITIALIZER;
158 | - (instancetype)init API_AVAILABLE(ios(2.0), tvos(9.0), visionos(1.0)) API_UNAVAILABLE(watchos);
| `- note: 'init()' has been explicitly marked unavailable here
159 |
160 | @property(nonatomic,getter=isUserInteractionEnabled) BOOL userInteractionEnabled; // default is YES. if set to NO, user events (touch, keys) are ignored and removed from the event queue.
/Users/admin/builder/spi-builder-workspace/Sources/TileView.swift:33:23: error: 'UIView' is unavailable in watchOS
31 | top or the bottom of a leaf.
32 | */
33 | final class TileView: UIView {
| `- error: 'UIView' is unavailable in watchOS
34 | fileprivate let digitLabel = UILabel()
35 | fileprivate let mainLineView = UIView()
/Applications/Xcode-27.0.0-Release.Candidate.app/Contents/Developer/Platforms/WatchOS.platform/Developer/SDKs/WatchOS27.0.sdk/System/Library/Frameworks/UIKit.framework/Headers/UIView.h:152:12: note: 'UIView' has been explicitly marked unavailable here
150 |
151 | UIKIT_EXTERN API_AVAILABLE(ios(2.0)) API_UNAVAILABLE(watchos) NS_SWIFT_UI_ACTOR
152 | @interface UIView : UIResponder <NSCoding, UIAppearance, UIAppearanceContainer, UIDynamicItem, UITraitEnvironment, UICoordinateSpace, UIFocusItem, UIFocusItemContainer, CALayerDelegate>
| `- note: 'UIView' has been explicitly marked unavailable here
153 |
154 | @property(class, nonatomic, readonly) Class layerClass; // default is [CALayer class]. Used when creating the underlying layer for the view.
Failed frontend command:
SwiftCompile normal arm64 (in target 'Splitflap' from project 'Splitflap')
cd /Users/admin/builder/spi-builder-workspace/.swiftpm/xcode
/Applications/Xcode-27.0.0-Release.Candidate.app/Contents/Developer/Toolchains/XcodeDefault.xctoolchain/usr/bin/swift-frontend -frontend -emit-module -experimental-skip-non-inlinable-function-bodies-without-types /Users/admin/builder/spi-builder-workspace/Sources/FlapView.swift /Users/admin/builder/spi-builder-workspace/Sources/FlapViewBuilder.swift /Users/admin/builder/spi-builder-workspace/Sources/Splitflap.swift /Users/admin/builder/spi-builder-workspace/Sources/SplitflapDataSource.swift /Users/admin/builder/spi-builder-workspace/Sources/SplitflapDelegate.swift /Users/admin/builder/spi-builder-workspace/Sources/SplitflapTokens.swift /Users/admin/builder/spi-builder-workspace/Sources/TileView.swift /Users/admin/builder/spi-builder-workspace/Sources/TokenGenerator.swift /Users/admin/builder/spi-builder-workspace/Sources/TokenParser.swift -target arm64-apple-watchos9.0 -disable-cross-import-overlay-search -load-resolved-plugin /Applications/Xcode-27.0.0-Release.Candidate.app/Contents/Developer/Platforms/WatchOS.platform/Developer/usr/lib/swift/host/plugins/libFoundationMacros.dylib\#/Applications/Xcode-27.0.0-Release.Candidate.app/Contents/Developer/Platforms/WatchOS.platform/Developer/usr/bin/swift-plugin-server\#FoundationMacros -load-resolved-plugin /Applications/Xcode-27.0.0-Release.Candidate.app/Contents/Developer/Platforms/WatchOS.platform/Developer/usr/lib/swift/host/plugins/libObservationMacros.dylib\#/Applications/Xcode-27.0.0-Release.Candidate.app/Contents/Developer/Platforms/WatchOS.platform/Developer/usr/bin/swift-plugin-server\#ObservationMacros -load-resolved-plugin /Applications/Xcode-27.0.0-Release.Candidate.app/Contents/Developer/Platforms/WatchOS.platform/Developer/usr/lib/swift/host/plugins/libSwiftMacros.dylib\#/Applications/Xcode-27.0.0-Release.Candidate.app/Contents/Developer/Platforms/WatchOS.platform/Developer/usr/bin/swift-plugin-server\#SwiftMacros -load-resolved-plugin /Applications/Xcode-27.0.0-Release.Candidate.app/Contents/Developer/Platforms/WatchOS.platform/Developer/usr/lib/swift/host/plugins/libSwiftUIMacros.dylib\#/Applications/Xcode-27.0.0-Release.Candidate.app/Contents/Developer/Platforms/WatchOS.platform/Developer/usr/bin/swift-plugin-server\#SwiftUIMacros -disable-implicit-swift-modules -Xcc -fno-implicit-modules -Xcc -fno-implicit-module-maps -explicit-swift-module-map-file /Users/admin/builder/spi-builder-workspace/.derivedData/Build/Intermediates.noindex/Splitflap.build/Debug-watchos/Splitflap-t.build/Objects-normal/arm64/Splitflap-dependencies-1.json -Xllvm -aarch64-use-tbi -enable-objc-interop -stack-check -sdk /Applications/Xcode-27.0.0-Release.Candidate.app/Contents/Developer/Platforms/WatchOS.platform/Developer/SDKs/WatchOS27.0.sdk -I /Users/admin/builder/spi-builder-workspace/.derivedData/Build/Products/Debug-watchos -Isystem /Applications/Xcode-27.0.0-Release.Candidate.app/Contents/Developer/Platforms/WatchOS.platform/Developer/usr/lib -F /Users/admin/builder/spi-builder-workspace/.derivedData/Build/Products/Debug-watchos -F /Applications/Xcode-27.0.0-Release.Candidate.app/Contents/Developer/Platforms/WatchOS.platform/Developer/Library/Frameworks -F /Applications/Xcode-27.0.0-Release.Candidate.app/Contents/Developer/Platforms/WatchOS.platform/Developer/SDKs/WatchOS27.0.sdk/Developer/Library/Frameworks -module-cache-path /Users/admin/builder/spi-builder-workspace/.derivedData/Build/Intermediates.noindex/SwiftExplicitPrecompiledModules -no-color-diagnostics -Xcc -fno-color-diagnostics -enable-testing -g -debug-info-format\=dwarf -dwarf-version\=4 -swift-version 5 -Onone -D SWIFT_PACKAGE -D DEBUG -D SWIFT_MODULE_RESOURCE_BUNDLE_UNAVAILABLE -D Xcode -serialize-debugging-options -enable-experimental-feature DebugDescriptionMacro -empty-abi-descriptor -validate-clang-modules-once -clang-build-session-file /Users/admin/builder/spi-builder-workspace/.derivedData/ModuleCache.noindex/Session.modulevalidation -Xcc -working-directory -Xcc /Users/admin/builder/spi-builder-workspace/.swiftpm/xcode -enable-anonymous-context-mangled-names -file-compilation-dir /Users/admin/builder/spi-builder-workspace/.swiftpm/xcode -Xcc -D_LIBCPP_HARDENING_MODE\=_LIBCPP_HARDENING_MODE_DEBUG -Xcc -ivfsstatcache -Xcc /Users/admin/builder/spi-builder-workspace/.derivedData/SDKStatCaches.noindex/watchos27.0-24R360-e829b21a6f8c9b70876ba0858053c04477534ef55a1706bf4c1112bbb242f0a2.sdkstatcache -Xcc -fmodules-prune-interval\=86400 -Xcc -fmodules-prune-after\=345600 -Xcc -I/Users/admin/builder/spi-builder-workspace/.derivedData/Build/Products/Debug-watchos/include -Xcc -I/Users/admin/builder/spi-builder-workspace/.derivedData/Build/Intermediates.noindex/Splitflap.build/Debug-watchos/Splitflap-t.build/DerivedSources-normal/arm64 -Xcc -I/Users/admin/builder/spi-builder-workspace/.derivedData/Build/Intermediates.noindex/Splitflap.build/Debug-watchos/Splitflap-t.build/DerivedSources/arm64 -Xcc -I/Users/admin/builder/spi-builder-workspace/.derivedData/Build/Intermediates.noindex/Splitflap.build/Debug-watchos/Splitflap-t.build/DerivedSources -Xcc -DSWIFT_PACKAGE -Xcc -DDEBUG\=1 -no-auto-bridging-header-chaining -module-name Splitflap -const-gather-protocols-file /Users/admin/builder/spi-builder-workspace/.derivedData/Build/Intermediates.noindex/Splitflap.build/Debug-watchos/Splitflap-t.build/Objects-normal/arm64/Splitflap_const_extract_protocols.json -disable-clang-spi -clang-target arm64-apple-watchos27.0 -target-sdk-version 27.0 -target-sdk-name watchos27.0 -in-process-plugin-server-path /Applications/Xcode-27.0.0-Release.Candidate.app/Contents/Developer/Toolchains/XcodeDefault.xctoolchain/usr/lib/swift/host/libSwiftInProcPluginServer.dylib -emit-module-doc-path /Users/admin/builder/spi-builder-workspace/.derivedData/Build/Intermediates.noindex/Splitflap.build/Debug-watchos/Splitflap-t.build/Objects-normal/arm64/Splitflap.swiftdoc -emit-module-source-info-path /Users/admin/builder/spi-builder-workspace/.derivedData/Build/Intermediates.noindex/Splitflap.build/Debug-watchos/Splitflap-t.build/Objects-normal/arm64/Splitflap.swiftsourceinfo -emit-objc-header-path /Users/admin/builder/spi-builder-workspace/.derivedData/Build/Intermediates.noindex/Splitflap.build/Debug-watchos/Splitflap-t.build/Objects-normal/arm64/Splitflap-Swift.h -serialize-diagnostics-path /Users/admin/builder/spi-builder-workspace/.derivedData/Build/Intermediates.noindex/Splitflap.build/Debug-watchos/Splitflap-t.build/Objects-normal/arm64/Splitflap-primary-emit-module.dia -emit-dependencies-path /Users/admin/builder/spi-builder-workspace/.derivedData/Build/Intermediates.noindex/Splitflap.build/Debug-watchos/Splitflap-t.build/Objects-normal/arm64/Splitflap-primary-emit-module.d -parse-as-library -o /Users/admin/builder/spi-builder-workspace/.derivedData/Build/Intermediates.noindex/Splitflap.build/Debug-watchos/Splitflap-t.build/Objects-normal/arm64/Splitflap.swiftmodule -emit-abi-descriptor-path /Users/admin/builder/spi-builder-workspace/.derivedData/Build/Intermediates.noindex/Splitflap.build/Debug-watchos/Splitflap-t.build/Objects-normal/arm64/Splitflap.abi.json
SwiftCompile normal arm64 Compiling\ SplitflapDelegate.swift /Users/admin/builder/spi-builder-workspace/Sources/SplitflapDelegate.swift (in target 'Splitflap' from project 'Splitflap')
SwiftCompile normal arm64 /Users/admin/builder/spi-builder-workspace/Sources/SplitflapDelegate.swift (in target 'Splitflap' from project 'Splitflap')
cd /Users/admin/builder/spi-builder-workspace/.swiftpm/xcode
builtin-SwiftPerFileCompile SplitflapDelegate.swift
SwiftCompile normal arm64 Compiling\ TokenGenerator.swift /Users/admin/builder/spi-builder-workspace/Sources/TokenGenerator.swift (in target 'Splitflap' from project 'Splitflap')
SwiftCompile normal arm64 /Users/admin/builder/spi-builder-workspace/Sources/TokenGenerator.swift (in target 'Splitflap' from project 'Splitflap')
cd /Users/admin/builder/spi-builder-workspace/.swiftpm/xcode
builtin-SwiftPerFileCompile TokenGenerator.swift
SwiftCompile normal arm64 Compiling\ SplitflapTokens.swift /Users/admin/builder/spi-builder-workspace/Sources/SplitflapTokens.swift (in target 'Splitflap' from project 'Splitflap')
SwiftCompile normal arm64 /Users/admin/builder/spi-builder-workspace/Sources/SplitflapTokens.swift (in target 'Splitflap' from project 'Splitflap')
cd /Users/admin/builder/spi-builder-workspace/.swiftpm/xcode
builtin-SwiftPerFileCompile SplitflapTokens.swift
SwiftCompile normal arm64 Compiling\ SplitflapDataSource.swift /Users/admin/builder/spi-builder-workspace/Sources/SplitflapDataSource.swift (in target 'Splitflap' from project 'Splitflap')
SwiftCompile normal arm64 /Users/admin/builder/spi-builder-workspace/Sources/SplitflapDataSource.swift (in target 'Splitflap' from project 'Splitflap')
cd /Users/admin/builder/spi-builder-workspace/.swiftpm/xcode
builtin-SwiftPerFileCompile SplitflapDataSource.swift
SwiftCompile normal arm64 Compiling\ TileView.swift /Users/admin/builder/spi-builder-workspace/Sources/TileView.swift (in target 'Splitflap' from project 'Splitflap')
/Users/admin/builder/spi-builder-workspace/Sources/TileView.swift:34:39: error: 'UILabel' is unavailable in watchOS
32 | */
33 | final class TileView: UIView {
34 | fileprivate let digitLabel = UILabel()
| `- error: 'UILabel' is unavailable in watchOS
35 | fileprivate let mainLineView = UIView()
36 | fileprivate let secondaryLineView = UIView()
/Applications/Xcode-27.0.0-Release.Candidate.app/Contents/Developer/Platforms/WatchOS.platform/Developer/SDKs/WatchOS27.0.sdk/System/Library/Frameworks/UIKit.framework/Headers/UILabel.h:33:12: note: 'UILabel' has been explicitly marked unavailable here
31 |
32 | UIKIT_EXTERN API_AVAILABLE(ios(2.0)) API_UNAVAILABLE(watchos) NS_SWIFT_UI_ACTOR
33 | @interface UILabel : UIView <NSCoding, UIContentSizeCategoryAdjusting, UILetterformAwareAdjusting>
| `- note: 'UILabel' has been explicitly marked unavailable here
34 |
35 | @property(nullable, nonatomic,copy) NSString *text; // default is nil
/Users/admin/builder/spi-builder-workspace/Sources/TileView.swift:34:39: error: 'init()' is unavailable in watchOS
32 | */
33 | final class TileView: UIView {
34 | fileprivate let digitLabel = UILabel()
| `- error: 'init()' is unavailable in watchOS
35 | fileprivate let mainLineView = UIView()
36 | fileprivate let secondaryLineView = UIView()
/Applications/Xcode-27.0.0-Release.Candidate.app/Contents/Developer/Platforms/WatchOS.platform/Developer/SDKs/WatchOS27.0.sdk/System/Library/Frameworks/UIKit.framework/Headers/UIView.h:158:1: note: 'init()' has been explicitly marked unavailable here
156 | - (instancetype)initWithFrame:(CGRect)frame NS_DESIGNATED_INITIALIZER;
157 | - (nullable instancetype)initWithCoder:(NSCoder *)coder NS_DESIGNATED_INITIALIZER;
158 | - (instancetype)init API_AVAILABLE(ios(2.0), tvos(9.0), visionos(1.0)) API_UNAVAILABLE(watchos);
| `- note: 'init()' has been explicitly marked unavailable here
159 |
160 | @property(nonatomic,getter=isUserInteractionEnabled) BOOL userInteractionEnabled; // default is YES. if set to NO, user events (touch, keys) are ignored and removed from the event queue.
/Users/admin/builder/spi-builder-workspace/Sources/TileView.swift:35:39: error: 'UIView' is unavailable in watchOS
33 | final class TileView: UIView {
34 | fileprivate let digitLabel = UILabel()
35 | fileprivate let mainLineView = UIView()
| `- error: 'UIView' is unavailable in watchOS
36 | fileprivate let secondaryLineView = UIView()
37 |
/Applications/Xcode-27.0.0-Release.Candidate.app/Contents/Developer/Platforms/WatchOS.platform/Developer/SDKs/WatchOS27.0.sdk/System/Library/Frameworks/UIKit.framework/Headers/UIView.h:152:12: note: 'UIView' has been explicitly marked unavailable here
150 |
151 | UIKIT_EXTERN API_AVAILABLE(ios(2.0)) API_UNAVAILABLE(watchos) NS_SWIFT_UI_ACTOR
152 | @interface UIView : UIResponder <NSCoding, UIAppearance, UIAppearanceContainer, UIDynamicItem, UITraitEnvironment, UICoordinateSpace, UIFocusItem, UIFocusItemContainer, CALayerDelegate>
| `- note: 'UIView' has been explicitly marked unavailable here
153 |
154 | @property(class, nonatomic, readonly) Class layerClass; // default is [CALayer class]. Used when creating the underlying layer for the view.
/Users/admin/builder/spi-builder-workspace/Sources/TileView.swift:35:39: error: 'init()' is unavailable in watchOS
33 | final class TileView: UIView {
34 | fileprivate let digitLabel = UILabel()
35 | fileprivate let mainLineView = UIView()
| `- error: 'init()' is unavailable in watchOS
36 | fileprivate let secondaryLineView = UIView()
37 |
/Applications/Xcode-27.0.0-Release.Candidate.app/Contents/Developer/Platforms/WatchOS.platform/Developer/SDKs/WatchOS27.0.sdk/System/Library/Frameworks/UIKit.framework/Headers/UIView.h:158:1: note: 'init()' has been explicitly marked unavailable here
156 | - (instancetype)initWithFrame:(CGRect)frame NS_DESIGNATED_INITIALIZER;
157 | - (nullable instancetype)initWithCoder:(NSCoder *)coder NS_DESIGNATED_INITIALIZER;
158 | - (instancetype)init API_AVAILABLE(ios(2.0), tvos(9.0), visionos(1.0)) API_UNAVAILABLE(watchos);
| `- note: 'init()' has been explicitly marked unavailable here
159 |
160 | @property(nonatomic,getter=isUserInteractionEnabled) BOOL userInteractionEnabled; // default is YES. if set to NO, user events (touch, keys) are ignored and removed from the event queue.
/Users/admin/builder/spi-builder-workspace/Sources/TileView.swift:36:39: error: 'UIView' is unavailable in watchOS
34 | fileprivate let digitLabel = UILabel()
35 | fileprivate let mainLineView = UIView()
36 | fileprivate let secondaryLineView = UIView()
| `- error: 'UIView' is unavailable in watchOS
37 |
38 | /// Defines the position and by the same time appearance of the tiles.
/Applications/Xcode-27.0.0-Release.Candidate.app/Contents/Developer/Platforms/WatchOS.platform/Developer/SDKs/WatchOS27.0.sdk/System/Library/Frameworks/UIKit.framework/Headers/UIView.h:152:12: note: 'UIView' has been explicitly marked unavailable here
150 |
151 | UIKIT_EXTERN API_AVAILABLE(ios(2.0)) API_UNAVAILABLE(watchos) NS_SWIFT_UI_ACTOR
152 | @interface UIView : UIResponder <NSCoding, UIAppearance, UIAppearanceContainer, UIDynamicItem, UITraitEnvironment, UICoordinateSpace, UIFocusItem, UIFocusItemContainer, CALayerDelegate>
| `- note: 'UIView' has been explicitly marked unavailable here
153 |
154 | @property(class, nonatomic, readonly) Class layerClass; // default is [CALayer class]. Used when creating the underlying layer for the view.
/Users/admin/builder/spi-builder-workspace/Sources/TileView.swift:36:39: error: 'init()' is unavailable in watchOS
34 | fileprivate let digitLabel = UILabel()
35 | fileprivate let mainLineView = UIView()
36 | fileprivate let secondaryLineView = UIView()
| `- error: 'init()' is unavailable in watchOS
37 |
38 | /// Defines the position and by the same time appearance of the tiles.
/Applications/Xcode-27.0.0-Release.Candidate.app/Contents/Developer/Platforms/WatchOS.platform/Developer/SDKs/WatchOS27.0.sdk/System/Library/Frameworks/UIKit.framework/Headers/UIView.h:158:1: note: 'init()' has been explicitly marked unavailable here
156 | - (instancetype)initWithFrame:(CGRect)frame NS_DESIGNATED_INITIALIZER;
157 | - (nullable instancetype)initWithCoder:(NSCoder *)coder NS_DESIGNATED_INITIALIZER;
158 | - (instancetype)init API_AVAILABLE(ios(2.0), tvos(9.0), visionos(1.0)) API_UNAVAILABLE(watchos);
| `- note: 'init()' has been explicitly marked unavailable here
159 |
160 | @property(nonatomic,getter=isUserInteractionEnabled) BOOL userInteractionEnabled; // default is YES. if set to NO, user events (touch, keys) are ignored and removed from the event queue.
/Users/admin/builder/spi-builder-workspace/Sources/TileView.swift:33:23: error: 'UIView' is unavailable in watchOS
31 | top or the bottom of a leaf.
32 | */
33 | final class TileView: UIView {
| `- error: 'UIView' is unavailable in watchOS
34 | fileprivate let digitLabel = UILabel()
35 | fileprivate let mainLineView = UIView()
/Applications/Xcode-27.0.0-Release.Candidate.app/Contents/Developer/Platforms/WatchOS.platform/Developer/SDKs/WatchOS27.0.sdk/System/Library/Frameworks/UIKit.framework/Headers/UIView.h:152:12: note: 'UIView' has been explicitly marked unavailable here
150 |
151 | UIKIT_EXTERN API_AVAILABLE(ios(2.0)) API_UNAVAILABLE(watchos) NS_SWIFT_UI_ACTOR
152 | @interface UIView : UIResponder <NSCoding, UIAppearance, UIAppearanceContainer, UIDynamicItem, UITraitEnvironment, UICoordinateSpace, UIFocusItem, UIFocusItemContainer, CALayerDelegate>
| `- note: 'UIView' has been explicitly marked unavailable here
153 |
154 | @property(class, nonatomic, readonly) Class layerClass; // default is [CALayer class]. Used when creating the underlying layer for the view.
SwiftCompile normal arm64 /Users/admin/builder/spi-builder-workspace/Sources/TileView.swift (in target 'Splitflap' from project 'Splitflap')
cd /Users/admin/builder/spi-builder-workspace/.swiftpm/xcode
builtin-SwiftPerFileCompile TileView.swift
SwiftCompile normal arm64 Compiling\ Splitflap.swift /Users/admin/builder/spi-builder-workspace/Sources/Splitflap.swift (in target 'Splitflap' from project 'Splitflap')
SwiftCompile normal arm64 /Users/admin/builder/spi-builder-workspace/Sources/Splitflap.swift (in target 'Splitflap' from project 'Splitflap')
cd /Users/admin/builder/spi-builder-workspace/.swiftpm/xcode
builtin-SwiftPerFileCompile Splitflap.swift
SwiftCompile normal arm64 Compiling\ TokenParser.swift /Users/admin/builder/spi-builder-workspace/Sources/TokenParser.swift (in target 'Splitflap' from project 'Splitflap')
SwiftCompile normal arm64 /Users/admin/builder/spi-builder-workspace/Sources/TokenParser.swift (in target 'Splitflap' from project 'Splitflap')
cd /Users/admin/builder/spi-builder-workspace/.swiftpm/xcode
builtin-SwiftPerFileCompile TokenParser.swift
SwiftCompile normal arm64 Compiling\ FlapView.swift /Users/admin/builder/spi-builder-workspace/Sources/FlapView.swift (in target 'Splitflap' from project 'Splitflap')
/Users/admin/builder/spi-builder-workspace/Sources/FlapView.swift:121:35: error: 'CABasicAnimation' is unavailable in watchOS
119 |
120 | fileprivate var animationTime = AnimationTime.tac
121 | fileprivate let topAnim = CABasicAnimation(keyPath: "transform")
| `- error: 'CABasicAnimation' is unavailable in watchOS
122 | fileprivate let bottomAnim = CABasicAnimation(keyPath: "transform")
123 |
/Applications/Xcode-27.0.0-Release.Candidate.app/Contents/Developer/Platforms/WatchOS.platform/Developer/SDKs/WatchOS27.0.sdk/System/Library/Frameworks/QuartzCore.framework/Headers/CAAnimation.h:130:12: note: 'CABasicAnimation' has been explicitly marked unavailable here
128 |
129 | API_AVAILABLE(macos(10.5), ios(2.0), tvos(9.0)) API_UNAVAILABLE(watchos)
130 | @interface CABasicAnimation : CAPropertyAnimation
| `- note: 'CABasicAnimation' has been explicitly marked unavailable here
131 |
132 | /* The objects defining the property values being interpolated between.
/Users/admin/builder/spi-builder-workspace/Sources/FlapView.swift:122:35: error: 'CABasicAnimation' is unavailable in watchOS
120 | fileprivate var animationTime = AnimationTime.tac
121 | fileprivate let topAnim = CABasicAnimation(keyPath: "transform")
122 | fileprivate let bottomAnim = CABasicAnimation(keyPath: "transform")
| `- error: 'CABasicAnimation' is unavailable in watchOS
123 |
124 | fileprivate func setupAnimations() {
/Applications/Xcode-27.0.0-Release.Candidate.app/Contents/Developer/Platforms/WatchOS.platform/Developer/SDKs/WatchOS27.0.sdk/System/Library/Frameworks/QuartzCore.framework/Headers/CAAnimation.h:130:12: note: 'CABasicAnimation' has been explicitly marked unavailable here
128 |
129 | API_AVAILABLE(macos(10.5), ios(2.0), tvos(9.0)) API_UNAVAILABLE(watchos)
130 | @interface CABasicAnimation : CAPropertyAnimation
| `- note: 'CABasicAnimation' has been explicitly marked unavailable here
131 |
132 | /* The objects defining the property values being interpolated between.
/Users/admin/builder/spi-builder-workspace/Sources/FlapView.swift:231:33: error: 'CAAnimation' is unavailable in watchOS
229 | // MARK: - CAAnimation Delegate Methods
230 |
231 | func animationDidStop(_ anim: CAAnimation, finished flag: Bool) {
| `- error: 'CAAnimation' is unavailable in watchOS
232 | animationTime = animationTime == .tic ? .tac : .tic
233 |
/Applications/Xcode-27.0.0-Release.Candidate.app/Contents/Developer/Platforms/WatchOS.platform/Developer/SDKs/WatchOS27.0.sdk/System/Library/Frameworks/QuartzCore.framework/Headers/CAAnimation.h:25:12: note: 'CAAnimation' has been explicitly marked unavailable here
23 |
24 | API_AVAILABLE(macos(10.5), ios(2.0), tvos(9.0)) API_UNAVAILABLE(watchos)
25 | @interface CAAnimation : NSObject
| `- note: 'CAAnimation' has been explicitly marked unavailable here
26 | <NSSecureCoding, NSCopying, CAMediaTiming, CAAction>
27 | {
/Users/admin/builder/spi-builder-workspace/Sources/FlapView.swift:34:23: error: 'UIView' is unavailable in watchOS
32 | desired character or graphic.
33 | */
34 | final class FlapView: UIView, CAAnimationDelegate {
| `- error: 'UIView' is unavailable in watchOS
35 | // The tiles used to display and animate the flaps
36 | fileprivate let topTicTile: TileView
/Applications/Xcode-27.0.0-Release.Candidate.app/Contents/Developer/Platforms/WatchOS.platform/Developer/SDKs/WatchOS27.0.sdk/System/Library/Frameworks/UIKit.framework/Headers/UIView.h:152:12: note: 'UIView' has been explicitly marked unavailable here
150 |
151 | UIKIT_EXTERN API_AVAILABLE(ios(2.0)) API_UNAVAILABLE(watchos) NS_SWIFT_UI_ACTOR
152 | @interface UIView : UIResponder <NSCoding, UIAppearance, UIAppearanceContainer, UIDynamicItem, UITraitEnvironment, UICoordinateSpace, UIFocusItem, UIFocusItemContainer, CALayerDelegate>
| `- note: 'UIView' has been explicitly marked unavailable here
153 |
154 | @property(class, nonatomic, readonly) Class layerClass; // default is [CALayer class]. Used when creating the underlying layer for the view.
/Users/admin/builder/spi-builder-workspace/Sources/FlapView.swift:34:31: error: 'CAAnimationDelegate' is unavailable in watchOS
32 | desired character or graphic.
33 | */
34 | final class FlapView: UIView, CAAnimationDelegate {
| `- error: 'CAAnimationDelegate' is unavailable in watchOS
35 | // The tiles used to display and animate the flaps
36 | fileprivate let topTicTile: TileView
/Applications/Xcode-27.0.0-Release.Candidate.app/Contents/Developer/Platforms/WatchOS.platform/Developer/SDKs/WatchOS27.0.sdk/System/Library/Frameworks/QuartzCore.framework/Headers/CAAnimation.h:71:11: note: 'CAAnimationDelegate' has been explicitly marked unavailable here
69 |
70 | API_AVAILABLE(macos(10.12), ios(10.0), tvos(10.0)) API_UNAVAILABLE(watchos)
71 | @protocol CAAnimationDelegate <NSObject>
| `- note: 'CAAnimationDelegate' has been explicitly marked unavailable here
72 | @optional
73 |
/Users/admin/builder/spi-builder-workspace/Sources/FlapView.swift:127:35: error: 'CATransform3DIdentity' is unavailable in watchOS
125 | // Set the perspective
126 | let zDepth: CGFloat = 1000
127 | var skewedIdentityTransform = CATransform3DIdentity
| `- error: 'CATransform3DIdentity' is unavailable in watchOS
128 | skewedIdentityTransform.m34 = 1 / -zDepth
129 |
/Applications/Xcode-27.0.0-Release.Candidate.app/Contents/Developer/Platforms/WatchOS.platform/Developer/SDKs/WatchOS27.0.sdk/System/Library/Frameworks/QuartzCore.framework/Headers/CATransform3D.h:31:31: note: 'CATransform3DIdentity' has been explicitly marked unavailable here
29 | /* The identity transform: [1 0 0 0; 0 1 0 0; 0 0 1 0; 0 0 0 1]. */
30 |
31 | CA_EXTERN const CATransform3D CATransform3DIdentity
| `- note: 'CATransform3DIdentity' has been explicitly marked unavailable here
32 | API_AVAILABLE(macos(10.5), ios(2.0), tvos(9.0)) API_UNAVAILABLE(watchos);
33 |
/Users/admin/builder/spi-builder-workspace/Sources/FlapView.swift:132:48: error: 'CATransform3DRotate' is unavailable in watchOS
130 | // Predefine the animation
131 | topAnim.fromValue = NSValue(caTransform3D: skewedIdentityTransform)
132 | topAnim.toValue = NSValue(caTransform3D: CATransform3DRotate(skewedIdentityTransform, CGFloat.pi / -2, 1, 0, 0))
| `- error: 'CATransform3DRotate' is unavailable in watchOS
133 | topAnim.isRemovedOnCompletion = false
134 | topAnim.fillMode = CAMediaTimingFillMode.forwards
/Applications/Xcode-27.0.0-Release.Candidate.app/Contents/Developer/Platforms/WatchOS.platform/Developer/SDKs/WatchOS27.0.sdk/System/Library/Frameworks/QuartzCore.framework/Headers/CATransform3D.h:85:25: note: 'CATransform3DRotate' has been explicitly marked unavailable here
83 | * t' = rotation(angle, x, y, z) * t. */
84 |
85 | CA_EXTERN CATransform3D CATransform3DRotate (CATransform3D t, CGFloat angle,
| `- note: 'CATransform3DRotate' has been explicitly marked unavailable here
86 | CGFloat x, CGFloat y, CGFloat z)
87 | API_AVAILABLE(macos(10.5), ios(2.0), tvos(9.0)) API_UNAVAILABLE(watchos);
/Users/admin/builder/spi-builder-workspace/Sources/FlapView.swift:134:37: error: 'CAMediaTimingFillMode' is unavailable in watchOS
132 | topAnim.toValue = NSValue(caTransform3D: CATransform3DRotate(skewedIdentityTransform, CGFloat.pi / -2, 1, 0, 0))
133 | topAnim.isRemovedOnCompletion = false
134 | topAnim.fillMode = CAMediaTimingFillMode.forwards
| `- error: 'CAMediaTimingFillMode' is unavailable in watchOS
135 | topAnim.timingFunction = CAMediaTimingFunction(name: CAMediaTimingFunctionName.easeIn)
136 |
/Applications/Xcode-27.0.0-Release.Candidate.app/Contents/Developer/Platforms/WatchOS.platform/Developer/SDKs/WatchOS27.0.sdk/System/Library/Frameworks/QuartzCore.framework/Headers/CAMediaTiming.h:32:20: note: 'CAMediaTimingFillMode' has been explicitly marked unavailable here
30 | @class NSString;
31 |
32 | typedef NSString * CAMediaTimingFillMode NS_TYPED_ENUM API_AVAILABLE(macos(10.5), ios(2.0), tvos(9.0)) API_UNAVAILABLE(watchos);
| `- note: 'CAMediaTimingFillMode' has been explicitly marked unavailable here
33 |
34 | NS_HEADER_AUDIT_BEGIN(nullability, sendability)
/Users/admin/builder/spi-builder-workspace/Sources/FlapView.swift:134:59: error: 'forwards' is unavailable in watchOS
132 | topAnim.toValue = NSValue(caTransform3D: CATransform3DRotate(skewedIdentityTransform, CGFloat.pi / -2, 1, 0, 0))
133 | topAnim.isRemovedOnCompletion = false
134 | topAnim.fillMode = CAMediaTimingFillMode.forwards
| `- error: 'forwards' is unavailable in watchOS
135 | topAnim.timingFunction = CAMediaTimingFunction(name: CAMediaTimingFunctionName.easeIn)
136 |
/Applications/Xcode-27.0.0-Release.Candidate.app/Contents/Developer/Platforms/WatchOS.platform/Developer/SDKs/WatchOS27.0.sdk/System/Library/Frameworks/QuartzCore.framework/Headers/CAMediaTiming.h:86:39: note: 'forwards' has been explicitly marked unavailable here
84 | /* `fillMode' options. */
85 |
86 | CA_EXTERN CAMediaTimingFillMode const kCAFillModeForwards
| `- note: 'forwards' has been explicitly marked unavailable here
87 | API_AVAILABLE(macos(10.5), ios(2.0), tvos(9.0)) API_UNAVAILABLE(watchos);
88 | CA_EXTERN CAMediaTimingFillMode const kCAFillModeBackwards
/Users/admin/builder/spi-builder-workspace/Sources/FlapView.swift:135:37: error: 'CAMediaTimingFunction' is unavailable in watchOS
133 | topAnim.isRemovedOnCompletion = false
134 | topAnim.fillMode = CAMediaTimingFillMode.forwards
135 | topAnim.timingFunction = CAMediaTimingFunction(name: CAMediaTimingFunctionName.easeIn)
| `- error: 'CAMediaTimingFunction' is unavailable in watchOS
136 |
137 | bottomAnim.fromValue = NSValue(caTransform3D: CATransform3DRotate(skewedIdentityTransform, CGFloat.pi / 2, 1, 0, 0))
/Applications/Xcode-27.0.0-Release.Candidate.app/Contents/Developer/Platforms/WatchOS.platform/Developer/SDKs/WatchOS27.0.sdk/System/Library/Frameworks/QuartzCore.framework/Headers/CAMediaTimingFunction.h:24:12: note: 'CAMediaTimingFunction' has been explicitly marked unavailable here
22 |
23 | API_AVAILABLE(macos(10.5), ios(2.0), tvos(9.0)) API_UNAVAILABLE(watchos)
24 | @interface CAMediaTimingFunction : NSObject <NSSecureCoding>
| `- note: 'CAMediaTimingFunction' has been explicitly marked unavailable here
25 | {
26 | @private
/Users/admin/builder/spi-builder-workspace/Sources/FlapView.swift:135:65: error: 'CAMediaTimingFunctionName' is unavailable in watchOS
133 | topAnim.isRemovedOnCompletion = false
134 | topAnim.fillMode = CAMediaTimingFillMode.forwards
135 | topAnim.timingFunction = CAMediaTimingFunction(name: CAMediaTimingFunctionName.easeIn)
| `- error: 'CAMediaTimingFunctionName' is unavailable in watchOS
136 |
137 | bottomAnim.fromValue = NSValue(caTransform3D: CATransform3DRotate(skewedIdentityTransform, CGFloat.pi / 2, 1, 0, 0))
/Applications/Xcode-27.0.0-Release.Candidate.app/Contents/Developer/Platforms/WatchOS.platform/Developer/SDKs/WatchOS27.0.sdk/System/Library/Frameworks/QuartzCore.framework/Headers/CAMediaTimingFunction.h:15:20: note: 'CAMediaTimingFunctionName' has been explicitly marked unavailable here
13 | NS_HEADER_AUDIT_BEGIN(nullability, sendability)
14 |
15 | typedef NSString * CAMediaTimingFunctionName NS_TYPED_ENUM API_AVAILABLE(macos(10.5), ios(2.0), tvos(9.0)) API_UNAVAILABLE(watchos);
| `- note: 'CAMediaTimingFunctionName' has been explicitly marked unavailable here
16 |
17 | /* Represents one segment of a function describing a timing curve. The
/Users/admin/builder/spi-builder-workspace/Sources/FlapView.swift:135:91: error: 'easeIn' is unavailable in watchOS
133 | topAnim.isRemovedOnCompletion = false
134 | topAnim.fillMode = CAMediaTimingFillMode.forwards
135 | topAnim.timingFunction = CAMediaTimingFunction(name: CAMediaTimingFunctionName.easeIn)
| `- error: 'easeIn' is unavailable in watchOS
136 |
137 | bottomAnim.fromValue = NSValue(caTransform3D: CATransform3DRotate(skewedIdentityTransform, CGFloat.pi / 2, 1, 0, 0))
/Applications/Xcode-27.0.0-Release.Candidate.app/Contents/Developer/Platforms/WatchOS.platform/Developer/SDKs/WatchOS27.0.sdk/System/Library/Frameworks/QuartzCore.framework/Headers/CAMediaTimingFunction.h:56:43: note: 'easeIn' has been explicitly marked unavailable here
54 | CA_EXTERN CAMediaTimingFunctionName const kCAMediaTimingFunctionLinear
55 | API_AVAILABLE(macos(10.5), ios(2.0), tvos(9.0)) API_UNAVAILABLE(watchos);
56 | CA_EXTERN CAMediaTimingFunctionName const kCAMediaTimingFunctionEaseIn
| `- note: 'easeIn' has been explicitly marked unavailable here
57 | API_AVAILABLE(macos(10.5), ios(2.0), tvos(9.0)) API_UNAVAILABLE(watchos);
58 | CA_EXTERN CAMediaTimingFunctionName const kCAMediaTimingFunctionEaseOut
/Users/admin/builder/spi-builder-workspace/Sources/FlapView.swift:137:51: error: 'CATransform3DRotate' is unavailable in watchOS
135 | topAnim.timingFunction = CAMediaTimingFunction(name: CAMediaTimingFunctionName.easeIn)
136 |
137 | bottomAnim.fromValue = NSValue(caTransform3D: CATransform3DRotate(skewedIdentityTransform, CGFloat.pi / 2, 1, 0, 0))
| `- error: 'CATransform3DRotate' is unavailable in watchOS
138 | bottomAnim.toValue = NSValue(caTransform3D: skewedIdentityTransform)
139 | bottomAnim.delegate = self
/Applications/Xcode-27.0.0-Release.Candidate.app/Contents/Developer/Platforms/WatchOS.platform/Developer/SDKs/WatchOS27.0.sdk/System/Library/Frameworks/QuartzCore.framework/Headers/CATransform3D.h:85:25: note: 'CATransform3DRotate' has been explicitly marked unavailable here
83 | * t' = rotation(angle, x, y, z) * t. */
84 |
85 | CA_EXTERN CATransform3D CATransform3DRotate (CATransform3D t, CGFloat angle,
| `- note: 'CATransform3DRotate' has been explicitly marked unavailable here
86 | CGFloat x, CGFloat y, CGFloat z)
87 | API_AVAILABLE(macos(10.5), ios(2.0), tvos(9.0)) API_UNAVAILABLE(watchos);
/Users/admin/builder/spi-builder-workspace/Sources/FlapView.swift:141:40: error: 'CAMediaTimingFillMode' is unavailable in watchOS
139 | bottomAnim.delegate = self
140 | bottomAnim.isRemovedOnCompletion = true
141 | bottomAnim.fillMode = CAMediaTimingFillMode.both
| `- error: 'CAMediaTimingFillMode' is unavailable in watchOS
142 | bottomAnim.timingFunction = CAMediaTimingFunction(name: CAMediaTimingFunctionName.easeOut)
143 | }
/Applications/Xcode-27.0.0-Release.Candidate.app/Contents/Developer/Platforms/WatchOS.platform/Developer/SDKs/WatchOS27.0.sdk/System/Library/Frameworks/QuartzCore.framework/Headers/CAMediaTiming.h:32:20: note: 'CAMediaTimingFillMode' has been explicitly marked unavailable here
30 | @class NSString;
31 |
32 | typedef NSString * CAMediaTimingFillMode NS_TYPED_ENUM API_AVAILABLE(macos(10.5), ios(2.0), tvos(9.0)) API_UNAVAILABLE(watchos);
| `- note: 'CAMediaTimingFillMode' has been explicitly marked unavailable here
33 |
34 | NS_HEADER_AUDIT_BEGIN(nullability, sendability)
/Users/admin/builder/spi-builder-workspace/Sources/FlapView.swift:141:62: error: 'both' is unavailable in watchOS
139 | bottomAnim.delegate = self
140 | bottomAnim.isRemovedOnCompletion = true
141 | bottomAnim.fillMode = CAMediaTimingFillMode.both
| `- error: 'both' is unavailable in watchOS
142 | bottomAnim.timingFunction = CAMediaTimingFunction(name: CAMediaTimingFunctionName.easeOut)
143 | }
/Applications/Xcode-27.0.0-Release.Candidate.app/Contents/Developer/Platforms/WatchOS.platform/Developer/SDKs/WatchOS27.0.sdk/System/Library/Frameworks/QuartzCore.framework/Headers/CAMediaTiming.h:90:39: note: 'both' has been explicitly marked unavailable here
88 | CA_EXTERN CAMediaTimingFillMode const kCAFillModeBackwards
89 | API_AVAILABLE(macos(10.5), ios(2.0), tvos(9.0)) API_UNAVAILABLE(watchos);
90 | CA_EXTERN CAMediaTimingFillMode const kCAFillModeBoth
| `- note: 'both' has been explicitly marked unavailable here
91 | API_AVAILABLE(macos(10.5), ios(2.0), tvos(9.0)) API_UNAVAILABLE(watchos);
92 | CA_EXTERN CAMediaTimingFillMode const kCAFillModeRemoved
/Users/admin/builder/spi-builder-workspace/Sources/FlapView.swift:142:40: error: 'CAMediaTimingFunction' is unavailable in watchOS
140 | bottomAnim.isRemovedOnCompletion = true
141 | bottomAnim.fillMode = CAMediaTimingFillMode.both
142 | bottomAnim.timingFunction = CAMediaTimingFunction(name: CAMediaTimingFunctionName.easeOut)
| `- error: 'CAMediaTimingFunction' is unavailable in watchOS
143 | }
144 |
/Applications/Xcode-27.0.0-Release.Candidate.app/Contents/Developer/Platforms/WatchOS.platform/Developer/SDKs/WatchOS27.0.sdk/System/Library/Frameworks/QuartzCore.framework/Headers/CAMediaTimingFunction.h:24:12: note: 'CAMediaTimingFunction' has been explicitly marked unavailable here
22 |
23 | API_AVAILABLE(macos(10.5), ios(2.0), tvos(9.0)) API_UNAVAILABLE(watchos)
24 | @interface CAMediaTimingFunction : NSObject <NSSecureCoding>
| `- note: 'CAMediaTimingFunction' has been explicitly marked unavailable here
25 | {
26 | @private
/Users/admin/builder/spi-builder-workspace/Sources/FlapView.swift:142:68: error: 'CAMediaTimingFunctionName' is unavailable in watchOS
140 | bottomAnim.isRemovedOnCompletion = true
141 | bottomAnim.fillMode = CAMediaTimingFillMode.both
142 | bottomAnim.timingFunction = CAMediaTimingFunction(name: CAMediaTimingFunctionName.easeOut)
| `- error: 'CAMediaTimingFunctionName' is unavailable in watchOS
143 | }
144 |
/Applications/Xcode-27.0.0-Release.Candidate.app/Contents/Developer/Platforms/WatchOS.platform/Developer/SDKs/WatchOS27.0.sdk/System/Library/Frameworks/QuartzCore.framework/Headers/CAMediaTimingFunction.h:15:20: note: 'CAMediaTimingFunctionName' has been explicitly marked unavailable here
13 | NS_HEADER_AUDIT_BEGIN(nullability, sendability)
14 |
15 | typedef NSString * CAMediaTimingFunctionName NS_TYPED_ENUM API_AVAILABLE(macos(10.5), ios(2.0), tvos(9.0)) API_UNAVAILABLE(watchos);
| `- note: 'CAMediaTimingFunctionName' has been explicitly marked unavailable here
16 |
17 | /* Represents one segment of a function describing a timing curve. The
/Users/admin/builder/spi-builder-workspace/Sources/FlapView.swift:142:94: error: 'easeOut' is unavailable in watchOS
140 | bottomAnim.isRemovedOnCompletion = true
141 | bottomAnim.fillMode = CAMediaTimingFillMode.both
142 | bottomAnim.timingFunction = CAMediaTimingFunction(name: CAMediaTimingFunctionName.easeOut)
| `- error: 'easeOut' is unavailable in watchOS
143 | }
144 |
/Applications/Xcode-27.0.0-Release.Candidate.app/Contents/Developer/Platforms/WatchOS.platform/Developer/SDKs/WatchOS27.0.sdk/System/Library/Frameworks/QuartzCore.framework/Headers/CAMediaTimingFunction.h:58:43: note: 'easeOut' has been explicitly marked unavailable here
56 | CA_EXTERN CAMediaTimingFunctionName const kCAMediaTimingFunctionEaseIn
57 | API_AVAILABLE(macos(10.5), ios(2.0), tvos(9.0)) API_UNAVAILABLE(watchos);
58 | CA_EXTERN CAMediaTimingFunctionName const kCAMediaTimingFunctionEaseOut
| `- note: 'easeOut' has been explicitly marked unavailable here
59 | API_AVAILABLE(macos(10.5), ios(2.0), tvos(9.0)) API_UNAVAILABLE(watchos);
60 | CA_EXTERN CAMediaTimingFunctionName const kCAMediaTimingFunctionEaseInEaseOut
SwiftCompile normal arm64 /Users/admin/builder/spi-builder-workspace/Sources/FlapView.swift (in target 'Splitflap' from project 'Splitflap')
cd /Users/admin/builder/spi-builder-workspace/.swiftpm/xcode
builtin-SwiftPerFileCompile FlapView.swift
SwiftCompile normal arm64 Compiling\ FlapViewBuilder.swift /Users/admin/builder/spi-builder-workspace/Sources/FlapViewBuilder.swift (in target 'Splitflap' from project 'Splitflap')
SwiftCompile normal arm64 /Users/admin/builder/spi-builder-workspace/Sources/FlapViewBuilder.swift (in target 'Splitflap' from project 'Splitflap')
cd /Users/admin/builder/spi-builder-workspace/.swiftpm/xcode
builtin-SwiftPerFileCompile FlapViewBuilder.swift
SwiftEmitModule normal arm64_32 Emitting\ module\ for\ Splitflap (in target 'Splitflap' from project 'Splitflap')
SwiftCompile normal arm64_32 (in target 'Splitflap' from project 'Splitflap')
cd /Users/admin/builder/spi-builder-workspace/.swiftpm/xcode
PruneExplicitPrecompiledModules /Users/admin/builder/spi-builder-workspace/.derivedData/Build/Intermediates.noindex/ExplicitPrecompiledModules
PruneExplicitPrecompiledModules /Users/admin/builder/spi-builder-workspace/.derivedData/Build/Intermediates.noindex/SwiftExplicitPrecompiledModules
PruneExplicitPrecompiledModules /Users/admin/builder/spi-builder-workspace/.derivedData/SDKExplicitPrecompiledModules
2026-09-16 19:14:19.314 xcodebuild[662:4270] [MT] IDERunDestination: Supported platforms for the buildables in the current scheme is empty.
** BUILD FAILED **
The following build commands failed:
SwiftCompile normal arm64 (in target 'Splitflap' from project 'Splitflap')
SwiftEmitModule normal arm64 Emitting\ module\ for\ Splitflap (in target 'Splitflap' from project 'Splitflap')
Building workspace Splitflap with scheme Splitflap
(3 failures)
Command line invocation:
/Applications/Xcode-27.0.0-Release.Candidate.app/Contents/Developer/usr/bin/xcodebuild -IDEClonedSourcePackagesDirPathOverride=/Users/admin/builder/spi-builder-workspace/.dependencies -resolvePackageDependencies
Resolve Package Graph
Resolved source packages:
Splitflap: /Users/admin/builder/spi-builder-workspace
resolved source packages: Splitflap
2026-09-16 19:14:25.225 xcodebuild[789:4753] [MT] IDERunDestination: Supported platforms for the buildables in the current scheme is empty.
{
"dependencies" : [
],
"manifest_display_name" : "Splitflap",
"name" : "Splitflap",
"path" : "/Users/admin/builder/spi-builder-workspace",
"platforms" : [
{
"name" : "macos",
"version" : "10.12"
},
{
"name" : "ios",
"version" : "8.0"
},
{
"name" : "tvos",
"version" : "9.0"
}
],
"products" : [
{
"name" : "Splitflap",
"targets" : [
"Splitflap"
],
"type" : {
"library" : [
"automatic"
]
}
}
],
"targets" : [
{
"c99name" : "Splitflap",
"module_type" : "SwiftTarget",
"name" : "Splitflap",
"path" : "Sources",
"product_memberships" : [
"Splitflap"
],
"sources" : [
"FlapView.swift",
"FlapViewBuilder.swift",
"Splitflap.swift",
"SplitflapDataSource.swift",
"SplitflapDelegate.swift",
"SplitflapTokens.swift",
"TileView.swift",
"TokenGenerator.swift",
"TokenParser.swift"
],
"type" : "library"
}
],
"tools_version" : "5.0"
}
{
"workspace" : {
"name" : "Splitflap",
"schemes" : [
"Splitflap"
]
}
}
2026-09-16 19:14:26.460 xcodebuild[797:4821] [MT] IDERunDestination: Supported platforms for the buildables in the current scheme is empty.
Running build ...
env DEVELOPER_DIR=/Applications/Xcode-27.0.0-Release.Candidate.app xcrun xcodebuild -IDEClonedSourcePackagesDirPathOverride=$PWD/.dependencies -skipMacroValidation -skipPackagePluginValidation -derivedDataPath $PWD/.derivedData build -scheme Splitflap -destination generic/platform=watchOS
Command line invocation:
/Applications/Xcode-27.0.0-Release.Candidate.app/Contents/Developer/usr/bin/xcodebuild -IDEClonedSourcePackagesDirPathOverride=/Users/admin/builder/spi-builder-workspace/.dependencies -skipMacroValidation -skipPackagePluginValidation -derivedDataPath /Users/admin/builder/spi-builder-workspace/.derivedData build -scheme Splitflap -destination generic/platform=watchOS
Resolve Package Graph
Resolved source packages:
Splitflap: /Users/admin/builder/spi-builder-workspace
ComputePackagePrebuildTargetDependencyGraph
Prepare packages
CreateBuildRequest
SendProjectDescription
CreateBuildOperation
ComputeTargetDependencyGraph
note: Building targets in dependency order
note: Target dependency graph (2 targets)
Target 'Splitflap-product' in project 'Splitflap'
➜ Explicit dependency on target 'Splitflap' in project 'Splitflap'
Target 'Splitflap' in project 'Splitflap' (no dependencies)
GatherProvisioningInputs
CreateBuildDescription
ClangStatCache /Applications/Xcode-27.0.0-Release.Candidate.app/Contents/Developer/Toolchains/XcodeDefault.xctoolchain/usr/bin/clang-stat-cache /Applications/Xcode-27.0.0-Release.Candidate.app/Contents/Developer/Platforms/WatchOS.platform/Developer/SDKs/WatchOS27.0.sdk /Users/admin/builder/spi-builder-workspace/.derivedData/SDKStatCaches.noindex/watchos27.0-24R360-e829b21a6f8c9b70876ba0858053c04477534ef55a1706bf4c1112bbb242f0a2.sdkstatcache
cd /Users/admin/builder/spi-builder-workspace/.swiftpm/xcode
/Applications/Xcode-27.0.0-Release.Candidate.app/Contents/Developer/Toolchains/XcodeDefault.xctoolchain/usr/bin/clang-stat-cache /Applications/Xcode-27.0.0-Release.Candidate.app/Contents/Developer/Platforms/WatchOS.platform/Developer/SDKs/WatchOS27.0.sdk -o /Users/admin/builder/spi-builder-workspace/.derivedData/SDKStatCaches.noindex/watchos27.0-24R360-e829b21a6f8c9b70876ba0858053c04477534ef55a1706bf4c1112bbb242f0a2.sdkstatcache
SwiftDriver Splitflap normal arm64_32 com.apple.xcode.tools.swift.compiler (in target 'Splitflap' from project 'Splitflap')
cd /Users/admin/builder/spi-builder-workspace/.swiftpm/xcode
builtin-SwiftDriver -- /Applications/Xcode-27.0.0-Release.Candidate.app/Contents/Developer/Toolchains/XcodeDefault.xctoolchain/usr/bin/swiftc -parse-as-library -module-name Splitflap -Onone @/Users/admin/builder/spi-builder-workspace/.derivedData/Build/Intermediates.noindex/Splitflap.build/Debug-watchos/Splitflap-t.build/Objects-normal/arm64_32/Splitflap.SwiftFileList -DSWIFT_PACKAGE -DDEBUG -DSWIFT_MODULE_RESOURCE_BUNDLE_UNAVAILABLE -DXcode -plugin-path /Applications/Xcode-27.0.0-Release.Candidate.app/Contents/Developer/Toolchains/XcodeDefault.xctoolchain/usr/lib/swift/host/plugins/testing -enable-experimental-feature DebugDescriptionMacro -sdk /Applications/Xcode-27.0.0-Release.Candidate.app/Contents/Developer/Platforms/WatchOS.platform/Developer/SDKs/WatchOS27.0.sdk -target arm64_32-apple-watchos9.0 -g -module-cache-path /Users/admin/builder/spi-builder-workspace/.derivedData/ModuleCache.noindex -Xfrontend -serialize-debugging-options -enable-testing -index-store-path /Users/admin/builder/spi-builder-workspace/.derivedData/Index.noindex/DataStore -Xcc -D_LIBCPP_HARDENING_MODE\=_LIBCPP_HARDENING_MODE_DEBUG -swift-version 5 -I /Users/admin/builder/spi-builder-workspace/.derivedData/Build/Products/Debug-watchos -Isystem /Applications/Xcode-27.0.0-Release.Candidate.app/Contents/Developer/Platforms/WatchOS.platform/Developer/usr/lib -F /Users/admin/builder/spi-builder-workspace/.derivedData/Build/Products/Debug-watchos -F /Applications/Xcode-27.0.0-Release.Candidate.app/Contents/Developer/Platforms/WatchOS.platform/Developer/Library/Frameworks -F /Applications/Xcode-27.0.0-Release.Candidate.app/Contents/Developer/Platforms/WatchOS.platform/Developer/SDKs/WatchOS27.0.sdk/Developer/Library/Frameworks -c -j10 -enable-batch-mode -incremental -Xcc -ivfsstatcache -Xcc /Users/admin/builder/spi-builder-workspace/.derivedData/SDKStatCaches.noindex/watchos27.0-24R360-e829b21a6f8c9b70876ba0858053c04477534ef55a1706bf4c1112bbb242f0a2.sdkstatcache -output-file-map /Users/admin/builder/spi-builder-workspace/.derivedData/Build/Intermediates.noindex/Splitflap.build/Debug-watchos/Splitflap-t.build/Objects-normal/arm64_32/Splitflap-OutputFileMap.json -save-temps -no-color-diagnostics -explicit-module-build -module-cache-path /Users/admin/builder/spi-builder-workspace/.derivedData/Build/Intermediates.noindex/SwiftExplicitPrecompiledModules -clang-scanner-module-cache-path /Users/admin/builder/spi-builder-workspace/.derivedData/ModuleCache.noindex -sdk-module-cache-path /Users/admin/builder/spi-builder-workspace/.derivedData/SDKExplicitPrecompiledModules -emit-dependencies -emit-module -emit-module-path /Users/admin/builder/spi-builder-workspace/.derivedData/Build/Intermediates.noindex/Splitflap.build/Debug-watchos/Splitflap-t.build/Objects-normal/arm64_32/Splitflap.swiftmodule -serialize-diagnostics -dependency-scan-serialize-diagnostics-path /Users/admin/builder/spi-builder-workspace/.derivedData/Build/Intermediates.noindex/Splitflap.build/Debug-watchos/Splitflap-t.build/Objects-normal/arm64_32/Splitflap-dependency-scan.dia -validate-clang-modules-once -clang-build-session-file /Users/admin/builder/spi-builder-workspace/.derivedData/ModuleCache.noindex/Session.modulevalidation -Xcc -fmodules-prune-interval\=86400 -Xcc -fmodules-prune-after\=345600 -emit-const-values -const-gather-protocols-list /Users/admin/builder/spi-builder-workspace/.derivedData/Build/Intermediates.noindex/Splitflap.build/Debug-watchos/Splitflap-t.build/Objects-normal/arm64_32/Splitflap_const_extract_protocols.json -Xcc -I/Users/admin/builder/spi-builder-workspace/.derivedData/Build/Products/Debug-watchos/include -Xcc -I/Users/admin/builder/spi-builder-workspace/.derivedData/Build/Intermediates.noindex/Splitflap.build/Debug-watchos/Splitflap-t.build/DerivedSources-normal/arm64_32 -Xcc -I/Users/admin/builder/spi-builder-workspace/.derivedData/Build/Intermediates.noindex/Splitflap.build/Debug-watchos/Splitflap-t.build/DerivedSources/arm64_32 -Xcc -I/Users/admin/builder/spi-builder-workspace/.derivedData/Build/Intermediates.noindex/Splitflap.build/Debug-watchos/Splitflap-t.build/DerivedSources -Xcc -DSWIFT_PACKAGE -Xcc -DDEBUG\=1 -emit-objc-header -emit-objc-header-path /Users/admin/builder/spi-builder-workspace/.derivedData/Build/Intermediates.noindex/Splitflap.build/Debug-watchos/Splitflap-t.build/Objects-normal/arm64_32/Splitflap-Swift.h -working-directory /Users/admin/builder/spi-builder-workspace/.swiftpm/xcode -experimental-emit-module-separately -disable-cmo
SwiftDriver Splitflap normal arm64 com.apple.xcode.tools.swift.compiler (in target 'Splitflap' from project 'Splitflap')
cd /Users/admin/builder/spi-builder-workspace/.swiftpm/xcode
builtin-SwiftDriver -- /Applications/Xcode-27.0.0-Release.Candidate.app/Contents/Developer/Toolchains/XcodeDefault.xctoolchain/usr/bin/swiftc -parse-as-library -module-name Splitflap -Onone @/Users/admin/builder/spi-builder-workspace/.derivedData/Build/Intermediates.noindex/Splitflap.build/Debug-watchos/Splitflap-t.build/Objects-normal/arm64/Splitflap.SwiftFileList -DSWIFT_PACKAGE -DDEBUG -DSWIFT_MODULE_RESOURCE_BUNDLE_UNAVAILABLE -DXcode -plugin-path /Applications/Xcode-27.0.0-Release.Candidate.app/Contents/Developer/Toolchains/XcodeDefault.xctoolchain/usr/lib/swift/host/plugins/testing -enable-experimental-feature DebugDescriptionMacro -sdk /Applications/Xcode-27.0.0-Release.Candidate.app/Contents/Developer/Platforms/WatchOS.platform/Developer/SDKs/WatchOS27.0.sdk -target arm64-apple-watchos9.0 -g -module-cache-path /Users/admin/builder/spi-builder-workspace/.derivedData/ModuleCache.noindex -Xfrontend -serialize-debugging-options -enable-testing -index-store-path /Users/admin/builder/spi-builder-workspace/.derivedData/Index.noindex/DataStore -Xcc -D_LIBCPP_HARDENING_MODE\=_LIBCPP_HARDENING_MODE_DEBUG -swift-version 5 -I /Users/admin/builder/spi-builder-workspace/.derivedData/Build/Products/Debug-watchos -Isystem /Applications/Xcode-27.0.0-Release.Candidate.app/Contents/Developer/Platforms/WatchOS.platform/Developer/usr/lib -F /Users/admin/builder/spi-builder-workspace/.derivedData/Build/Products/Debug-watchos -F /Applications/Xcode-27.0.0-Release.Candidate.app/Contents/Developer/Platforms/WatchOS.platform/Developer/Library/Frameworks -F /Applications/Xcode-27.0.0-Release.Candidate.app/Contents/Developer/Platforms/WatchOS.platform/Developer/SDKs/WatchOS27.0.sdk/Developer/Library/Frameworks -c -j10 -enable-batch-mode -incremental -Xcc -ivfsstatcache -Xcc /Users/admin/builder/spi-builder-workspace/.derivedData/SDKStatCaches.noindex/watchos27.0-24R360-e829b21a6f8c9b70876ba0858053c04477534ef55a1706bf4c1112bbb242f0a2.sdkstatcache -output-file-map /Users/admin/builder/spi-builder-workspace/.derivedData/Build/Intermediates.noindex/Splitflap.build/Debug-watchos/Splitflap-t.build/Objects-normal/arm64/Splitflap-OutputFileMap.json -save-temps -no-color-diagnostics -explicit-module-build -module-cache-path /Users/admin/builder/spi-builder-workspace/.derivedData/Build/Intermediates.noindex/SwiftExplicitPrecompiledModules -clang-scanner-module-cache-path /Users/admin/builder/spi-builder-workspace/.derivedData/ModuleCache.noindex -sdk-module-cache-path /Users/admin/builder/spi-builder-workspace/.derivedData/SDKExplicitPrecompiledModules -emit-dependencies -emit-module -emit-module-path /Users/admin/builder/spi-builder-workspace/.derivedData/Build/Intermediates.noindex/Splitflap.build/Debug-watchos/Splitflap-t.build/Objects-normal/arm64/Splitflap.swiftmodule -serialize-diagnostics -dependency-scan-serialize-diagnostics-path /Users/admin/builder/spi-builder-workspace/.derivedData/Build/Intermediates.noindex/Splitflap.build/Debug-watchos/Splitflap-t.build/Objects-normal/arm64/Splitflap-dependency-scan.dia -validate-clang-modules-once -clang-build-session-file /Users/admin/builder/spi-builder-workspace/.derivedData/ModuleCache.noindex/Session.modulevalidation -Xcc -fmodules-prune-interval\=86400 -Xcc -fmodules-prune-after\=345600 -emit-const-values -const-gather-protocols-list /Users/admin/builder/spi-builder-workspace/.derivedData/Build/Intermediates.noindex/Splitflap.build/Debug-watchos/Splitflap-t.build/Objects-normal/arm64/Splitflap_const_extract_protocols.json -Xcc -I/Users/admin/builder/spi-builder-workspace/.derivedData/Build/Products/Debug-watchos/include -Xcc -I/Users/admin/builder/spi-builder-workspace/.derivedData/Build/Intermediates.noindex/Splitflap.build/Debug-watchos/Splitflap-t.build/DerivedSources-normal/arm64 -Xcc -I/Users/admin/builder/spi-builder-workspace/.derivedData/Build/Intermediates.noindex/Splitflap.build/Debug-watchos/Splitflap-t.build/DerivedSources/arm64 -Xcc -I/Users/admin/builder/spi-builder-workspace/.derivedData/Build/Intermediates.noindex/Splitflap.build/Debug-watchos/Splitflap-t.build/DerivedSources -Xcc -DSWIFT_PACKAGE -Xcc -DDEBUG\=1 -emit-objc-header -emit-objc-header-path /Users/admin/builder/spi-builder-workspace/.derivedData/Build/Intermediates.noindex/Splitflap.build/Debug-watchos/Splitflap-t.build/Objects-normal/arm64/Splitflap-Swift.h -working-directory /Users/admin/builder/spi-builder-workspace/.swiftpm/xcode -experimental-emit-module-separately -disable-cmo
SwiftCompile normal arm64 Compiling\ FlapView.swift /Users/admin/builder/spi-builder-workspace/Sources/FlapView.swift (in target 'Splitflap' from project 'Splitflap')
/Users/admin/builder/spi-builder-workspace/Sources/FlapView.swift:121:35: error: 'CABasicAnimation' is unavailable in watchOS
119 |
120 | fileprivate var animationTime = AnimationTime.tac
121 | fileprivate let topAnim = CABasicAnimation(keyPath: "transform")
| `- error: 'CABasicAnimation' is unavailable in watchOS
122 | fileprivate let bottomAnim = CABasicAnimation(keyPath: "transform")
123 |
/Applications/Xcode-27.0.0-Release.Candidate.app/Contents/Developer/Platforms/WatchOS.platform/Developer/SDKs/WatchOS27.0.sdk/System/Library/Frameworks/QuartzCore.framework/Headers/CAAnimation.h:130:12: note: 'CABasicAnimation' has been explicitly marked unavailable here
128 |
129 | API_AVAILABLE(macos(10.5), ios(2.0), tvos(9.0)) API_UNAVAILABLE(watchos)
130 | @interface CABasicAnimation : CAPropertyAnimation
| `- note: 'CABasicAnimation' has been explicitly marked unavailable here
131 |
132 | /* The objects defining the property values being interpolated between.
/Users/admin/builder/spi-builder-workspace/Sources/FlapView.swift:122:35: error: 'CABasicAnimation' is unavailable in watchOS
120 | fileprivate var animationTime = AnimationTime.tac
121 | fileprivate let topAnim = CABasicAnimation(keyPath: "transform")
122 | fileprivate let bottomAnim = CABasicAnimation(keyPath: "transform")
| `- error: 'CABasicAnimation' is unavailable in watchOS
123 |
124 | fileprivate func setupAnimations() {
/Applications/Xcode-27.0.0-Release.Candidate.app/Contents/Developer/Platforms/WatchOS.platform/Developer/SDKs/WatchOS27.0.sdk/System/Library/Frameworks/QuartzCore.framework/Headers/CAAnimation.h:130:12: note: 'CABasicAnimation' has been explicitly marked unavailable here
128 |
129 | API_AVAILABLE(macos(10.5), ios(2.0), tvos(9.0)) API_UNAVAILABLE(watchos)
130 | @interface CABasicAnimation : CAPropertyAnimation
| `- note: 'CABasicAnimation' has been explicitly marked unavailable here
131 |
132 | /* The objects defining the property values being interpolated between.
/Users/admin/builder/spi-builder-workspace/Sources/FlapView.swift:231:33: error: 'CAAnimation' is unavailable in watchOS
229 | // MARK: - CAAnimation Delegate Methods
230 |
231 | func animationDidStop(_ anim: CAAnimation, finished flag: Bool) {
| `- error: 'CAAnimation' is unavailable in watchOS
232 | animationTime = animationTime == .tic ? .tac : .tic
233 |
/Applications/Xcode-27.0.0-Release.Candidate.app/Contents/Developer/Platforms/WatchOS.platform/Developer/SDKs/WatchOS27.0.sdk/System/Library/Frameworks/QuartzCore.framework/Headers/CAAnimation.h:25:12: note: 'CAAnimation' has been explicitly marked unavailable here
23 |
24 | API_AVAILABLE(macos(10.5), ios(2.0), tvos(9.0)) API_UNAVAILABLE(watchos)
25 | @interface CAAnimation : NSObject
| `- note: 'CAAnimation' has been explicitly marked unavailable here
26 | <NSSecureCoding, NSCopying, CAMediaTiming, CAAction>
27 | {
/Users/admin/builder/spi-builder-workspace/Sources/FlapView.swift:34:23: error: 'UIView' is unavailable in watchOS
32 | desired character or graphic.
33 | */
34 | final class FlapView: UIView, CAAnimationDelegate {
| `- error: 'UIView' is unavailable in watchOS
35 | // The tiles used to display and animate the flaps
36 | fileprivate let topTicTile: TileView
/Applications/Xcode-27.0.0-Release.Candidate.app/Contents/Developer/Platforms/WatchOS.platform/Developer/SDKs/WatchOS27.0.sdk/System/Library/Frameworks/UIKit.framework/Headers/UIView.h:152:12: note: 'UIView' has been explicitly marked unavailable here
150 |
151 | UIKIT_EXTERN API_AVAILABLE(ios(2.0)) API_UNAVAILABLE(watchos) NS_SWIFT_UI_ACTOR
152 | @interface UIView : UIResponder <NSCoding, UIAppearance, UIAppearanceContainer, UIDynamicItem, UITraitEnvironment, UICoordinateSpace, UIFocusItem, UIFocusItemContainer, CALayerDelegate>
| `- note: 'UIView' has been explicitly marked unavailable here
153 |
154 | @property(class, nonatomic, readonly) Class layerClass; // default is [CALayer class]. Used when creating the underlying layer for the view.
/Users/admin/builder/spi-builder-workspace/Sources/FlapView.swift:34:31: error: 'CAAnimationDelegate' is unavailable in watchOS
32 | desired character or graphic.
33 | */
34 | final class FlapView: UIView, CAAnimationDelegate {
| `- error: 'CAAnimationDelegate' is unavailable in watchOS
35 | // The tiles used to display and animate the flaps
36 | fileprivate let topTicTile: TileView
/Applications/Xcode-27.0.0-Release.Candidate.app/Contents/Developer/Platforms/WatchOS.platform/Developer/SDKs/WatchOS27.0.sdk/System/Library/Frameworks/QuartzCore.framework/Headers/CAAnimation.h:71:11: note: 'CAAnimationDelegate' has been explicitly marked unavailable here
69 |
70 | API_AVAILABLE(macos(10.12), ios(10.0), tvos(10.0)) API_UNAVAILABLE(watchos)
71 | @protocol CAAnimationDelegate <NSObject>
| `- note: 'CAAnimationDelegate' has been explicitly marked unavailable here
72 | @optional
73 |
/Users/admin/builder/spi-builder-workspace/Sources/FlapView.swift:127:35: error: 'CATransform3DIdentity' is unavailable in watchOS
125 | // Set the perspective
126 | let zDepth: CGFloat = 1000
127 | var skewedIdentityTransform = CATransform3DIdentity
| `- error: 'CATransform3DIdentity' is unavailable in watchOS
128 | skewedIdentityTransform.m34 = 1 / -zDepth
129 |
/Applications/Xcode-27.0.0-Release.Candidate.app/Contents/Developer/Platforms/WatchOS.platform/Developer/SDKs/WatchOS27.0.sdk/System/Library/Frameworks/QuartzCore.framework/Headers/CATransform3D.h:31:31: note: 'CATransform3DIdentity' has been explicitly marked unavailable here
29 | /* The identity transform: [1 0 0 0; 0 1 0 0; 0 0 1 0; 0 0 0 1]. */
30 |
31 | CA_EXTERN const CATransform3D CATransform3DIdentity
| `- note: 'CATransform3DIdentity' has been explicitly marked unavailable here
32 | API_AVAILABLE(macos(10.5), ios(2.0), tvos(9.0)) API_UNAVAILABLE(watchos);
33 |
/Users/admin/builder/spi-builder-workspace/Sources/FlapView.swift:132:48: error: 'CATransform3DRotate' is unavailable in watchOS
130 | // Predefine the animation
131 | topAnim.fromValue = NSValue(caTransform3D: skewedIdentityTransform)
132 | topAnim.toValue = NSValue(caTransform3D: CATransform3DRotate(skewedIdentityTransform, CGFloat.pi / -2, 1, 0, 0))
| `- error: 'CATransform3DRotate' is unavailable in watchOS
133 | topAnim.isRemovedOnCompletion = false
134 | topAnim.fillMode = CAMediaTimingFillMode.forwards
/Applications/Xcode-27.0.0-Release.Candidate.app/Contents/Developer/Platforms/WatchOS.platform/Developer/SDKs/WatchOS27.0.sdk/System/Library/Frameworks/QuartzCore.framework/Headers/CATransform3D.h:85:25: note: 'CATransform3DRotate' has been explicitly marked unavailable here
83 | * t' = rotation(angle, x, y, z) * t. */
84 |
85 | CA_EXTERN CATransform3D CATransform3DRotate (CATransform3D t, CGFloat angle,
| `- note: 'CATransform3DRotate' has been explicitly marked unavailable here
86 | CGFloat x, CGFloat y, CGFloat z)
87 | API_AVAILABLE(macos(10.5), ios(2.0), tvos(9.0)) API_UNAVAILABLE(watchos);
/Users/admin/builder/spi-builder-workspace/Sources/FlapView.swift:134:37: error: 'CAMediaTimingFillMode' is unavailable in watchOS
132 | topAnim.toValue = NSValue(caTransform3D: CATransform3DRotate(skewedIdentityTransform, CGFloat.pi / -2, 1, 0, 0))
133 | topAnim.isRemovedOnCompletion = false
134 | topAnim.fillMode = CAMediaTimingFillMode.forwards
| `- error: 'CAMediaTimingFillMode' is unavailable in watchOS
135 | topAnim.timingFunction = CAMediaTimingFunction(name: CAMediaTimingFunctionName.easeIn)
136 |
/Applications/Xcode-27.0.0-Release.Candidate.app/Contents/Developer/Platforms/WatchOS.platform/Developer/SDKs/WatchOS27.0.sdk/System/Library/Frameworks/QuartzCore.framework/Headers/CAMediaTiming.h:32:20: note: 'CAMediaTimingFillMode' has been explicitly marked unavailable here
30 | @class NSString;
31 |
32 | typedef NSString * CAMediaTimingFillMode NS_TYPED_ENUM API_AVAILABLE(macos(10.5), ios(2.0), tvos(9.0)) API_UNAVAILABLE(watchos);
| `- note: 'CAMediaTimingFillMode' has been explicitly marked unavailable here
33 |
34 | NS_HEADER_AUDIT_BEGIN(nullability, sendability)
/Users/admin/builder/spi-builder-workspace/Sources/FlapView.swift:134:59: error: 'forwards' is unavailable in watchOS
132 | topAnim.toValue = NSValue(caTransform3D: CATransform3DRotate(skewedIdentityTransform, CGFloat.pi / -2, 1, 0, 0))
133 | topAnim.isRemovedOnCompletion = false
134 | topAnim.fillMode = CAMediaTimingFillMode.forwards
| `- error: 'forwards' is unavailable in watchOS
135 | topAnim.timingFunction = CAMediaTimingFunction(name: CAMediaTimingFunctionName.easeIn)
136 |
/Applications/Xcode-27.0.0-Release.Candidate.app/Contents/Developer/Platforms/WatchOS.platform/Developer/SDKs/WatchOS27.0.sdk/System/Library/Frameworks/QuartzCore.framework/Headers/CAMediaTiming.h:86:39: note: 'forwards' has been explicitly marked unavailable here
84 | /* `fillMode' options. */
85 |
86 | CA_EXTERN CAMediaTimingFillMode const kCAFillModeForwards
| `- note: 'forwards' has been explicitly marked unavailable here
87 | API_AVAILABLE(macos(10.5), ios(2.0), tvos(9.0)) API_UNAVAILABLE(watchos);
88 | CA_EXTERN CAMediaTimingFillMode const kCAFillModeBackwards
/Users/admin/builder/spi-builder-workspace/Sources/FlapView.swift:135:37: error: 'CAMediaTimingFunction' is unavailable in watchOS
133 | topAnim.isRemovedOnCompletion = false
134 | topAnim.fillMode = CAMediaTimingFillMode.forwards
135 | topAnim.timingFunction = CAMediaTimingFunction(name: CAMediaTimingFunctionName.easeIn)
| `- error: 'CAMediaTimingFunction' is unavailable in watchOS
136 |
137 | bottomAnim.fromValue = NSValue(caTransform3D: CATransform3DRotate(skewedIdentityTransform, CGFloat.pi / 2, 1, 0, 0))
/Applications/Xcode-27.0.0-Release.Candidate.app/Contents/Developer/Platforms/WatchOS.platform/Developer/SDKs/WatchOS27.0.sdk/System/Library/Frameworks/QuartzCore.framework/Headers/CAMediaTimingFunction.h:24:12: note: 'CAMediaTimingFunction' has been explicitly marked unavailable here
22 |
23 | API_AVAILABLE(macos(10.5), ios(2.0), tvos(9.0)) API_UNAVAILABLE(watchos)
24 | @interface CAMediaTimingFunction : NSObject <NSSecureCoding>
| `- note: 'CAMediaTimingFunction' has been explicitly marked unavailable here
25 | {
26 | @private
/Users/admin/builder/spi-builder-workspace/Sources/FlapView.swift:135:65: error: 'CAMediaTimingFunctionName' is unavailable in watchOS
133 | topAnim.isRemovedOnCompletion = false
134 | topAnim.fillMode = CAMediaTimingFillMode.forwards
135 | topAnim.timingFunction = CAMediaTimingFunction(name: CAMediaTimingFunctionName.easeIn)
| `- error: 'CAMediaTimingFunctionName' is unavailable in watchOS
136 |
137 | bottomAnim.fromValue = NSValue(caTransform3D: CATransform3DRotate(skewedIdentityTransform, CGFloat.pi / 2, 1, 0, 0))
/Applications/Xcode-27.0.0-Release.Candidate.app/Contents/Developer/Platforms/WatchOS.platform/Developer/SDKs/WatchOS27.0.sdk/System/Library/Frameworks/QuartzCore.framework/Headers/CAMediaTimingFunction.h:15:20: note: 'CAMediaTimingFunctionName' has been explicitly marked unavailable here
13 | NS_HEADER_AUDIT_BEGIN(nullability, sendability)
14 |
15 | typedef NSString * CAMediaTimingFunctionName NS_TYPED_ENUM API_AVAILABLE(macos(10.5), ios(2.0), tvos(9.0)) API_UNAVAILABLE(watchos);
| `- note: 'CAMediaTimingFunctionName' has been explicitly marked unavailable here
16 |
17 | /* Represents one segment of a function describing a timing curve. The
/Users/admin/builder/spi-builder-workspace/Sources/FlapView.swift:135:91: error: 'easeIn' is unavailable in watchOS
133 | topAnim.isRemovedOnCompletion = false
134 | topAnim.fillMode = CAMediaTimingFillMode.forwards
135 | topAnim.timingFunction = CAMediaTimingFunction(name: CAMediaTimingFunctionName.easeIn)
| `- error: 'easeIn' is unavailable in watchOS
136 |
137 | bottomAnim.fromValue = NSValue(caTransform3D: CATransform3DRotate(skewedIdentityTransform, CGFloat.pi / 2, 1, 0, 0))
/Applications/Xcode-27.0.0-Release.Candidate.app/Contents/Developer/Platforms/WatchOS.platform/Developer/SDKs/WatchOS27.0.sdk/System/Library/Frameworks/QuartzCore.framework/Headers/CAMediaTimingFunction.h:56:43: note: 'easeIn' has been explicitly marked unavailable here
54 | CA_EXTERN CAMediaTimingFunctionName const kCAMediaTimingFunctionLinear
55 | API_AVAILABLE(macos(10.5), ios(2.0), tvos(9.0)) API_UNAVAILABLE(watchos);
56 | CA_EXTERN CAMediaTimingFunctionName const kCAMediaTimingFunctionEaseIn
| `- note: 'easeIn' has been explicitly marked unavailable here
57 | API_AVAILABLE(macos(10.5), ios(2.0), tvos(9.0)) API_UNAVAILABLE(watchos);
58 | CA_EXTERN CAMediaTimingFunctionName const kCAMediaTimingFunctionEaseOut
/Users/admin/builder/spi-builder-workspace/Sources/FlapView.swift:137:51: error: 'CATransform3DRotate' is unavailable in watchOS
135 | topAnim.timingFunction = CAMediaTimingFunction(name: CAMediaTimingFunctionName.easeIn)
136 |
137 | bottomAnim.fromValue = NSValue(caTransform3D: CATransform3DRotate(skewedIdentityTransform, CGFloat.pi / 2, 1, 0, 0))
| `- error: 'CATransform3DRotate' is unavailable in watchOS
138 | bottomAnim.toValue = NSValue(caTransform3D: skewedIdentityTransform)
139 | bottomAnim.delegate = self
/Applications/Xcode-27.0.0-Release.Candidate.app/Contents/Developer/Platforms/WatchOS.platform/Developer/SDKs/WatchOS27.0.sdk/System/Library/Frameworks/QuartzCore.framework/Headers/CATransform3D.h:85:25: note: 'CATransform3DRotate' has been explicitly marked unavailable here
83 | * t' = rotation(angle, x, y, z) * t. */
84 |
85 | CA_EXTERN CATransform3D CATransform3DRotate (CATransform3D t, CGFloat angle,
| `- note: 'CATransform3DRotate' has been explicitly marked unavailable here
86 | CGFloat x, CGFloat y, CGFloat z)
87 | API_AVAILABLE(macos(10.5), ios(2.0), tvos(9.0)) API_UNAVAILABLE(watchos);
/Users/admin/builder/spi-builder-workspace/Sources/FlapView.swift:141:40: error: 'CAMediaTimingFillMode' is unavailable in watchOS
139 | bottomAnim.delegate = self
140 | bottomAnim.isRemovedOnCompletion = true
141 | bottomAnim.fillMode = CAMediaTimingFillMode.both
| `- error: 'CAMediaTimingFillMode' is unavailable in watchOS
142 | bottomAnim.timingFunction = CAMediaTimingFunction(name: CAMediaTimingFunctionName.easeOut)
143 | }
/Applications/Xcode-27.0.0-Release.Candidate.app/Contents/Developer/Platforms/WatchOS.platform/Developer/SDKs/WatchOS27.0.sdk/System/Library/Frameworks/QuartzCore.framework/Headers/CAMediaTiming.h:32:20: note: 'CAMediaTimingFillMode' has been explicitly marked unavailable here
30 | @class NSString;
31 |
32 | typedef NSString * CAMediaTimingFillMode NS_TYPED_ENUM API_AVAILABLE(macos(10.5), ios(2.0), tvos(9.0)) API_UNAVAILABLE(watchos);
| `- note: 'CAMediaTimingFillMode' has been explicitly marked unavailable here
33 |
34 | NS_HEADER_AUDIT_BEGIN(nullability, sendability)
SwiftCompile normal arm64 /Users/admin/builder/spi-builder-workspace/Sources/FlapView.swift (in target 'Splitflap' from project 'Splitflap')
cd /Users/admin/builder/spi-builder-workspace/.swiftpm/xcode
builtin-SwiftPerFileCompile FlapView.swift
/Users/admin/builder/spi-builder-workspace/Sources/FlapView.swift:141:62: error: 'both' is unavailable in watchOS
139 | bottomAnim.delegate = self
140 | bottomAnim.isRemovedOnCompletion = true
141 | bottomAnim.fillMode = CAMediaTimingFillMode.both
| `- error: 'both' is unavailable in watchOS
142 | bottomAnim.timingFunction = CAMediaTimingFunction(name: CAMediaTimingFunctionName.easeOut)
143 | }
/Applications/Xcode-27.0.0-Release.Candidate.app/Contents/Developer/Platforms/WatchOS.platform/Developer/SDKs/WatchOS27.0.sdk/System/Library/Frameworks/QuartzCore.framework/Headers/CAMediaTiming.h:90:39: note: 'both' has been explicitly marked unavailable here
88 | CA_EXTERN CAMediaTimingFillMode const kCAFillModeBackwards
89 | API_AVAILABLE(macos(10.5), ios(2.0), tvos(9.0)) API_UNAVAILABLE(watchos);
90 | CA_EXTERN CAMediaTimingFillMode const kCAFillModeBoth
| `- note: 'both' has been explicitly marked unavailable here
91 | API_AVAILABLE(macos(10.5), ios(2.0), tvos(9.0)) API_UNAVAILABLE(watchos);
92 | CA_EXTERN CAMediaTimingFillMode const kCAFillModeRemoved
/Users/admin/builder/spi-builder-workspace/Sources/FlapView.swift:142:40: error: 'CAMediaTimingFunction' is unavailable in watchOS
140 | bottomAnim.isRemovedOnCompletion = true
141 | bottomAnim.fillMode = CAMediaTimingFillMode.both
142 | bottomAnim.timingFunction = CAMediaTimingFunction(name: CAMediaTimingFunctionName.easeOut)
| `- error: 'CAMediaTimingFunction' is unavailable in watchOS
143 | }
144 |
/Applications/Xcode-27.0.0-Release.Candidate.app/Contents/Developer/Platforms/WatchOS.platform/Developer/SDKs/WatchOS27.0.sdk/System/Library/Frameworks/QuartzCore.framework/Headers/CAMediaTimingFunction.h:24:12: note: 'CAMediaTimingFunction' has been explicitly marked unavailable here
22 |
23 | API_AVAILABLE(macos(10.5), ios(2.0), tvos(9.0)) API_UNAVAILABLE(watchos)
24 | @interface CAMediaTimingFunction : NSObject <NSSecureCoding>
| `- note: 'CAMediaTimingFunction' has been explicitly marked unavailable here
25 | {
26 | @private
/Users/admin/builder/spi-builder-workspace/Sources/FlapView.swift:142:68: error: 'CAMediaTimingFunctionName' is unavailable in watchOS
140 | bottomAnim.isRemovedOnCompletion = true
141 | bottomAnim.fillMode = CAMediaTimingFillMode.both
142 | bottomAnim.timingFunction = CAMediaTimingFunction(name: CAMediaTimingFunctionName.easeOut)
| `- error: 'CAMediaTimingFunctionName' is unavailable in watchOS
143 | }
144 |
/Applications/Xcode-27.0.0-Release.Candidate.app/Contents/Developer/Platforms/WatchOS.platform/Developer/SDKs/WatchOS27.0.sdk/System/Library/Frameworks/QuartzCore.framework/Headers/CAMediaTimingFunction.h:15:20: note: 'CAMediaTimingFunctionName' has been explicitly marked unavailable here
13 | NS_HEADER_AUDIT_BEGIN(nullability, sendability)
14 |
15 | typedef NSString * CAMediaTimingFunctionName NS_TYPED_ENUM API_AVAILABLE(macos(10.5), ios(2.0), tvos(9.0)) API_UNAVAILABLE(watchos);
| `- note: 'CAMediaTimingFunctionName' has been explicitly marked unavailable here
16 |
17 | /* Represents one segment of a function describing a timing curve. The
SwiftCompile normal arm64 Compiling\ SplitflapDataSource.swift /Users/admin/builder/spi-builder-workspace/Sources/SplitflapDataSource.swift (in target 'Splitflap' from project 'Splitflap')
SwiftCompile normal arm64 /Users/admin/builder/spi-builder-workspace/Sources/SplitflapDataSource.swift (in target 'Splitflap' from project 'Splitflap')
cd /Users/admin/builder/spi-builder-workspace/.swiftpm/xcode
builtin-SwiftPerFileCompile SplitflapDataSource.swift
SwiftCompile normal arm64 Compiling\ Splitflap.swift /Users/admin/builder/spi-builder-workspace/Sources/Splitflap.swift (in target 'Splitflap' from project 'Splitflap')
SwiftCompile normal arm64 /Users/admin/builder/spi-builder-workspace/Sources/Splitflap.swift (in target 'Splitflap' from project 'Splitflap')
cd /Users/admin/builder/spi-builder-workspace/.swiftpm/xcode
builtin-SwiftPerFileCompile Splitflap.swift
SwiftCompile normal arm64 Compiling\ FlapViewBuilder.swift /Users/admin/builder/spi-builder-workspace/Sources/FlapViewBuilder.swift (in target 'Splitflap' from project 'Splitflap')
SwiftCompile normal arm64 /Users/admin/builder/spi-builder-workspace/Sources/FlapViewBuilder.swift (in target 'Splitflap' from project 'Splitflap')
cd /Users/admin/builder/spi-builder-workspace/.swiftpm/xcode
builtin-SwiftPerFileCompile FlapViewBuilder.swift
SwiftCompile normal arm64 Compiling\ TileView.swift /Users/admin/builder/spi-builder-workspace/Sources/TileView.swift (in target 'Splitflap' from project 'Splitflap')
/Users/admin/builder/spi-builder-workspace/Sources/TileView.swift:34:39: error: 'UILabel' is unavailable in watchOS
32 | */
33 | final class TileView: UIView {
34 | fileprivate let digitLabel = UILabel()
| `- error: 'UILabel' is unavailable in watchOS
35 | fileprivate let mainLineView = UIView()
36 | fileprivate let secondaryLineView = UIView()
/Applications/Xcode-27.0.0-Release.Candidate.app/Contents/Developer/Platforms/WatchOS.platform/Developer/SDKs/WatchOS27.0.sdk/System/Library/Frameworks/UIKit.framework/Headers/UILabel.h:33:12: note: 'UILabel' has been explicitly marked unavailable here
31 |
32 | UIKIT_EXTERN API_AVAILABLE(ios(2.0)) API_UNAVAILABLE(watchos) NS_SWIFT_UI_ACTOR
33 | @interface UILabel : UIView <NSCoding, UIContentSizeCategoryAdjusting, UILetterformAwareAdjusting>
| `- note: 'UILabel' has been explicitly marked unavailable here
34 |
35 | @property(nullable, nonatomic,copy) NSString *text; // default is nil
/Users/admin/builder/spi-builder-workspace/Sources/TileView.swift:34:39: error: 'init()' is unavailable in watchOS
32 | */
33 | final class TileView: UIView {
34 | fileprivate let digitLabel = UILabel()
| `- error: 'init()' is unavailable in watchOS
35 | fileprivate let mainLineView = UIView()
36 | fileprivate let secondaryLineView = UIView()
/Applications/Xcode-27.0.0-Release.Candidate.app/Contents/Developer/Platforms/WatchOS.platform/Developer/SDKs/WatchOS27.0.sdk/System/Library/Frameworks/UIKit.framework/Headers/UIView.h:158:1: note: 'init()' has been explicitly marked unavailable here
156 | - (instancetype)initWithFrame:(CGRect)frame NS_DESIGNATED_INITIALIZER;
157 | - (nullable instancetype)initWithCoder:(NSCoder *)coder NS_DESIGNATED_INITIALIZER;
158 | - (instancetype)init API_AVAILABLE(ios(2.0), tvos(9.0), visionos(1.0)) API_UNAVAILABLE(watchos);
| `- note: 'init()' has been explicitly marked unavailable here
159 |
160 | @property(nonatomic,getter=isUserInteractionEnabled) BOOL userInteractionEnabled; // default is YES. if set to NO, user events (touch, keys) are ignored and removed from the event queue.
/Users/admin/builder/spi-builder-workspace/Sources/TileView.swift:35:39: error: 'UIView' is unavailable in watchOS
33 | final class TileView: UIView {
34 | fileprivate let digitLabel = UILabel()
35 | fileprivate let mainLineView = UIView()
| `- error: 'UIView' is unavailable in watchOS
36 | fileprivate let secondaryLineView = UIView()
37 |
/Applications/Xcode-27.0.0-Release.Candidate.app/Contents/Developer/Platforms/WatchOS.platform/Developer/SDKs/WatchOS27.0.sdk/System/Library/Frameworks/UIKit.framework/Headers/UIView.h:152:12: note: 'UIView' has been explicitly marked unavailable here
150 |
151 | UIKIT_EXTERN API_AVAILABLE(ios(2.0)) API_UNAVAILABLE(watchos) NS_SWIFT_UI_ACTOR
152 | @interface UIView : UIResponder <NSCoding, UIAppearance, UIAppearanceContainer, UIDynamicItem, UITraitEnvironment, UICoordinateSpace, UIFocusItem, UIFocusItemContainer, CALayerDelegate>
| `- note: 'UIView' has been explicitly marked unavailable here
153 |
154 | @property(class, nonatomic, readonly) Class layerClass; // default is [CALayer class]. Used when creating the underlying layer for the view.
/Users/admin/builder/spi-builder-workspace/Sources/TileView.swift:35:39: error: 'init()' is unavailable in watchOS
33 | final class TileView: UIView {
34 | fileprivate let digitLabel = UILabel()
35 | fileprivate let mainLineView = UIView()
| `- error: 'init()' is unavailable in watchOS
36 | fileprivate let secondaryLineView = UIView()
37 |
/Applications/Xcode-27.0.0-Release.Candidate.app/Contents/Developer/Platforms/WatchOS.platform/Developer/SDKs/WatchOS27.0.sdk/System/Library/Frameworks/UIKit.framework/Headers/UIView.h:158:1: note: 'init()' has been explicitly marked unavailable here
156 | - (instancetype)initWithFrame:(CGRect)frame NS_DESIGNATED_INITIALIZER;
157 | - (nullable instancetype)initWithCoder:(NSCoder *)coder NS_DESIGNATED_INITIALIZER;
158 | - (instancetype)init API_AVAILABLE(ios(2.0), tvos(9.0), visionos(1.0)) API_UNAVAILABLE(watchos);
| `- note: 'init()' has been explicitly marked unavailable here
159 |
160 | @property(nonatomic,getter=isUserInteractionEnabled) BOOL userInteractionEnabled; // default is YES. if set to NO, user events (touch, keys) are ignored and removed from the event queue.
/Users/admin/builder/spi-builder-workspace/Sources/TileView.swift:36:39: error: 'UIView' is unavailable in watchOS
34 | fileprivate let digitLabel = UILabel()
35 | fileprivate let mainLineView = UIView()
36 | fileprivate let secondaryLineView = UIView()
| `- error: 'UIView' is unavailable in watchOS
37 |
38 | /// Defines the position and by the same time appearance of the tiles.
/Applications/Xcode-27.0.0-Release.Candidate.app/Contents/Developer/Platforms/WatchOS.platform/Developer/SDKs/WatchOS27.0.sdk/System/Library/Frameworks/UIKit.framework/Headers/UIView.h:152:12: note: 'UIView' has been explicitly marked unavailable here
150 |
151 | UIKIT_EXTERN API_AVAILABLE(ios(2.0)) API_UNAVAILABLE(watchos) NS_SWIFT_UI_ACTOR
152 | @interface UIView : UIResponder <NSCoding, UIAppearance, UIAppearanceContainer, UIDynamicItem, UITraitEnvironment, UICoordinateSpace, UIFocusItem, UIFocusItemContainer, CALayerDelegate>
| `- note: 'UIView' has been explicitly marked unavailable here
153 |
154 | @property(class, nonatomic, readonly) Class layerClass; // default is [CALayer class]. Used when creating the underlying layer for the view.
/Users/admin/builder/spi-builder-workspace/Sources/TileView.swift:36:39: error: 'init()' is unavailable in watchOS
34 | fileprivate let digitLabel = UILabel()
35 | fileprivate let mainLineView = UIView()
36 | fileprivate let secondaryLineView = UIView()
| `- error: 'init()' is unavailable in watchOS
37 |
38 | /// Defines the position and by the same time appearance of the tiles.
/Applications/Xcode-27.0.0-Release.Candidate.app/Contents/Developer/Platforms/WatchOS.platform/Developer/SDKs/WatchOS27.0.sdk/System/Library/Frameworks/UIKit.framework/Headers/UIView.h:158:1: note: 'init()' has been explicitly marked unavailable here
156 | - (instancetype)initWithFrame:(CGRect)frame NS_DESIGNATED_INITIALIZER;
157 | - (nullable instancetype)initWithCoder:(NSCoder *)coder NS_DESIGNATED_INITIALIZER;
158 | - (instancetype)init API_AVAILABLE(ios(2.0), tvos(9.0), visionos(1.0)) API_UNAVAILABLE(watchos);
| `- note: 'init()' has been explicitly marked unavailable here
159 |
160 | @property(nonatomic,getter=isUserInteractionEnabled) BOOL userInteractionEnabled; // default is YES. if set to NO, user events (touch, keys) are ignored and removed from the event queue.
/Users/admin/builder/spi-builder-workspace/Sources/TileView.swift:33:23: error: 'UIView' is unavailable in watchOS
31 | top or the bottom of a leaf.
32 | */
33 | final class TileView: UIView {
| `- error: 'UIView' is unavailable in watchOS
34 | fileprivate let digitLabel = UILabel()
35 | fileprivate let mainLineView = UIView()
/Applications/Xcode-27.0.0-Release.Candidate.app/Contents/Developer/Platforms/WatchOS.platform/Developer/SDKs/WatchOS27.0.sdk/System/Library/Frameworks/UIKit.framework/Headers/UIView.h:152:12: note: 'UIView' has been explicitly marked unavailable here
150 |
151 | UIKIT_EXTERN API_AVAILABLE(ios(2.0)) API_UNAVAILABLE(watchos) NS_SWIFT_UI_ACTOR
152 | @interface UIView : UIResponder <NSCoding, UIAppearance, UIAppearanceContainer, UIDynamicItem, UITraitEnvironment, UICoordinateSpace, UIFocusItem, UIFocusItemContainer, CALayerDelegate>
| `- note: 'UIView' has been explicitly marked unavailable here
153 |
154 | @property(class, nonatomic, readonly) Class layerClass; // default is [CALayer class]. Used when creating the underlying layer for the view.
SwiftCompile normal arm64 /Users/admin/builder/spi-builder-workspace/Sources/TileView.swift (in target 'Splitflap' from project 'Splitflap')
cd /Users/admin/builder/spi-builder-workspace/.swiftpm/xcode
builtin-SwiftPerFileCompile TileView.swift
SwiftEmitModule normal arm64 Emitting\ module\ for\ Splitflap (in target 'Splitflap' from project 'Splitflap')
/Users/admin/builder/spi-builder-workspace/Sources/FlapView.swift:121:35: error: 'CABasicAnimation' is unavailable in watchOS
119 |
120 | fileprivate var animationTime = AnimationTime.tac
121 | fileprivate let topAnim = CABasicAnimation(keyPath: "transform")
| `- error: 'CABasicAnimation' is unavailable in watchOS
122 | fileprivate let bottomAnim = CABasicAnimation(keyPath: "transform")
123 |
/Applications/Xcode-27.0.0-Release.Candidate.app/Contents/Developer/Platforms/WatchOS.platform/Developer/SDKs/WatchOS27.0.sdk/System/Library/Frameworks/QuartzCore.framework/Headers/CAAnimation.h:130:12: note: 'CABasicAnimation' has been explicitly marked unavailable here
128 |
129 | API_AVAILABLE(macos(10.5), ios(2.0), tvos(9.0)) API_UNAVAILABLE(watchos)
130 | @interface CABasicAnimation : CAPropertyAnimation
| `- note: 'CABasicAnimation' has been explicitly marked unavailable here
131 |
132 | /* The objects defining the property values being interpolated between.
/Users/admin/builder/spi-builder-workspace/Sources/FlapView.swift:122:35: error: 'CABasicAnimation' is unavailable in watchOS
120 | fileprivate var animationTime = AnimationTime.tac
121 | fileprivate let topAnim = CABasicAnimation(keyPath: "transform")
122 | fileprivate let bottomAnim = CABasicAnimation(keyPath: "transform")
| `- error: 'CABasicAnimation' is unavailable in watchOS
123 |
124 | fileprivate func setupAnimations() {
/Applications/Xcode-27.0.0-Release.Candidate.app/Contents/Developer/Platforms/WatchOS.platform/Developer/SDKs/WatchOS27.0.sdk/System/Library/Frameworks/QuartzCore.framework/Headers/CAAnimation.h:130:12: note: 'CABasicAnimation' has been explicitly marked unavailable here
128 |
129 | API_AVAILABLE(macos(10.5), ios(2.0), tvos(9.0)) API_UNAVAILABLE(watchos)
130 | @interface CABasicAnimation : CAPropertyAnimation
| `- note: 'CABasicAnimation' has been explicitly marked unavailable here
131 |
132 | /* The objects defining the property values being interpolated between.
/Users/admin/builder/spi-builder-workspace/Sources/FlapView.swift:231:33: error: 'CAAnimation' is unavailable in watchOS
229 | // MARK: - CAAnimation Delegate Methods
230 |
231 | func animationDidStop(_ anim: CAAnimation, finished flag: Bool) {
| `- error: 'CAAnimation' is unavailable in watchOS
232 | animationTime = animationTime == .tic ? .tac : .tic
233 |
/Applications/Xcode-27.0.0-Release.Candidate.app/Contents/Developer/Platforms/WatchOS.platform/Developer/SDKs/WatchOS27.0.sdk/System/Library/Frameworks/QuartzCore.framework/Headers/CAAnimation.h:25:12: note: 'CAAnimation' has been explicitly marked unavailable here
23 |
24 | API_AVAILABLE(macos(10.5), ios(2.0), tvos(9.0)) API_UNAVAILABLE(watchos)
25 | @interface CAAnimation : NSObject
| `- note: 'CAAnimation' has been explicitly marked unavailable here
26 | <NSSecureCoding, NSCopying, CAMediaTiming, CAAction>
27 | {
/Users/admin/builder/spi-builder-workspace/Sources/FlapView.swift:34:23: error: 'UIView' is unavailable in watchOS
32 | desired character or graphic.
33 | */
34 | final class FlapView: UIView, CAAnimationDelegate {
| `- error: 'UIView' is unavailable in watchOS
35 | // The tiles used to display and animate the flaps
36 | fileprivate let topTicTile: TileView
/Applications/Xcode-27.0.0-Release.Candidate.app/Contents/Developer/Platforms/WatchOS.platform/Developer/SDKs/WatchOS27.0.sdk/System/Library/Frameworks/UIKit.framework/Headers/UIView.h:152:12: note: 'UIView' has been explicitly marked unavailable here
150 |
151 | UIKIT_EXTERN API_AVAILABLE(ios(2.0)) API_UNAVAILABLE(watchos) NS_SWIFT_UI_ACTOR
152 | @interface UIView : UIResponder <NSCoding, UIAppearance, UIAppearanceContainer, UIDynamicItem, UITraitEnvironment, UICoordinateSpace, UIFocusItem, UIFocusItemContainer, CALayerDelegate>
| `- note: 'UIView' has been explicitly marked unavailable here
153 |
154 | @property(class, nonatomic, readonly) Class layerClass; // default is [CALayer class]. Used when creating the underlying layer for the view.
/Users/admin/builder/spi-builder-workspace/Sources/FlapView.swift:34:31: error: 'CAAnimationDelegate' is unavailable in watchOS
32 | desired character or graphic.
33 | */
34 | final class FlapView: UIView, CAAnimationDelegate {
| `- error: 'CAAnimationDelegate' is unavailable in watchOS
35 | // The tiles used to display and animate the flaps
36 | fileprivate let topTicTile: TileView
/Applications/Xcode-27.0.0-Release.Candidate.app/Contents/Developer/Platforms/WatchOS.platform/Developer/SDKs/WatchOS27.0.sdk/System/Library/Frameworks/QuartzCore.framework/Headers/CAAnimation.h:71:11: note: 'CAAnimationDelegate' has been explicitly marked unavailable here
69 |
70 | API_AVAILABLE(macos(10.12), ios(10.0), tvos(10.0)) API_UNAVAILABLE(watchos)
71 | @protocol CAAnimationDelegate <NSObject>
| `- note: 'CAAnimationDelegate' has been explicitly marked unavailable here
72 | @optional
73 |
/Users/admin/builder/spi-builder-workspace/Sources/Splitflap.swift:34:37: error: 'UIView' is unavailable in watchOS
32 | some flip clocks.
33 | */
34 | @IBDesignable open class Splitflap: UIView {
| `- error: 'UIView' is unavailable in watchOS
35 | // MARK: - Specifying the Data Source
36 |
/Applications/Xcode-27.0.0-Release.Candidate.app/Contents/Developer/Platforms/WatchOS.platform/Developer/SDKs/WatchOS27.0.sdk/System/Library/Frameworks/UIKit.framework/Headers/UIView.h:152:12: note: 'UIView' has been explicitly marked unavailable here
150 |
151 | UIKIT_EXTERN API_AVAILABLE(ios(2.0)) API_UNAVAILABLE(watchos) NS_SWIFT_UI_ACTOR
152 | @interface UIView : UIResponder <NSCoding, UIAppearance, UIAppearanceContainer, UIDynamicItem, UITraitEnvironment, UICoordinateSpace, UIFocusItem, UIFocusItemContainer, CALayerDelegate>
| `- note: 'UIView' has been explicitly marked unavailable here
153 |
154 | @property(class, nonatomic, readonly) Class layerClass; // default is [CALayer class]. Used when creating the underlying layer for the view.
/Users/admin/builder/spi-builder-workspace/Sources/SplitflapDataSource.swift:35:38: warning: using 'class' keyword to define a class-constrained protocol is deprecated; use 'AnyObject' instead [#deprecation]
33 | displaying the split-flap view data.
34 | */
35 | public protocol SplitflapDataSource: class {
| `- warning: using 'class' keyword to define a class-constrained protocol is deprecated; use 'AnyObject' instead [#deprecation]
36 | // MARK: - Providing Counts for the Splitflap View
37 |
/Users/admin/builder/spi-builder-workspace/Sources/SplitflapDelegate.swift:34:36: warning: using 'class' keyword to define a class-constrained protocol is deprecated; use 'AnyObject' instead [#deprecation]
32 | to construct itself.
33 | */
34 | public protocol SplitflapDelegate: class {
| `- warning: using 'class' keyword to define a class-constrained protocol is deprecated; use 'AnyObject' instead [#deprecation]
35 | // MARK: - Setting the Rotation Duration of Flaps
36 |
/Users/admin/builder/spi-builder-workspace/Sources/TileView.swift:34:39: error: 'UILabel' is unavailable in watchOS
32 | */
33 | final class TileView: UIView {
34 | fileprivate let digitLabel = UILabel()
| `- error: 'UILabel' is unavailable in watchOS
35 | fileprivate let mainLineView = UIView()
36 | fileprivate let secondaryLineView = UIView()
/Applications/Xcode-27.0.0-Release.Candidate.app/Contents/Developer/Platforms/WatchOS.platform/Developer/SDKs/WatchOS27.0.sdk/System/Library/Frameworks/UIKit.framework/Headers/UILabel.h:33:12: note: 'UILabel' has been explicitly marked unavailable here
31 |
32 | UIKIT_EXTERN API_AVAILABLE(ios(2.0)) API_UNAVAILABLE(watchos) NS_SWIFT_UI_ACTOR
33 | @interface UILabel : UIView <NSCoding, UIContentSizeCategoryAdjusting, UILetterformAwareAdjusting>
| `- note: 'UILabel' has been explicitly marked unavailable here
34 |
35 | @property(nullable, nonatomic,copy) NSString *text; // default is nil
/Users/admin/builder/spi-builder-workspace/Sources/TileView.swift:34:39: error: 'init()' is unavailable in watchOS
32 | */
33 | final class TileView: UIView {
34 | fileprivate let digitLabel = UILabel()
| `- error: 'init()' is unavailable in watchOS
35 | fileprivate let mainLineView = UIView()
36 | fileprivate let secondaryLineView = UIView()
/Applications/Xcode-27.0.0-Release.Candidate.app/Contents/Developer/Platforms/WatchOS.platform/Developer/SDKs/WatchOS27.0.sdk/System/Library/Frameworks/UIKit.framework/Headers/UIView.h:158:1: note: 'init()' has been explicitly marked unavailable here
156 | - (instancetype)initWithFrame:(CGRect)frame NS_DESIGNATED_INITIALIZER;
157 | - (nullable instancetype)initWithCoder:(NSCoder *)coder NS_DESIGNATED_INITIALIZER;
158 | - (instancetype)init API_AVAILABLE(ios(2.0), tvos(9.0), visionos(1.0)) API_UNAVAILABLE(watchos);
| `- note: 'init()' has been explicitly marked unavailable here
159 |
160 | @property(nonatomic,getter=isUserInteractionEnabled) BOOL userInteractionEnabled; // default is YES. if set to NO, user events (touch, keys) are ignored and removed from the event queue.
/Users/admin/builder/spi-builder-workspace/Sources/TileView.swift:35:39: error: 'UIView' is unavailable in watchOS
33 | final class TileView: UIView {
34 | fileprivate let digitLabel = UILabel()
35 | fileprivate let mainLineView = UIView()
| `- error: 'UIView' is unavailable in watchOS
36 | fileprivate let secondaryLineView = UIView()
37 |
/Applications/Xcode-27.0.0-Release.Candidate.app/Contents/Developer/Platforms/WatchOS.platform/Developer/SDKs/WatchOS27.0.sdk/System/Library/Frameworks/UIKit.framework/Headers/UIView.h:152:12: note: 'UIView' has been explicitly marked unavailable here
150 |
151 | UIKIT_EXTERN API_AVAILABLE(ios(2.0)) API_UNAVAILABLE(watchos) NS_SWIFT_UI_ACTOR
152 | @interface UIView : UIResponder <NSCoding, UIAppearance, UIAppearanceContainer, UIDynamicItem, UITraitEnvironment, UICoordinateSpace, UIFocusItem, UIFocusItemContainer, CALayerDelegate>
| `- note: 'UIView' has been explicitly marked unavailable here
153 |
154 | @property(class, nonatomic, readonly) Class layerClass; // default is [CALayer class]. Used when creating the underlying layer for the view.
/Users/admin/builder/spi-builder-workspace/Sources/TileView.swift:35:39: error: 'init()' is unavailable in watchOS
33 | final class TileView: UIView {
34 | fileprivate let digitLabel = UILabel()
35 | fileprivate let mainLineView = UIView()
| `- error: 'init()' is unavailable in watchOS
36 | fileprivate let secondaryLineView = UIView()
37 |
/Applications/Xcode-27.0.0-Release.Candidate.app/Contents/Developer/Platforms/WatchOS.platform/Developer/SDKs/WatchOS27.0.sdk/System/Library/Frameworks/UIKit.framework/Headers/UIView.h:158:1: note: 'init()' has been explicitly marked unavailable here
156 | - (instancetype)initWithFrame:(CGRect)frame NS_DESIGNATED_INITIALIZER;
157 | - (nullable instancetype)initWithCoder:(NSCoder *)coder NS_DESIGNATED_INITIALIZER;
158 | - (instancetype)init API_AVAILABLE(ios(2.0), tvos(9.0), visionos(1.0)) API_UNAVAILABLE(watchos);
| `- note: 'init()' has been explicitly marked unavailable here
159 |
160 | @property(nonatomic,getter=isUserInteractionEnabled) BOOL userInteractionEnabled; // default is YES. if set to NO, user events (touch, keys) are ignored and removed from the event queue.
/Users/admin/builder/spi-builder-workspace/Sources/TileView.swift:36:39: error: 'UIView' is unavailable in watchOS
34 | fileprivate let digitLabel = UILabel()
35 | fileprivate let mainLineView = UIView()
36 | fileprivate let secondaryLineView = UIView()
| `- error: 'UIView' is unavailable in watchOS
37 |
38 | /// Defines the position and by the same time appearance of the tiles.
/Applications/Xcode-27.0.0-Release.Candidate.app/Contents/Developer/Platforms/WatchOS.platform/Developer/SDKs/WatchOS27.0.sdk/System/Library/Frameworks/UIKit.framework/Headers/UIView.h:152:12: note: 'UIView' has been explicitly marked unavailable here
150 |
151 | UIKIT_EXTERN API_AVAILABLE(ios(2.0)) API_UNAVAILABLE(watchos) NS_SWIFT_UI_ACTOR
152 | @interface UIView : UIResponder <NSCoding, UIAppearance, UIAppearanceContainer, UIDynamicItem, UITraitEnvironment, UICoordinateSpace, UIFocusItem, UIFocusItemContainer, CALayerDelegate>
| `- note: 'UIView' has been explicitly marked unavailable here
153 |
154 | @property(class, nonatomic, readonly) Class layerClass; // default is [CALayer class]. Used when creating the underlying layer for the view.
/Users/admin/builder/spi-builder-workspace/Sources/TileView.swift:36:39: error: 'init()' is unavailable in watchOS
34 | fileprivate let digitLabel = UILabel()
35 | fileprivate let mainLineView = UIView()
36 | fileprivate let secondaryLineView = UIView()
| `- error: 'init()' is unavailable in watchOS
37 |
38 | /// Defines the position and by the same time appearance of the tiles.
/Applications/Xcode-27.0.0-Release.Candidate.app/Contents/Developer/Platforms/WatchOS.platform/Developer/SDKs/WatchOS27.0.sdk/System/Library/Frameworks/UIKit.framework/Headers/UIView.h:158:1: note: 'init()' has been explicitly marked unavailable here
156 | - (instancetype)initWithFrame:(CGRect)frame NS_DESIGNATED_INITIALIZER;
157 | - (nullable instancetype)initWithCoder:(NSCoder *)coder NS_DESIGNATED_INITIALIZER;
158 | - (instancetype)init API_AVAILABLE(ios(2.0), tvos(9.0), visionos(1.0)) API_UNAVAILABLE(watchos);
| `- note: 'init()' has been explicitly marked unavailable here
159 |
160 | @property(nonatomic,getter=isUserInteractionEnabled) BOOL userInteractionEnabled; // default is YES. if set to NO, user events (touch, keys) are ignored and removed from the event queue.
/Users/admin/builder/spi-builder-workspace/Sources/TileView.swift:33:23: error: 'UIView' is unavailable in watchOS
31 | top or the bottom of a leaf.
32 | */
33 | final class TileView: UIView {
| `- error: 'UIView' is unavailable in watchOS
34 | fileprivate let digitLabel = UILabel()
35 | fileprivate let mainLineView = UIView()
/Applications/Xcode-27.0.0-Release.Candidate.app/Contents/Developer/Platforms/WatchOS.platform/Developer/SDKs/WatchOS27.0.sdk/System/Library/Frameworks/UIKit.framework/Headers/UIView.h:152:12: note: 'UIView' has been explicitly marked unavailable here
150 |
151 | UIKIT_EXTERN API_AVAILABLE(ios(2.0)) API_UNAVAILABLE(watchos) NS_SWIFT_UI_ACTOR
152 | @interface UIView : UIResponder <NSCoding, UIAppearance, UIAppearanceContainer, UIDynamicItem, UITraitEnvironment, UICoordinateSpace, UIFocusItem, UIFocusItemContainer, CALayerDelegate>
| `- note: 'UIView' has been explicitly marked unavailable here
153 |
154 | @property(class, nonatomic, readonly) Class layerClass; // default is [CALayer class]. Used when creating the underlying layer for the view.
Failed frontend command:
/Applications/Xcode-27.0.0-Release.Candidate.app/Contents/Developer/Toolchains/XcodeDefault.xctoolchain/usr/bin/swift-frontend -frontend -emit-module -experimental-skip-non-inlinable-function-bodies-without-types /Users/admin/builder/spi-builder-workspace/Sources/FlapView.swift /Users/admin/builder/spi-builder-workspace/Sources/FlapViewBuilder.swift /Users/admin/builder/spi-builder-workspace/Sources/Splitflap.swift /Users/admin/builder/spi-builder-workspace/Sources/SplitflapDataSource.swift /Users/admin/builder/spi-builder-workspace/Sources/SplitflapDelegate.swift /Users/admin/builder/spi-builder-workspace/Sources/SplitflapTokens.swift /Users/admin/builder/spi-builder-workspace/Sources/TileView.swift /Users/admin/builder/spi-builder-workspace/Sources/TokenGenerator.swift /Users/admin/builder/spi-builder-workspace/Sources/TokenParser.swift -target arm64-apple-watchos9.0 -disable-cross-import-overlay-search -load-resolved-plugin /Applications/Xcode-27.0.0-Release.Candidate.app/Contents/Developer/Platforms/WatchOS.platform/Developer/usr/lib/swift/host/plugins/libFoundationMacros.dylib\#/Applications/Xcode-27.0.0-Release.Candidate.app/Contents/Developer/Platforms/WatchOS.platform/Developer/usr/bin/swift-plugin-server\#FoundationMacros -load-resolved-plugin /Applications/Xcode-27.0.0-Release.Candidate.app/Contents/Developer/Platforms/WatchOS.platform/Developer/usr/lib/swift/host/plugins/libObservationMacros.dylib\#/Applications/Xcode-27.0.0-Release.Candidate.app/Contents/Developer/Platforms/WatchOS.platform/Developer/usr/bin/swift-plugin-server\#ObservationMacros -load-resolved-plugin /Applications/Xcode-27.0.0-Release.Candidate.app/Contents/Developer/Platforms/WatchOS.platform/Developer/usr/lib/swift/host/plugins/libSwiftMacros.dylib\#/Applications/Xcode-27.0.0-Release.Candidate.app/Contents/Developer/Platforms/WatchOS.platform/Developer/usr/bin/swift-plugin-server\#SwiftMacros -load-resolved-plugin /Applications/Xcode-27.0.0-Release.Candidate.app/Contents/Developer/Platforms/WatchOS.platform/Developer/usr/lib/swift/host/plugins/libSwiftUIMacros.dylib\#/Applications/Xcode-27.0.0-Release.Candidate.app/Contents/Developer/Platforms/WatchOS.platform/Developer/usr/bin/swift-plugin-server\#SwiftUIMacros -disable-implicit-swift-modules -Xcc -fno-implicit-modules -Xcc -fno-implicit-module-maps -explicit-swift-module-map-file /Users/admin/builder/spi-builder-workspace/.derivedData/Build/Intermediates.noindex/Splitflap.build/Debug-watchos/Splitflap-t.build/Objects-normal/arm64/Splitflap-dependencies-1.json -Xllvm -aarch64-use-tbi -enable-objc-interop -stack-check -sdk /Applications/Xcode-27.0.0-Release.Candidate.app/Contents/Developer/Platforms/WatchOS.platform/Developer/SDKs/WatchOS27.0.sdk -I /Users/admin/builder/spi-builder-workspace/.derivedData/Build/Products/Debug-watchos -Isystem /Applications/Xcode-27.0.0-Release.Candidate.app/Contents/Developer/Platforms/WatchOS.platform/Developer/usr/lib -F /Users/admin/builder/spi-builder-workspace/.derivedData/Build/Products/Debug-watchos -F /Applications/Xcode-27.0.0-Release.Candidate.app/Contents/Developer/Platforms/WatchOS.platform/Developer/Library/Frameworks -F /Applications/Xcode-27.0.0-Release.Candidate.app/Contents/Developer/Platforms/WatchOS.platform/Developer/SDKs/WatchOS27.0.sdk/Developer/Library/Frameworks -module-cache-path /Users/admin/builder/spi-builder-workspace/.derivedData/Build/Intermediates.noindex/SwiftExplicitPrecompiledModules -no-color-diagnostics -Xcc -fno-color-diagnostics -enable-testing -g -debug-info-format\=dwarf -dwarf-version\=4 -swift-version 5 -Onone -D SWIFT_PACKAGE -D DEBUG -D SWIFT_MODULE_RESOURCE_BUNDLE_UNAVAILABLE -D Xcode -serialize-debugging-options -enable-experimental-feature DebugDescriptionMacro -empty-abi-descriptor -validate-clang-modules-once -clang-build-session-file /Users/admin/builder/spi-builder-workspace/.derivedData/ModuleCache.noindex/Session.modulevalidation -Xcc -working-directory -Xcc /Users/admin/builder/spi-builder-workspace/.swiftpm/xcode -enable-anonymous-context-mangled-names -file-compilation-dir /Users/admin/builder/spi-builder-workspace/.swiftpm/xcode -Xcc -D_LIBCPP_HARDENING_MODE\=_LIBCPP_HARDENING_MODE_DEBUG -Xcc -ivfsstatcache -Xcc /Users/admin/builder/spi-builder-workspace/.derivedData/SDKStatCaches.noindex/watchos27.0-24R360-e829b21a6f8c9b70876ba0858053c04477534ef55a1706bf4c1112bbb242f0a2.sdkstatcache -Xcc -fmodules-prune-interval\=86400 -Xcc -fmodules-prune-after\=345600 -Xcc -I/Users/admin/builder/spi-builder-workspace/.derivedData/Build/Products/Debug-watchos/include -Xcc -I/Users/admin/builder/spi-builder-workspace/.derivedData/Build/Intermediates.noindex/Splitflap.build/Debug-watchos/Splitflap-t.build/DerivedSources-normal/arm64 -Xcc -I/Users/admin/builder/spi-builder-workspace/.derivedData/Build/Intermediates.noindex/Splitflap.build/Debug-watchos/Splitflap-t.build/DerivedSources/arm64 -Xcc -I/Users/admin/builder/spi-builder-workspace/.derivedData/Build/Intermediates.noindex/Splitflap.build/Debug-watchos/Splitflap-t.build/DerivedSources -Xcc -DSWIFT_PACKAGE -Xcc -DDEBUG\=1 -no-auto-bridging-header-chaining -module-name Splitflap -const-gather-protocols-file /Users/admin/builder/spi-builder-workspace/.derivedData/Build/Intermediates.noindex/Splitflap.build/Debug-watchos/Splitflap-t.build/Objects-normal/arm64/Splitflap_const_extract_protocols.json -disable-clang-spi -clang-target arm64-apple-watchos27.0 -target-sdk-version 27.0 -target-sdk-name watchos27.0 -in-process-plugin-server-path /Applications/Xcode-27.0.0-Release.Candidate.app/Contents/Developer/Toolchains/XcodeDefault.xctoolchain/usr/lib/swift/host/libSwiftInProcPluginServer.dylib -emit-module-doc-path /Users/admin/builder/spi-builder-workspace/.derivedData/Build/Intermediates.noindex/Splitflap.build/Debug-watchos/Splitflap-t.build/Objects-normal/arm64/Splitflap.swiftdoc -emit-module-source-info-path /Users/admin/builder/spi-builder-workspace/.derivedData/Build/Intermediates.noindex/Splitflap.build/Debug-watchos/Splitflap-t.build/Objects-normal/arm64/Splitflap.swiftsourceinfo -emit-objc-header-path /Users/admin/builder/spi-builder-workspace/.derivedData/Build/Intermediates.noindex/Splitflap.build/Debug-watchos/Splitflap-t.build/Objects-normal/arm64/Splitflap-Swift.h -serialize-diagnostics-path /Users/admin/builder/spi-builder-workspace/.derivedData/Build/Intermediates.noindex/Splitflap.build/Debug-watchos/Splitflap-t.build/Objects-normal/arm64/Splitflap-primary-emit-module.dia -emit-dependencies-path /Users/admin/builder/spi-builder-workspace/.derivedData/Build/Intermediates.noindex/Splitflap.build/Debug-watchos/Splitflap-t.build/Objects-normal/arm64/Splitflap-primary-emit-module.d -parse-as-library -o /Users/admin/builder/spi-builder-workspace/.derivedData/Build/Intermediates.noindex/Splitflap.build/Debug-watchos/Splitflap-t.build/Objects-normal/arm64/Splitflap.swiftmodule -emit-abi-descriptor-path /Users/admin/builder/spi-builder-workspace/.derivedData/Build/Intermediates.noindex/Splitflap.build/Debug-watchos/Splitflap-t.build/Objects-normal/arm64/Splitflap.abi.json
SwiftCompile normal arm64 (in target 'Splitflap' from project 'Splitflap')
cd /Users/admin/builder/spi-builder-workspace/.swiftpm/xcode
SwiftEmitModule normal arm64_32 Emitting\ module\ for\ Splitflap (in target 'Splitflap' from project 'Splitflap')
/Users/admin/builder/spi-builder-workspace/Sources/FlapView.swift:121:35: error: 'CABasicAnimation' is unavailable in watchOS
119 |
120 | fileprivate var animationTime = AnimationTime.tac
121 | fileprivate let topAnim = CABasicAnimation(keyPath: "transform")
| `- error: 'CABasicAnimation' is unavailable in watchOS
122 | fileprivate let bottomAnim = CABasicAnimation(keyPath: "transform")
123 |
/Applications/Xcode-27.0.0-Release.Candidate.app/Contents/Developer/Platforms/WatchOS.platform/Developer/SDKs/WatchOS27.0.sdk/System/Library/Frameworks/QuartzCore.framework/Headers/CAAnimation.h:130:12: note: 'CABasicAnimation' has been explicitly marked unavailable here
128 |
129 | API_AVAILABLE(macos(10.5), ios(2.0), tvos(9.0)) API_UNAVAILABLE(watchos)
130 | @interface CABasicAnimation : CAPropertyAnimation
| `- note: 'CABasicAnimation' has been explicitly marked unavailable here
131 |
132 | /* The objects defining the property values being interpolated between.
/Users/admin/builder/spi-builder-workspace/Sources/FlapView.swift:122:35: error: 'CABasicAnimation' is unavailable in watchOS
120 | fileprivate var animationTime = AnimationTime.tac
121 | fileprivate let topAnim = CABasicAnimation(keyPath: "transform")
122 | fileprivate let bottomAnim = CABasicAnimation(keyPath: "transform")
| `- error: 'CABasicAnimation' is unavailable in watchOS
123 |
124 | fileprivate func setupAnimations() {
/Applications/Xcode-27.0.0-Release.Candidate.app/Contents/Developer/Platforms/WatchOS.platform/Developer/SDKs/WatchOS27.0.sdk/System/Library/Frameworks/QuartzCore.framework/Headers/CAAnimation.h:130:12: note: 'CABasicAnimation' has been explicitly marked unavailable here
128 |
129 | API_AVAILABLE(macos(10.5), ios(2.0), tvos(9.0)) API_UNAVAILABLE(watchos)
130 | @interface CABasicAnimation : CAPropertyAnimation
| `- note: 'CABasicAnimation' has been explicitly marked unavailable here
131 |
132 | /* The objects defining the property values being interpolated between.
/Users/admin/builder/spi-builder-workspace/Sources/FlapView.swift:231:33: error: 'CAAnimation' is unavailable in watchOS
229 | // MARK: - CAAnimation Delegate Methods
230 |
231 | func animationDidStop(_ anim: CAAnimation, finished flag: Bool) {
| `- error: 'CAAnimation' is unavailable in watchOS
232 | animationTime = animationTime == .tic ? .tac : .tic
233 |
/Applications/Xcode-27.0.0-Release.Candidate.app/Contents/Developer/Platforms/WatchOS.platform/Developer/SDKs/WatchOS27.0.sdk/System/Library/Frameworks/QuartzCore.framework/Headers/CAAnimation.h:25:12: note: 'CAAnimation' has been explicitly marked unavailable here
23 |
24 | API_AVAILABLE(macos(10.5), ios(2.0), tvos(9.0)) API_UNAVAILABLE(watchos)
25 | @interface CAAnimation : NSObject
| `- note: 'CAAnimation' has been explicitly marked unavailable here
26 | <NSSecureCoding, NSCopying, CAMediaTiming, CAAction>
27 | {
/Users/admin/builder/spi-builder-workspace/Sources/FlapView.swift:34:23: error: 'UIView' is unavailable in watchOS
32 | desired character or graphic.
33 | */
34 | final class FlapView: UIView, CAAnimationDelegate {
| `- error: 'UIView' is unavailable in watchOS
35 | // The tiles used to display and animate the flaps
36 | fileprivate let topTicTile: TileView
/Applications/Xcode-27.0.0-Release.Candidate.app/Contents/Developer/Platforms/WatchOS.platform/Developer/SDKs/WatchOS27.0.sdk/System/Library/Frameworks/UIKit.framework/Headers/UIView.h:152:12: note: 'UIView' has been explicitly marked unavailable here
150 |
151 | UIKIT_EXTERN API_AVAILABLE(ios(2.0)) API_UNAVAILABLE(watchos) NS_SWIFT_UI_ACTOR
152 | @interface UIView : UIResponder <NSCoding, UIAppearance, UIAppearanceContainer, UIDynamicItem, UITraitEnvironment, UICoordinateSpace, UIFocusItem, UIFocusItemContainer, CALayerDelegate>
| `- note: 'UIView' has been explicitly marked unavailable here
153 |
154 | @property(class, nonatomic, readonly) Class layerClass; // default is [CALayer class]. Used when creating the underlying layer for the view.
/Users/admin/builder/spi-builder-workspace/Sources/FlapView.swift:34:31: error: 'CAAnimationDelegate' is unavailable in watchOS
32 | desired character or graphic.
33 | */
34 | final class FlapView: UIView, CAAnimationDelegate {
| `- error: 'CAAnimationDelegate' is unavailable in watchOS
35 | // The tiles used to display and animate the flaps
36 | fileprivate let topTicTile: TileView
/Applications/Xcode-27.0.0-Release.Candidate.app/Contents/Developer/Platforms/WatchOS.platform/Developer/SDKs/WatchOS27.0.sdk/System/Library/Frameworks/QuartzCore.framework/Headers/CAAnimation.h:71:11: note: 'CAAnimationDelegate' has been explicitly marked unavailable here
69 |
70 | API_AVAILABLE(macos(10.12), ios(10.0), tvos(10.0)) API_UNAVAILABLE(watchos)
71 | @protocol CAAnimationDelegate <NSObject>
| `- note: 'CAAnimationDelegate' has been explicitly marked unavailable here
72 | @optional
73 |
/Users/admin/builder/spi-builder-workspace/Sources/Splitflap.swift:34:37: error: 'UIView' is unavailable in watchOS
32 | some flip clocks.
33 | */
34 | @IBDesignable open class Splitflap: UIView {
| `- error: 'UIView' is unavailable in watchOS
35 | // MARK: - Specifying the Data Source
36 |
/Applications/Xcode-27.0.0-Release.Candidate.app/Contents/Developer/Platforms/WatchOS.platform/Developer/SDKs/WatchOS27.0.sdk/System/Library/Frameworks/UIKit.framework/Headers/UIView.h:152:12: note: 'UIView' has been explicitly marked unavailable here
150 |
151 | UIKIT_EXTERN API_AVAILABLE(ios(2.0)) API_UNAVAILABLE(watchos) NS_SWIFT_UI_ACTOR
152 | @interface UIView : UIResponder <NSCoding, UIAppearance, UIAppearanceContainer, UIDynamicItem, UITraitEnvironment, UICoordinateSpace, UIFocusItem, UIFocusItemContainer, CALayerDelegate>
| `- note: 'UIView' has been explicitly marked unavailable here
153 |
154 | @property(class, nonatomic, readonly) Class layerClass; // default is [CALayer class]. Used when creating the underlying layer for the view.
/Users/admin/builder/spi-builder-workspace/Sources/SplitflapDataSource.swift:35:38: warning: using 'class' keyword to define a class-constrained protocol is deprecated; use 'AnyObject' instead [#deprecation]
33 | displaying the split-flap view data.
34 | */
35 | public protocol SplitflapDataSource: class {
| `- warning: using 'class' keyword to define a class-constrained protocol is deprecated; use 'AnyObject' instead [#deprecation]
36 | // MARK: - Providing Counts for the Splitflap View
37 |
SwiftCompile normal arm64_32 (in target 'Splitflap' from project 'Splitflap')
cd /Users/admin/builder/spi-builder-workspace/.swiftpm/xcode
SwiftCompile normal arm64 Compiling\ SplitflapDelegate.swift /Users/admin/builder/spi-builder-workspace/Sources/SplitflapDelegate.swift (in target 'Splitflap' from project 'Splitflap')
SwiftCompile normal arm64 /Users/admin/builder/spi-builder-workspace/Sources/SplitflapDelegate.swift (in target 'Splitflap' from project 'Splitflap')
cd /Users/admin/builder/spi-builder-workspace/.swiftpm/xcode
builtin-SwiftPerFileCompile SplitflapDelegate.swift
SwiftCompile normal arm64 Compiling\ TokenParser.swift /Users/admin/builder/spi-builder-workspace/Sources/TokenParser.swift (in target 'Splitflap' from project 'Splitflap')
SwiftCompile normal arm64 /Users/admin/builder/spi-builder-workspace/Sources/TokenParser.swift (in target 'Splitflap' from project 'Splitflap')
cd /Users/admin/builder/spi-builder-workspace/.swiftpm/xcode
builtin-SwiftPerFileCompile TokenParser.swift
SwiftCompile normal arm64 Compiling\ SplitflapTokens.swift /Users/admin/builder/spi-builder-workspace/Sources/SplitflapTokens.swift (in target 'Splitflap' from project 'Splitflap')
SwiftCompile normal arm64 /Users/admin/builder/spi-builder-workspace/Sources/SplitflapTokens.swift (in target 'Splitflap' from project 'Splitflap')
cd /Users/admin/builder/spi-builder-workspace/.swiftpm/xcode
builtin-SwiftPerFileCompile SplitflapTokens.swift
SwiftCompile normal arm64_32 Compiling\ Splitflap.swift /Users/admin/builder/spi-builder-workspace/Sources/Splitflap.swift (in target 'Splitflap' from project 'Splitflap')
SwiftCompile normal arm64_32 /Users/admin/builder/spi-builder-workspace/Sources/Splitflap.swift (in target 'Splitflap' from project 'Splitflap')
cd /Users/admin/builder/spi-builder-workspace/.swiftpm/xcode
builtin-SwiftPerFileCompile Splitflap.swift
PruneExplicitPrecompiledModules /Users/admin/builder/spi-builder-workspace/.derivedData/Build/Intermediates.noindex/ExplicitPrecompiledModules
PruneExplicitPrecompiledModules /Users/admin/builder/spi-builder-workspace/.derivedData/Build/Intermediates.noindex/SwiftExplicitPrecompiledModules
PruneExplicitPrecompiledModules /Users/admin/builder/spi-builder-workspace/.derivedData/SDKExplicitPrecompiledModules
2026-09-16 19:14:27.433 xcodebuild[798:4844] [MT] IDERunDestination: Supported platforms for the buildables in the current scheme is empty.
** BUILD FAILED **
The following build commands failed:
SwiftEmitModule normal arm64 Emitting\ module\ for\ Splitflap (in target 'Splitflap' from project 'Splitflap')
SwiftCompile normal arm64 (in target 'Splitflap' from project 'Splitflap')
Building workspace Splitflap with scheme Splitflap
(3 failures)
BUILD FAILURE 6.4 watchOS