The Swift Package Index logo.Swift Package Index

Build Information

Failed to build FluentTestUtils, reference master (ad7fff), with Swift 6.4 for watchOS using Xcode 27.0 on 21 Sep 2026 18:58:25 UTC.

Build Command

env DEVELOPER_DIR=/Applications/Xcode-27.0.0-Release.Candidate.app xcrun xcodebuild -IDEClonedSourcePackagesDirPathOverride=$PWD/.dependencies -skipMacroValidation -skipPackagePluginValidation -derivedDataPath $PWD/.derivedData build -scheme FluentTestUtils -destination generic/platform=watchOS

Build Log

SwiftCompile normal arm64 /Users/admin/builder/spi-builder-workspace/.dependencies/checkouts/swift-certificates/Sources/X509/X509BaseTypes/SubjectPublicKeyInfo.swift (in target 'X509' from project 'swift-certificates')
    cd /Users/admin/builder/spi-builder-workspace/.swiftpm/xcode
    builtin-SwiftPerFileCompile SubjectPublicKeyInfo.swift
SwiftCompile normal arm64 /Users/admin/builder/spi-builder-workspace/.dependencies/checkouts/swift-certificates/Sources/X509/X509BaseTypes/TBSCertificate.swift (in target 'X509' from project 'swift-certificates')
    cd /Users/admin/builder/spi-builder-workspace/.swiftpm/xcode
    builtin-SwiftPerFileCompile TBSCertificate.swift
SwiftCompile normal arm64 /Users/admin/builder/spi-builder-workspace/.dependencies/checkouts/swift-certificates/Sources/X509/X509BaseTypes/Time.swift (in target 'X509' from project 'swift-certificates')
    cd /Users/admin/builder/spi-builder-workspace/.swiftpm/xcode
    builtin-SwiftPerFileCompile Time.swift
SwiftCompile normal arm64 /Users/admin/builder/spi-builder-workspace/.dependencies/checkouts/swift-certificates/Sources/X509/X509BaseTypes/TimeCalculations.swift (in target 'X509' from project 'swift-certificates')
    cd /Users/admin/builder/spi-builder-workspace/.swiftpm/xcode
    builtin-SwiftPerFileCompile TimeCalculations.swift
SwiftCompile normal arm64 /Users/admin/builder/spi-builder-workspace/.dependencies/checkouts/swift-certificates/Sources/X509/X509BaseTypes/Validity.swift (in target 'X509' from project 'swift-certificates')
    cd /Users/admin/builder/spi-builder-workspace/.swiftpm/xcode
    builtin-SwiftPerFileCompile Validity.swift
SwiftCompile normal arm64 /Users/admin/builder/spi-builder-workspace/.dependencies/checkouts/swift-certificates/Sources/X509/X509SendableMetatype.swift (in target 'X509' from project 'swift-certificates')
    cd /Users/admin/builder/spi-builder-workspace/.swiftpm/xcode
    builtin-SwiftPerFileCompile X509SendableMetatype.swift
SwiftCompile normal arm64_32 Compiling\ CSRAttribute.swift,\ CSRAttributes.swift,\ CSRVersion.swift,\ CertificateSigningRequest.swift,\ CertificationRequestInfo.swift,\ ExtensionRequest.swift,\ Certificate.swift,\ CertificatePrivateKey.swift,\ CertificatePublicKey.swift,\ CertificateSerialNumber.swift,\ CertificateVersion.swift /Users/admin/builder/spi-builder-workspace/.dependencies/checkouts/swift-certificates/Sources/X509/CSR/CSRAttribute.swift /Users/admin/builder/spi-builder-workspace/.dependencies/checkouts/swift-certificates/Sources/X509/CSR/CSRAttributes.swift /Users/admin/builder/spi-builder-workspace/.dependencies/checkouts/swift-certificates/Sources/X509/CSR/CSRVersion.swift /Users/admin/builder/spi-builder-workspace/.dependencies/checkouts/swift-certificates/Sources/X509/CSR/CertificateSigningRequest.swift /Users/admin/builder/spi-builder-workspace/.dependencies/checkouts/swift-certificates/Sources/X509/CSR/CertificationRequestInfo.swift /Users/admin/builder/spi-builder-workspace/.dependencies/checkouts/swift-certificates/Sources/X509/CSR/ExtensionRequest.swift /Users/admin/builder/spi-builder-workspace/.dependencies/checkouts/swift-certificates/Sources/X509/Certificate.swift /Users/admin/builder/spi-builder-workspace/.dependencies/checkouts/swift-certificates/Sources/X509/CertificatePrivateKey.swift /Users/admin/builder/spi-builder-workspace/.dependencies/checkouts/swift-certificates/Sources/X509/CertificatePublicKey.swift /Users/admin/builder/spi-builder-workspace/.dependencies/checkouts/swift-certificates/Sources/X509/CertificateSerialNumber.swift /Users/admin/builder/spi-builder-workspace/.dependencies/checkouts/swift-certificates/Sources/X509/CertificateVersion.swift (in target 'X509' from project 'swift-certificates')
SwiftCompile normal arm64_32 /Users/admin/builder/spi-builder-workspace/.dependencies/checkouts/swift-certificates/Sources/X509/CSR/CSRAttribute.swift (in target 'X509' from project 'swift-certificates')
    cd /Users/admin/builder/spi-builder-workspace/.swiftpm/xcode
    builtin-SwiftPerFileCompile CSRAttribute.swift
SwiftCompile normal arm64_32 /Users/admin/builder/spi-builder-workspace/.dependencies/checkouts/swift-certificates/Sources/X509/CSR/CSRAttributes.swift (in target 'X509' from project 'swift-certificates')
    cd /Users/admin/builder/spi-builder-workspace/.swiftpm/xcode
    builtin-SwiftPerFileCompile CSRAttributes.swift
SwiftCompile normal arm64_32 /Users/admin/builder/spi-builder-workspace/.dependencies/checkouts/swift-certificates/Sources/X509/CSR/CSRVersion.swift (in target 'X509' from project 'swift-certificates')
    cd /Users/admin/builder/spi-builder-workspace/.swiftpm/xcode
    builtin-SwiftPerFileCompile CSRVersion.swift
SwiftCompile normal arm64_32 /Users/admin/builder/spi-builder-workspace/.dependencies/checkouts/swift-certificates/Sources/X509/CSR/CertificateSigningRequest.swift (in target 'X509' from project 'swift-certificates')
    cd /Users/admin/builder/spi-builder-workspace/.swiftpm/xcode
    builtin-SwiftPerFileCompile CertificateSigningRequest.swift
SwiftCompile normal arm64_32 /Users/admin/builder/spi-builder-workspace/.dependencies/checkouts/swift-certificates/Sources/X509/CSR/CertificationRequestInfo.swift (in target 'X509' from project 'swift-certificates')
    cd /Users/admin/builder/spi-builder-workspace/.swiftpm/xcode
    builtin-SwiftPerFileCompile CertificationRequestInfo.swift
SwiftCompile normal arm64_32 /Users/admin/builder/spi-builder-workspace/.dependencies/checkouts/swift-certificates/Sources/X509/CSR/ExtensionRequest.swift (in target 'X509' from project 'swift-certificates')
    cd /Users/admin/builder/spi-builder-workspace/.swiftpm/xcode
    builtin-SwiftPerFileCompile ExtensionRequest.swift
SwiftCompile normal arm64_32 /Users/admin/builder/spi-builder-workspace/.dependencies/checkouts/swift-certificates/Sources/X509/Certificate.swift (in target 'X509' from project 'swift-certificates')
    cd /Users/admin/builder/spi-builder-workspace/.swiftpm/xcode
    builtin-SwiftPerFileCompile Certificate.swift
SwiftCompile normal arm64_32 /Users/admin/builder/spi-builder-workspace/.dependencies/checkouts/swift-certificates/Sources/X509/CertificatePrivateKey.swift (in target 'X509' from project 'swift-certificates')
    cd /Users/admin/builder/spi-builder-workspace/.swiftpm/xcode
    builtin-SwiftPerFileCompile CertificatePrivateKey.swift
SwiftCompile normal arm64_32 /Users/admin/builder/spi-builder-workspace/.dependencies/checkouts/swift-certificates/Sources/X509/CertificatePublicKey.swift (in target 'X509' from project 'swift-certificates')
    cd /Users/admin/builder/spi-builder-workspace/.swiftpm/xcode
    builtin-SwiftPerFileCompile CertificatePublicKey.swift
SwiftCompile normal arm64_32 /Users/admin/builder/spi-builder-workspace/.dependencies/checkouts/swift-certificates/Sources/X509/CertificateSerialNumber.swift (in target 'X509' from project 'swift-certificates')
    cd /Users/admin/builder/spi-builder-workspace/.swiftpm/xcode
    builtin-SwiftPerFileCompile CertificateSerialNumber.swift
SwiftCompile normal arm64_32 /Users/admin/builder/spi-builder-workspace/.dependencies/checkouts/swift-certificates/Sources/X509/CertificateVersion.swift (in target 'X509' from project 'swift-certificates')
    cd /Users/admin/builder/spi-builder-workspace/.swiftpm/xcode
    builtin-SwiftPerFileCompile CertificateVersion.swift
SwiftCompile normal arm64_32 Compiling\ NameConstraintsPolicy.swift,\ RFC5280Policy.swift,\ URIConstraints.swift,\ VersionPolicy.swift,\ ServerIdentityPolicy.swift,\ TrustRootLoading.swift,\ UnverifiedChain.swift,\ ValidatedCertificateChain.swift,\ VerificationDiagnostic.swift,\ Verifier.swift /Users/admin/builder/spi-builder-workspace/.dependencies/checkouts/swift-certificates/Sources/X509/Verifier/RFC5280/NameConstraintsPolicy.swift /Users/admin/builder/spi-builder-workspace/.dependencies/checkouts/swift-certificates/Sources/X509/Verifier/RFC5280/RFC5280Policy.swift /Users/admin/builder/spi-builder-workspace/.dependencies/checkouts/swift-certificates/Sources/X509/Verifier/RFC5280/URIConstraints.swift /Users/admin/builder/spi-builder-workspace/.dependencies/checkouts/swift-certificates/Sources/X509/Verifier/RFC5280/VersionPolicy.swift /Users/admin/builder/spi-builder-workspace/.dependencies/checkouts/swift-certificates/Sources/X509/Verifier/ServerIdentityPolicy.swift /Users/admin/builder/spi-builder-workspace/.dependencies/checkouts/swift-certificates/Sources/X509/Verifier/TrustRootLoading.swift /Users/admin/builder/spi-builder-workspace/.dependencies/checkouts/swift-certificates/Sources/X509/Verifier/UnverifiedChain.swift /Users/admin/builder/spi-builder-workspace/.dependencies/checkouts/swift-certificates/Sources/X509/Verifier/ValidatedCertificateChain.swift /Users/admin/builder/spi-builder-workspace/.dependencies/checkouts/swift-certificates/Sources/X509/Verifier/VerificationDiagnostic.swift /Users/admin/builder/spi-builder-workspace/.dependencies/checkouts/swift-certificates/Sources/X509/Verifier/Verifier.swift (in target 'X509' from project 'swift-certificates')
SwiftCompile normal arm64_32 /Users/admin/builder/spi-builder-workspace/.dependencies/checkouts/swift-certificates/Sources/X509/Verifier/RFC5280/NameConstraintsPolicy.swift (in target 'X509' from project 'swift-certificates')
    cd /Users/admin/builder/spi-builder-workspace/.swiftpm/xcode
    builtin-SwiftPerFileCompile NameConstraintsPolicy.swift
SwiftCompile normal arm64_32 /Users/admin/builder/spi-builder-workspace/.dependencies/checkouts/swift-certificates/Sources/X509/Verifier/RFC5280/RFC5280Policy.swift (in target 'X509' from project 'swift-certificates')
    cd /Users/admin/builder/spi-builder-workspace/.swiftpm/xcode
    builtin-SwiftPerFileCompile RFC5280Policy.swift
SwiftCompile normal arm64_32 /Users/admin/builder/spi-builder-workspace/.dependencies/checkouts/swift-certificates/Sources/X509/Verifier/RFC5280/URIConstraints.swift (in target 'X509' from project 'swift-certificates')
    cd /Users/admin/builder/spi-builder-workspace/.swiftpm/xcode
    builtin-SwiftPerFileCompile URIConstraints.swift
SwiftCompile normal arm64_32 /Users/admin/builder/spi-builder-workspace/.dependencies/checkouts/swift-certificates/Sources/X509/Verifier/RFC5280/VersionPolicy.swift (in target 'X509' from project 'swift-certificates')
    cd /Users/admin/builder/spi-builder-workspace/.swiftpm/xcode
    builtin-SwiftPerFileCompile VersionPolicy.swift
SwiftCompile normal arm64_32 /Users/admin/builder/spi-builder-workspace/.dependencies/checkouts/swift-certificates/Sources/X509/Verifier/ServerIdentityPolicy.swift (in target 'X509' from project 'swift-certificates')
    cd /Users/admin/builder/spi-builder-workspace/.swiftpm/xcode
    builtin-SwiftPerFileCompile ServerIdentityPolicy.swift
SwiftCompile normal arm64_32 /Users/admin/builder/spi-builder-workspace/.dependencies/checkouts/swift-certificates/Sources/X509/Verifier/TrustRootLoading.swift (in target 'X509' from project 'swift-certificates')
    cd /Users/admin/builder/spi-builder-workspace/.swiftpm/xcode
    builtin-SwiftPerFileCompile TrustRootLoading.swift
SwiftCompile normal arm64_32 /Users/admin/builder/spi-builder-workspace/.dependencies/checkouts/swift-certificates/Sources/X509/Verifier/UnverifiedChain.swift (in target 'X509' from project 'swift-certificates')
    cd /Users/admin/builder/spi-builder-workspace/.swiftpm/xcode
    builtin-SwiftPerFileCompile UnverifiedChain.swift
SwiftCompile normal arm64_32 /Users/admin/builder/spi-builder-workspace/.dependencies/checkouts/swift-certificates/Sources/X509/Verifier/ValidatedCertificateChain.swift (in target 'X509' from project 'swift-certificates')
    cd /Users/admin/builder/spi-builder-workspace/.swiftpm/xcode
    builtin-SwiftPerFileCompile ValidatedCertificateChain.swift
SwiftCompile normal arm64_32 /Users/admin/builder/spi-builder-workspace/.dependencies/checkouts/swift-certificates/Sources/X509/Verifier/VerificationDiagnostic.swift (in target 'X509' from project 'swift-certificates')
    cd /Users/admin/builder/spi-builder-workspace/.swiftpm/xcode
    builtin-SwiftPerFileCompile VerificationDiagnostic.swift
SwiftCompile normal arm64_32 /Users/admin/builder/spi-builder-workspace/.dependencies/checkouts/swift-certificates/Sources/X509/Verifier/Verifier.swift (in target 'X509' from project 'swift-certificates')
    cd /Users/admin/builder/spi-builder-workspace/.swiftpm/xcode
    builtin-SwiftPerFileCompile Verifier.swift
SwiftDriverJobDiscovery normal arm64 Compiling AllOfPolicies.swift, AnyPolicy.swift, CertificateStore.swift, CustomCertificateStore.swift, OneOfPolicies.swift, PolicyBuilder.swift, BasicConstraintsPolicy.swift, DNSNames.swift, ExpiryPolicy.swift, IPConstraints.swift (in target 'X509' from project 'swift-certificates')
SwiftCompile normal arm64 Compiling\ OCSPExtensionID.swift,\ OCSPNonce.swift,\ OCSPPolicy.swift,\ OCSPRequest.swift,\ OCSPResponse.swift,\ OCSPResponseBytes.swift,\ OCSPResponseData.swift,\ OCSPResponseStatus.swift,\ OCSPSignature.swift,\ OCSPSingleRequest.swift,\ OCSPSingleResponse.swift /Users/admin/builder/spi-builder-workspace/.dependencies/checkouts/swift-certificates/Sources/X509/OCSP/OCSPExtensionID.swift /Users/admin/builder/spi-builder-workspace/.dependencies/checkouts/swift-certificates/Sources/X509/OCSP/OCSPNonce.swift /Users/admin/builder/spi-builder-workspace/.dependencies/checkouts/swift-certificates/Sources/X509/OCSP/OCSPPolicy.swift /Users/admin/builder/spi-builder-workspace/.dependencies/checkouts/swift-certificates/Sources/X509/OCSP/OCSPRequest.swift /Users/admin/builder/spi-builder-workspace/.dependencies/checkouts/swift-certificates/Sources/X509/OCSP/OCSPResponse.swift /Users/admin/builder/spi-builder-workspace/.dependencies/checkouts/swift-certificates/Sources/X509/OCSP/OCSPResponseBytes.swift /Users/admin/builder/spi-builder-workspace/.dependencies/checkouts/swift-certificates/Sources/X509/OCSP/OCSPResponseData.swift /Users/admin/builder/spi-builder-workspace/.dependencies/checkouts/swift-certificates/Sources/X509/OCSP/OCSPResponseStatus.swift /Users/admin/builder/spi-builder-workspace/.dependencies/checkouts/swift-certificates/Sources/X509/OCSP/OCSPSignature.swift /Users/admin/builder/spi-builder-workspace/.dependencies/checkouts/swift-certificates/Sources/X509/OCSP/OCSPSingleRequest.swift /Users/admin/builder/spi-builder-workspace/.dependencies/checkouts/swift-certificates/Sources/X509/OCSP/OCSPSingleResponse.swift (in target 'X509' from project 'swift-certificates')
SwiftCompile normal arm64 /Users/admin/builder/spi-builder-workspace/.dependencies/checkouts/swift-certificates/Sources/X509/OCSP/OCSPExtensionID.swift (in target 'X509' from project 'swift-certificates')
    cd /Users/admin/builder/spi-builder-workspace/.swiftpm/xcode
    builtin-SwiftPerFileCompile OCSPExtensionID.swift
SwiftCompile normal arm64 /Users/admin/builder/spi-builder-workspace/.dependencies/checkouts/swift-certificates/Sources/X509/OCSP/OCSPNonce.swift (in target 'X509' from project 'swift-certificates')
    cd /Users/admin/builder/spi-builder-workspace/.swiftpm/xcode
    builtin-SwiftPerFileCompile OCSPNonce.swift
SwiftCompile normal arm64 /Users/admin/builder/spi-builder-workspace/.dependencies/checkouts/swift-certificates/Sources/X509/OCSP/OCSPPolicy.swift (in target 'X509' from project 'swift-certificates')
    cd /Users/admin/builder/spi-builder-workspace/.swiftpm/xcode
    builtin-SwiftPerFileCompile OCSPPolicy.swift
SwiftCompile normal arm64 /Users/admin/builder/spi-builder-workspace/.dependencies/checkouts/swift-certificates/Sources/X509/OCSP/OCSPRequest.swift (in target 'X509' from project 'swift-certificates')
    cd /Users/admin/builder/spi-builder-workspace/.swiftpm/xcode
    builtin-SwiftPerFileCompile OCSPRequest.swift
SwiftCompile normal arm64 /Users/admin/builder/spi-builder-workspace/.dependencies/checkouts/swift-certificates/Sources/X509/OCSP/OCSPResponse.swift (in target 'X509' from project 'swift-certificates')
    cd /Users/admin/builder/spi-builder-workspace/.swiftpm/xcode
    builtin-SwiftPerFileCompile OCSPResponse.swift
SwiftCompile normal arm64 /Users/admin/builder/spi-builder-workspace/.dependencies/checkouts/swift-certificates/Sources/X509/OCSP/OCSPResponseBytes.swift (in target 'X509' from project 'swift-certificates')
    cd /Users/admin/builder/spi-builder-workspace/.swiftpm/xcode
    builtin-SwiftPerFileCompile OCSPResponseBytes.swift
SwiftCompile normal arm64 /Users/admin/builder/spi-builder-workspace/.dependencies/checkouts/swift-certificates/Sources/X509/OCSP/OCSPResponseData.swift (in target 'X509' from project 'swift-certificates')
    cd /Users/admin/builder/spi-builder-workspace/.swiftpm/xcode
    builtin-SwiftPerFileCompile OCSPResponseData.swift
SwiftCompile normal arm64 /Users/admin/builder/spi-builder-workspace/.dependencies/checkouts/swift-certificates/Sources/X509/OCSP/OCSPResponseStatus.swift (in target 'X509' from project 'swift-certificates')
    cd /Users/admin/builder/spi-builder-workspace/.swiftpm/xcode
    builtin-SwiftPerFileCompile OCSPResponseStatus.swift
SwiftCompile normal arm64 /Users/admin/builder/spi-builder-workspace/.dependencies/checkouts/swift-certificates/Sources/X509/OCSP/OCSPSignature.swift (in target 'X509' from project 'swift-certificates')
    cd /Users/admin/builder/spi-builder-workspace/.swiftpm/xcode
    builtin-SwiftPerFileCompile OCSPSignature.swift
SwiftCompile normal arm64 /Users/admin/builder/spi-builder-workspace/.dependencies/checkouts/swift-certificates/Sources/X509/OCSP/OCSPSingleRequest.swift (in target 'X509' from project 'swift-certificates')
    cd /Users/admin/builder/spi-builder-workspace/.swiftpm/xcode
    builtin-SwiftPerFileCompile OCSPSingleRequest.swift
SwiftCompile normal arm64 /Users/admin/builder/spi-builder-workspace/.dependencies/checkouts/swift-certificates/Sources/X509/OCSP/OCSPSingleResponse.swift (in target 'X509' from project 'swift-certificates')
    cd /Users/admin/builder/spi-builder-workspace/.swiftpm/xcode
    builtin-SwiftPerFileCompile OCSPSingleResponse.swift
SwiftDriverJobDiscovery normal arm64_32 Compiling CMSAttribute.swift, CMSContentInfo.swift, CMSEncapsulatedContentInfo.swift, CMSIssuerAndSerialNumber.swift, CMSOperations.swift, CMSSignature.swift, CMSSignedData.swift, CMSSignerIdentifier.swift, CMSSignerInfo.swift, CMSVersion.swift, Curve25519+DER.swift (in target 'X509' from project 'swift-certificates')
SwiftCompile normal arm64 Compiling\ StateOrProvinceName.swift,\ StreetAddress.swift,\ Error.swift,\ AuthorityInformationAccess.swift,\ AuthorityKeyIdentifier.swift,\ BasicConstraints.swift,\ ExtendedKeyUsage.swift,\ ExtensionIdentifiers.swift,\ KeyUsage.swift,\ NameConstraints.swift,\ SubjectAlternativeName.swift /Users/admin/builder/spi-builder-workspace/.dependencies/checkouts/swift-certificates/Sources/X509/DistinguishedNameBuilder/StateOrProvinceName.swift /Users/admin/builder/spi-builder-workspace/.dependencies/checkouts/swift-certificates/Sources/X509/DistinguishedNameBuilder/StreetAddress.swift /Users/admin/builder/spi-builder-workspace/.dependencies/checkouts/swift-certificates/Sources/X509/Error.swift /Users/admin/builder/spi-builder-workspace/.dependencies/checkouts/swift-certificates/Sources/X509/Extension\ Types/AuthorityInformationAccess.swift /Users/admin/builder/spi-builder-workspace/.dependencies/checkouts/swift-certificates/Sources/X509/Extension\ Types/AuthorityKeyIdentifier.swift /Users/admin/builder/spi-builder-workspace/.dependencies/checkouts/swift-certificates/Sources/X509/Extension\ Types/BasicConstraints.swift /Users/admin/builder/spi-builder-workspace/.dependencies/checkouts/swift-certificates/Sources/X509/Extension\ Types/ExtendedKeyUsage.swift /Users/admin/builder/spi-builder-workspace/.dependencies/checkouts/swift-certificates/Sources/X509/Extension\ Types/ExtensionIdentifiers.swift /Users/admin/builder/spi-builder-workspace/.dependencies/checkouts/swift-certificates/Sources/X509/Extension\ Types/KeyUsage.swift /Users/admin/builder/spi-builder-workspace/.dependencies/checkouts/swift-certificates/Sources/X509/Extension\ Types/NameConstraints.swift /Users/admin/builder/spi-builder-workspace/.dependencies/checkouts/swift-certificates/Sources/X509/Extension\ Types/SubjectAlternativeName.swift (in target 'X509' from project 'swift-certificates')
SwiftCompile normal arm64 /Users/admin/builder/spi-builder-workspace/.dependencies/checkouts/swift-certificates/Sources/X509/DistinguishedNameBuilder/StateOrProvinceName.swift (in target 'X509' from project 'swift-certificates')
    cd /Users/admin/builder/spi-builder-workspace/.swiftpm/xcode
    builtin-SwiftPerFileCompile StateOrProvinceName.swift
SwiftCompile normal arm64 /Users/admin/builder/spi-builder-workspace/.dependencies/checkouts/swift-certificates/Sources/X509/DistinguishedNameBuilder/StreetAddress.swift (in target 'X509' from project 'swift-certificates')
    cd /Users/admin/builder/spi-builder-workspace/.swiftpm/xcode
    builtin-SwiftPerFileCompile StreetAddress.swift
SwiftCompile normal arm64 /Users/admin/builder/spi-builder-workspace/.dependencies/checkouts/swift-certificates/Sources/X509/Error.swift (in target 'X509' from project 'swift-certificates')
    cd /Users/admin/builder/spi-builder-workspace/.swiftpm/xcode
    builtin-SwiftPerFileCompile Error.swift
SwiftCompile normal arm64 /Users/admin/builder/spi-builder-workspace/.dependencies/checkouts/swift-certificates/Sources/X509/Extension\ Types/AuthorityInformationAccess.swift (in target 'X509' from project 'swift-certificates')
    cd /Users/admin/builder/spi-builder-workspace/.swiftpm/xcode
    builtin-SwiftPerFileCompile AuthorityInformationAccess.swift
SwiftCompile normal arm64 /Users/admin/builder/spi-builder-workspace/.dependencies/checkouts/swift-certificates/Sources/X509/Extension\ Types/AuthorityKeyIdentifier.swift (in target 'X509' from project 'swift-certificates')
    cd /Users/admin/builder/spi-builder-workspace/.swiftpm/xcode
    builtin-SwiftPerFileCompile AuthorityKeyIdentifier.swift
SwiftCompile normal arm64 /Users/admin/builder/spi-builder-workspace/.dependencies/checkouts/swift-certificates/Sources/X509/Extension\ Types/BasicConstraints.swift (in target 'X509' from project 'swift-certificates')
    cd /Users/admin/builder/spi-builder-workspace/.swiftpm/xcode
    builtin-SwiftPerFileCompile BasicConstraints.swift
SwiftCompile normal arm64 /Users/admin/builder/spi-builder-workspace/.dependencies/checkouts/swift-certificates/Sources/X509/Extension\ Types/ExtendedKeyUsage.swift (in target 'X509' from project 'swift-certificates')
    cd /Users/admin/builder/spi-builder-workspace/.swiftpm/xcode
    builtin-SwiftPerFileCompile ExtendedKeyUsage.swift
SwiftCompile normal arm64 /Users/admin/builder/spi-builder-workspace/.dependencies/checkouts/swift-certificates/Sources/X509/Extension\ Types/ExtensionIdentifiers.swift (in target 'X509' from project 'swift-certificates')
    cd /Users/admin/builder/spi-builder-workspace/.swiftpm/xcode
    builtin-SwiftPerFileCompile ExtensionIdentifiers.swift
SwiftCompile normal arm64 /Users/admin/builder/spi-builder-workspace/.dependencies/checkouts/swift-certificates/Sources/X509/Extension\ Types/KeyUsage.swift (in target 'X509' from project 'swift-certificates')
    cd /Users/admin/builder/spi-builder-workspace/.swiftpm/xcode
    builtin-SwiftPerFileCompile KeyUsage.swift
SwiftCompile normal arm64 /Users/admin/builder/spi-builder-workspace/.dependencies/checkouts/swift-certificates/Sources/X509/Extension\ Types/NameConstraints.swift (in target 'X509' from project 'swift-certificates')
    cd /Users/admin/builder/spi-builder-workspace/.swiftpm/xcode
    builtin-SwiftPerFileCompile NameConstraints.swift
SwiftCompile normal arm64 /Users/admin/builder/spi-builder-workspace/.dependencies/checkouts/swift-certificates/Sources/X509/Extension\ Types/SubjectAlternativeName.swift (in target 'X509' from project 'swift-certificates')
    cd /Users/admin/builder/spi-builder-workspace/.swiftpm/xcode
    builtin-SwiftPerFileCompile SubjectAlternativeName.swift
SwiftDriverJobDiscovery normal arm64_32 Compiling VerifierPolicy.swift, AlgorithmIdentifier.swift, ECDSASignature.swift, RSAPKCS1PublicKey.swift, SubjectPublicKeyInfo.swift, TBSCertificate.swift, Time.swift, TimeCalculations.swift, Validity.swift, X509SendableMetatype.swift (in target 'X509' from project 'swift-certificates')
SwiftCompile normal arm64 Compiling\ CustomPrivateKey.swift,\ Digests.swift,\ DistinguishedName.swift,\ CommonName.swift,\ CountryName.swift,\ DNBuilder.swift,\ DomainComponent.swift,\ EmailAddress.swift,\ LocalityName.swift,\ OrganizationName.swift,\ OrganizationalUnitName.swift /Users/admin/builder/spi-builder-workspace/.dependencies/checkouts/swift-certificates/Sources/X509/CustomPrivateKey.swift /Users/admin/builder/spi-builder-workspace/.dependencies/checkouts/swift-certificates/Sources/X509/Digests.swift /Users/admin/builder/spi-builder-workspace/.dependencies/checkouts/swift-certificates/Sources/X509/DistinguishedName.swift /Users/admin/builder/spi-builder-workspace/.dependencies/checkouts/swift-certificates/Sources/X509/DistinguishedNameBuilder/CommonName.swift /Users/admin/builder/spi-builder-workspace/.dependencies/checkouts/swift-certificates/Sources/X509/DistinguishedNameBuilder/CountryName.swift /Users/admin/builder/spi-builder-workspace/.dependencies/checkouts/swift-certificates/Sources/X509/DistinguishedNameBuilder/DNBuilder.swift /Users/admin/builder/spi-builder-workspace/.dependencies/checkouts/swift-certificates/Sources/X509/DistinguishedNameBuilder/DomainComponent.swift /Users/admin/builder/spi-builder-workspace/.dependencies/checkouts/swift-certificates/Sources/X509/DistinguishedNameBuilder/EmailAddress.swift /Users/admin/builder/spi-builder-workspace/.dependencies/checkouts/swift-certificates/Sources/X509/DistinguishedNameBuilder/LocalityName.swift /Users/admin/builder/spi-builder-workspace/.dependencies/checkouts/swift-certificates/Sources/X509/DistinguishedNameBuilder/OrganizationName.swift /Users/admin/builder/spi-builder-workspace/.dependencies/checkouts/swift-certificates/Sources/X509/DistinguishedNameBuilder/OrganizationalUnitName.swift (in target 'X509' from project 'swift-certificates')
SwiftCompile normal arm64 /Users/admin/builder/spi-builder-workspace/.dependencies/checkouts/swift-certificates/Sources/X509/CustomPrivateKey.swift (in target 'X509' from project 'swift-certificates')
    cd /Users/admin/builder/spi-builder-workspace/.swiftpm/xcode
    builtin-SwiftPerFileCompile CustomPrivateKey.swift
SwiftCompile normal arm64 /Users/admin/builder/spi-builder-workspace/.dependencies/checkouts/swift-certificates/Sources/X509/Digests.swift (in target 'X509' from project 'swift-certificates')
    cd /Users/admin/builder/spi-builder-workspace/.swiftpm/xcode
    builtin-SwiftPerFileCompile Digests.swift
SwiftCompile normal arm64 /Users/admin/builder/spi-builder-workspace/.dependencies/checkouts/swift-certificates/Sources/X509/DistinguishedName.swift (in target 'X509' from project 'swift-certificates')
    cd /Users/admin/builder/spi-builder-workspace/.swiftpm/xcode
    builtin-SwiftPerFileCompile DistinguishedName.swift
SwiftCompile normal arm64 /Users/admin/builder/spi-builder-workspace/.dependencies/checkouts/swift-certificates/Sources/X509/DistinguishedNameBuilder/CommonName.swift (in target 'X509' from project 'swift-certificates')
    cd /Users/admin/builder/spi-builder-workspace/.swiftpm/xcode
    builtin-SwiftPerFileCompile CommonName.swift
SwiftCompile normal arm64 /Users/admin/builder/spi-builder-workspace/.dependencies/checkouts/swift-certificates/Sources/X509/DistinguishedNameBuilder/CountryName.swift (in target 'X509' from project 'swift-certificates')
    cd /Users/admin/builder/spi-builder-workspace/.swiftpm/xcode
    builtin-SwiftPerFileCompile CountryName.swift
SwiftCompile normal arm64 /Users/admin/builder/spi-builder-workspace/.dependencies/checkouts/swift-certificates/Sources/X509/DistinguishedNameBuilder/DNBuilder.swift (in target 'X509' from project 'swift-certificates')
    cd /Users/admin/builder/spi-builder-workspace/.swiftpm/xcode
    builtin-SwiftPerFileCompile DNBuilder.swift
SwiftCompile normal arm64 /Users/admin/builder/spi-builder-workspace/.dependencies/checkouts/swift-certificates/Sources/X509/DistinguishedNameBuilder/DomainComponent.swift (in target 'X509' from project 'swift-certificates')
    cd /Users/admin/builder/spi-builder-workspace/.swiftpm/xcode
    builtin-SwiftPerFileCompile DomainComponent.swift
SwiftCompile normal arm64 /Users/admin/builder/spi-builder-workspace/.dependencies/checkouts/swift-certificates/Sources/X509/DistinguishedNameBuilder/EmailAddress.swift (in target 'X509' from project 'swift-certificates')
    cd /Users/admin/builder/spi-builder-workspace/.swiftpm/xcode
    builtin-SwiftPerFileCompile EmailAddress.swift
SwiftCompile normal arm64 /Users/admin/builder/spi-builder-workspace/.dependencies/checkouts/swift-certificates/Sources/X509/DistinguishedNameBuilder/LocalityName.swift (in target 'X509' from project 'swift-certificates')
    cd /Users/admin/builder/spi-builder-workspace/.swiftpm/xcode
    builtin-SwiftPerFileCompile LocalityName.swift
SwiftCompile normal arm64 /Users/admin/builder/spi-builder-workspace/.dependencies/checkouts/swift-certificates/Sources/X509/DistinguishedNameBuilder/OrganizationName.swift (in target 'X509' from project 'swift-certificates')
    cd /Users/admin/builder/spi-builder-workspace/.swiftpm/xcode
    builtin-SwiftPerFileCompile OrganizationName.swift
SwiftCompile normal arm64 /Users/admin/builder/spi-builder-workspace/.dependencies/checkouts/swift-certificates/Sources/X509/DistinguishedNameBuilder/OrganizationalUnitName.swift (in target 'X509' from project 'swift-certificates')
    cd /Users/admin/builder/spi-builder-workspace/.swiftpm/xcode
    builtin-SwiftPerFileCompile OrganizationalUnitName.swift
SwiftDriverJobDiscovery normal arm64_32 Compiling OCSPExtensionID.swift, OCSPNonce.swift, OCSPPolicy.swift, OCSPRequest.swift, OCSPResponse.swift, OCSPResponseBytes.swift, OCSPResponseData.swift, OCSPResponseStatus.swift, OCSPSignature.swift, OCSPSingleRequest.swift, OCSPSingleResponse.swift (in target 'X509' from project 'swift-certificates')
SwiftCompile normal arm64_32 Compiling\ AllOfPolicies.swift,\ AnyPolicy.swift,\ CertificateStore.swift,\ CustomCertificateStore.swift,\ OneOfPolicies.swift,\ PolicyBuilder.swift,\ BasicConstraintsPolicy.swift,\ DNSNames.swift,\ ExpiryPolicy.swift,\ IPConstraints.swift /Users/admin/builder/spi-builder-workspace/.dependencies/checkouts/swift-certificates/Sources/X509/Verifier/AllOfPolicies.swift /Users/admin/builder/spi-builder-workspace/.dependencies/checkouts/swift-certificates/Sources/X509/Verifier/AnyPolicy.swift /Users/admin/builder/spi-builder-workspace/.dependencies/checkouts/swift-certificates/Sources/X509/Verifier/CertificateStore.swift /Users/admin/builder/spi-builder-workspace/.dependencies/checkouts/swift-certificates/Sources/X509/Verifier/CustomCertificateStore.swift /Users/admin/builder/spi-builder-workspace/.dependencies/checkouts/swift-certificates/Sources/X509/Verifier/OneOfPolicies.swift /Users/admin/builder/spi-builder-workspace/.dependencies/checkouts/swift-certificates/Sources/X509/Verifier/PolicyBuilder.swift /Users/admin/builder/spi-builder-workspace/.dependencies/checkouts/swift-certificates/Sources/X509/Verifier/RFC5280/BasicConstraintsPolicy.swift /Users/admin/builder/spi-builder-workspace/.dependencies/checkouts/swift-certificates/Sources/X509/Verifier/RFC5280/DNSNames.swift /Users/admin/builder/spi-builder-workspace/.dependencies/checkouts/swift-certificates/Sources/X509/Verifier/RFC5280/ExpiryPolicy.swift /Users/admin/builder/spi-builder-workspace/.dependencies/checkouts/swift-certificates/Sources/X509/Verifier/RFC5280/IPConstraints.swift (in target 'X509' from project 'swift-certificates')
SwiftCompile normal arm64_32 /Users/admin/builder/spi-builder-workspace/.dependencies/checkouts/swift-certificates/Sources/X509/Verifier/AllOfPolicies.swift (in target 'X509' from project 'swift-certificates')
    cd /Users/admin/builder/spi-builder-workspace/.swiftpm/xcode
    builtin-SwiftPerFileCompile AllOfPolicies.swift
SwiftCompile normal arm64_32 /Users/admin/builder/spi-builder-workspace/.dependencies/checkouts/swift-certificates/Sources/X509/Verifier/AnyPolicy.swift (in target 'X509' from project 'swift-certificates')
    cd /Users/admin/builder/spi-builder-workspace/.swiftpm/xcode
    builtin-SwiftPerFileCompile AnyPolicy.swift
SwiftCompile normal arm64_32 /Users/admin/builder/spi-builder-workspace/.dependencies/checkouts/swift-certificates/Sources/X509/Verifier/CertificateStore.swift (in target 'X509' from project 'swift-certificates')
    cd /Users/admin/builder/spi-builder-workspace/.swiftpm/xcode
    builtin-SwiftPerFileCompile CertificateStore.swift
SwiftCompile normal arm64_32 /Users/admin/builder/spi-builder-workspace/.dependencies/checkouts/swift-certificates/Sources/X509/Verifier/CustomCertificateStore.swift (in target 'X509' from project 'swift-certificates')
    cd /Users/admin/builder/spi-builder-workspace/.swiftpm/xcode
    builtin-SwiftPerFileCompile CustomCertificateStore.swift
SwiftCompile normal arm64_32 /Users/admin/builder/spi-builder-workspace/.dependencies/checkouts/swift-certificates/Sources/X509/Verifier/OneOfPolicies.swift (in target 'X509' from project 'swift-certificates')
    cd /Users/admin/builder/spi-builder-workspace/.swiftpm/xcode
    builtin-SwiftPerFileCompile OneOfPolicies.swift
SwiftCompile normal arm64_32 /Users/admin/builder/spi-builder-workspace/.dependencies/checkouts/swift-certificates/Sources/X509/Verifier/PolicyBuilder.swift (in target 'X509' from project 'swift-certificates')
    cd /Users/admin/builder/spi-builder-workspace/.swiftpm/xcode
    builtin-SwiftPerFileCompile PolicyBuilder.swift
SwiftCompile normal arm64_32 /Users/admin/builder/spi-builder-workspace/.dependencies/checkouts/swift-certificates/Sources/X509/Verifier/RFC5280/BasicConstraintsPolicy.swift (in target 'X509' from project 'swift-certificates')
    cd /Users/admin/builder/spi-builder-workspace/.swiftpm/xcode
    builtin-SwiftPerFileCompile BasicConstraintsPolicy.swift
SwiftCompile normal arm64_32 /Users/admin/builder/spi-builder-workspace/.dependencies/checkouts/swift-certificates/Sources/X509/Verifier/RFC5280/DNSNames.swift (in target 'X509' from project 'swift-certificates')
    cd /Users/admin/builder/spi-builder-workspace/.swiftpm/xcode
    builtin-SwiftPerFileCompile DNSNames.swift
SwiftCompile normal arm64_32 /Users/admin/builder/spi-builder-workspace/.dependencies/checkouts/swift-certificates/Sources/X509/Verifier/RFC5280/ExpiryPolicy.swift (in target 'X509' from project 'swift-certificates')
    cd /Users/admin/builder/spi-builder-workspace/.swiftpm/xcode
    builtin-SwiftPerFileCompile ExpiryPolicy.swift
SwiftCompile normal arm64_32 /Users/admin/builder/spi-builder-workspace/.dependencies/checkouts/swift-certificates/Sources/X509/Verifier/RFC5280/IPConstraints.swift (in target 'X509' from project 'swift-certificates')
    cd /Users/admin/builder/spi-builder-workspace/.swiftpm/xcode
    builtin-SwiftPerFileCompile IPConstraints.swift
SwiftDriverJobDiscovery normal arm64 Compiling VerifierPolicy.swift, AlgorithmIdentifier.swift, ECDSASignature.swift, RSAPKCS1PublicKey.swift, SubjectPublicKeyInfo.swift, TBSCertificate.swift, Time.swift, TimeCalculations.swift, Validity.swift, X509SendableMetatype.swift (in target 'X509' from project 'swift-certificates')
SwiftCompile normal arm64 Compiling\ SubjectKeyIdentifier.swift,\ Extension.swift,\ Extensions.swift,\ ExtensionsBuilder.swift,\ GeneralName.swift,\ Lock.swift,\ LockedValueBox.swift,\ BasicOCSPResponse.swift,\ DirectoryString.swift,\ OCSPCertID.swift,\ OCSPCertStatus.swift /Users/admin/builder/spi-builder-workspace/.dependencies/checkouts/swift-certificates/Sources/X509/Extension\ Types/SubjectKeyIdentifier.swift /Users/admin/builder/spi-builder-workspace/.dependencies/checkouts/swift-certificates/Sources/X509/Extension.swift /Users/admin/builder/spi-builder-workspace/.dependencies/checkouts/swift-certificates/Sources/X509/Extensions.swift /Users/admin/builder/spi-builder-workspace/.dependencies/checkouts/swift-certificates/Sources/X509/ExtensionsBuilder.swift /Users/admin/builder/spi-builder-workspace/.dependencies/checkouts/swift-certificates/Sources/X509/GeneralName.swift /Users/admin/builder/spi-builder-workspace/.dependencies/checkouts/swift-certificates/Sources/X509/Lock.swift /Users/admin/builder/spi-builder-workspace/.dependencies/checkouts/swift-certificates/Sources/X509/LockedValueBox.swift /Users/admin/builder/spi-builder-workspace/.dependencies/checkouts/swift-certificates/Sources/X509/OCSP/BasicOCSPResponse.swift /Users/admin/builder/spi-builder-workspace/.dependencies/checkouts/swift-certificates/Sources/X509/OCSP/DirectoryString.swift /Users/admin/builder/spi-builder-workspace/.dependencies/checkouts/swift-certificates/Sources/X509/OCSP/OCSPCertID.swift /Users/admin/builder/spi-builder-workspace/.dependencies/checkouts/swift-certificates/Sources/X509/OCSP/OCSPCertStatus.swift (in target 'X509' from project 'swift-certificates')
SwiftCompile normal arm64 /Users/admin/builder/spi-builder-workspace/.dependencies/checkouts/swift-certificates/Sources/X509/Extension\ Types/SubjectKeyIdentifier.swift (in target 'X509' from project 'swift-certificates')
    cd /Users/admin/builder/spi-builder-workspace/.swiftpm/xcode
    builtin-SwiftPerFileCompile SubjectKeyIdentifier.swift
SwiftCompile normal arm64 /Users/admin/builder/spi-builder-workspace/.dependencies/checkouts/swift-certificates/Sources/X509/Extension.swift (in target 'X509' from project 'swift-certificates')
    cd /Users/admin/builder/spi-builder-workspace/.swiftpm/xcode
    builtin-SwiftPerFileCompile Extension.swift
SwiftCompile normal arm64 /Users/admin/builder/spi-builder-workspace/.dependencies/checkouts/swift-certificates/Sources/X509/Extensions.swift (in target 'X509' from project 'swift-certificates')
    cd /Users/admin/builder/spi-builder-workspace/.swiftpm/xcode
    builtin-SwiftPerFileCompile Extensions.swift
SwiftCompile normal arm64 /Users/admin/builder/spi-builder-workspace/.dependencies/checkouts/swift-certificates/Sources/X509/ExtensionsBuilder.swift (in target 'X509' from project 'swift-certificates')
    cd /Users/admin/builder/spi-builder-workspace/.swiftpm/xcode
    builtin-SwiftPerFileCompile ExtensionsBuilder.swift
SwiftCompile normal arm64 /Users/admin/builder/spi-builder-workspace/.dependencies/checkouts/swift-certificates/Sources/X509/GeneralName.swift (in target 'X509' from project 'swift-certificates')
    cd /Users/admin/builder/spi-builder-workspace/.swiftpm/xcode
    builtin-SwiftPerFileCompile GeneralName.swift
SwiftCompile normal arm64 /Users/admin/builder/spi-builder-workspace/.dependencies/checkouts/swift-certificates/Sources/X509/Lock.swift (in target 'X509' from project 'swift-certificates')
    cd /Users/admin/builder/spi-builder-workspace/.swiftpm/xcode
    builtin-SwiftPerFileCompile Lock.swift
SwiftCompile normal arm64 /Users/admin/builder/spi-builder-workspace/.dependencies/checkouts/swift-certificates/Sources/X509/LockedValueBox.swift (in target 'X509' from project 'swift-certificates')
    cd /Users/admin/builder/spi-builder-workspace/.swiftpm/xcode
    builtin-SwiftPerFileCompile LockedValueBox.swift
SwiftCompile normal arm64 /Users/admin/builder/spi-builder-workspace/.dependencies/checkouts/swift-certificates/Sources/X509/OCSP/BasicOCSPResponse.swift (in target 'X509' from project 'swift-certificates')
    cd /Users/admin/builder/spi-builder-workspace/.swiftpm/xcode
    builtin-SwiftPerFileCompile BasicOCSPResponse.swift
SwiftCompile normal arm64 /Users/admin/builder/spi-builder-workspace/.dependencies/checkouts/swift-certificates/Sources/X509/OCSP/DirectoryString.swift (in target 'X509' from project 'swift-certificates')
    cd /Users/admin/builder/spi-builder-workspace/.swiftpm/xcode
    builtin-SwiftPerFileCompile DirectoryString.swift
SwiftCompile normal arm64 /Users/admin/builder/spi-builder-workspace/.dependencies/checkouts/swift-certificates/Sources/X509/OCSP/OCSPCertID.swift (in target 'X509' from project 'swift-certificates')
    cd /Users/admin/builder/spi-builder-workspace/.swiftpm/xcode
    builtin-SwiftPerFileCompile OCSPCertID.swift
SwiftCompile normal arm64 /Users/admin/builder/spi-builder-workspace/.dependencies/checkouts/swift-certificates/Sources/X509/OCSP/OCSPCertStatus.swift (in target 'X509' from project 'swift-certificates')
    cd /Users/admin/builder/spi-builder-workspace/.swiftpm/xcode
    builtin-SwiftPerFileCompile OCSPCertStatus.swift
SwiftDriverJobDiscovery normal arm64 Compiling CMSAttribute.swift, CMSContentInfo.swift, CMSEncapsulatedContentInfo.swift, CMSIssuerAndSerialNumber.swift, CMSOperations.swift, CMSSignature.swift, CMSSignedData.swift, CMSSignerIdentifier.swift, CMSSignerInfo.swift, CMSVersion.swift, Curve25519+DER.swift (in target 'X509' from project 'swift-certificates')
SwiftCompile normal arm64_32 Compiling\ OCSPTBSRequest.swift,\ OCSPVersion.swift,\ PKCS8PrivateKey.swift,\ PromiseAndFuture.swift,\ RDNAttribute.swift,\ RandomNumberGenerator+bytes.swift,\ RelativeDistinguishedName.swift,\ SEC1PrivateKey.swift,\ SecKeyWrapper.swift,\ Signature.swift,\ SignatureAlgorithm.swift /Users/admin/builder/spi-builder-workspace/.dependencies/checkouts/swift-certificates/Sources/X509/OCSP/OCSPTBSRequest.swift /Users/admin/builder/spi-builder-workspace/.dependencies/checkouts/swift-certificates/Sources/X509/OCSP/OCSPVersion.swift /Users/admin/builder/spi-builder-workspace/.dependencies/checkouts/swift-certificates/Sources/X509/PKCS8PrivateKey.swift /Users/admin/builder/spi-builder-workspace/.dependencies/checkouts/swift-certificates/Sources/X509/PromiseAndFuture.swift /Users/admin/builder/spi-builder-workspace/.dependencies/checkouts/swift-certificates/Sources/X509/RDNAttribute.swift /Users/admin/builder/spi-builder-workspace/.dependencies/checkouts/swift-certificates/Sources/X509/RandomNumberGenerator+bytes.swift /Users/admin/builder/spi-builder-workspace/.dependencies/checkouts/swift-certificates/Sources/X509/RelativeDistinguishedName.swift /Users/admin/builder/spi-builder-workspace/.dependencies/checkouts/swift-certificates/Sources/X509/SEC1PrivateKey.swift /Users/admin/builder/spi-builder-workspace/.dependencies/checkouts/swift-certificates/Sources/X509/SecKeyWrapper.swift /Users/admin/builder/spi-builder-workspace/.dependencies/checkouts/swift-certificates/Sources/X509/Signature.swift /Users/admin/builder/spi-builder-workspace/.dependencies/checkouts/swift-certificates/Sources/X509/SignatureAlgorithm.swift (in target 'X509' from project 'swift-certificates')
SwiftCompile normal arm64_32 /Users/admin/builder/spi-builder-workspace/.dependencies/checkouts/swift-certificates/Sources/X509/OCSP/OCSPTBSRequest.swift (in target 'X509' from project 'swift-certificates')
    cd /Users/admin/builder/spi-builder-workspace/.swiftpm/xcode
    builtin-SwiftPerFileCompile OCSPTBSRequest.swift
SwiftCompile normal arm64_32 /Users/admin/builder/spi-builder-workspace/.dependencies/checkouts/swift-certificates/Sources/X509/OCSP/OCSPVersion.swift (in target 'X509' from project 'swift-certificates')
    cd /Users/admin/builder/spi-builder-workspace/.swiftpm/xcode
    builtin-SwiftPerFileCompile OCSPVersion.swift
SwiftCompile normal arm64_32 /Users/admin/builder/spi-builder-workspace/.dependencies/checkouts/swift-certificates/Sources/X509/PKCS8PrivateKey.swift (in target 'X509' from project 'swift-certificates')
    cd /Users/admin/builder/spi-builder-workspace/.swiftpm/xcode
    builtin-SwiftPerFileCompile PKCS8PrivateKey.swift
SwiftCompile normal arm64_32 /Users/admin/builder/spi-builder-workspace/.dependencies/checkouts/swift-certificates/Sources/X509/PromiseAndFuture.swift (in target 'X509' from project 'swift-certificates')
    cd /Users/admin/builder/spi-builder-workspace/.swiftpm/xcode
    builtin-SwiftPerFileCompile PromiseAndFuture.swift
SwiftCompile normal arm64_32 /Users/admin/builder/spi-builder-workspace/.dependencies/checkouts/swift-certificates/Sources/X509/RDNAttribute.swift (in target 'X509' from project 'swift-certificates')
    cd /Users/admin/builder/spi-builder-workspace/.swiftpm/xcode
    builtin-SwiftPerFileCompile RDNAttribute.swift
SwiftCompile normal arm64_32 /Users/admin/builder/spi-builder-workspace/.dependencies/checkouts/swift-certificates/Sources/X509/RandomNumberGenerator+bytes.swift (in target 'X509' from project 'swift-certificates')
    cd /Users/admin/builder/spi-builder-workspace/.swiftpm/xcode
    builtin-SwiftPerFileCompile RandomNumberGenerator+bytes.swift
SwiftCompile normal arm64_32 /Users/admin/builder/spi-builder-workspace/.dependencies/checkouts/swift-certificates/Sources/X509/RelativeDistinguishedName.swift (in target 'X509' from project 'swift-certificates')
    cd /Users/admin/builder/spi-builder-workspace/.swiftpm/xcode
    builtin-SwiftPerFileCompile RelativeDistinguishedName.swift
SwiftCompile normal arm64_32 /Users/admin/builder/spi-builder-workspace/.dependencies/checkouts/swift-certificates/Sources/X509/SEC1PrivateKey.swift (in target 'X509' from project 'swift-certificates')
    cd /Users/admin/builder/spi-builder-workspace/.swiftpm/xcode
    builtin-SwiftPerFileCompile SEC1PrivateKey.swift
SwiftCompile normal arm64_32 /Users/admin/builder/spi-builder-workspace/.dependencies/checkouts/swift-certificates/Sources/X509/SecKeyWrapper.swift (in target 'X509' from project 'swift-certificates')
    cd /Users/admin/builder/spi-builder-workspace/.swiftpm/xcode
    builtin-SwiftPerFileCompile SecKeyWrapper.swift
SwiftCompile normal arm64_32 /Users/admin/builder/spi-builder-workspace/.dependencies/checkouts/swift-certificates/Sources/X509/Signature.swift (in target 'X509' from project 'swift-certificates')
    cd /Users/admin/builder/spi-builder-workspace/.swiftpm/xcode
    builtin-SwiftPerFileCompile Signature.swift
SwiftCompile normal arm64_32 /Users/admin/builder/spi-builder-workspace/.dependencies/checkouts/swift-certificates/Sources/X509/SignatureAlgorithm.swift (in target 'X509' from project 'swift-certificates')
    cd /Users/admin/builder/spi-builder-workspace/.swiftpm/xcode
    builtin-SwiftPerFileCompile SignatureAlgorithm.swift
SwiftDriverJobDiscovery normal arm64 Emitting module for X509 (in target 'X509' from project 'swift-certificates')
SwiftDriver\ Compilation\ Requirements X509 normal arm64 com.apple.xcode.tools.swift.compiler (in target 'X509' from project 'swift-certificates')
    cd /Users/admin/builder/spi-builder-workspace/.swiftpm/xcode
    builtin-Swift-Compilation-Requirements -- /Applications/Xcode-27.0.0-Release.Candidate.app/Contents/Developer/Toolchains/XcodeDefault.xctoolchain/usr/bin/swiftc -parse-as-library -module-name X509 -Onone @/Users/admin/builder/spi-builder-workspace/.derivedData/Build/Intermediates.noindex/swift-certificates.build/Debug-watchos/X509-t.build/Objects-normal/arm64/X509.SwiftFileList -DSWIFT_PACKAGE -DDEBUG -DSWIFT_MODULE_RESOURCE_BUNDLE_UNAVAILABLE -Xcc -fmodule-map-file\=/Users/admin/builder/spi-builder-workspace/.dependencies/checkouts/swift-crypto/Sources/CCryptoBoringSSLShims/include/module.modulemap -Xcc -fmodule-map-file\=/Users/admin/builder/spi-builder-workspace/.dependencies/checkouts/swift-crypto/Sources/CCryptoBoringSSL/include/module.modulemap -DXcode -enable-upcoming-feature MemberImportVisibility -plugin-path /Applications/Xcode-27.0.0-Release.Candidate.app/Contents/Developer/Toolchains/XcodeDefault.xctoolchain/usr/lib/swift/host/plugins/testing -enable-experimental-feature DebugDescriptionMacro -sdk /Applications/Xcode-27.0.0-Release.Candidate.app/Contents/Developer/Platforms/WatchOS.platform/Developer/SDKs/WatchOS27.0.sdk -target arm64-apple-watchos9.0 -g -module-cache-path /Users/admin/builder/spi-builder-workspace/.derivedData/ModuleCache.noindex -Xfrontend -serialize-debugging-options -profile-coverage-mapping -profile-generate -enable-testing -suppress-warnings -index-store-path /Users/admin/builder/spi-builder-workspace/.derivedData/Index.noindex/DataStore -Xcc -D_LIBCPP_HARDENING_MODE\=_LIBCPP_HARDENING_MODE_DEBUG -swift-version 6 -I /Users/admin/builder/spi-builder-workspace/.derivedData/Build/Products/Debug-watchos -Isystem /Applications/Xcode-27.0.0-Release.Candidate.app/Contents/Developer/Platforms/WatchOS.platform/Developer/usr/lib -F /Users/admin/builder/spi-builder-workspace/.derivedData/Build/Products/Debug-watchos/PackageFrameworks -F /Users/admin/builder/spi-builder-workspace/.derivedData/Build/Products/Debug-watchos -F /Applications/Xcode-27.0.0-Release.Candidate.app/Contents/Developer/Platforms/WatchOS.platform/Developer/Library/Frameworks -F /Applications/Xcode-27.0.0-Release.Candidate.app/Contents/Developer/Platforms/WatchOS.platform/Developer/SDKs/WatchOS27.0.sdk/Developer/Library/Frameworks -c -j10 -enable-batch-mode -incremental -Xcc -ivfsstatcache -Xcc /Users/admin/builder/spi-builder-workspace/.derivedData/SDKStatCaches.noindex/watchos27.0-24R360-e829b21a6f8c9b70876ba0858053c04477534ef55a1706bf4c1112bbb242f0a2.sdkstatcache -output-file-map /Users/admin/builder/spi-builder-workspace/.derivedData/Build/Intermediates.noindex/swift-certificates.build/Debug-watchos/X509-t.build/Objects-normal/arm64/X509-OutputFileMap.json -save-temps -no-color-diagnostics -explicit-module-build -module-cache-path /Users/admin/builder/spi-builder-workspace/.derivedData/Build/Intermediates.noindex/SwiftExplicitPrecompiledModules -clang-scanner-module-cache-path /Users/admin/builder/spi-builder-workspace/.derivedData/ModuleCache.noindex -sdk-module-cache-path /Users/admin/builder/spi-builder-workspace/.derivedData/SDKExplicitPrecompiledModules -emit-dependencies -emit-module -emit-module-path /Users/admin/builder/spi-builder-workspace/.derivedData/Build/Intermediates.noindex/swift-certificates.build/Debug-watchos/X509-t.build/Objects-normal/arm64/X509.swiftmodule -serialize-diagnostics -dependency-scan-serialize-diagnostics-path /Users/admin/builder/spi-builder-workspace/.derivedData/Build/Intermediates.noindex/swift-certificates.build/Debug-watchos/X509-t.build/Objects-normal/arm64/X509-dependency-scan.dia -user-module-version 1.20.0 -validate-clang-modules-once -clang-build-session-file /Users/admin/builder/spi-builder-workspace/.derivedData/ModuleCache.noindex/Session.modulevalidation -Xcc -fmodules-prune-interval\=86400 -Xcc -fmodules-prune-after\=345600 -package-name swift_certificates -emit-const-values -const-gather-protocols-list /Users/admin/builder/spi-builder-workspace/.derivedData/Build/Intermediates.noindex/swift-certificates.build/Debug-watchos/X509-t.build/Objects-normal/arm64/X509_const_extract_protocols.json -Xcc -I/Users/admin/builder/spi-builder-workspace/.dependencies/checkouts/swift-crypto/Sources/CCryptoBoringSSLShims/include -Xcc -I/Users/admin/builder/spi-builder-workspace/.dependencies/checkouts/swift-crypto/Sources/CCryptoBoringSSL/include -Xcc -I/Users/admin/builder/spi-builder-workspace/.derivedData/Build/Products/Debug-watchos/include -Xcc -I/Users/admin/builder/spi-builder-workspace/.derivedData/Build/Intermediates.noindex/swift-certificates.build/Debug-watchos/X509-t.build/DerivedSources-normal/arm64 -Xcc -I/Users/admin/builder/spi-builder-workspace/.derivedData/Build/Intermediates.noindex/swift-certificates.build/Debug-watchos/X509-t.build/DerivedSources/arm64 -Xcc -I/Users/admin/builder/spi-builder-workspace/.derivedData/Build/Intermediates.noindex/swift-certificates.build/Debug-watchos/X509-t.build/DerivedSources -Xcc -DSWIFT_PACKAGE -Xcc -DDEBUG\=1 -emit-objc-header -emit-objc-header-path /Users/admin/builder/spi-builder-workspace/.derivedData/Build/Intermediates.noindex/swift-certificates.build/Debug-watchos/X509-t.build/Objects-normal/arm64/X509-Swift.h -working-directory /Users/admin/builder/spi-builder-workspace/.swiftpm/xcode -experimental-emit-module-separately -disable-cmo
SwiftDriverJobDiscovery normal arm64 Compiling CustomPrivateKey.swift, Digests.swift, DistinguishedName.swift, CommonName.swift, CountryName.swift, DNBuilder.swift, DomainComponent.swift, EmailAddress.swift, LocalityName.swift, OrganizationName.swift, OrganizationalUnitName.swift (in target 'X509' from project 'swift-certificates')
SwiftCompile normal arm64 Compiling\ CSRAttribute.swift,\ CSRAttributes.swift,\ CSRVersion.swift,\ CertificateSigningRequest.swift,\ CertificationRequestInfo.swift,\ ExtensionRequest.swift,\ Certificate.swift,\ CertificatePrivateKey.swift,\ CertificatePublicKey.swift,\ CertificateSerialNumber.swift,\ CertificateVersion.swift /Users/admin/builder/spi-builder-workspace/.dependencies/checkouts/swift-certificates/Sources/X509/CSR/CSRAttribute.swift /Users/admin/builder/spi-builder-workspace/.dependencies/checkouts/swift-certificates/Sources/X509/CSR/CSRAttributes.swift /Users/admin/builder/spi-builder-workspace/.dependencies/checkouts/swift-certificates/Sources/X509/CSR/CSRVersion.swift /Users/admin/builder/spi-builder-workspace/.dependencies/checkouts/swift-certificates/Sources/X509/CSR/CertificateSigningRequest.swift /Users/admin/builder/spi-builder-workspace/.dependencies/checkouts/swift-certificates/Sources/X509/CSR/CertificationRequestInfo.swift /Users/admin/builder/spi-builder-workspace/.dependencies/checkouts/swift-certificates/Sources/X509/CSR/ExtensionRequest.swift /Users/admin/builder/spi-builder-workspace/.dependencies/checkouts/swift-certificates/Sources/X509/Certificate.swift /Users/admin/builder/spi-builder-workspace/.dependencies/checkouts/swift-certificates/Sources/X509/CertificatePrivateKey.swift /Users/admin/builder/spi-builder-workspace/.dependencies/checkouts/swift-certificates/Sources/X509/CertificatePublicKey.swift /Users/admin/builder/spi-builder-workspace/.dependencies/checkouts/swift-certificates/Sources/X509/CertificateSerialNumber.swift /Users/admin/builder/spi-builder-workspace/.dependencies/checkouts/swift-certificates/Sources/X509/CertificateVersion.swift (in target 'X509' from project 'swift-certificates')
SwiftCompile normal arm64 /Users/admin/builder/spi-builder-workspace/.dependencies/checkouts/swift-certificates/Sources/X509/CSR/CSRAttribute.swift (in target 'X509' from project 'swift-certificates')
    cd /Users/admin/builder/spi-builder-workspace/.swiftpm/xcode
    builtin-SwiftPerFileCompile CSRAttribute.swift
SwiftCompile normal arm64 /Users/admin/builder/spi-builder-workspace/.dependencies/checkouts/swift-certificates/Sources/X509/CSR/CSRAttributes.swift (in target 'X509' from project 'swift-certificates')
    cd /Users/admin/builder/spi-builder-workspace/.swiftpm/xcode
    builtin-SwiftPerFileCompile CSRAttributes.swift
SwiftCompile normal arm64 /Users/admin/builder/spi-builder-workspace/.dependencies/checkouts/swift-certificates/Sources/X509/CSR/CSRVersion.swift (in target 'X509' from project 'swift-certificates')
    cd /Users/admin/builder/spi-builder-workspace/.swiftpm/xcode
    builtin-SwiftPerFileCompile CSRVersion.swift
SwiftCompile normal arm64 /Users/admin/builder/spi-builder-workspace/.dependencies/checkouts/swift-certificates/Sources/X509/CSR/CertificateSigningRequest.swift (in target 'X509' from project 'swift-certificates')
    cd /Users/admin/builder/spi-builder-workspace/.swiftpm/xcode
    builtin-SwiftPerFileCompile CertificateSigningRequest.swift
SwiftCompile normal arm64 /Users/admin/builder/spi-builder-workspace/.dependencies/checkouts/swift-certificates/Sources/X509/CSR/CertificationRequestInfo.swift (in target 'X509' from project 'swift-certificates')
    cd /Users/admin/builder/spi-builder-workspace/.swiftpm/xcode
    builtin-SwiftPerFileCompile CertificationRequestInfo.swift
SwiftCompile normal arm64 /Users/admin/builder/spi-builder-workspace/.dependencies/checkouts/swift-certificates/Sources/X509/CSR/ExtensionRequest.swift (in target 'X509' from project 'swift-certificates')
    cd /Users/admin/builder/spi-builder-workspace/.swiftpm/xcode
    builtin-SwiftPerFileCompile ExtensionRequest.swift
SwiftCompile normal arm64 /Users/admin/builder/spi-builder-workspace/.dependencies/checkouts/swift-certificates/Sources/X509/Certificate.swift (in target 'X509' from project 'swift-certificates')
    cd /Users/admin/builder/spi-builder-workspace/.swiftpm/xcode
    builtin-SwiftPerFileCompile Certificate.swift
SwiftCompile normal arm64 /Users/admin/builder/spi-builder-workspace/.dependencies/checkouts/swift-certificates/Sources/X509/CertificatePrivateKey.swift (in target 'X509' from project 'swift-certificates')
    cd /Users/admin/builder/spi-builder-workspace/.swiftpm/xcode
    builtin-SwiftPerFileCompile CertificatePrivateKey.swift
SwiftCompile normal arm64 /Users/admin/builder/spi-builder-workspace/.dependencies/checkouts/swift-certificates/Sources/X509/CertificatePublicKey.swift (in target 'X509' from project 'swift-certificates')
    cd /Users/admin/builder/spi-builder-workspace/.swiftpm/xcode
    builtin-SwiftPerFileCompile CertificatePublicKey.swift
SwiftCompile normal arm64 /Users/admin/builder/spi-builder-workspace/.dependencies/checkouts/swift-certificates/Sources/X509/CertificateSerialNumber.swift (in target 'X509' from project 'swift-certificates')
    cd /Users/admin/builder/spi-builder-workspace/.swiftpm/xcode
    builtin-SwiftPerFileCompile CertificateSerialNumber.swift
SwiftCompile normal arm64 /Users/admin/builder/spi-builder-workspace/.dependencies/checkouts/swift-certificates/Sources/X509/CertificateVersion.swift (in target 'X509' from project 'swift-certificates')
    cd /Users/admin/builder/spi-builder-workspace/.swiftpm/xcode
    builtin-SwiftPerFileCompile CertificateVersion.swift
SwiftCompile normal arm64 Compiling\ NameConstraintsPolicy.swift,\ RFC5280Policy.swift,\ URIConstraints.swift,\ VersionPolicy.swift,\ ServerIdentityPolicy.swift,\ TrustRootLoading.swift,\ UnverifiedChain.swift,\ ValidatedCertificateChain.swift,\ VerificationDiagnostic.swift,\ Verifier.swift /Users/admin/builder/spi-builder-workspace/.dependencies/checkouts/swift-certificates/Sources/X509/Verifier/RFC5280/NameConstraintsPolicy.swift /Users/admin/builder/spi-builder-workspace/.dependencies/checkouts/swift-certificates/Sources/X509/Verifier/RFC5280/RFC5280Policy.swift /Users/admin/builder/spi-builder-workspace/.dependencies/checkouts/swift-certificates/Sources/X509/Verifier/RFC5280/URIConstraints.swift /Users/admin/builder/spi-builder-workspace/.dependencies/checkouts/swift-certificates/Sources/X509/Verifier/RFC5280/VersionPolicy.swift /Users/admin/builder/spi-builder-workspace/.dependencies/checkouts/swift-certificates/Sources/X509/Verifier/ServerIdentityPolicy.swift /Users/admin/builder/spi-builder-workspace/.dependencies/checkouts/swift-certificates/Sources/X509/Verifier/TrustRootLoading.swift /Users/admin/builder/spi-builder-workspace/.dependencies/checkouts/swift-certificates/Sources/X509/Verifier/UnverifiedChain.swift /Users/admin/builder/spi-builder-workspace/.dependencies/checkouts/swift-certificates/Sources/X509/Verifier/ValidatedCertificateChain.swift /Users/admin/builder/spi-builder-workspace/.dependencies/checkouts/swift-certificates/Sources/X509/Verifier/VerificationDiagnostic.swift /Users/admin/builder/spi-builder-workspace/.dependencies/checkouts/swift-certificates/Sources/X509/Verifier/Verifier.swift (in target 'X509' from project 'swift-certificates')
SwiftCompile normal arm64 /Users/admin/builder/spi-builder-workspace/.dependencies/checkouts/swift-certificates/Sources/X509/Verifier/RFC5280/NameConstraintsPolicy.swift (in target 'X509' from project 'swift-certificates')
    cd /Users/admin/builder/spi-builder-workspace/.swiftpm/xcode
    builtin-SwiftPerFileCompile NameConstraintsPolicy.swift
SwiftCompile normal arm64 /Users/admin/builder/spi-builder-workspace/.dependencies/checkouts/swift-certificates/Sources/X509/Verifier/RFC5280/RFC5280Policy.swift (in target 'X509' from project 'swift-certificates')
    cd /Users/admin/builder/spi-builder-workspace/.swiftpm/xcode
    builtin-SwiftPerFileCompile RFC5280Policy.swift
SwiftCompile normal arm64 /Users/admin/builder/spi-builder-workspace/.dependencies/checkouts/swift-certificates/Sources/X509/Verifier/RFC5280/URIConstraints.swift (in target 'X509' from project 'swift-certificates')
    cd /Users/admin/builder/spi-builder-workspace/.swiftpm/xcode
    builtin-SwiftPerFileCompile URIConstraints.swift
SwiftCompile normal arm64 /Users/admin/builder/spi-builder-workspace/.dependencies/checkouts/swift-certificates/Sources/X509/Verifier/RFC5280/VersionPolicy.swift (in target 'X509' from project 'swift-certificates')
    cd /Users/admin/builder/spi-builder-workspace/.swiftpm/xcode
    builtin-SwiftPerFileCompile VersionPolicy.swift
SwiftCompile normal arm64 /Users/admin/builder/spi-builder-workspace/.dependencies/checkouts/swift-certificates/Sources/X509/Verifier/ServerIdentityPolicy.swift (in target 'X509' from project 'swift-certificates')
    cd /Users/admin/builder/spi-builder-workspace/.swiftpm/xcode
    builtin-SwiftPerFileCompile ServerIdentityPolicy.swift
SwiftCompile normal arm64 /Users/admin/builder/spi-builder-workspace/.dependencies/checkouts/swift-certificates/Sources/X509/Verifier/TrustRootLoading.swift (in target 'X509' from project 'swift-certificates')
    cd /Users/admin/builder/spi-builder-workspace/.swiftpm/xcode
    builtin-SwiftPerFileCompile TrustRootLoading.swift
SwiftCompile normal arm64 /Users/admin/builder/spi-builder-workspace/.dependencies/checkouts/swift-certificates/Sources/X509/Verifier/UnverifiedChain.swift (in target 'X509' from project 'swift-certificates')
    cd /Users/admin/builder/spi-builder-workspace/.swiftpm/xcode
    builtin-SwiftPerFileCompile UnverifiedChain.swift
SwiftCompile normal arm64 /Users/admin/builder/spi-builder-workspace/.dependencies/checkouts/swift-certificates/Sources/X509/Verifier/ValidatedCertificateChain.swift (in target 'X509' from project 'swift-certificates')
    cd /Users/admin/builder/spi-builder-workspace/.swiftpm/xcode
    builtin-SwiftPerFileCompile ValidatedCertificateChain.swift
SwiftCompile normal arm64 /Users/admin/builder/spi-builder-workspace/.dependencies/checkouts/swift-certificates/Sources/X509/Verifier/VerificationDiagnostic.swift (in target 'X509' from project 'swift-certificates')
    cd /Users/admin/builder/spi-builder-workspace/.swiftpm/xcode
    builtin-SwiftPerFileCompile VerificationDiagnostic.swift
SwiftCompile normal arm64 /Users/admin/builder/spi-builder-workspace/.dependencies/checkouts/swift-certificates/Sources/X509/Verifier/Verifier.swift (in target 'X509' from project 'swift-certificates')
    cd /Users/admin/builder/spi-builder-workspace/.swiftpm/xcode
    builtin-SwiftPerFileCompile Verifier.swift
SwiftDriverJobDiscovery normal arm64_32 Compiling StateOrProvinceName.swift, StreetAddress.swift, Error.swift, AuthorityInformationAccess.swift, AuthorityKeyIdentifier.swift, BasicConstraints.swift, ExtendedKeyUsage.swift, ExtensionIdentifiers.swift, KeyUsage.swift, NameConstraints.swift, SubjectAlternativeName.swift (in target 'X509' from project 'swift-certificates')
Copy /Users/admin/builder/spi-builder-workspace/.derivedData/Build/Products/Debug-watchos/X509.swiftmodule/arm64-apple-watchos.swiftmodule /Users/admin/builder/spi-builder-workspace/.derivedData/Build/Intermediates.noindex/swift-certificates.build/Debug-watchos/X509-t.build/Objects-normal/arm64/X509.swiftmodule (in target 'X509' from project 'swift-certificates')
    cd /Users/admin/builder/spi-builder-workspace/.dependencies/checkouts/swift-certificates
    builtin-copy -exclude .DS_Store -exclude CVS -exclude .svn -exclude .git -exclude .hg -resolve-src-symlinks -rename /Users/admin/builder/spi-builder-workspace/.derivedData/Build/Intermediates.noindex/swift-certificates.build/Debug-watchos/X509-t.build/Objects-normal/arm64/X509.swiftmodule /Users/admin/builder/spi-builder-workspace/.derivedData/Build/Products/Debug-watchos/X509.swiftmodule/arm64-apple-watchos.swiftmodule
SwiftDriverJobDiscovery normal arm64_32 Compiling CSRAttribute.swift, CSRAttributes.swift, CSRVersion.swift, CertificateSigningRequest.swift, CertificationRequestInfo.swift, ExtensionRequest.swift, Certificate.swift, CertificatePrivateKey.swift, CertificatePublicKey.swift, CertificateSerialNumber.swift, CertificateVersion.swift (in target 'X509' from project 'swift-certificates')
Copy /Users/admin/builder/spi-builder-workspace/.derivedData/Build/Products/Debug-watchos/X509.swiftmodule/arm64-apple-watchos.swiftdoc /Users/admin/builder/spi-builder-workspace/.derivedData/Build/Intermediates.noindex/swift-certificates.build/Debug-watchos/X509-t.build/Objects-normal/arm64/X509.swiftdoc (in target 'X509' from project 'swift-certificates')
    cd /Users/admin/builder/spi-builder-workspace/.dependencies/checkouts/swift-certificates
    builtin-copy -exclude .DS_Store -exclude CVS -exclude .svn -exclude .git -exclude .hg -resolve-src-symlinks -rename /Users/admin/builder/spi-builder-workspace/.derivedData/Build/Intermediates.noindex/swift-certificates.build/Debug-watchos/X509-t.build/Objects-normal/arm64/X509.swiftdoc /Users/admin/builder/spi-builder-workspace/.derivedData/Build/Products/Debug-watchos/X509.swiftmodule/arm64-apple-watchos.swiftdoc
Copy /Users/admin/builder/spi-builder-workspace/.derivedData/Build/Products/Debug-watchos/X509.swiftmodule/arm64-apple-watchos.abi.json /Users/admin/builder/spi-builder-workspace/.derivedData/Build/Intermediates.noindex/swift-certificates.build/Debug-watchos/X509-t.build/Objects-normal/arm64/X509.abi.json (in target 'X509' from project 'swift-certificates')
    cd /Users/admin/builder/spi-builder-workspace/.dependencies/checkouts/swift-certificates
    builtin-copy -exclude .DS_Store -exclude CVS -exclude .svn -exclude .git -exclude .hg -resolve-src-symlinks -rename /Users/admin/builder/spi-builder-workspace/.derivedData/Build/Intermediates.noindex/swift-certificates.build/Debug-watchos/X509-t.build/Objects-normal/arm64/X509.abi.json /Users/admin/builder/spi-builder-workspace/.derivedData/Build/Products/Debug-watchos/X509.swiftmodule/arm64-apple-watchos.abi.json
Copy /Users/admin/builder/spi-builder-workspace/.derivedData/Build/Products/Debug-watchos/X509.swiftmodule/Project/arm64-apple-watchos.swiftsourceinfo /Users/admin/builder/spi-builder-workspace/.derivedData/Build/Intermediates.noindex/swift-certificates.build/Debug-watchos/X509-t.build/Objects-normal/arm64/X509.swiftsourceinfo (in target 'X509' from project 'swift-certificates')
    cd /Users/admin/builder/spi-builder-workspace/.dependencies/checkouts/swift-certificates
    builtin-copy -exclude .DS_Store -exclude CVS -exclude .svn -exclude .git -exclude .hg -resolve-src-symlinks -rename /Users/admin/builder/spi-builder-workspace/.derivedData/Build/Intermediates.noindex/swift-certificates.build/Debug-watchos/X509-t.build/Objects-normal/arm64/X509.swiftsourceinfo /Users/admin/builder/spi-builder-workspace/.derivedData/Build/Products/Debug-watchos/X509.swiftmodule/Project/arm64-apple-watchos.swiftsourceinfo
SwiftCompile normal arm64_32 Compiling\ SubjectKeyIdentifier.swift,\ Extension.swift,\ Extensions.swift,\ ExtensionsBuilder.swift,\ GeneralName.swift,\ Lock.swift,\ LockedValueBox.swift,\ BasicOCSPResponse.swift,\ DirectoryString.swift,\ OCSPCertID.swift,\ OCSPCertStatus.swift /Users/admin/builder/spi-builder-workspace/.dependencies/checkouts/swift-certificates/Sources/X509/Extension\ Types/SubjectKeyIdentifier.swift /Users/admin/builder/spi-builder-workspace/.dependencies/checkouts/swift-certificates/Sources/X509/Extension.swift /Users/admin/builder/spi-builder-workspace/.dependencies/checkouts/swift-certificates/Sources/X509/Extensions.swift /Users/admin/builder/spi-builder-workspace/.dependencies/checkouts/swift-certificates/Sources/X509/ExtensionsBuilder.swift /Users/admin/builder/spi-builder-workspace/.dependencies/checkouts/swift-certificates/Sources/X509/GeneralName.swift /Users/admin/builder/spi-builder-workspace/.dependencies/checkouts/swift-certificates/Sources/X509/Lock.swift /Users/admin/builder/spi-builder-workspace/.dependencies/checkouts/swift-certificates/Sources/X509/LockedValueBox.swift /Users/admin/builder/spi-builder-workspace/.dependencies/checkouts/swift-certificates/Sources/X509/OCSP/BasicOCSPResponse.swift /Users/admin/builder/spi-builder-workspace/.dependencies/checkouts/swift-certificates/Sources/X509/OCSP/DirectoryString.swift /Users/admin/builder/spi-builder-workspace/.dependencies/checkouts/swift-certificates/Sources/X509/OCSP/OCSPCertID.swift /Users/admin/builder/spi-builder-workspace/.dependencies/checkouts/swift-certificates/Sources/X509/OCSP/OCSPCertStatus.swift (in target 'X509' from project 'swift-certificates')
SwiftCompile normal arm64_32 /Users/admin/builder/spi-builder-workspace/.dependencies/checkouts/swift-certificates/Sources/X509/Extension\ Types/SubjectKeyIdentifier.swift (in target 'X509' from project 'swift-certificates')
    cd /Users/admin/builder/spi-builder-workspace/.swiftpm/xcode
    builtin-SwiftPerFileCompile SubjectKeyIdentifier.swift
SwiftCompile normal arm64_32 /Users/admin/builder/spi-builder-workspace/.dependencies/checkouts/swift-certificates/Sources/X509/Extension.swift (in target 'X509' from project 'swift-certificates')
    cd /Users/admin/builder/spi-builder-workspace/.swiftpm/xcode
    builtin-SwiftPerFileCompile Extension.swift
SwiftCompile normal arm64_32 /Users/admin/builder/spi-builder-workspace/.dependencies/checkouts/swift-certificates/Sources/X509/Extensions.swift (in target 'X509' from project 'swift-certificates')
    cd /Users/admin/builder/spi-builder-workspace/.swiftpm/xcode
    builtin-SwiftPerFileCompile Extensions.swift
SwiftCompile normal arm64_32 /Users/admin/builder/spi-builder-workspace/.dependencies/checkouts/swift-certificates/Sources/X509/ExtensionsBuilder.swift (in target 'X509' from project 'swift-certificates')
    cd /Users/admin/builder/spi-builder-workspace/.swiftpm/xcode
    builtin-SwiftPerFileCompile ExtensionsBuilder.swift
SwiftCompile normal arm64_32 /Users/admin/builder/spi-builder-workspace/.dependencies/checkouts/swift-certificates/Sources/X509/GeneralName.swift (in target 'X509' from project 'swift-certificates')
    cd /Users/admin/builder/spi-builder-workspace/.swiftpm/xcode
    builtin-SwiftPerFileCompile GeneralName.swift
SwiftCompile normal arm64_32 /Users/admin/builder/spi-builder-workspace/.dependencies/checkouts/swift-certificates/Sources/X509/Lock.swift (in target 'X509' from project 'swift-certificates')
    cd /Users/admin/builder/spi-builder-workspace/.swiftpm/xcode
    builtin-SwiftPerFileCompile Lock.swift
SwiftCompile normal arm64_32 /Users/admin/builder/spi-builder-workspace/.dependencies/checkouts/swift-certificates/Sources/X509/LockedValueBox.swift (in target 'X509' from project 'swift-certificates')
    cd /Users/admin/builder/spi-builder-workspace/.swiftpm/xcode
    builtin-SwiftPerFileCompile LockedValueBox.swift
SwiftCompile normal arm64_32 /Users/admin/builder/spi-builder-workspace/.dependencies/checkouts/swift-certificates/Sources/X509/OCSP/BasicOCSPResponse.swift (in target 'X509' from project 'swift-certificates')
    cd /Users/admin/builder/spi-builder-workspace/.swiftpm/xcode
    builtin-SwiftPerFileCompile BasicOCSPResponse.swift
SwiftCompile normal arm64_32 /Users/admin/builder/spi-builder-workspace/.dependencies/checkouts/swift-certificates/Sources/X509/OCSP/DirectoryString.swift (in target 'X509' from project 'swift-certificates')
    cd /Users/admin/builder/spi-builder-workspace/.swiftpm/xcode
    builtin-SwiftPerFileCompile DirectoryString.swift
SwiftCompile normal arm64_32 /Users/admin/builder/spi-builder-workspace/.dependencies/checkouts/swift-certificates/Sources/X509/OCSP/OCSPCertID.swift (in target 'X509' from project 'swift-certificates')
    cd /Users/admin/builder/spi-builder-workspace/.swiftpm/xcode
    builtin-SwiftPerFileCompile OCSPCertID.swift
SwiftCompile normal arm64_32 /Users/admin/builder/spi-builder-workspace/.dependencies/checkouts/swift-certificates/Sources/X509/OCSP/OCSPCertStatus.swift (in target 'X509' from project 'swift-certificates')
    cd /Users/admin/builder/spi-builder-workspace/.swiftpm/xcode
    builtin-SwiftPerFileCompile OCSPCertStatus.swift
SwiftCompile normal arm64 Compiling\ OCSPTBSRequest.swift,\ OCSPVersion.swift,\ PKCS8PrivateKey.swift,\ PromiseAndFuture.swift,\ RDNAttribute.swift,\ RandomNumberGenerator+bytes.swift,\ RelativeDistinguishedName.swift,\ SEC1PrivateKey.swift,\ SecKeyWrapper.swift,\ Signature.swift,\ SignatureAlgorithm.swift /Users/admin/builder/spi-builder-workspace/.dependencies/checkouts/swift-certificates/Sources/X509/OCSP/OCSPTBSRequest.swift /Users/admin/builder/spi-builder-workspace/.dependencies/checkouts/swift-certificates/Sources/X509/OCSP/OCSPVersion.swift /Users/admin/builder/spi-builder-workspace/.dependencies/checkouts/swift-certificates/Sources/X509/PKCS8PrivateKey.swift /Users/admin/builder/spi-builder-workspace/.dependencies/checkouts/swift-certificates/Sources/X509/PromiseAndFuture.swift /Users/admin/builder/spi-builder-workspace/.dependencies/checkouts/swift-certificates/Sources/X509/RDNAttribute.swift /Users/admin/builder/spi-builder-workspace/.dependencies/checkouts/swift-certificates/Sources/X509/RandomNumberGenerator+bytes.swift /Users/admin/builder/spi-builder-workspace/.dependencies/checkouts/swift-certificates/Sources/X509/RelativeDistinguishedName.swift /Users/admin/builder/spi-builder-workspace/.dependencies/checkouts/swift-certificates/Sources/X509/SEC1PrivateKey.swift /Users/admin/builder/spi-builder-workspace/.dependencies/checkouts/swift-certificates/Sources/X509/SecKeyWrapper.swift /Users/admin/builder/spi-builder-workspace/.dependencies/checkouts/swift-certificates/Sources/X509/Signature.swift /Users/admin/builder/spi-builder-workspace/.dependencies/checkouts/swift-certificates/Sources/X509/SignatureAlgorithm.swift (in target 'X509' from project 'swift-certificates')
SwiftCompile normal arm64 /Users/admin/builder/spi-builder-workspace/.dependencies/checkouts/swift-certificates/Sources/X509/OCSP/OCSPTBSRequest.swift (in target 'X509' from project 'swift-certificates')
    cd /Users/admin/builder/spi-builder-workspace/.swiftpm/xcode
    builtin-SwiftPerFileCompile OCSPTBSRequest.swift
SwiftCompile normal arm64 /Users/admin/builder/spi-builder-workspace/.dependencies/checkouts/swift-certificates/Sources/X509/OCSP/OCSPVersion.swift (in target 'X509' from project 'swift-certificates')
    cd /Users/admin/builder/spi-builder-workspace/.swiftpm/xcode
    builtin-SwiftPerFileCompile OCSPVersion.swift
SwiftCompile normal arm64 /Users/admin/builder/spi-builder-workspace/.dependencies/checkouts/swift-certificates/Sources/X509/PKCS8PrivateKey.swift (in target 'X509' from project 'swift-certificates')
    cd /Users/admin/builder/spi-builder-workspace/.swiftpm/xcode
    builtin-SwiftPerFileCompile PKCS8PrivateKey.swift
SwiftCompile normal arm64 /Users/admin/builder/spi-builder-workspace/.dependencies/checkouts/swift-certificates/Sources/X509/PromiseAndFuture.swift (in target 'X509' from project 'swift-certificates')
    cd /Users/admin/builder/spi-builder-workspace/.swiftpm/xcode
    builtin-SwiftPerFileCompile PromiseAndFuture.swift
SwiftCompile normal arm64 /Users/admin/builder/spi-builder-workspace/.dependencies/checkouts/swift-certificates/Sources/X509/RDNAttribute.swift (in target 'X509' from project 'swift-certificates')
    cd /Users/admin/builder/spi-builder-workspace/.swiftpm/xcode
    builtin-SwiftPerFileCompile RDNAttribute.swift
SwiftCompile normal arm64 /Users/admin/builder/spi-builder-workspace/.dependencies/checkouts/swift-certificates/Sources/X509/RandomNumberGenerator+bytes.swift (in target 'X509' from project 'swift-certificates')
    cd /Users/admin/builder/spi-builder-workspace/.swiftpm/xcode
    builtin-SwiftPerFileCompile RandomNumberGenerator+bytes.swift
SwiftCompile normal arm64 /Users/admin/builder/spi-builder-workspace/.dependencies/checkouts/swift-certificates/Sources/X509/RelativeDistinguishedName.swift (in target 'X509' from project 'swift-certificates')
    cd /Users/admin/builder/spi-builder-workspace/.swiftpm/xcode
    builtin-SwiftPerFileCompile RelativeDistinguishedName.swift
SwiftCompile normal arm64 /Users/admin/builder/spi-builder-workspace/.dependencies/checkouts/swift-certificates/Sources/X509/SEC1PrivateKey.swift (in target 'X509' from project 'swift-certificates')
    cd /Users/admin/builder/spi-builder-workspace/.swiftpm/xcode
    builtin-SwiftPerFileCompile SEC1PrivateKey.swift
SwiftCompile normal arm64 /Users/admin/builder/spi-builder-workspace/.dependencies/checkouts/swift-certificates/Sources/X509/SecKeyWrapper.swift (in target 'X509' from project 'swift-certificates')
    cd /Users/admin/builder/spi-builder-workspace/.swiftpm/xcode
    builtin-SwiftPerFileCompile SecKeyWrapper.swift
SwiftCompile normal arm64 /Users/admin/builder/spi-builder-workspace/.dependencies/checkouts/swift-certificates/Sources/X509/Signature.swift (in target 'X509' from project 'swift-certificates')
    cd /Users/admin/builder/spi-builder-workspace/.swiftpm/xcode
    builtin-SwiftPerFileCompile Signature.swift
SwiftCompile normal arm64 /Users/admin/builder/spi-builder-workspace/.dependencies/checkouts/swift-certificates/Sources/X509/SignatureAlgorithm.swift (in target 'X509' from project 'swift-certificates')
    cd /Users/admin/builder/spi-builder-workspace/.swiftpm/xcode
    builtin-SwiftPerFileCompile SignatureAlgorithm.swift
SwiftDriverJobDiscovery normal arm64_32 Emitting module for X509 (in target 'X509' from project 'swift-certificates')
SwiftDriver\ Compilation\ Requirements X509 normal arm64_32 com.apple.xcode.tools.swift.compiler (in target 'X509' from project 'swift-certificates')
    cd /Users/admin/builder/spi-builder-workspace/.swiftpm/xcode
    builtin-Swift-Compilation-Requirements -- /Applications/Xcode-27.0.0-Release.Candidate.app/Contents/Developer/Toolchains/XcodeDefault.xctoolchain/usr/bin/swiftc -parse-as-library -module-name X509 -Onone @/Users/admin/builder/spi-builder-workspace/.derivedData/Build/Intermediates.noindex/swift-certificates.build/Debug-watchos/X509-t.build/Objects-normal/arm64_32/X509.SwiftFileList -DSWIFT_PACKAGE -DDEBUG -DSWIFT_MODULE_RESOURCE_BUNDLE_UNAVAILABLE -Xcc -fmodule-map-file\=/Users/admin/builder/spi-builder-workspace/.dependencies/checkouts/swift-crypto/Sources/CCryptoBoringSSLShims/include/module.modulemap -Xcc -fmodule-map-file\=/Users/admin/builder/spi-builder-workspace/.dependencies/checkouts/swift-crypto/Sources/CCryptoBoringSSL/include/module.modulemap -DXcode -enable-upcoming-feature MemberImportVisibility -plugin-path /Applications/Xcode-27.0.0-Release.Candidate.app/Contents/Developer/Toolchains/XcodeDefault.xctoolchain/usr/lib/swift/host/plugins/testing -enable-experimental-feature DebugDescriptionMacro -sdk /Applications/Xcode-27.0.0-Release.Candidate.app/Contents/Developer/Platforms/WatchOS.platform/Developer/SDKs/WatchOS27.0.sdk -target arm64_32-apple-watchos9.0 -g -module-cache-path /Users/admin/builder/spi-builder-workspace/.derivedData/ModuleCache.noindex -Xfrontend -serialize-debugging-options -profile-coverage-mapping -profile-generate -enable-testing -suppress-warnings -index-store-path /Users/admin/builder/spi-builder-workspace/.derivedData/Index.noindex/DataStore -Xcc -D_LIBCPP_HARDENING_MODE\=_LIBCPP_HARDENING_MODE_DEBUG -swift-version 6 -I /Users/admin/builder/spi-builder-workspace/.derivedData/Build/Products/Debug-watchos -Isystem /Applications/Xcode-27.0.0-Release.Candidate.app/Contents/Developer/Platforms/WatchOS.platform/Developer/usr/lib -F /Users/admin/builder/spi-builder-workspace/.derivedData/Build/Products/Debug-watchos/PackageFrameworks -F /Users/admin/builder/spi-builder-workspace/.derivedData/Build/Products/Debug-watchos -F /Applications/Xcode-27.0.0-Release.Candidate.app/Contents/Developer/Platforms/WatchOS.platform/Developer/Library/Frameworks -F /Applications/Xcode-27.0.0-Release.Candidate.app/Contents/Developer/Platforms/WatchOS.platform/Developer/SDKs/WatchOS27.0.sdk/Developer/Library/Frameworks -c -j10 -enable-batch-mode -incremental -Xcc -ivfsstatcache -Xcc /Users/admin/builder/spi-builder-workspace/.derivedData/SDKStatCaches.noindex/watchos27.0-24R360-e829b21a6f8c9b70876ba0858053c04477534ef55a1706bf4c1112bbb242f0a2.sdkstatcache -output-file-map /Users/admin/builder/spi-builder-workspace/.derivedData/Build/Intermediates.noindex/swift-certificates.build/Debug-watchos/X509-t.build/Objects-normal/arm64_32/X509-OutputFileMap.json -save-temps -no-color-diagnostics -explicit-module-build -module-cache-path /Users/admin/builder/spi-builder-workspace/.derivedData/Build/Intermediates.noindex/SwiftExplicitPrecompiledModules -clang-scanner-module-cache-path /Users/admin/builder/spi-builder-workspace/.derivedData/ModuleCache.noindex -sdk-module-cache-path /Users/admin/builder/spi-builder-workspace/.derivedData/SDKExplicitPrecompiledModules -emit-dependencies -emit-module -emit-module-path /Users/admin/builder/spi-builder-workspace/.derivedData/Build/Intermediates.noindex/swift-certificates.build/Debug-watchos/X509-t.build/Objects-normal/arm64_32/X509.swiftmodule -serialize-diagnostics -dependency-scan-serialize-diagnostics-path /Users/admin/builder/spi-builder-workspace/.derivedData/Build/Intermediates.noindex/swift-certificates.build/Debug-watchos/X509-t.build/Objects-normal/arm64_32/X509-dependency-scan.dia -user-module-version 1.20.0 -validate-clang-modules-once -clang-build-session-file /Users/admin/builder/spi-builder-workspace/.derivedData/ModuleCache.noindex/Session.modulevalidation -Xcc -fmodules-prune-interval\=86400 -Xcc -fmodules-prune-after\=345600 -package-name swift_certificates -emit-const-values -const-gather-protocols-list /Users/admin/builder/spi-builder-workspace/.derivedData/Build/Intermediates.noindex/swift-certificates.build/Debug-watchos/X509-t.build/Objects-normal/arm64_32/X509_const_extract_protocols.json -Xcc -I/Users/admin/builder/spi-builder-workspace/.dependencies/checkouts/swift-crypto/Sources/CCryptoBoringSSLShims/include -Xcc -I/Users/admin/builder/spi-builder-workspace/.dependencies/checkouts/swift-crypto/Sources/CCryptoBoringSSL/include -Xcc -I/Users/admin/builder/spi-builder-workspace/.derivedData/Build/Products/Debug-watchos/include -Xcc -I/Users/admin/builder/spi-builder-workspace/.derivedData/Build/Intermediates.noindex/swift-certificates.build/Debug-watchos/X509-t.build/DerivedSources-normal/arm64_32 -Xcc -I/Users/admin/builder/spi-builder-workspace/.derivedData/Build/Intermediates.noindex/swift-certificates.build/Debug-watchos/X509-t.build/DerivedSources/arm64_32 -Xcc -I/Users/admin/builder/spi-builder-workspace/.derivedData/Build/Intermediates.noindex/swift-certificates.build/Debug-watchos/X509-t.build/DerivedSources -Xcc -DSWIFT_PACKAGE -Xcc -DDEBUG\=1 -emit-objc-header -emit-objc-header-path /Users/admin/builder/spi-builder-workspace/.derivedData/Build/Intermediates.noindex/swift-certificates.build/Debug-watchos/X509-t.build/Objects-normal/arm64_32/X509-Swift.h -working-directory /Users/admin/builder/spi-builder-workspace/.swiftpm/xcode -experimental-emit-module-separately -disable-cmo
SwiftDriverJobDiscovery normal arm64 Compiling OCSPExtensionID.swift, OCSPNonce.swift, OCSPPolicy.swift, OCSPRequest.swift, OCSPResponse.swift, OCSPResponseBytes.swift, OCSPResponseData.swift, OCSPResponseStatus.swift, OCSPSignature.swift, OCSPSingleRequest.swift, OCSPSingleResponse.swift (in target 'X509' from project 'swift-certificates')
SwiftCompile normal arm64_32 Compiling\ RigidDeque+Initializers.swift,\ RigidDeque+Insertions.swift,\ RigidDeque+Prepend.swift /Users/admin/builder/spi-builder-workspace/.dependencies/checkouts/swift-collections/Sources/DequeModule/RigidDeque/RigidDeque+Initializers.swift /Users/admin/builder/spi-builder-workspace/.dependencies/checkouts/swift-collections/Sources/DequeModule/RigidDeque/RigidDeque+Insertions.swift /Users/admin/builder/spi-builder-workspace/.dependencies/checkouts/swift-collections/Sources/DequeModule/RigidDeque/RigidDeque+Prepend.swift (in target 'DequeModule' from project 'swift-collections')
SwiftCompile normal arm64_32 /Users/admin/builder/spi-builder-workspace/.dependencies/checkouts/swift-collections/Sources/DequeModule/RigidDeque/RigidDeque+Initializers.swift (in target 'DequeModule' from project 'swift-collections')
    cd /Users/admin/builder/spi-builder-workspace/.swiftpm/xcode
    builtin-SwiftPerFileCompile RigidDeque+Initializers.swift
SwiftCompile normal arm64_32 /Users/admin/builder/spi-builder-workspace/.dependencies/checkouts/swift-collections/Sources/DequeModule/RigidDeque/RigidDeque+Insertions.swift (in target 'DequeModule' from project 'swift-collections')
    cd /Users/admin/builder/spi-builder-workspace/.swiftpm/xcode
    builtin-SwiftPerFileCompile RigidDeque+Insertions.swift
SwiftCompile normal arm64_32 /Users/admin/builder/spi-builder-workspace/.dependencies/checkouts/swift-collections/Sources/DequeModule/RigidDeque/RigidDeque+Prepend.swift (in target 'DequeModule' from project 'swift-collections')
    cd /Users/admin/builder/spi-builder-workspace/.swiftpm/xcode
    builtin-SwiftPerFileCompile RigidDeque+Prepend.swift
SwiftMergeGeneratedHeaders /Users/admin/builder/spi-builder-workspace/.derivedData/Build/Intermediates.noindex/GeneratedModuleMaps-watchos/X509-Swift.h /Users/admin/builder/spi-builder-workspace/.derivedData/Build/Intermediates.noindex/swift-certificates.build/Debug-watchos/X509-t.build/Objects-normal/arm64/X509-Swift.h /Users/admin/builder/spi-builder-workspace/.derivedData/Build/Intermediates.noindex/swift-certificates.build/Debug-watchos/X509-t.build/Objects-normal/arm64_32/X509-Swift.h (in target 'X509' from project 'swift-certificates')
    cd /Users/admin/builder/spi-builder-workspace/.dependencies/checkouts/swift-certificates
    builtin-swiftHeaderTool -arch arm64 /Users/admin/builder/spi-builder-workspace/.derivedData/Build/Intermediates.noindex/swift-certificates.build/Debug-watchos/X509-t.build/Objects-normal/arm64/X509-Swift.h -arch arm64_32 /Users/admin/builder/spi-builder-workspace/.derivedData/Build/Intermediates.noindex/swift-certificates.build/Debug-watchos/X509-t.build/Objects-normal/arm64_32/X509-Swift.h -o /Users/admin/builder/spi-builder-workspace/.derivedData/Build/Intermediates.noindex/GeneratedModuleMaps-watchos/X509-Swift.h
SwiftDriverJobDiscovery normal arm64_32 Compiling RigidDeque+Initializers.swift, RigidDeque+Insertions.swift, RigidDeque+Prepend.swift (in target 'DequeModule' from project 'swift-collections')
Copy /Users/admin/builder/spi-builder-workspace/.derivedData/Build/Products/Debug-watchos/X509.swiftmodule/arm64_32-apple-watchos.swiftmodule /Users/admin/builder/spi-builder-workspace/.derivedData/Build/Intermediates.noindex/swift-certificates.build/Debug-watchos/X509-t.build/Objects-normal/arm64_32/X509.swiftmodule (in target 'X509' from project 'swift-certificates')
    cd /Users/admin/builder/spi-builder-workspace/.dependencies/checkouts/swift-certificates
    builtin-copy -exclude .DS_Store -exclude CVS -exclude .svn -exclude .git -exclude .hg -resolve-src-symlinks -rename /Users/admin/builder/spi-builder-workspace/.derivedData/Build/Intermediates.noindex/swift-certificates.build/Debug-watchos/X509-t.build/Objects-normal/arm64_32/X509.swiftmodule /Users/admin/builder/spi-builder-workspace/.derivedData/Build/Products/Debug-watchos/X509.swiftmodule/arm64_32-apple-watchos.swiftmodule
Copy /Users/admin/builder/spi-builder-workspace/.derivedData/Build/Products/Debug-watchos/X509.swiftmodule/arm64_32-apple-watchos.swiftdoc /Users/admin/builder/spi-builder-workspace/.derivedData/Build/Intermediates.noindex/swift-certificates.build/Debug-watchos/X509-t.build/Objects-normal/arm64_32/X509.swiftdoc (in target 'X509' from project 'swift-certificates')
    cd /Users/admin/builder/spi-builder-workspace/.dependencies/checkouts/swift-certificates
    builtin-copy -exclude .DS_Store -exclude CVS -exclude .svn -exclude .git -exclude .hg -resolve-src-symlinks -rename /Users/admin/builder/spi-builder-workspace/.derivedData/Build/Intermediates.noindex/swift-certificates.build/Debug-watchos/X509-t.build/Objects-normal/arm64_32/X509.swiftdoc /Users/admin/builder/spi-builder-workspace/.derivedData/Build/Products/Debug-watchos/X509.swiftmodule/arm64_32-apple-watchos.swiftdoc
Copy /Users/admin/builder/spi-builder-workspace/.derivedData/Build/Products/Debug-watchos/X509.swiftmodule/arm64_32-apple-watchos.abi.json /Users/admin/builder/spi-builder-workspace/.derivedData/Build/Intermediates.noindex/swift-certificates.build/Debug-watchos/X509-t.build/Objects-normal/arm64_32/X509.abi.json (in target 'X509' from project 'swift-certificates')
    cd /Users/admin/builder/spi-builder-workspace/.dependencies/checkouts/swift-certificates
    builtin-copy -exclude .DS_Store -exclude CVS -exclude .svn -exclude .git -exclude .hg -resolve-src-symlinks -rename /Users/admin/builder/spi-builder-workspace/.derivedData/Build/Intermediates.noindex/swift-certificates.build/Debug-watchos/X509-t.build/Objects-normal/arm64_32/X509.abi.json /Users/admin/builder/spi-builder-workspace/.derivedData/Build/Products/Debug-watchos/X509.swiftmodule/arm64_32-apple-watchos.abi.json
Copy /Users/admin/builder/spi-builder-workspace/.derivedData/Build/Products/Debug-watchos/X509.swiftmodule/Project/arm64_32-apple-watchos.swiftsourceinfo /Users/admin/builder/spi-builder-workspace/.derivedData/Build/Intermediates.noindex/swift-certificates.build/Debug-watchos/X509-t.build/Objects-normal/arm64_32/X509.swiftsourceinfo (in target 'X509' from project 'swift-certificates')
    cd /Users/admin/builder/spi-builder-workspace/.dependencies/checkouts/swift-certificates
    builtin-copy -exclude .DS_Store -exclude CVS -exclude .svn -exclude .git -exclude .hg -resolve-src-symlinks -rename /Users/admin/builder/spi-builder-workspace/.derivedData/Build/Intermediates.noindex/swift-certificates.build/Debug-watchos/X509-t.build/Objects-normal/arm64_32/X509.swiftsourceinfo /Users/admin/builder/spi-builder-workspace/.derivedData/Build/Products/Debug-watchos/X509.swiftmodule/Project/arm64_32-apple-watchos.swiftsourceinfo
SwiftCompile normal arm64_32 Compiling\ RigidDeque+Container.swift,\ RigidDeque+Descriptions.swift,\ RigidDeque+Equatable.swift,\ RigidDeque+Hashable.swift /Users/admin/builder/spi-builder-workspace/.dependencies/checkouts/swift-collections/Sources/DequeModule/RigidDeque/RigidDeque+Container.swift /Users/admin/builder/spi-builder-workspace/.dependencies/checkouts/swift-collections/Sources/DequeModule/RigidDeque/RigidDeque+Descriptions.swift /Users/admin/builder/spi-builder-workspace/.dependencies/checkouts/swift-collections/Sources/DequeModule/RigidDeque/RigidDeque+Equatable.swift /Users/admin/builder/spi-builder-workspace/.dependencies/checkouts/swift-collections/Sources/DequeModule/RigidDeque/RigidDeque+Hashable.swift (in target 'DequeModule' from project 'swift-collections')
SwiftCompile normal arm64_32 /Users/admin/builder/spi-builder-workspace/.dependencies/checkouts/swift-collections/Sources/DequeModule/RigidDeque/RigidDeque+Container.swift (in target 'DequeModule' from project 'swift-collections')
    cd /Users/admin/builder/spi-builder-workspace/.swiftpm/xcode
    builtin-SwiftPerFileCompile RigidDeque+Container.swift
SwiftCompile normal arm64_32 /Users/admin/builder/spi-builder-workspace/.dependencies/checkouts/swift-collections/Sources/DequeModule/RigidDeque/RigidDeque+Descriptions.swift (in target 'DequeModule' from project 'swift-collections')
    cd /Users/admin/builder/spi-builder-workspace/.swiftpm/xcode
    builtin-SwiftPerFileCompile RigidDeque+Descriptions.swift
SwiftCompile normal arm64_32 /Users/admin/builder/spi-builder-workspace/.dependencies/checkouts/swift-collections/Sources/DequeModule/RigidDeque/RigidDeque+Equatable.swift (in target 'DequeModule' from project 'swift-collections')
    cd /Users/admin/builder/spi-builder-workspace/.swiftpm/xcode
    builtin-SwiftPerFileCompile RigidDeque+Equatable.swift
SwiftCompile normal arm64_32 /Users/admin/builder/spi-builder-workspace/.dependencies/checkouts/swift-collections/Sources/DequeModule/RigidDeque/RigidDeque+Hashable.swift (in target 'DequeModule' from project 'swift-collections')
    cd /Users/admin/builder/spi-builder-workspace/.swiftpm/xcode
    builtin-SwiftPerFileCompile RigidDeque+Hashable.swift
SwiftDriverJobDiscovery normal arm64_32 Compiling AllOfPolicies.swift, AnyPolicy.swift, CertificateStore.swift, CustomCertificateStore.swift, OneOfPolicies.swift, PolicyBuilder.swift, BasicConstraintsPolicy.swift, DNSNames.swift, ExpiryPolicy.swift, IPConstraints.swift (in target 'X509' from project 'swift-certificates')
SwiftCompile normal arm64 Compiling\ RigidDeque+Append.swift,\ RigidDeque+Container.swift,\ RigidDeque+Descriptions.swift /Users/admin/builder/spi-builder-workspace/.dependencies/checkouts/swift-collections/Sources/DequeModule/RigidDeque/RigidDeque+Append.swift /Users/admin/builder/spi-builder-workspace/.dependencies/checkouts/swift-collections/Sources/DequeModule/RigidDeque/RigidDeque+Container.swift /Users/admin/builder/spi-builder-workspace/.dependencies/checkouts/swift-collections/Sources/DequeModule/RigidDeque/RigidDeque+Descriptions.swift (in target 'DequeModule' from project 'swift-collections')
SwiftCompile normal arm64 /Users/admin/builder/spi-builder-workspace/.dependencies/checkouts/swift-collections/Sources/DequeModule/RigidDeque/RigidDeque+Append.swift (in target 'DequeModule' from project 'swift-collections')
    cd /Users/admin/builder/spi-builder-workspace/.swiftpm/xcode
    builtin-SwiftPerFileCompile RigidDeque+Append.swift
SwiftCompile normal arm64 /Users/admin/builder/spi-builder-workspace/.dependencies/checkouts/swift-collections/Sources/DequeModule/RigidDeque/RigidDeque+Container.swift (in target 'DequeModule' from project 'swift-collections')
    cd /Users/admin/builder/spi-builder-workspace/.swiftpm/xcode
    builtin-SwiftPerFileCompile RigidDeque+Container.swift
SwiftCompile normal arm64 /Users/admin/builder/spi-builder-workspace/.dependencies/checkouts/swift-collections/Sources/DequeModule/RigidDeque/RigidDeque+Descriptions.swift (in target 'DequeModule' from project 'swift-collections')
    cd /Users/admin/builder/spi-builder-workspace/.swiftpm/xcode
    builtin-SwiftPerFileCompile RigidDeque+Descriptions.swift
SwiftDriverJobDiscovery normal arm64_32 Compiling RigidDeque+Container.swift, RigidDeque+Descriptions.swift, RigidDeque+Equatable.swift, RigidDeque+Hashable.swift (in target 'DequeModule' from project 'swift-collections')
SwiftCompile normal arm64_32 Compiling\ UniqueDeque+Prepend.swift,\ UniqueDeque+Removals.swift,\ UniqueDeque+Replacements.swift /Users/admin/builder/spi-builder-workspace/.dependencies/checkouts/swift-collections/Sources/DequeModule/UniqueDeque/UniqueDeque+Prepend.swift /Users/admin/builder/spi-builder-workspace/.dependencies/checkouts/swift-collections/Sources/DequeModule/UniqueDeque/UniqueDeque+Removals.swift /Users/admin/builder/spi-builder-workspace/.dependencies/checkouts/swift-collections/Sources/DequeModule/UniqueDeque/UniqueDeque+Replacements.swift (in target 'DequeModule' from project 'swift-collections')
SwiftCompile normal arm64_32 /Users/admin/builder/spi-builder-workspace/.dependencies/checkouts/swift-collections/Sources/DequeModule/UniqueDeque/UniqueDeque+Prepend.swift (in target 'DequeModule' from project 'swift-collections')
    cd /Users/admin/builder/spi-builder-workspace/.swiftpm/xcode
    builtin-SwiftPerFileCompile UniqueDeque+Prepend.swift
SwiftCompile normal arm64_32 /Users/admin/builder/spi-builder-workspace/.dependencies/checkouts/swift-collections/Sources/DequeModule/UniqueDeque/UniqueDeque+Removals.swift (in target 'DequeModule' from project 'swift-collections')
    cd /Users/admin/builder/spi-builder-workspace/.swiftpm/xcode
    builtin-SwiftPerFileCompile UniqueDeque+Removals.swift
SwiftCompile normal arm64_32 /Users/admin/builder/spi-builder-workspace/.dependencies/checkouts/swift-collections/Sources/DequeModule/UniqueDeque/UniqueDeque+Replacements.swift (in target 'DequeModule' from project 'swift-collections')
    cd /Users/admin/builder/spi-builder-workspace/.swiftpm/xcode
    builtin-SwiftPerFileCompile UniqueDeque+Replacements.swift
SwiftDriverJobDiscovery normal arm64_32 Compiling NameConstraintsPolicy.swift, RFC5280Policy.swift, URIConstraints.swift, VersionPolicy.swift, ServerIdentityPolicy.swift, TrustRootLoading.swift, UnverifiedChain.swift, ValidatedCertificateChain.swift, VerificationDiagnostic.swift, Verifier.swift (in target 'X509' from project 'swift-certificates')
SwiftCompile normal arm64_32 Compiling\ UniqueDeque+Hashable.swift,\ UniqueDeque+Initializers.swift,\ UniqueDeque+Insertions.swift /Users/admin/builder/spi-builder-workspace/.dependencies/checkouts/swift-collections/Sources/DequeModule/UniqueDeque/UniqueDeque+Hashable.swift /Users/admin/builder/spi-builder-workspace/.dependencies/checkouts/swift-collections/Sources/DequeModule/UniqueDeque/UniqueDeque+Initializers.swift /Users/admin/builder/spi-builder-workspace/.dependencies/checkouts/swift-collections/Sources/DequeModule/UniqueDeque/UniqueDeque+Insertions.swift (in target 'DequeModule' from project 'swift-collections')
SwiftCompile normal arm64_32 /Users/admin/builder/spi-builder-workspace/.dependencies/checkouts/swift-collections/Sources/DequeModule/UniqueDeque/UniqueDeque+Hashable.swift (in target 'DequeModule' from project 'swift-collections')
    cd /Users/admin/builder/spi-builder-workspace/.swiftpm/xcode
    builtin-SwiftPerFileCompile UniqueDeque+Hashable.swift
SwiftCompile normal arm64_32 /Users/admin/builder/spi-builder-workspace/.dependencies/checkouts/swift-collections/Sources/DequeModule/UniqueDeque/UniqueDeque+Initializers.swift (in target 'DequeModule' from project 'swift-collections')
    cd /Users/admin/builder/spi-builder-workspace/.swiftpm/xcode
    builtin-SwiftPerFileCompile UniqueDeque+Initializers.swift
SwiftCompile normal arm64_32 /Users/admin/builder/spi-builder-workspace/.dependencies/checkouts/swift-collections/Sources/DequeModule/UniqueDeque/UniqueDeque+Insertions.swift (in target 'DequeModule' from project 'swift-collections')
    cd /Users/admin/builder/spi-builder-workspace/.swiftpm/xcode
    builtin-SwiftPerFileCompile UniqueDeque+Insertions.swift
SwiftDriverJobDiscovery normal arm64 Compiling RigidDeque+Append.swift, RigidDeque+Container.swift, RigidDeque+Descriptions.swift (in target 'DequeModule' from project 'swift-collections')
SwiftCompile normal arm64 Compiling\ UniqueDeque+Descriptions.swift,\ UniqueDeque+Equatable.swift,\ UniqueDeque+Hashable.swift /Users/admin/builder/spi-builder-workspace/.dependencies/checkouts/swift-collections/Sources/DequeModule/UniqueDeque/UniqueDeque+Descriptions.swift /Users/admin/builder/spi-builder-workspace/.dependencies/checkouts/swift-collections/Sources/DequeModule/UniqueDeque/UniqueDeque+Equatable.swift /Users/admin/builder/spi-builder-workspace/.dependencies/checkouts/swift-collections/Sources/DequeModule/UniqueDeque/UniqueDeque+Hashable.swift (in target 'DequeModule' from project 'swift-collections')
SwiftCompile normal arm64 /Users/admin/builder/spi-builder-workspace/.dependencies/checkouts/swift-collections/Sources/DequeModule/UniqueDeque/UniqueDeque+Descriptions.swift (in target 'DequeModule' from project 'swift-collections')
    cd /Users/admin/builder/spi-builder-workspace/.swiftpm/xcode
    builtin-SwiftPerFileCompile UniqueDeque+Descriptions.swift
SwiftCompile normal arm64 /Users/admin/builder/spi-builder-workspace/.dependencies/checkouts/swift-collections/Sources/DequeModule/UniqueDeque/UniqueDeque+Equatable.swift (in target 'DequeModule' from project 'swift-collections')
    cd /Users/admin/builder/spi-builder-workspace/.swiftpm/xcode
    builtin-SwiftPerFileCompile UniqueDeque+Equatable.swift
SwiftCompile normal arm64 /Users/admin/builder/spi-builder-workspace/.dependencies/checkouts/swift-collections/Sources/DequeModule/UniqueDeque/UniqueDeque+Hashable.swift (in target 'DequeModule' from project 'swift-collections')
    cd /Users/admin/builder/spi-builder-workspace/.swiftpm/xcode
    builtin-SwiftPerFileCompile UniqueDeque+Hashable.swift
SwiftCompile normal arm64_32 Compiling\ UniqueDeque+Deprecated.swift,\ UniqueDeque+Descriptions.swift,\ UniqueDeque+Equatable.swift /Users/admin/builder/spi-builder-workspace/.dependencies/checkouts/swift-collections/Sources/DequeModule/UniqueDeque/UniqueDeque+Deprecated.swift /Users/admin/builder/spi-builder-workspace/.dependencies/checkouts/swift-collections/Sources/DequeModule/UniqueDeque/UniqueDeque+Descriptions.swift /Users/admin/builder/spi-builder-workspace/.dependencies/checkouts/swift-collections/Sources/DequeModule/UniqueDeque/UniqueDeque+Equatable.swift (in target 'DequeModule' from project 'swift-collections')
SwiftCompile normal arm64_32 /Users/admin/builder/spi-builder-workspace/.dependencies/checkouts/swift-collections/Sources/DequeModule/UniqueDeque/UniqueDeque+Deprecated.swift (in target 'DequeModule' from project 'swift-collections')
    cd /Users/admin/builder/spi-builder-workspace/.swiftpm/xcode
    builtin-SwiftPerFileCompile UniqueDeque+Deprecated.swift
SwiftCompile normal arm64_32 /Users/admin/builder/spi-builder-workspace/.dependencies/checkouts/swift-collections/Sources/DequeModule/UniqueDeque/UniqueDeque+Descriptions.swift (in target 'DequeModule' from project 'swift-collections')
    cd /Users/admin/builder/spi-builder-workspace/.swiftpm/xcode
    builtin-SwiftPerFileCompile UniqueDeque+Descriptions.swift
SwiftCompile normal arm64_32 /Users/admin/builder/spi-builder-workspace/.dependencies/checkouts/swift-collections/Sources/DequeModule/UniqueDeque/UniqueDeque+Equatable.swift (in target 'DequeModule' from project 'swift-collections')
    cd /Users/admin/builder/spi-builder-workspace/.swiftpm/xcode
    builtin-SwiftPerFileCompile UniqueDeque+Equatable.swift
SwiftDriverJobDiscovery normal arm64_32 Compiling UniqueDeque+Prepend.swift, UniqueDeque+Removals.swift, UniqueDeque+Replacements.swift (in target 'DequeModule' from project 'swift-collections')
SwiftCompile normal arm64 Compiling\ Deque+Extras.swift,\ Deque+Testing.swift,\ Deque._UnsafeHandle.swift /Users/admin/builder/spi-builder-workspace/.dependencies/checkouts/swift-collections/Sources/DequeModule/Deque/Deque+Extras.swift /Users/admin/builder/spi-builder-workspace/.dependencies/checkouts/swift-collections/Sources/DequeModule/Deque/Deque+Testing.swift /Users/admin/builder/spi-builder-workspace/.dependencies/checkouts/swift-collections/Sources/DequeModule/Deque/Deque._UnsafeHandle.swift (in target 'DequeModule' from project 'swift-collections')
SwiftCompile normal arm64 /Users/admin/builder/spi-builder-workspace/.dependencies/checkouts/swift-collections/Sources/DequeModule/Deque/Deque+Extras.swift (in target 'DequeModule' from project 'swift-collections')
    cd /Users/admin/builder/spi-builder-workspace/.swiftpm/xcode
    builtin-SwiftPerFileCompile Deque+Extras.swift
SwiftCompile normal arm64 /Users/admin/builder/spi-builder-workspace/.dependencies/checkouts/swift-collections/Sources/DequeModule/Deque/Deque+Testing.swift (in target 'DequeModule' from project 'swift-collections')
    cd /Users/admin/builder/spi-builder-workspace/.swiftpm/xcode
    builtin-SwiftPerFileCompile Deque+Testing.swift
SwiftCompile normal arm64 /Users/admin/builder/spi-builder-workspace/.dependencies/checkouts/swift-collections/Sources/DequeModule/Deque/Deque._UnsafeHandle.swift (in target 'DequeModule' from project 'swift-collections')
    cd /Users/admin/builder/spi-builder-workspace/.swiftpm/xcode
    builtin-SwiftPerFileCompile Deque._UnsafeHandle.swift
SwiftDriverJobDiscovery normal arm64_32 Compiling UniqueDeque+Hashable.swift, UniqueDeque+Initializers.swift, UniqueDeque+Insertions.swift (in target 'DequeModule' from project 'swift-collections')
SwiftCompile normal arm64 Compiling\ _DequeSlot.swift /Users/admin/builder/spi-builder-workspace/.dependencies/checkouts/swift-collections/Sources/DequeModule/_DequeSlot.swift (in target 'DequeModule' from project 'swift-collections')
SwiftCompile normal arm64 /Users/admin/builder/spi-builder-workspace/.dependencies/checkouts/swift-collections/Sources/DequeModule/_DequeSlot.swift (in target 'DequeModule' from project 'swift-collections')
    cd /Users/admin/builder/spi-builder-workspace/.swiftpm/xcode
    builtin-SwiftPerFileCompile _DequeSlot.swift
SwiftDriverJobDiscovery normal arm64 Compiling StateOrProvinceName.swift, StreetAddress.swift, Error.swift, AuthorityInformationAccess.swift, AuthorityKeyIdentifier.swift, BasicConstraints.swift, ExtendedKeyUsage.swift, ExtensionIdentifiers.swift, KeyUsage.swift, NameConstraints.swift, SubjectAlternativeName.swift (in target 'X509' from project 'swift-certificates')
SwiftCompile normal arm64_32 Compiling\ _UnsafeDequeSegments.swift /Users/admin/builder/spi-builder-workspace/.dependencies/checkouts/swift-collections/Sources/DequeModule/_UnsafeDequeSegments.swift (in target 'DequeModule' from project 'swift-collections')
SwiftCompile normal arm64_32 /Users/admin/builder/spi-builder-workspace/.dependencies/checkouts/swift-collections/Sources/DequeModule/_UnsafeDequeSegments.swift (in target 'DequeModule' from project 'swift-collections')
    cd /Users/admin/builder/spi-builder-workspace/.swiftpm/xcode
    builtin-SwiftPerFileCompile _UnsafeDequeSegments.swift
SwiftDriverJobDiscovery normal arm64 Compiling SubjectKeyIdentifier.swift, Extension.swift, Extensions.swift, ExtensionsBuilder.swift, GeneralName.swift, Lock.swift, LockedValueBox.swift, BasicOCSPResponse.swift, DirectoryString.swift, OCSPCertID.swift, OCSPCertStatus.swift (in target 'X509' from project 'swift-certificates')
SwiftCompile normal arm64_32 Compiling\ RigidDeque+Removals.swift,\ RigidDeque+Replacements.swift,\ RigidDeque+Testing.swift /Users/admin/builder/spi-builder-workspace/.dependencies/checkouts/swift-collections/Sources/DequeModule/RigidDeque/RigidDeque+Removals.swift /Users/admin/builder/spi-builder-workspace/.dependencies/checkouts/swift-collections/Sources/DequeModule/RigidDeque/RigidDeque+Replacements.swift /Users/admin/builder/spi-builder-workspace/.dependencies/checkouts/swift-collections/Sources/DequeModule/RigidDeque/RigidDeque+Testing.swift (in target 'DequeModule' from project 'swift-collections')
SwiftCompile normal arm64_32 /Users/admin/builder/spi-builder-workspace/.dependencies/checkouts/swift-collections/Sources/DequeModule/RigidDeque/RigidDeque+Removals.swift (in target 'DequeModule' from project 'swift-collections')
    cd /Users/admin/builder/spi-builder-workspace/.swiftpm/xcode
    builtin-SwiftPerFileCompile RigidDeque+Removals.swift
SwiftCompile normal arm64_32 /Users/admin/builder/spi-builder-workspace/.dependencies/checkouts/swift-collections/Sources/DequeModule/RigidDeque/RigidDeque+Replacements.swift (in target 'DequeModule' from project 'swift-collections')
    cd /Users/admin/builder/spi-builder-workspace/.swiftpm/xcode
    builtin-SwiftPerFileCompile RigidDeque+Replacements.swift
SwiftCompile normal arm64_32 /Users/admin/builder/spi-builder-workspace/.dependencies/checkouts/swift-collections/Sources/DequeModule/RigidDeque/RigidDeque+Testing.swift (in target 'DequeModule' from project 'swift-collections')
    cd /Users/admin/builder/spi-builder-workspace/.swiftpm/xcode
    builtin-SwiftPerFileCompile RigidDeque+Testing.swift
SwiftDriverJobDiscovery normal arm64 Compiling UniqueDeque+Descriptions.swift, UniqueDeque+Equatable.swift, UniqueDeque+Hashable.swift (in target 'DequeModule' from project 'swift-collections')
SwiftCompile normal arm64_32 Compiling\ Deque+Codable.swift,\ Deque+Collection.swift,\ Deque+Equatable.swift,\ Deque+Extras.swift /Users/admin/builder/spi-builder-workspace/.dependencies/checkouts/swift-collections/Sources/DequeModule/Deque/Deque+Codable.swift /Users/admin/builder/spi-builder-workspace/.dependencies/checkouts/swift-collections/Sources/DequeModule/Deque/Deque+Collection.swift /Users/admin/builder/spi-builder-workspace/.dependencies/checkouts/swift-collections/Sources/DequeModule/Deque/Deque+Equatable.swift /Users/admin/builder/spi-builder-workspace/.dependencies/checkouts/swift-collections/Sources/DequeModule/Deque/Deque+Extras.swift (in target 'DequeModule' from project 'swift-collections')
SwiftCompile normal arm64_32 /Users/admin/builder/spi-builder-workspace/.dependencies/checkouts/swift-collections/Sources/DequeModule/Deque/Deque+Codable.swift (in target 'DequeModule' from project 'swift-collections')
    cd /Users/admin/builder/spi-builder-workspace/.swiftpm/xcode
    builtin-SwiftPerFileCompile Deque+Codable.swift
SwiftCompile normal arm64_32 /Users/admin/builder/spi-builder-workspace/.dependencies/checkouts/swift-collections/Sources/DequeModule/Deque/Deque+Collection.swift (in target 'DequeModule' from project 'swift-collections')
    cd /Users/admin/builder/spi-builder-workspace/.swiftpm/xcode
    builtin-SwiftPerFileCompile Deque+Collection.swift
SwiftCompile normal arm64_32 /Users/admin/builder/spi-builder-workspace/.dependencies/checkouts/swift-collections/Sources/DequeModule/Deque/Deque+Equatable.swift (in target 'DequeModule' from project 'swift-collections')
    cd /Users/admin/builder/spi-builder-workspace/.swiftpm/xcode
    builtin-SwiftPerFileCompile Deque+Equatable.swift
SwiftCompile normal arm64_32 /Users/admin/builder/spi-builder-workspace/.dependencies/checkouts/swift-collections/Sources/DequeModule/Deque/Deque+Extras.swift (in target 'DequeModule' from project 'swift-collections')
    cd /Users/admin/builder/spi-builder-workspace/.swiftpm/xcode
    builtin-SwiftPerFileCompile Deque+Extras.swift
SwiftDriverJobDiscovery normal arm64_32 Compiling UniqueDeque+Deprecated.swift, UniqueDeque+Descriptions.swift, UniqueDeque+Equatable.swift (in target 'DequeModule' from project 'swift-collections')
SwiftCompile normal arm64 Compiling\ UniqueDeque+Removals.swift,\ UniqueDeque+Replacements.swift /Users/admin/builder/spi-builder-workspace/.dependencies/checkouts/swift-collections/Sources/DequeModule/UniqueDeque/UniqueDeque+Removals.swift /Users/admin/builder/spi-builder-workspace/.dependencies/checkouts/swift-collections/Sources/DequeModule/UniqueDeque/UniqueDeque+Replacements.swift (in target 'DequeModule' from project 'swift-collections')
SwiftCompile normal arm64 /Users/admin/builder/spi-builder-workspace/.dependencies/checkouts/swift-collections/Sources/DequeModule/UniqueDeque/UniqueDeque+Removals.swift (in target 'DequeModule' from project 'swift-collections')
    cd /Users/admin/builder/spi-builder-workspace/.swiftpm/xcode
    builtin-SwiftPerFileCompile UniqueDeque+Removals.swift
SwiftCompile normal arm64 /Users/admin/builder/spi-builder-workspace/.dependencies/checkouts/swift-collections/Sources/DequeModule/UniqueDeque/UniqueDeque+Replacements.swift (in target 'DequeModule' from project 'swift-collections')
    cd /Users/admin/builder/spi-builder-workspace/.swiftpm/xcode
    builtin-SwiftPerFileCompile UniqueDeque+Replacements.swift
SwiftDriverJobDiscovery normal arm64 Compiling _DequeSlot.swift (in target 'DequeModule' from project 'swift-collections')
SwiftCompile normal arm64 Compiling\ _DequeBufferHeader.swift /Users/admin/builder/spi-builder-workspace/.dependencies/checkouts/swift-collections/Sources/DequeModule/Deque/_DequeBufferHeader.swift (in target 'DequeModule' from project 'swift-collections')
SwiftCompile normal arm64 /Users/admin/builder/spi-builder-workspace/.dependencies/checkouts/swift-collections/Sources/DequeModule/Deque/_DequeBufferHeader.swift (in target 'DequeModule' from project 'swift-collections')
    cd /Users/admin/builder/spi-builder-workspace/.swiftpm/xcode
    builtin-SwiftPerFileCompile _DequeBufferHeader.swift
SwiftDriverJobDiscovery normal arm64_32 Compiling _UnsafeDequeSegments.swift (in target 'DequeModule' from project 'swift-collections')
SwiftCompile normal arm64 Compiling\ Deque._Storage.swift /Users/admin/builder/spi-builder-workspace/.dependencies/checkouts/swift-collections/Sources/DequeModule/Deque/Deque._Storage.swift (in target 'DequeModule' from project 'swift-collections')
SwiftCompile normal arm64 /Users/admin/builder/spi-builder-workspace/.dependencies/checkouts/swift-collections/Sources/DequeModule/Deque/Deque._Storage.swift (in target 'DequeModule' from project 'swift-collections')
    cd /Users/admin/builder/spi-builder-workspace/.swiftpm/xcode
    builtin-SwiftPerFileCompile Deque._Storage.swift
SwiftDriverJobDiscovery normal arm64_32 Compiling RigidDeque+Removals.swift, RigidDeque+Replacements.swift, RigidDeque+Testing.swift (in target 'DequeModule' from project 'swift-collections')
SwiftCompile normal arm64_32 Compiling\ RigidDeque.swift,\ UniqueDeque+Append.swift,\ UniqueDeque+Container.swift /Users/admin/builder/spi-builder-workspace/.dependencies/checkouts/swift-collections/Sources/DequeModule/RigidDeque/RigidDeque.swift /Users/admin/builder/spi-builder-workspace/.dependencies/checkouts/swift-collections/Sources/DequeModule/UniqueDeque/UniqueDeque+Append.swift /Users/admin/builder/spi-builder-workspace/.dependencies/checkouts/swift-collections/Sources/DequeModule/UniqueDeque/UniqueDeque+Container.swift (in target 'DequeModule' from project 'swift-collections')
SwiftCompile normal arm64_32 /Users/admin/builder/spi-builder-workspace/.dependencies/checkouts/swift-collections/Sources/DequeModule/RigidDeque/RigidDeque.swift (in target 'DequeModule' from project 'swift-collections')
    cd /Users/admin/builder/spi-builder-workspace/.swiftpm/xcode
    builtin-SwiftPerFileCompile RigidDeque.swift
SwiftCompile normal arm64_32 /Users/admin/builder/spi-builder-workspace/.dependencies/checkouts/swift-collections/Sources/DequeModule/UniqueDeque/UniqueDeque+Append.swift (in target 'DequeModule' from project 'swift-collections')
    cd /Users/admin/builder/spi-builder-workspace/.swiftpm/xcode
    builtin-SwiftPerFileCompile UniqueDeque+Append.swift
SwiftCompile normal arm64_32 /Users/admin/builder/spi-builder-workspace/.dependencies/checkouts/swift-collections/Sources/DequeModule/UniqueDeque/UniqueDeque+Container.swift (in target 'DequeModule' from project 'swift-collections')
    cd /Users/admin/builder/spi-builder-workspace/.swiftpm/xcode
    builtin-SwiftPerFileCompile UniqueDeque+Container.swift
SwiftDriverJobDiscovery normal arm64 Compiling UniqueDeque+Removals.swift, UniqueDeque+Replacements.swift (in target 'DequeModule' from project 'swift-collections')
SwiftCompile normal arm64 Compiling\ Deque+Equatable.swift /Users/admin/builder/spi-builder-workspace/.dependencies/checkouts/swift-collections/Sources/DequeModule/Deque/Deque+Equatable.swift (in target 'DequeModule' from project 'swift-collections')
SwiftCompile normal arm64 /Users/admin/builder/spi-builder-workspace/.dependencies/checkouts/swift-collections/Sources/DequeModule/Deque/Deque+Equatable.swift (in target 'DequeModule' from project 'swift-collections')
    cd /Users/admin/builder/spi-builder-workspace/.swiftpm/xcode
    builtin-SwiftPerFileCompile Deque+Equatable.swift
SwiftDriverJobDiscovery normal arm64_32 Compiling SubjectKeyIdentifier.swift, Extension.swift, Extensions.swift, ExtensionsBuilder.swift, GeneralName.swift, Lock.swift, LockedValueBox.swift, BasicOCSPResponse.swift, DirectoryString.swift, OCSPCertID.swift, OCSPCertStatus.swift (in target 'X509' from project 'swift-certificates')
SwiftCompile normal arm64 Compiling\ UniqueDeque.swift /Users/admin/builder/spi-builder-workspace/.dependencies/checkouts/swift-collections/Sources/DequeModule/UniqueDeque/UniqueDeque.swift (in target 'DequeModule' from project 'swift-collections')
SwiftCompile normal arm64 /Users/admin/builder/spi-builder-workspace/.dependencies/checkouts/swift-collections/Sources/DequeModule/UniqueDeque/UniqueDeque.swift (in target 'DequeModule' from project 'swift-collections')
    cd /Users/admin/builder/spi-builder-workspace/.swiftpm/xcode
    builtin-SwiftPerFileCompile UniqueDeque.swift
SwiftCompile normal arm64 Compiling\ Deque+Hashable.swift /Users/admin/builder/spi-builder-workspace/.dependencies/checkouts/swift-collections/Sources/DequeModule/Deque/Deque+Hashable.swift (in target 'DequeModule' from project 'swift-collections')
SwiftCompile normal arm64 /Users/admin/builder/spi-builder-workspace/.dependencies/checkouts/swift-collections/Sources/DequeModule/Deque/Deque+Hashable.swift (in target 'DequeModule' from project 'swift-collections')
    cd /Users/admin/builder/spi-builder-workspace/.swiftpm/xcode
    builtin-SwiftPerFileCompile Deque+Hashable.swift
SwiftDriverJobDiscovery normal arm64 Compiling _DequeBufferHeader.swift (in target 'DequeModule' from project 'swift-collections')
SwiftDriverJobDiscovery normal arm64 Compiling Deque+Extras.swift, Deque+Testing.swift, Deque._UnsafeHandle.swift (in target 'DequeModule' from project 'swift-collections')
SwiftCompile normal arm64_32 Compiling\ Deque+Hashable.swift,\ Deque+Testing.swift,\ Deque._Storage.swift,\ Deque._UnsafeHandle.swift /Users/admin/builder/spi-builder-workspace/.dependencies/checkouts/swift-collections/Sources/DequeModule/Deque/Deque+Hashable.swift /Users/admin/builder/spi-builder-workspace/.dependencies/checkouts/swift-collections/Sources/DequeModule/Deque/Deque+Testing.swift /Users/admin/builder/spi-builder-workspace/.dependencies/checkouts/swift-collections/Sources/DequeModule/Deque/Deque._Storage.swift /Users/admin/builder/spi-builder-workspace/.dependencies/checkouts/swift-collections/Sources/DequeModule/Deque/Deque._UnsafeHandle.swift (in target 'DequeModule' from project 'swift-collections')
SwiftCompile normal arm64_32 /Users/admin/builder/spi-builder-workspace/.dependencies/checkouts/swift-collections/Sources/DequeModule/Deque/Deque+Hashable.swift (in target 'DequeModule' from project 'swift-collections')
    cd /Users/admin/builder/spi-builder-workspace/.swiftpm/xcode
    builtin-SwiftPerFileCompile Deque+Hashable.swift
SwiftCompile normal arm64_32 /Users/admin/builder/spi-builder-workspace/.dependencies/checkouts/swift-collections/Sources/DequeModule/Deque/Deque+Testing.swift (in target 'DequeModule' from project 'swift-collections')
    cd /Users/admin/builder/spi-builder-workspace/.swiftpm/xcode
    builtin-SwiftPerFileCompile Deque+Testing.swift
SwiftCompile normal arm64_32 /Users/admin/builder/spi-builder-workspace/.dependencies/checkouts/swift-collections/Sources/DequeModule/Deque/Deque._Storage.swift (in target 'DequeModule' from project 'swift-collections')
    cd /Users/admin/builder/spi-builder-workspace/.swiftpm/xcode
    builtin-SwiftPerFileCompile Deque._Storage.swift
SwiftCompile normal arm64_32 /Users/admin/builder/spi-builder-workspace/.dependencies/checkouts/swift-collections/Sources/DequeModule/Deque/Deque._UnsafeHandle.swift (in target 'DequeModule' from project 'swift-collections')
    cd /Users/admin/builder/spi-builder-workspace/.swiftpm/xcode
    builtin-SwiftPerFileCompile Deque._UnsafeHandle.swift
SwiftDriverJobDiscovery normal arm64_32 Compiling OCSPTBSRequest.swift, OCSPVersion.swift, PKCS8PrivateKey.swift, PromiseAndFuture.swift, RDNAttribute.swift, RandomNumberGenerator+bytes.swift, RelativeDistinguishedName.swift, SEC1PrivateKey.swift, SecKeyWrapper.swift, Signature.swift, SignatureAlgorithm.swift (in target 'X509' from project 'swift-certificates')
SwiftCompile normal arm64_32 Compiling\ UniqueDeque.swift /Users/admin/builder/spi-builder-workspace/.dependencies/checkouts/swift-collections/Sources/DequeModule/UniqueDeque/UniqueDeque.swift (in target 'DequeModule' from project 'swift-collections')
SwiftCompile normal arm64_32 /Users/admin/builder/spi-builder-workspace/.dependencies/checkouts/swift-collections/Sources/DequeModule/UniqueDeque/UniqueDeque.swift (in target 'DequeModule' from project 'swift-collections')
    cd /Users/admin/builder/spi-builder-workspace/.swiftpm/xcode
    builtin-SwiftPerFileCompile UniqueDeque.swift
SwiftCompile normal arm64 Compiling\ RigidDeque+Insertions.swift,\ RigidDeque+Prepend.swift,\ RigidDeque+Removals.swift /Users/admin/builder/spi-builder-workspace/.dependencies/checkouts/swift-collections/Sources/DequeModule/RigidDeque/RigidDeque+Insertions.swift /Users/admin/builder/spi-builder-workspace/.dependencies/checkouts/swift-collections/Sources/DequeModule/RigidDeque/RigidDeque+Prepend.swift /Users/admin/builder/spi-builder-workspace/.dependencies/checkouts/swift-collections/Sources/DequeModule/RigidDeque/RigidDeque+Removals.swift (in target 'DequeModule' from project 'swift-collections')
SwiftCompile normal arm64 /Users/admin/builder/spi-builder-workspace/.dependencies/checkouts/swift-collections/Sources/DequeModule/RigidDeque/RigidDeque+Insertions.swift (in target 'DequeModule' from project 'swift-collections')
    cd /Users/admin/builder/spi-builder-workspace/.swiftpm/xcode
    builtin-SwiftPerFileCompile RigidDeque+Insertions.swift
SwiftCompile normal arm64 /Users/admin/builder/spi-builder-workspace/.dependencies/checkouts/swift-collections/Sources/DequeModule/RigidDeque/RigidDeque+Prepend.swift (in target 'DequeModule' from project 'swift-collections')
    cd /Users/admin/builder/spi-builder-workspace/.swiftpm/xcode
    builtin-SwiftPerFileCompile RigidDeque+Prepend.swift
SwiftCompile normal arm64 /Users/admin/builder/spi-builder-workspace/.dependencies/checkouts/swift-collections/Sources/DequeModule/RigidDeque/RigidDeque+Removals.swift (in target 'DequeModule' from project 'swift-collections')
    cd /Users/admin/builder/spi-builder-workspace/.swiftpm/xcode
    builtin-SwiftPerFileCompile RigidDeque+Removals.swift
SwiftDriverJobDiscovery normal arm64 Compiling CSRAttribute.swift, CSRAttributes.swift, CSRVersion.swift, CertificateSigningRequest.swift, CertificationRequestInfo.swift, ExtensionRequest.swift, Certificate.swift, CertificatePrivateKey.swift, CertificatePublicKey.swift, CertificateSerialNumber.swift, CertificateVersion.swift (in target 'X509' from project 'swift-certificates')
SwiftDriverJobDiscovery normal arm64 Compiling Deque._Storage.swift (in target 'DequeModule' from project 'swift-collections')
SwiftDriverJobDiscovery normal arm64 Compiling Deque+Hashable.swift (in target 'DequeModule' from project 'swift-collections')
SwiftDriver\ Compilation X509 normal arm64_32 com.apple.xcode.tools.swift.compiler (in target 'X509' from project 'swift-certificates')
    cd /Users/admin/builder/spi-builder-workspace/.swiftpm/xcode
    builtin-Swift-Compilation -- /Applications/Xcode-27.0.0-Release.Candidate.app/Contents/Developer/Toolchains/XcodeDefault.xctoolchain/usr/bin/swiftc -parse-as-library -module-name X509 -Onone @/Users/admin/builder/spi-builder-workspace/.derivedData/Build/Intermediates.noindex/swift-certificates.build/Debug-watchos/X509-t.build/Objects-normal/arm64_32/X509.SwiftFileList -DSWIFT_PACKAGE -DDEBUG -DSWIFT_MODULE_RESOURCE_BUNDLE_UNAVAILABLE -Xcc -fmodule-map-file\=/Users/admin/builder/spi-builder-workspace/.dependencies/checkouts/swift-crypto/Sources/CCryptoBoringSSLShims/include/module.modulemap -Xcc -fmodule-map-file\=/Users/admin/builder/spi-builder-workspace/.dependencies/checkouts/swift-crypto/Sources/CCryptoBoringSSL/include/module.modulemap -DXcode -enable-upcoming-feature MemberImportVisibility -plugin-path /Applications/Xcode-27.0.0-Release.Candidate.app/Contents/Developer/Toolchains/XcodeDefault.xctoolchain/usr/lib/swift/host/plugins/testing -enable-experimental-feature DebugDescriptionMacro -sdk /Applications/Xcode-27.0.0-Release.Candidate.app/Contents/Developer/Platforms/WatchOS.platform/Developer/SDKs/WatchOS27.0.sdk -target arm64_32-apple-watchos9.0 -g -module-cache-path /Users/admin/builder/spi-builder-workspace/.derivedData/ModuleCache.noindex -Xfrontend -serialize-debugging-options -profile-coverage-mapping -profile-generate -enable-testing -suppress-warnings -index-store-path /Users/admin/builder/spi-builder-workspace/.derivedData/Index.noindex/DataStore -Xcc -D_LIBCPP_HARDENING_MODE\=_LIBCPP_HARDENING_MODE_DEBUG -swift-version 6 -I /Users/admin/builder/spi-builder-workspace/.derivedData/Build/Products/Debug-watchos -Isystem /Applications/Xcode-27.0.0-Release.Candidate.app/Contents/Developer/Platforms/WatchOS.platform/Developer/usr/lib -F /Users/admin/builder/spi-builder-workspace/.derivedData/Build/Products/Debug-watchos/PackageFrameworks -F /Users/admin/builder/spi-builder-workspace/.derivedData/Build/Products/Debug-watchos -F /Applications/Xcode-27.0.0-Release.Candidate.app/Contents/Developer/Platforms/WatchOS.platform/Developer/Library/Frameworks -F /Applications/Xcode-27.0.0-Release.Candidate.app/Contents/Developer/Platforms/WatchOS.platform/Developer/SDKs/WatchOS27.0.sdk/Developer/Library/Frameworks -c -j10 -enable-batch-mode -incremental -Xcc -ivfsstatcache -Xcc /Users/admin/builder/spi-builder-workspace/.derivedData/SDKStatCaches.noindex/watchos27.0-24R360-e829b21a6f8c9b70876ba0858053c04477534ef55a1706bf4c1112bbb242f0a2.sdkstatcache -output-file-map /Users/admin/builder/spi-builder-workspace/.derivedData/Build/Intermediates.noindex/swift-certificates.build/Debug-watchos/X509-t.build/Objects-normal/arm64_32/X509-OutputFileMap.json -save-temps -no-color-diagnostics -explicit-module-build -module-cache-path /Users/admin/builder/spi-builder-workspace/.derivedData/Build/Intermediates.noindex/SwiftExplicitPrecompiledModules -clang-scanner-module-cache-path /Users/admin/builder/spi-builder-workspace/.derivedData/ModuleCache.noindex -sdk-module-cache-path /Users/admin/builder/spi-builder-workspace/.derivedData/SDKExplicitPrecompiledModules -emit-dependencies -emit-module -emit-module-path /Users/admin/builder/spi-builder-workspace/.derivedData/Build/Intermediates.noindex/swift-certificates.build/Debug-watchos/X509-t.build/Objects-normal/arm64_32/X509.swiftmodule -serialize-diagnostics -dependency-scan-serialize-diagnostics-path /Users/admin/builder/spi-builder-workspace/.derivedData/Build/Intermediates.noindex/swift-certificates.build/Debug-watchos/X509-t.build/Objects-normal/arm64_32/X509-dependency-scan.dia -user-module-version 1.20.0 -validate-clang-modules-once -clang-build-session-file /Users/admin/builder/spi-builder-workspace/.derivedData/ModuleCache.noindex/Session.modulevalidation -Xcc -fmodules-prune-interval\=86400 -Xcc -fmodules-prune-after\=345600 -package-name swift_certificates -emit-const-values -const-gather-protocols-list /Users/admin/builder/spi-builder-workspace/.derivedData/Build/Intermediates.noindex/swift-certificates.build/Debug-watchos/X509-t.build/Objects-normal/arm64_32/X509_const_extract_protocols.json -Xcc -I/Users/admin/builder/spi-builder-workspace/.dependencies/checkouts/swift-crypto/Sources/CCryptoBoringSSLShims/include -Xcc -I/Users/admin/builder/spi-builder-workspace/.dependencies/checkouts/swift-crypto/Sources/CCryptoBoringSSL/include -Xcc -I/Users/admin/builder/spi-builder-workspace/.derivedData/Build/Products/Debug-watchos/include -Xcc -I/Users/admin/builder/spi-builder-workspace/.derivedData/Build/Intermediates.noindex/swift-certificates.build/Debug-watchos/X509-t.build/DerivedSources-normal/arm64_32 -Xcc -I/Users/admin/builder/spi-builder-workspace/.derivedData/Build/Intermediates.noindex/swift-certificates.build/Debug-watchos/X509-t.build/DerivedSources/arm64_32 -Xcc -I/Users/admin/builder/spi-builder-workspace/.derivedData/Build/Intermediates.noindex/swift-certificates.build/Debug-watchos/X509-t.build/DerivedSources -Xcc -DSWIFT_PACKAGE -Xcc -DDEBUG\=1 -emit-objc-header -emit-objc-header-path /Users/admin/builder/spi-builder-workspace/.derivedData/Build/Intermediates.noindex/swift-certificates.build/Debug-watchos/X509-t.build/Objects-normal/arm64_32/X509-Swift.h -working-directory /Users/admin/builder/spi-builder-workspace/.swiftpm/xcode -experimental-emit-module-separately -disable-cmo
SwiftCompile normal arm64 Compiling\ UniqueDeque+Append.swift,\ UniqueDeque+Container.swift,\ UniqueDeque+Deprecated.swift /Users/admin/builder/spi-builder-workspace/.dependencies/checkouts/swift-collections/Sources/DequeModule/UniqueDeque/UniqueDeque+Append.swift /Users/admin/builder/spi-builder-workspace/.dependencies/checkouts/swift-collections/Sources/DequeModule/UniqueDeque/UniqueDeque+Container.swift /Users/admin/builder/spi-builder-workspace/.dependencies/checkouts/swift-collections/Sources/DequeModule/UniqueDeque/UniqueDeque+Deprecated.swift (in target 'DequeModule' from project 'swift-collections')
SwiftCompile normal arm64 /Users/admin/builder/spi-builder-workspace/.dependencies/checkouts/swift-collections/Sources/DequeModule/UniqueDeque/UniqueDeque+Append.swift (in target 'DequeModule' from project 'swift-collections')
    cd /Users/admin/builder/spi-builder-workspace/.swiftpm/xcode
    builtin-SwiftPerFileCompile UniqueDeque+Append.swift
SwiftCompile normal arm64 /Users/admin/builder/spi-builder-workspace/.dependencies/checkouts/swift-collections/Sources/DequeModule/UniqueDeque/UniqueDeque+Container.swift (in target 'DequeModule' from project 'swift-collections')
    cd /Users/admin/builder/spi-builder-workspace/.swiftpm/xcode
    builtin-SwiftPerFileCompile UniqueDeque+Container.swift
SwiftCompile normal arm64 /Users/admin/builder/spi-builder-workspace/.dependencies/checkouts/swift-collections/Sources/DequeModule/UniqueDeque/UniqueDeque+Deprecated.swift (in target 'DequeModule' from project 'swift-collections')
    cd /Users/admin/builder/spi-builder-workspace/.swiftpm/xcode
    builtin-SwiftPerFileCompile UniqueDeque+Deprecated.swift
SwiftCompile normal arm64 Compiling\ _UnsafeDequeSegments.swift /Users/admin/builder/spi-builder-workspace/.dependencies/checkouts/swift-collections/Sources/DequeModule/_UnsafeDequeSegments.swift (in target 'DequeModule' from project 'swift-collections')
SwiftCompile normal arm64 /Users/admin/builder/spi-builder-workspace/.dependencies/checkouts/swift-collections/Sources/DequeModule/_UnsafeDequeSegments.swift (in target 'DequeModule' from project 'swift-collections')
    cd /Users/admin/builder/spi-builder-workspace/.swiftpm/xcode
    builtin-SwiftPerFileCompile _UnsafeDequeSegments.swift
SwiftDriverJobDiscovery normal arm64 Compiling Deque+Equatable.swift (in target 'DequeModule' from project 'swift-collections')
SwiftCompile normal arm64_32 Compiling\ Deque.swift,\ _DequeBuffer.swift,\ _DequeBufferHeader.swift,\ RigidDeque+Append.swift /Users/admin/builder/spi-builder-workspace/.dependencies/checkouts/swift-collections/Sources/DequeModule/Deque/Deque.swift /Users/admin/builder/spi-builder-workspace/.dependencies/checkouts/swift-collections/Sources/DequeModule/Deque/_DequeBuffer.swift /Users/admin/builder/spi-builder-workspace/.dependencies/checkouts/swift-collections/Sources/DequeModule/Deque/_DequeBufferHeader.swift /Users/admin/builder/spi-builder-workspace/.dependencies/checkouts/swift-collections/Sources/DequeModule/RigidDeque/RigidDeque+Append.swift (in target 'DequeModule' from project 'swift-collections')
SwiftCompile normal arm64_32 /Users/admin/builder/spi-builder-workspace/.dependencies/checkouts/swift-collections/Sources/DequeModule/Deque/Deque.swift (in target 'DequeModule' from project 'swift-collections')
    cd /Users/admin/builder/spi-builder-workspace/.swiftpm/xcode
    builtin-SwiftPerFileCompile Deque.swift
SwiftCompile normal arm64_32 /Users/admin/builder/spi-builder-workspace/.dependencies/checkouts/swift-collections/Sources/DequeModule/Deque/_DequeBuffer.swift (in target 'DequeModule' from project 'swift-collections')
    cd /Users/admin/builder/spi-builder-workspace/.swiftpm/xcode
    builtin-SwiftPerFileCompile _DequeBuffer.swift
SwiftCompile normal arm64_32 /Users/admin/builder/spi-builder-workspace/.dependencies/checkouts/swift-collections/Sources/DequeModule/Deque/_DequeBufferHeader.swift (in target 'DequeModule' from project 'swift-collections')
    cd /Users/admin/builder/spi-builder-workspace/.swiftpm/xcode
    builtin-SwiftPerFileCompile _DequeBufferHeader.swift
SwiftCompile normal arm64_32 /Users/admin/builder/spi-builder-workspace/.dependencies/checkouts/swift-collections/Sources/DequeModule/RigidDeque/RigidDeque+Append.swift (in target 'DequeModule' from project 'swift-collections')
    cd /Users/admin/builder/spi-builder-workspace/.swiftpm/xcode
    builtin-SwiftPerFileCompile RigidDeque+Append.swift
SwiftDriverJobDiscovery normal arm64_32 Compiling RigidDeque.swift, UniqueDeque+Append.swift, UniqueDeque+Container.swift (in target 'DequeModule' from project 'swift-collections')
SwiftCompile normal arm64 Compiling\ Deque+Codable.swift,\ Deque+Collection.swift,\ Deque+ExpressibleByArrayLiteral.swift /Users/admin/builder/spi-builder-workspace/.dependencies/checkouts/swift-collections/Sources/DequeModule/Deque/Deque+Codable.swift /Users/admin/builder/spi-builder-workspace/.dependencies/checkouts/swift-collections/Sources/DequeModule/Deque/Deque+Collection.swift /Users/admin/builder/spi-builder-workspace/.dependencies/checkouts/swift-collections/Sources/DequeModule/Deque/Deque+ExpressibleByArrayLiteral.swift (in target 'DequeModule' from project 'swift-collections')
SwiftCompile normal arm64 /Users/admin/builder/spi-builder-workspace/.dependencies/checkouts/swift-collections/Sources/DequeModule/Deque/Deque+Codable.swift (in target 'DequeModule' from project 'swift-collections')
    cd /Users/admin/builder/spi-builder-workspace/.swiftpm/xcode
    builtin-SwiftPerFileCompile Deque+Codable.swift
SwiftCompile normal arm64 /Users/admin/builder/spi-builder-workspace/.dependencies/checkouts/swift-collections/Sources/DequeModule/Deque/Deque+Collection.swift (in target 'DequeModule' from project 'swift-collections')
    cd /Users/admin/builder/spi-builder-workspace/.swiftpm/xcode
    builtin-SwiftPerFileCompile Deque+Collection.swift
SwiftCompile normal arm64 /Users/admin/builder/spi-builder-workspace/.dependencies/checkouts/swift-collections/Sources/DequeModule/Deque/Deque+ExpressibleByArrayLiteral.swift (in target 'DequeModule' from project 'swift-collections')
    cd /Users/admin/builder/spi-builder-workspace/.swiftpm/xcode
    builtin-SwiftPerFileCompile Deque+ExpressibleByArrayLiteral.swift
SwiftDriverJobDiscovery normal arm64 Compiling UniqueDeque.swift (in target 'DequeModule' from project 'swift-collections')
SwiftCompile normal arm64_32 Compiling\ _UnsafeDequeHandle.swift /Users/admin/builder/spi-builder-workspace/.dependencies/checkouts/swift-collections/Sources/DequeModule/_UnsafeDequeHandle.swift (in target 'DequeModule' from project 'swift-collections')
SwiftCompile normal arm64_32 /Users/admin/builder/spi-builder-workspace/.dependencies/checkouts/swift-collections/Sources/DequeModule/_UnsafeDequeHandle.swift (in target 'DequeModule' from project 'swift-collections')
    cd /Users/admin/builder/spi-builder-workspace/.swiftpm/xcode
    builtin-SwiftPerFileCompile _UnsafeDequeHandle.swift
SwiftDriverJobDiscovery normal arm64 Compiling OCSPTBSRequest.swift, OCSPVersion.swift, PKCS8PrivateKey.swift, PromiseAndFuture.swift, RDNAttribute.swift, RandomNumberGenerator+bytes.swift, RelativeDistinguishedName.swift, SEC1PrivateKey.swift, SecKeyWrapper.swift, Signature.swift, SignatureAlgorithm.swift (in target 'X509' from project 'swift-certificates')
SwiftCompile normal arm64 Compiling\ _DequeBuffer.swift /Users/admin/builder/spi-builder-workspace/.dependencies/checkouts/swift-collections/Sources/DequeModule/Deque/_DequeBuffer.swift (in target 'DequeModule' from project 'swift-collections')
SwiftCompile normal arm64 /Users/admin/builder/spi-builder-workspace/.dependencies/checkouts/swift-collections/Sources/DequeModule/Deque/_DequeBuffer.swift (in target 'DequeModule' from project 'swift-collections')
    cd /Users/admin/builder/spi-builder-workspace/.swiftpm/xcode
    builtin-SwiftPerFileCompile _DequeBuffer.swift
SwiftDriverJobDiscovery normal arm64_32 Compiling Deque+Codable.swift, Deque+Collection.swift, Deque+Equatable.swift, Deque+Extras.swift (in target 'DequeModule' from project 'swift-collections')
SwiftCompile normal arm64 Compiling\ UniqueDeque+Initializers.swift,\ UniqueDeque+Insertions.swift,\ UniqueDeque+Prepend.swift /Users/admin/builder/spi-builder-workspace/.dependencies/checkouts/swift-collections/Sources/DequeModule/UniqueDeque/UniqueDeque+Initializers.swift /Users/admin/builder/spi-builder-workspace/.dependencies/checkouts/swift-collections/Sources/DequeModule/UniqueDeque/UniqueDeque+Insertions.swift /Users/admin/builder/spi-builder-workspace/.dependencies/checkouts/swift-collections/Sources/DequeModule/UniqueDeque/UniqueDeque+Prepend.swift (in target 'DequeModule' from project 'swift-collections')
SwiftCompile normal arm64 /Users/admin/builder/spi-builder-workspace/.dependencies/checkouts/swift-collections/Sources/DequeModule/UniqueDeque/UniqueDeque+Initializers.swift (in target 'DequeModule' from project 'swift-collections')
    cd /Users/admin/builder/spi-builder-workspace/.swiftpm/xcode
    builtin-SwiftPerFileCompile UniqueDeque+Initializers.swift
SwiftCompile normal arm64 /Users/admin/builder/spi-builder-workspace/.dependencies/checkouts/swift-collections/Sources/DequeModule/UniqueDeque/UniqueDeque+Insertions.swift (in target 'DequeModule' from project 'swift-collections')
    cd /Users/admin/builder/spi-builder-workspace/.swiftpm/xcode
    builtin-SwiftPerFileCompile UniqueDeque+Insertions.swift
SwiftCompile normal arm64 /Users/admin/builder/spi-builder-workspace/.dependencies/checkouts/swift-collections/Sources/DequeModule/UniqueDeque/UniqueDeque+Prepend.swift (in target 'DequeModule' from project 'swift-collections')
    cd /Users/admin/builder/spi-builder-workspace/.swiftpm/xcode
    builtin-SwiftPerFileCompile UniqueDeque+Prepend.swift
SwiftDriverJobDiscovery normal arm64_32 Compiling UniqueDeque.swift (in target 'DequeModule' from project 'swift-collections')
SwiftCompile normal arm64_32 Compiling\ UniqueDeque+Consumption.swift /Users/admin/builder/spi-builder-workspace/.dependencies/checkouts/swift-collections/Sources/DequeModule/UniqueDeque/UniqueDeque+Consumption.swift (in target 'DequeModule' from project 'swift-collections')
SwiftCompile normal arm64_32 /Users/admin/builder/spi-builder-workspace/.dependencies/checkouts/swift-collections/Sources/DequeModule/UniqueDeque/UniqueDeque+Consumption.swift (in target 'DequeModule' from project 'swift-collections')
    cd /Users/admin/builder/spi-builder-workspace/.swiftpm/xcode
    builtin-SwiftPerFileCompile UniqueDeque+Consumption.swift
SwiftDriverJobDiscovery normal arm64 Compiling UniqueDeque+Append.swift, UniqueDeque+Container.swift, UniqueDeque+Deprecated.swift (in target 'DequeModule' from project 'swift-collections')
SwiftCompile normal arm64 Compiling\ UniqueDeque+Consumption.swift /Users/admin/builder/spi-builder-workspace/.dependencies/checkouts/swift-collections/Sources/DequeModule/UniqueDeque/UniqueDeque+Consumption.swift (in target 'DequeModule' from project 'swift-collections')
SwiftCompile normal arm64 /Users/admin/builder/spi-builder-workspace/.dependencies/checkouts/swift-collections/Sources/DequeModule/UniqueDeque/UniqueDeque+Consumption.swift (in target 'DequeModule' from project 'swift-collections')
    cd /Users/admin/builder/spi-builder-workspace/.swiftpm/xcode
    builtin-SwiftPerFileCompile UniqueDeque+Consumption.swift
SwiftDriverJobDiscovery normal arm64 Compiling RigidDeque+Insertions.swift, RigidDeque+Prepend.swift, RigidDeque+Removals.swift (in target 'DequeModule' from project 'swift-collections')
SwiftCompile normal arm64 Compiling\ Deque.swift /Users/admin/builder/spi-builder-workspace/.dependencies/checkouts/swift-collections/Sources/DequeModule/Deque/Deque.swift (in target 'DequeModule' from project 'swift-collections')
SwiftCompile normal arm64 /Users/admin/builder/spi-builder-workspace/.dependencies/checkouts/swift-collections/Sources/DequeModule/Deque/Deque.swift (in target 'DequeModule' from project 'swift-collections')
    cd /Users/admin/builder/spi-builder-workspace/.swiftpm/xcode
    builtin-SwiftPerFileCompile Deque.swift
SwiftDriverJobDiscovery normal arm64 Compiling _DequeBuffer.swift (in target 'DequeModule' from project 'swift-collections')
SwiftCompile normal arm64 Compiling\ RigidDeque+Equatable.swift,\ RigidDeque+Hashable.swift,\ RigidDeque+Initializers.swift /Users/admin/builder/spi-builder-workspace/.dependencies/checkouts/swift-collections/Sources/DequeModule/RigidDeque/RigidDeque+Equatable.swift /Users/admin/builder/spi-builder-workspace/.dependencies/checkouts/swift-collections/Sources/DequeModule/RigidDeque/RigidDeque+Hashable.swift /Users/admin/builder/spi-builder-workspace/.dependencies/checkouts/swift-collections/Sources/DequeModule/RigidDeque/RigidDeque+Initializers.swift (in target 'DequeModule' from project 'swift-collections')
SwiftCompile normal arm64 /Users/admin/builder/spi-builder-workspace/.dependencies/checkouts/swift-collections/Sources/DequeModule/RigidDeque/RigidDeque+Equatable.swift (in target 'DequeModule' from project 'swift-collections')
    cd /Users/admin/builder/spi-builder-workspace/.swiftpm/xcode
    builtin-SwiftPerFileCompile RigidDeque+Equatable.swift
SwiftCompile normal arm64 /Users/admin/builder/spi-builder-workspace/.dependencies/checkouts/swift-collections/Sources/DequeModule/RigidDeque/RigidDeque+Hashable.swift (in target 'DequeModule' from project 'swift-collections')
    cd /Users/admin/builder/spi-builder-workspace/.swiftpm/xcode
    builtin-SwiftPerFileCompile RigidDeque+Hashable.swift
SwiftCompile normal arm64 /Users/admin/builder/spi-builder-workspace/.dependencies/checkouts/swift-collections/Sources/DequeModule/RigidDeque/RigidDeque+Initializers.swift (in target 'DequeModule' from project 'swift-collections')
    cd /Users/admin/builder/spi-builder-workspace/.swiftpm/xcode
    builtin-SwiftPerFileCompile RigidDeque+Initializers.swift
SwiftDriverJobDiscovery normal arm64_32 Compiling Deque.swift, _DequeBuffer.swift, _DequeBufferHeader.swift, RigidDeque+Append.swift (in target 'DequeModule' from project 'swift-collections')
SwiftCompile normal arm64 Compiling\ RigidDeque+Replacements.swift,\ RigidDeque+Testing.swift,\ RigidDeque.swift /Users/admin/builder/spi-builder-workspace/.dependencies/checkouts/swift-collections/Sources/DequeModule/RigidDeque/RigidDeque+Replacements.swift /Users/admin/builder/spi-builder-workspace/.dependencies/checkouts/swift-collections/Sources/DequeModule/RigidDeque/RigidDeque+Testing.swift /Users/admin/builder/spi-builder-workspace/.dependencies/checkouts/swift-collections/Sources/DequeModule/RigidDeque/RigidDeque.swift (in target 'DequeModule' from project 'swift-collections')
SwiftCompile normal arm64 /Users/admin/builder/spi-builder-workspace/.dependencies/checkouts/swift-collections/Sources/DequeModule/RigidDeque/RigidDeque+Replacements.swift (in target 'DequeModule' from project 'swift-collections')
    cd /Users/admin/builder/spi-builder-workspace/.swiftpm/xcode
    builtin-SwiftPerFileCompile RigidDeque+Replacements.swift
SwiftCompile normal arm64 /Users/admin/builder/spi-builder-workspace/.dependencies/checkouts/swift-collections/Sources/DequeModule/RigidDeque/RigidDeque+Testing.swift (in target 'DequeModule' from project 'swift-collections')
    cd /Users/admin/builder/spi-builder-workspace/.swiftpm/xcode
    builtin-SwiftPerFileCompile RigidDeque+Testing.swift
SwiftCompile normal arm64 /Users/admin/builder/spi-builder-workspace/.dependencies/checkouts/swift-collections/Sources/DequeModule/RigidDeque/RigidDeque.swift (in target 'DequeModule' from project 'swift-collections')
    cd /Users/admin/builder/spi-builder-workspace/.swiftpm/xcode
    builtin-SwiftPerFileCompile RigidDeque.swift
SwiftDriverJobDiscovery normal arm64 Compiling _UnsafeDequeSegments.swift (in target 'DequeModule' from project 'swift-collections')
SwiftCompile normal arm64 Compiling\ String+LevenshteinDistance.swift,\ Utilities.swift /Users/admin/builder/spi-builder-workspace/.dependencies/checkouts/console-kit/Sources/ConsoleKitCommands/Utilities/String+LevenshteinDistance.swift /Users/admin/builder/spi-builder-workspace/.dependencies/checkouts/console-kit/Sources/ConsoleKitCommands/Utilities/Utilities.swift (in target 'ConsoleKitCommands' from project 'console-kit')
SwiftCompile normal arm64 /Users/admin/builder/spi-builder-workspace/.dependencies/checkouts/console-kit/Sources/ConsoleKitCommands/Utilities/String+LevenshteinDistance.swift (in target 'ConsoleKitCommands' from project 'console-kit')
    cd /Users/admin/builder/spi-builder-workspace/.swiftpm/xcode
    builtin-SwiftPerFileCompile String+LevenshteinDistance.swift
SwiftCompile normal arm64 /Users/admin/builder/spi-builder-workspace/.dependencies/checkouts/console-kit/Sources/ConsoleKitCommands/Utilities/Utilities.swift (in target 'ConsoleKitCommands' from project 'console-kit')
    cd /Users/admin/builder/spi-builder-workspace/.swiftpm/xcode
    builtin-SwiftPerFileCompile Utilities.swift
SwiftDriverJobDiscovery normal arm64_32 Compiling UniqueDeque+Consumption.swift (in target 'DequeModule' from project 'swift-collections')
SwiftCompile normal arm64 Compiling\ AnyAsyncCommand.swift,\ AsyncCommand.swift,\ AsyncCommandGroup.swift /Users/admin/builder/spi-builder-workspace/.dependencies/checkouts/console-kit/Sources/ConsoleKitCommands/Async/AnyAsyncCommand.swift /Users/admin/builder/spi-builder-workspace/.dependencies/checkouts/console-kit/Sources/ConsoleKitCommands/Async/AsyncCommand.swift /Users/admin/builder/spi-builder-workspace/.dependencies/checkouts/console-kit/Sources/ConsoleKitCommands/Async/AsyncCommandGroup.swift (in target 'ConsoleKitCommands' from project 'console-kit')
SwiftCompile normal arm64 /Users/admin/builder/spi-builder-workspace/.dependencies/checkouts/console-kit/Sources/ConsoleKitCommands/Async/AnyAsyncCommand.swift (in target 'ConsoleKitCommands' from project 'console-kit')
    cd /Users/admin/builder/spi-builder-workspace/.swiftpm/xcode
    builtin-SwiftPerFileCompile AnyAsyncCommand.swift
SwiftCompile normal arm64 /Users/admin/builder/spi-builder-workspace/.dependencies/checkouts/console-kit/Sources/ConsoleKitCommands/Async/AsyncCommand.swift (in target 'ConsoleKitCommands' from project 'console-kit')
    cd /Users/admin/builder/spi-builder-workspace/.swiftpm/xcode
    builtin-SwiftPerFileCompile AsyncCommand.swift
SwiftCompile normal arm64 /Users/admin/builder/spi-builder-workspace/.dependencies/checkouts/console-kit/Sources/ConsoleKitCommands/Async/AsyncCommandGroup.swift (in target 'ConsoleKitCommands' from project 'console-kit')
    cd /Users/admin/builder/spi-builder-workspace/.swiftpm/xcode
    builtin-SwiftPerFileCompile AsyncCommandGroup.swift
SwiftDriverJobDiscovery normal arm64 Compiling UniqueDeque+Consumption.swift (in target 'DequeModule' from project 'swift-collections')
SwiftCompile normal arm64 Compiling\ GenerateAutocompleteCommand.swift,\ MergedAsyncCommandGroup.swift /Users/admin/builder/spi-builder-workspace/.dependencies/checkouts/console-kit/Sources/ConsoleKitCommands/Completion/GenerateAutocompleteCommand.swift /Users/admin/builder/spi-builder-workspace/.dependencies/checkouts/console-kit/Sources/ConsoleKitCommands/Deprecated/MergedAsyncCommandGroup.swift (in target 'ConsoleKitCommands' from project 'console-kit')
SwiftCompile normal arm64 /Users/admin/builder/spi-builder-workspace/.dependencies/checkouts/console-kit/Sources/ConsoleKitCommands/Completion/GenerateAutocompleteCommand.swift (in target 'ConsoleKitCommands' from project 'console-kit')
    cd /Users/admin/builder/spi-builder-workspace/.swiftpm/xcode
    builtin-SwiftPerFileCompile GenerateAutocompleteCommand.swift
SwiftCompile normal arm64 /Users/admin/builder/spi-builder-workspace/.dependencies/checkouts/console-kit/Sources/ConsoleKitCommands/Deprecated/MergedAsyncCommandGroup.swift (in target 'ConsoleKitCommands' from project 'console-kit')
    cd /Users/admin/builder/spi-builder-workspace/.swiftpm/xcode
    builtin-SwiftPerFileCompile MergedAsyncCommandGroup.swift
SwiftDriverJobDiscovery normal arm64 Compiling Deque.swift (in target 'DequeModule' from project 'swift-collections')
SwiftCompile normal arm64_32 Compiling\ AnyAsyncCommand.swift,\ AsyncCommand.swift,\ AsyncCommandGroup.swift /Users/admin/builder/spi-builder-workspace/.dependencies/checkouts/console-kit/Sources/ConsoleKitCommands/Async/AnyAsyncCommand.swift /Users/admin/builder/spi-builder-workspace/.dependencies/checkouts/console-kit/Sources/ConsoleKitCommands/Async/AsyncCommand.swift /Users/admin/builder/spi-builder-workspace/.dependencies/checkouts/console-kit/Sources/ConsoleKitCommands/Async/AsyncCommandGroup.swift (in target 'ConsoleKitCommands' from project 'console-kit')
SwiftCompile normal arm64_32 /Users/admin/builder/spi-builder-workspace/.dependencies/checkouts/console-kit/Sources/ConsoleKitCommands/Async/AnyAsyncCommand.swift (in target 'ConsoleKitCommands' from project 'console-kit')
    cd /Users/admin/builder/spi-builder-workspace/.swiftpm/xcode
    builtin-SwiftPerFileCompile AnyAsyncCommand.swift
SwiftCompile normal arm64_32 /Users/admin/builder/spi-builder-workspace/.dependencies/checkouts/console-kit/Sources/ConsoleKitCommands/Async/AsyncCommand.swift (in target 'ConsoleKitCommands' from project 'console-kit')
    cd /Users/admin/builder/spi-builder-workspace/.swiftpm/xcode
    builtin-SwiftPerFileCompile AsyncCommand.swift
SwiftCompile normal arm64_32 /Users/admin/builder/spi-builder-workspace/.dependencies/checkouts/console-kit/Sources/ConsoleKitCommands/Async/AsyncCommandGroup.swift (in target 'ConsoleKitCommands' from project 'console-kit')
    cd /Users/admin/builder/spi-builder-workspace/.swiftpm/xcode
    builtin-SwiftPerFileCompile AsyncCommandGroup.swift
SwiftDriverJobDiscovery normal arm64 Compiling UniqueDeque+Initializers.swift, UniqueDeque+Insertions.swift, UniqueDeque+Prepend.swift (in target 'DequeModule' from project 'swift-collections')
SwiftCompile normal arm64_32 Compiling\ Command.swift,\ CommandContext.swift,\ CommandError.swift /Users/admin/builder/spi-builder-workspace/.dependencies/checkouts/console-kit/Sources/ConsoleKitCommands/Base/Command.swift /Users/admin/builder/spi-builder-workspace/.dependencies/checkouts/console-kit/Sources/ConsoleKitCommands/Base/CommandContext.swift /Users/admin/builder/spi-builder-workspace/.dependencies/checkouts/console-kit/Sources/ConsoleKitCommands/Base/CommandError.swift (in target 'ConsoleKitCommands' from project 'console-kit')
SwiftCompile normal arm64_32 /Users/admin/builder/spi-builder-workspace/.dependencies/checkouts/console-kit/Sources/ConsoleKitCommands/Base/Command.swift (in target 'ConsoleKitCommands' from project 'console-kit')
    cd /Users/admin/builder/spi-builder-workspace/.swiftpm/xcode
    builtin-SwiftPerFileCompile Command.swift
SwiftCompile normal arm64_32 /Users/admin/builder/spi-builder-workspace/.dependencies/checkouts/console-kit/Sources/ConsoleKitCommands/Base/CommandContext.swift (in target 'ConsoleKitCommands' from project 'console-kit')
    cd /Users/admin/builder/spi-builder-workspace/.swiftpm/xcode
    builtin-SwiftPerFileCompile CommandContext.swift
SwiftCompile normal arm64_32 /Users/admin/builder/spi-builder-workspace/.dependencies/checkouts/console-kit/Sources/ConsoleKitCommands/Base/CommandError.swift (in target 'ConsoleKitCommands' from project 'console-kit')
    cd /Users/admin/builder/spi-builder-workspace/.swiftpm/xcode
    builtin-SwiftPerFileCompile CommandError.swift
SwiftDriverJobDiscovery normal arm64_32 Compiling Deque+Hashable.swift, Deque+Testing.swift, Deque._Storage.swift, Deque._UnsafeHandle.swift (in target 'DequeModule' from project 'swift-collections')
SwiftCompile normal arm64 Compiling\ Command.swift,\ CommandContext.swift,\ CommandError.swift /Users/admin/builder/spi-builder-workspace/.dependencies/checkouts/console-kit/Sources/ConsoleKitCommands/Base/Command.swift /Users/admin/builder/spi-builder-workspace/.dependencies/checkouts/console-kit/Sources/ConsoleKitCommands/Base/CommandContext.swift /Users/admin/builder/spi-builder-workspace/.dependencies/checkouts/console-kit/Sources/ConsoleKitCommands/Base/CommandError.swift (in target 'ConsoleKitCommands' from project 'console-kit')
SwiftCompile normal arm64 /Users/admin/builder/spi-builder-workspace/.dependencies/checkouts/console-kit/Sources/ConsoleKitCommands/Base/Command.swift (in target 'ConsoleKitCommands' from project 'console-kit')
    cd /Users/admin/builder/spi-builder-workspace/.swiftpm/xcode
    builtin-SwiftPerFileCompile Command.swift
SwiftCompile normal arm64 /Users/admin/builder/spi-builder-workspace/.dependencies/checkouts/console-kit/Sources/ConsoleKitCommands/Base/CommandContext.swift (in target 'ConsoleKitCommands' from project 'console-kit')
    cd /Users/admin/builder/spi-builder-workspace/.swiftpm/xcode
    builtin-SwiftPerFileCompile CommandContext.swift
SwiftCompile normal arm64 /Users/admin/builder/spi-builder-workspace/.dependencies/checkouts/console-kit/Sources/ConsoleKitCommands/Base/CommandError.swift (in target 'ConsoleKitCommands' from project 'console-kit')
    cd /Users/admin/builder/spi-builder-workspace/.swiftpm/xcode
    builtin-SwiftPerFileCompile CommandError.swift
SwiftDriverJobDiscovery normal arm64 Compiling RigidDeque+Equatable.swift, RigidDeque+Hashable.swift, RigidDeque+Initializers.swift (in target 'DequeModule' from project 'swift-collections')
SwiftCompile normal arm64 Compiling\ AsyncCommands.swift,\ GenerateAsyncAutocompleteCommand.swift,\ AnyCommand.swift /Users/admin/builder/spi-builder-workspace/.dependencies/checkouts/console-kit/Sources/ConsoleKitCommands/Async/AsyncCommands.swift /Users/admin/builder/spi-builder-workspace/.dependencies/checkouts/console-kit/Sources/ConsoleKitCommands/Async/GenerateAsyncAutocompleteCommand.swift /Users/admin/builder/spi-builder-workspace/.dependencies/checkouts/console-kit/Sources/ConsoleKitCommands/Base/AnyCommand.swift (in target 'ConsoleKitCommands' from project 'console-kit')
SwiftCompile normal arm64 /Users/admin/builder/spi-builder-workspace/.dependencies/checkouts/console-kit/Sources/ConsoleKitCommands/Async/AsyncCommands.swift (in target 'ConsoleKitCommands' from project 'console-kit')
    cd /Users/admin/builder/spi-builder-workspace/.swiftpm/xcode
    builtin-SwiftPerFileCompile AsyncCommands.swift
SwiftCompile normal arm64 /Users/admin/builder/spi-builder-workspace/.dependencies/checkouts/console-kit/Sources/ConsoleKitCommands/Async/GenerateAsyncAutocompleteCommand.swift (in target 'ConsoleKitCommands' from project 'console-kit')
    cd /Users/admin/builder/spi-builder-workspace/.swiftpm/xcode
    builtin-SwiftPerFileCompile GenerateAsyncAutocompleteCommand.swift
SwiftCompile normal arm64 /Users/admin/builder/spi-builder-workspace/.dependencies/checkouts/console-kit/Sources/ConsoleKitCommands/Base/AnyCommand.swift (in target 'ConsoleKitCommands' from project 'console-kit')
    cd /Users/admin/builder/spi-builder-workspace/.swiftpm/xcode
    builtin-SwiftPerFileCompile AnyCommand.swift
SwiftDriverJobDiscovery normal arm64 Compiling Deque+Codable.swift, Deque+Collection.swift, Deque+ExpressibleByArrayLiteral.swift (in target 'DequeModule' from project 'swift-collections')
SwiftDriverJobDiscovery normal arm64 Compiling String+LevenshteinDistance.swift, Utilities.swift (in target 'ConsoleKitCommands' from project 'console-kit')
SwiftCompile normal arm64_32 Compiling\ CommandGroup.swift,\ CommandInput.swift /Users/admin/builder/spi-builder-workspace/.dependencies/checkouts/console-kit/Sources/ConsoleKitCommands/Base/CommandGroup.swift /Users/admin/builder/spi-builder-workspace/.dependencies/checkouts/console-kit/Sources/ConsoleKitCommands/Base/CommandInput.swift (in target 'ConsoleKitCommands' from project 'console-kit')
SwiftCompile normal arm64_32 /Users/admin/builder/spi-builder-workspace/.dependencies/checkouts/console-kit/Sources/ConsoleKitCommands/Base/CommandGroup.swift (in target 'ConsoleKitCommands' from project 'console-kit')
    cd /Users/admin/builder/spi-builder-workspace/.swiftpm/xcode
    builtin-SwiftPerFileCompile CommandGroup.swift
SwiftCompile normal arm64_32 /Users/admin/builder/spi-builder-workspace/.dependencies/checkouts/console-kit/Sources/ConsoleKitCommands/Base/CommandInput.swift (in target 'ConsoleKitCommands' from project 'console-kit')
    cd /Users/admin/builder/spi-builder-workspace/.swiftpm/xcode
    builtin-SwiftPerFileCompile CommandInput.swift
SwiftCompile normal arm64 Compiling\ ConsoleError.swift,\ Completion.swift /Users/admin/builder/spi-builder-workspace/.dependencies/checkouts/console-kit/Sources/ConsoleKitCommands/Base/ConsoleError.swift /Users/admin/builder/spi-builder-workspace/.dependencies/checkouts/console-kit/Sources/ConsoleKitCommands/Completion/Completion.swift (in target 'ConsoleKitCommands' from project 'console-kit')
SwiftCompile normal arm64 /Users/admin/builder/spi-builder-workspace/.dependencies/checkouts/console-kit/Sources/ConsoleKitCommands/Base/ConsoleError.swift (in target 'ConsoleKitCommands' from project 'console-kit')
    cd /Users/admin/builder/spi-builder-workspace/.swiftpm/xcode
    builtin-SwiftPerFileCompile ConsoleError.swift
SwiftCompile normal arm64 /Users/admin/builder/spi-builder-workspace/.dependencies/checkouts/console-kit/Sources/ConsoleKitCommands/Completion/Completion.swift (in target 'ConsoleKitCommands' from project 'console-kit')
    cd /Users/admin/builder/spi-builder-workspace/.swiftpm/xcode
    builtin-SwiftPerFileCompile Completion.swift
SwiftDriverJobDiscovery normal arm64 Compiling RigidDeque+Replacements.swift, RigidDeque+Testing.swift, RigidDeque.swift (in target 'DequeModule' from project 'swift-collections')
SwiftDriver\ Compilation DequeModule normal arm64 com.apple.xcode.tools.swift.compiler (in target 'DequeModule' from project 'swift-collections')
    cd /Users/admin/builder/spi-builder-workspace/.swiftpm/xcode
    builtin-Swift-Compilation -- /Applications/Xcode-27.0.0-Release.Candidate.app/Contents/Developer/Toolchains/XcodeDefault.xctoolchain/usr/bin/swiftc -parse-as-library -module-name DequeModule -Onone @/Users/admin/builder/spi-builder-workspace/.derivedData/Build/Intermediates.noindex/swift-collections.build/Debug-watchos/DequeModule-t.build/Objects-normal/arm64/DequeModule.SwiftFileList -DSWIFT_PACKAGE -DDEBUG -DSWIFT_MODULE_RESOURCE_BUNDLE_UNAVAILABLE -DCOLLECTIONS_RANDOMIZED_TESTING -DXcode -enable-experimental-feature AvailabilityMacro\=SwiftStdlib\ 5.0:\ macOS\ 10.14.4,\ iOS\ 12.2,\ watchOS\ 5.2,\ tvOS\ 12.2 -enable-experimental-feature AvailabilityMacro\=SwiftStdlib\ 5.1:\ macOS\ 10.15,\ iOS\ 13.0,\ watchOS\ 6.0,\ tvOS\ 13.0 -enable-experimental-feature AvailabilityMacro\=SwiftStdlib\ 5.6:\ macOS\ 12.3,\ iOS\ 15.4,\ watchOS\ 8.5,\ tvOS\ 15.4 -enable-experimental-feature AvailabilityMacro\=SwiftStdlib\ 5.7:\ macOS\ 13.0,\ iOS\ 16.0,\ watchOS\ 9.0,\ tvOS\ 16.0 -enable-experimental-feature AvailabilityMacro\=SwiftStdlib\ 5.8:\ macOS\ 13.3,\ iOS\ 16.4,\ watchOS\ 9.4,\ tvOS\ 16.4 -enable-experimental-feature AvailabilityMacro\=SwiftStdlib\ 5.9:\ macOS\ 14.0,\ iOS\ 17.0,\ watchOS\ 10.0,\ tvOS\ 17.0 -enable-experimental-feature AvailabilityMacro\=SwiftStdlib\ 5.10:\ macOS\ 14.4,\ iOS\ 17.4,\ watchOS\ 10.4,\ tvOS\ 17.4,\ visionOS\ 1.1 -enable-experimental-feature AvailabilityMacro\=SwiftStdlib\ 6.0:\ macOS\ 15.0,\ iOS\ 18.0,\ watchOS\ 11.0,\ tvOS\ 18.0,\ visionOS\ 2.0 -enable-experimental-feature AvailabilityMacro\=SwiftStdlib\ 6.1:\ macOS\ 15.4,\ iOS\ 18.4,\ watchOS\ 11.4,\ tvOS\ 18.4,\ visionOS\ 2.4 -enable-experimental-feature AvailabilityMacro\=SwiftStdlib\ 6.2:\ macOS\ 26.0,\ iOS\ 26.0,\ watchOS\ 26.0,\ tvOS\ 26.0,\ visionOS\ 26.0 -enable-experimental-feature AvailabilityMacro\=SwiftStdlib\ 6.3:\ macOS\ 26.4,\ iOS\ 26.4,\ watchOS\ 26.4,\ tvOS\ 26.4,\ visionOS\ 26.4 -enable-experimental-feature AvailabilityMacro\=SwiftStdlib\ 6.4:\ macOS\ 9999,\ iOS\ 9999,\ watchOS\ 9999,\ tvOS\ 9999,\ visionOS\ 9999 -enable-experimental-feature AvailabilityMacro\=SwiftStdlib\ 6.5:\ macOS\ 9999,\ iOS\ 9999,\ watchOS\ 9999,\ tvOS\ 9999,\ visionOS\ 9999 -enable-upcoming-feature MemberImportVisibility -enable-experimental-feature BuiltinModule -enable-experimental-feature Lifetimes -enable-experimental-feature InoutLifetimeDependence -enable-experimental-feature AddressableParameters -enable-experimental-feature AddressableTypes -enable-experimental-feature SuppressedAssociatedTypesWithDefaults -plugin-path /Applications/Xcode-27.0.0-Release.Candidate.app/Contents/Developer/Toolchains/XcodeDefault.xctoolchain/usr/lib/swift/host/plugins/testing -enable-experimental-feature DebugDescriptionMacro -sdk /Applications/Xcode-27.0.0-Release.Candidate.app/Contents/Developer/Platforms/WatchOS.platform/Developer/SDKs/WatchOS27.0.sdk -target arm64-apple-watchos9.0 -g -module-cache-path /Users/admin/builder/spi-builder-workspace/.derivedData/ModuleCache.noindex -Xfrontend -serialize-debugging-options -profile-coverage-mapping -profile-generate -enable-testing -suppress-warnings -index-store-path /Users/admin/builder/spi-builder-workspace/.derivedData/Index.noindex/DataStore -Xcc -D_LIBCPP_HARDENING_MODE\=_LIBCPP_HARDENING_MODE_DEBUG -swift-version 6 -I /Users/admin/builder/spi-builder-workspace/.derivedData/Build/Products/Debug-watchos -Isystem /Applications/Xcode-27.0.0-Release.Candidate.app/Contents/Developer/Platforms/WatchOS.platform/Developer/usr/lib -F /Users/admin/builder/spi-builder-workspace/.derivedData/Build/Products/Debug-watchos/PackageFrameworks -F /Users/admin/builder/spi-builder-workspace/.derivedData/Build/Products/Debug-watchos -F /Applications/Xcode-27.0.0-Release.Candidate.app/Contents/Developer/Platforms/WatchOS.platform/Developer/Library/Frameworks -F /Applications/Xcode-27.0.0-Release.Candidate.app/Contents/Developer/Platforms/WatchOS.platform/Developer/SDKs/WatchOS27.0.sdk/Developer/Library/Frameworks -c -j10 -enable-batch-mode -incremental -Xcc -ivfsstatcache -Xcc /Users/admin/builder/spi-builder-workspace/.derivedData/SDKStatCaches.noindex/watchos27.0-24R360-e829b21a6f8c9b70876ba0858053c04477534ef55a1706bf4c1112bbb242f0a2.sdkstatcache -output-file-map /Users/admin/builder/spi-builder-workspace/.derivedData/Build/Intermediates.noindex/swift-collections.build/Debug-watchos/DequeModule-t.build/Objects-normal/arm64/DequeModule-OutputFileMap.json -save-temps -no-color-diagnostics -explicit-module-build -module-cache-path /Users/admin/builder/spi-builder-workspace/.derivedData/Build/Intermediates.noindex/SwiftExplicitPrecompiledModules -clang-scanner-module-cache-path /Users/admin/builder/spi-builder-workspace/.derivedData/ModuleCache.noindex -sdk-module-cache-path /Users/admin/builder/spi-builder-workspace/.derivedData/SDKExplicitPrecompiledModules -emit-dependencies -emit-module -emit-module-path /Users/admin/builder/spi-builder-workspace/.derivedData/Build/Intermediates.noindex/swift-collections.build/Debug-watchos/DequeModule-t.build/Objects-normal/arm64/DequeModule.swiftmodule -serialize-diagnostics -dependency-scan-serialize-diagnostics-path /Users/admin/builder/spi-builder-workspace/.derivedData/Build/Intermediates.noindex/swift-collections.build/Debug-watchos/DequeModule-t.build/Objects-normal/arm64/DequeModule-dependency-scan.dia -user-module-version 1.6.0 -validate-clang-modules-once -clang-build-session-file /Users/admin/builder/spi-builder-workspace/.derivedData/ModuleCache.noindex/Session.modulevalidation -Xcc -fmodules-prune-interval\=86400 -Xcc -fmodules-prune-after\=345600 -package-name swift_collections -emit-const-values -const-gather-protocols-list /Users/admin/builder/spi-builder-workspace/.derivedData/Build/Intermediates.noindex/swift-collections.build/Debug-watchos/DequeModule-t.build/Objects-normal/arm64/DequeModule_const_extract_protocols.json -Xcc -I/Users/admin/builder/spi-builder-workspace/.derivedData/Build/Products/Debug-watchos/include -Xcc -I/Users/admin/builder/spi-builder-workspace/.derivedData/Build/Intermediates.noindex/swift-collections.build/Debug-watchos/DequeModule-t.build/DerivedSources-normal/arm64 -Xcc -I/Users/admin/builder/spi-builder-workspace/.derivedData/Build/Intermediates.noindex/swift-collections.build/Debug-watchos/DequeModule-t.build/DerivedSources/arm64 -Xcc -I/Users/admin/builder/spi-builder-workspace/.derivedData/Build/Intermediates.noindex/swift-collections.build/Debug-watchos/DequeModule-t.build/DerivedSources -Xcc -DSWIFT_PACKAGE -Xcc -DDEBUG\=1 -emit-objc-header -emit-objc-header-path /Users/admin/builder/spi-builder-workspace/.derivedData/Build/Intermediates.noindex/swift-collections.build/Debug-watchos/DequeModule-t.build/Objects-normal/arm64/DequeModule-Swift.h -working-directory /Users/admin/builder/spi-builder-workspace/.swiftpm/xcode -experimental-emit-module-separately -disable-cmo
SwiftDriverJobDiscovery normal arm64 Compiling AnyAsyncCommand.swift, AsyncCommand.swift, AsyncCommandGroup.swift (in target 'ConsoleKitCommands' from project 'console-kit')
SwiftCompile normal arm64_32 Compiling\ AsyncCommands.swift,\ GenerateAsyncAutocompleteCommand.swift,\ AnyCommand.swift /Users/admin/builder/spi-builder-workspace/.dependencies/checkouts/console-kit/Sources/ConsoleKitCommands/Async/AsyncCommands.swift /Users/admin/builder/spi-builder-workspace/.dependencies/checkouts/console-kit/Sources/ConsoleKitCommands/Async/GenerateAsyncAutocompleteCommand.swift /Users/admin/builder/spi-builder-workspace/.dependencies/checkouts/console-kit/Sources/ConsoleKitCommands/Base/AnyCommand.swift (in target 'ConsoleKitCommands' from project 'console-kit')
SwiftCompile normal arm64_32 /Users/admin/builder/spi-builder-workspace/.dependencies/checkouts/console-kit/Sources/ConsoleKitCommands/Async/AsyncCommands.swift (in target 'ConsoleKitCommands' from project 'console-kit')
    cd /Users/admin/builder/spi-builder-workspace/.swiftpm/xcode
    builtin-SwiftPerFileCompile AsyncCommands.swift
SwiftCompile normal arm64_32 /Users/admin/builder/spi-builder-workspace/.dependencies/checkouts/console-kit/Sources/ConsoleKitCommands/Async/GenerateAsyncAutocompleteCommand.swift (in target 'ConsoleKitCommands' from project 'console-kit')
    cd /Users/admin/builder/spi-builder-workspace/.swiftpm/xcode
    builtin-SwiftPerFileCompile GenerateAsyncAutocompleteCommand.swift
SwiftCompile normal arm64_32 /Users/admin/builder/spi-builder-workspace/.dependencies/checkouts/console-kit/Sources/ConsoleKitCommands/Base/AnyCommand.swift (in target 'ConsoleKitCommands' from project 'console-kit')
    cd /Users/admin/builder/spi-builder-workspace/.swiftpm/xcode
    builtin-SwiftPerFileCompile AnyCommand.swift
SwiftCompile normal arm64 Compiling\ Flag.swift,\ Option.swift /Users/admin/builder/spi-builder-workspace/.dependencies/checkouts/console-kit/Sources/ConsoleKitCommands/Signatures/Flag.swift /Users/admin/builder/spi-builder-workspace/.dependencies/checkouts/console-kit/Sources/ConsoleKitCommands/Signatures/Option.swift (in target 'ConsoleKitCommands' from project 'console-kit')
SwiftCompile normal arm64 /Users/admin/builder/spi-builder-workspace/.dependencies/checkouts/console-kit/Sources/ConsoleKitCommands/Signatures/Flag.swift (in target 'ConsoleKitCommands' from project 'console-kit')
    cd /Users/admin/builder/spi-builder-workspace/.swiftpm/xcode
    builtin-SwiftPerFileCompile Flag.swift
SwiftCompile normal arm64 /Users/admin/builder/spi-builder-workspace/.dependencies/checkouts/console-kit/Sources/ConsoleKitCommands/Signatures/Option.swift (in target 'ConsoleKitCommands' from project 'console-kit')
    cd /Users/admin/builder/spi-builder-workspace/.swiftpm/xcode
    builtin-SwiftPerFileCompile Option.swift
SwiftDriverJobDiscovery normal arm64 Compiling GenerateAutocompleteCommand.swift, MergedAsyncCommandGroup.swift (in target 'ConsoleKitCommands' from project 'console-kit')
SwiftCompile normal arm64 Compiling\ CommandGroup.swift,\ CommandInput.swift /Users/admin/builder/spi-builder-workspace/.dependencies/checkouts/console-kit/Sources/ConsoleKitCommands/Base/CommandGroup.swift /Users/admin/builder/spi-builder-workspace/.dependencies/checkouts/console-kit/Sources/ConsoleKitCommands/Base/CommandInput.swift (in target 'ConsoleKitCommands' from project 'console-kit')
SwiftCompile normal arm64 /Users/admin/builder/spi-builder-workspace/.dependencies/checkouts/console-kit/Sources/ConsoleKitCommands/Base/CommandGroup.swift (in target 'ConsoleKitCommands' from project 'console-kit')
    cd /Users/admin/builder/spi-builder-workspace/.swiftpm/xcode
    builtin-SwiftPerFileCompile CommandGroup.swift
SwiftCompile normal arm64 /Users/admin/builder/spi-builder-workspace/.dependencies/checkouts/console-kit/Sources/ConsoleKitCommands/Base/CommandInput.swift (in target 'ConsoleKitCommands' from project 'console-kit')
    cd /Users/admin/builder/spi-builder-workspace/.swiftpm/xcode
    builtin-SwiftPerFileCompile CommandInput.swift
SwiftDriverJobDiscovery normal arm64_32 Compiling AnyAsyncCommand.swift, AsyncCommand.swift, AsyncCommandGroup.swift (in target 'ConsoleKitCommands' from project 'console-kit')
SwiftCompile normal arm64 Compiling\ Commands.swift,\ Console+Run.swift /Users/admin/builder/spi-builder-workspace/.dependencies/checkouts/console-kit/Sources/ConsoleKitCommands/Base/Commands.swift /Users/admin/builder/spi-builder-workspace/.dependencies/checkouts/console-kit/Sources/ConsoleKitCommands/Base/Console+Run.swift (in target 'ConsoleKitCommands' from project 'console-kit')
SwiftCompile normal arm64 /Users/admin/builder/spi-builder-workspace/.dependencies/checkouts/console-kit/Sources/ConsoleKitCommands/Base/Commands.swift (in target 'ConsoleKitCommands' from project 'console-kit')
    cd /Users/admin/builder/spi-builder-workspace/.swiftpm/xcode
    builtin-SwiftPerFileCompile Commands.swift
SwiftCompile normal arm64 /Users/admin/builder/spi-builder-workspace/.dependencies/checkouts/console-kit/Sources/ConsoleKitCommands/Base/Console+Run.swift (in target 'ConsoleKitCommands' from project 'console-kit')
    cd /Users/admin/builder/spi-builder-workspace/.swiftpm/xcode
    builtin-SwiftPerFileCompile Console+Run.swift
SwiftDriverJobDiscovery normal arm64 Compiling NameConstraintsPolicy.swift, RFC5280Policy.swift, URIConstraints.swift, VersionPolicy.swift, ServerIdentityPolicy.swift, TrustRootLoading.swift, UnverifiedChain.swift, ValidatedCertificateChain.swift, VerificationDiagnostic.swift, Verifier.swift (in target 'X509' from project 'swift-certificates')
SwiftDriver\ Compilation X509 normal arm64 com.apple.xcode.tools.swift.compiler (in target 'X509' from project 'swift-certificates')
    cd /Users/admin/builder/spi-builder-workspace/.swiftpm/xcode
    builtin-Swift-Compilation -- /Applications/Xcode-27.0.0-Release.Candidate.app/Contents/Developer/Toolchains/XcodeDefault.xctoolchain/usr/bin/swiftc -parse-as-library -module-name X509 -Onone @/Users/admin/builder/spi-builder-workspace/.derivedData/Build/Intermediates.noindex/swift-certificates.build/Debug-watchos/X509-t.build/Objects-normal/arm64/X509.SwiftFileList -DSWIFT_PACKAGE -DDEBUG -DSWIFT_MODULE_RESOURCE_BUNDLE_UNAVAILABLE -Xcc -fmodule-map-file\=/Users/admin/builder/spi-builder-workspace/.dependencies/checkouts/swift-crypto/Sources/CCryptoBoringSSLShims/include/module.modulemap -Xcc -fmodule-map-file\=/Users/admin/builder/spi-builder-workspace/.dependencies/checkouts/swift-crypto/Sources/CCryptoBoringSSL/include/module.modulemap -DXcode -enable-upcoming-feature MemberImportVisibility -plugin-path /Applications/Xcode-27.0.0-Release.Candidate.app/Contents/Developer/Toolchains/XcodeDefault.xctoolchain/usr/lib/swift/host/plugins/testing -enable-experimental-feature DebugDescriptionMacro -sdk /Applications/Xcode-27.0.0-Release.Candidate.app/Contents/Developer/Platforms/WatchOS.platform/Developer/SDKs/WatchOS27.0.sdk -target arm64-apple-watchos9.0 -g -module-cache-path /Users/admin/builder/spi-builder-workspace/.derivedData/ModuleCache.noindex -Xfrontend -serialize-debugging-options -profile-coverage-mapping -profile-generate -enable-testing -suppress-warnings -index-store-path /Users/admin/builder/spi-builder-workspace/.derivedData/Index.noindex/DataStore -Xcc -D_LIBCPP_HARDENING_MODE\=_LIBCPP_HARDENING_MODE_DEBUG -swift-version 6 -I /Users/admin/builder/spi-builder-workspace/.derivedData/Build/Products/Debug-watchos -Isystem /Applications/Xcode-27.0.0-Release.Candidate.app/Contents/Developer/Platforms/WatchOS.platform/Developer/usr/lib -F /Users/admin/builder/spi-builder-workspace/.derivedData/Build/Products/Debug-watchos/PackageFrameworks -F /Users/admin/builder/spi-builder-workspace/.derivedData/Build/Products/Debug-watchos -F /Applications/Xcode-27.0.0-Release.Candidate.app/Contents/Developer/Platforms/WatchOS.platform/Developer/Library/Frameworks -F /Applications/Xcode-27.0.0-Release.Candidate.app/Contents/Developer/Platforms/WatchOS.platform/Developer/SDKs/WatchOS27.0.sdk/Developer/Library/Frameworks -c -j10 -enable-batch-mode -incremental -Xcc -ivfsstatcache -Xcc /Users/admin/builder/spi-builder-workspace/.derivedData/SDKStatCaches.noindex/watchos27.0-24R360-e829b21a6f8c9b70876ba0858053c04477534ef55a1706bf4c1112bbb242f0a2.sdkstatcache -output-file-map /Users/admin/builder/spi-builder-workspace/.derivedData/Build/Intermediates.noindex/swift-certificates.build/Debug-watchos/X509-t.build/Objects-normal/arm64/X509-OutputFileMap.json -save-temps -no-color-diagnostics -explicit-module-build -module-cache-path /Users/admin/builder/spi-builder-workspace/.derivedData/Build/Intermediates.noindex/SwiftExplicitPrecompiledModules -clang-scanner-module-cache-path /Users/admin/builder/spi-builder-workspace/.derivedData/ModuleCache.noindex -sdk-module-cache-path /Users/admin/builder/spi-builder-workspace/.derivedData/SDKExplicitPrecompiledModules -emit-dependencies -emit-module -emit-module-path /Users/admin/builder/spi-builder-workspace/.derivedData/Build/Intermediates.noindex/swift-certificates.build/Debug-watchos/X509-t.build/Objects-normal/arm64/X509.swiftmodule -serialize-diagnostics -dependency-scan-serialize-diagnostics-path /Users/admin/builder/spi-builder-workspace/.derivedData/Build/Intermediates.noindex/swift-certificates.build/Debug-watchos/X509-t.build/Objects-normal/arm64/X509-dependency-scan.dia -user-module-version 1.20.0 -validate-clang-modules-once -clang-build-session-file /Users/admin/builder/spi-builder-workspace/.derivedData/ModuleCache.noindex/Session.modulevalidation -Xcc -fmodules-prune-interval\=86400 -Xcc -fmodules-prune-after\=345600 -package-name swift_certificates -emit-const-values -const-gather-protocols-list /Users/admin/builder/spi-builder-workspace/.derivedData/Build/Intermediates.noindex/swift-certificates.build/Debug-watchos/X509-t.build/Objects-normal/arm64/X509_const_extract_protocols.json -Xcc -I/Users/admin/builder/spi-builder-workspace/.dependencies/checkouts/swift-crypto/Sources/CCryptoBoringSSLShims/include -Xcc -I/Users/admin/builder/spi-builder-workspace/.dependencies/checkouts/swift-crypto/Sources/CCryptoBoringSSL/include -Xcc -I/Users/admin/builder/spi-builder-workspace/.derivedData/Build/Products/Debug-watchos/include -Xcc -I/Users/admin/builder/spi-builder-workspace/.derivedData/Build/Intermediates.noindex/swift-certificates.build/Debug-watchos/X509-t.build/DerivedSources-normal/arm64 -Xcc -I/Users/admin/builder/spi-builder-workspace/.derivedData/Build/Intermediates.noindex/swift-certificates.build/Debug-watchos/X509-t.build/DerivedSources/arm64 -Xcc -I/Users/admin/builder/spi-builder-workspace/.derivedData/Build/Intermediates.noindex/swift-certificates.build/Debug-watchos/X509-t.build/DerivedSources -Xcc -DSWIFT_PACKAGE -Xcc -DDEBUG\=1 -emit-objc-header -emit-objc-header-path /Users/admin/builder/spi-builder-workspace/.derivedData/Build/Intermediates.noindex/swift-certificates.build/Debug-watchos/X509-t.build/Objects-normal/arm64/X509-Swift.h -working-directory /Users/admin/builder/spi-builder-workspace/.swiftpm/xcode -experimental-emit-module-separately -disable-cmo
SwiftDriverJobDiscovery normal arm64 Compiling Command.swift, CommandContext.swift, CommandError.swift (in target 'ConsoleKitCommands' from project 'console-kit')
SwiftCompile normal arm64_32 Compiling\ Flag.swift,\ Option.swift /Users/admin/builder/spi-builder-workspace/.dependencies/checkouts/console-kit/Sources/ConsoleKitCommands/Signatures/Flag.swift /Users/admin/builder/spi-builder-workspace/.dependencies/checkouts/console-kit/Sources/ConsoleKitCommands/Signatures/Option.swift (in target 'ConsoleKitCommands' from project 'console-kit')
SwiftCompile normal arm64_32 /Users/admin/builder/spi-builder-workspace/.dependencies/checkouts/console-kit/Sources/ConsoleKitCommands/Signatures/Flag.swift (in target 'ConsoleKitCommands' from project 'console-kit')
    cd /Users/admin/builder/spi-builder-workspace/.swiftpm/xcode
    builtin-SwiftPerFileCompile Flag.swift
SwiftCompile normal arm64_32 /Users/admin/builder/spi-builder-workspace/.dependencies/checkouts/console-kit/Sources/ConsoleKitCommands/Signatures/Option.swift (in target 'ConsoleKitCommands' from project 'console-kit')
    cd /Users/admin/builder/spi-builder-workspace/.swiftpm/xcode
    builtin-SwiftPerFileCompile Option.swift
SwiftCompile normal arm64_32 Compiling\ ConsoleError.swift,\ Completion.swift /Users/admin/builder/spi-builder-workspace/.dependencies/checkouts/console-kit/Sources/ConsoleKitCommands/Base/ConsoleError.swift /Users/admin/builder/spi-builder-workspace/.dependencies/checkouts/console-kit/Sources/ConsoleKitCommands/Completion/Completion.swift (in target 'ConsoleKitCommands' from project 'console-kit')
SwiftCompile normal arm64_32 /Users/admin/builder/spi-builder-workspace/.dependencies/checkouts/console-kit/Sources/ConsoleKitCommands/Base/ConsoleError.swift (in target 'ConsoleKitCommands' from project 'console-kit')
    cd /Users/admin/builder/spi-builder-workspace/.swiftpm/xcode
    builtin-SwiftPerFileCompile ConsoleError.swift
SwiftCompile normal arm64_32 /Users/admin/builder/spi-builder-workspace/.dependencies/checkouts/console-kit/Sources/ConsoleKitCommands/Completion/Completion.swift (in target 'ConsoleKitCommands' from project 'console-kit')
    cd /Users/admin/builder/spi-builder-workspace/.swiftpm/xcode
    builtin-SwiftPerFileCompile Completion.swift
SwiftDriverJobDiscovery normal arm64_32 Compiling Command.swift, CommandContext.swift, CommandError.swift (in target 'ConsoleKitCommands' from project 'console-kit')
SwiftCompile normal arm64 Compiling\ Argument.swift,\ CommandSignature.swift /Users/admin/builder/spi-builder-workspace/.dependencies/checkouts/console-kit/Sources/ConsoleKitCommands/Signatures/Argument.swift /Users/admin/builder/spi-builder-workspace/.dependencies/checkouts/console-kit/Sources/ConsoleKitCommands/Signatures/CommandSignature.swift (in target 'ConsoleKitCommands' from project 'console-kit')
SwiftCompile normal arm64 /Users/admin/builder/spi-builder-workspace/.dependencies/checkouts/console-kit/Sources/ConsoleKitCommands/Signatures/Argument.swift (in target 'ConsoleKitCommands' from project 'console-kit')
    cd /Users/admin/builder/spi-builder-workspace/.swiftpm/xcode
    builtin-SwiftPerFileCompile Argument.swift
SwiftCompile normal arm64 /Users/admin/builder/spi-builder-workspace/.dependencies/checkouts/console-kit/Sources/ConsoleKitCommands/Signatures/CommandSignature.swift (in target 'ConsoleKitCommands' from project 'console-kit')
    cd /Users/admin/builder/spi-builder-workspace/.swiftpm/xcode
    builtin-SwiftPerFileCompile CommandSignature.swift
SwiftDriverJobDiscovery normal arm64 Compiling Flag.swift, Option.swift (in target 'ConsoleKitCommands' from project 'console-kit')
SwiftCompile normal arm64_32 Compiling\ String+LevenshteinDistance.swift,\ Utilities.swift /Users/admin/builder/spi-builder-workspace/.dependencies/checkouts/console-kit/Sources/ConsoleKitCommands/Utilities/String+LevenshteinDistance.swift /Users/admin/builder/spi-builder-workspace/.dependencies/checkouts/console-kit/Sources/ConsoleKitCommands/Utilities/Utilities.swift (in target 'ConsoleKitCommands' from project 'console-kit')
SwiftCompile normal arm64_32 /Users/admin/builder/spi-builder-workspace/.dependencies/checkouts/console-kit/Sources/ConsoleKitCommands/Utilities/String+LevenshteinDistance.swift (in target 'ConsoleKitCommands' from project 'console-kit')
    cd /Users/admin/builder/spi-builder-workspace/.swiftpm/xcode
    builtin-SwiftPerFileCompile String+LevenshteinDistance.swift
SwiftCompile normal arm64_32 /Users/admin/builder/spi-builder-workspace/.dependencies/checkouts/console-kit/Sources/ConsoleKitCommands/Utilities/Utilities.swift (in target 'ConsoleKitCommands' from project 'console-kit')
    cd /Users/admin/builder/spi-builder-workspace/.swiftpm/xcode
    builtin-SwiftPerFileCompile Utilities.swift
SwiftDriverJobDiscovery normal arm64_32 Compiling CommandGroup.swift, CommandInput.swift (in target 'ConsoleKitCommands' from project 'console-kit')
SwiftCompile normal arm64_32 Compiling\ GenerateAutocompleteCommand.swift,\ MergedAsyncCommandGroup.swift /Users/admin/builder/spi-builder-workspace/.dependencies/checkouts/console-kit/Sources/ConsoleKitCommands/Completion/GenerateAutocompleteCommand.swift /Users/admin/builder/spi-builder-workspace/.dependencies/checkouts/console-kit/Sources/ConsoleKitCommands/Deprecated/MergedAsyncCommandGroup.swift (in target 'ConsoleKitCommands' from project 'console-kit')
SwiftCompile normal arm64_32 /Users/admin/builder/spi-builder-workspace/.dependencies/checkouts/console-kit/Sources/ConsoleKitCommands/Completion/GenerateAutocompleteCommand.swift (in target 'ConsoleKitCommands' from project 'console-kit')
    cd /Users/admin/builder/spi-builder-workspace/.swiftpm/xcode
    builtin-SwiftPerFileCompile GenerateAutocompleteCommand.swift
SwiftCompile normal arm64_32 /Users/admin/builder/spi-builder-workspace/.dependencies/checkouts/console-kit/Sources/ConsoleKitCommands/Deprecated/MergedAsyncCommandGroup.swift (in target 'ConsoleKitCommands' from project 'console-kit')
    cd /Users/admin/builder/spi-builder-workspace/.swiftpm/xcode
    builtin-SwiftPerFileCompile MergedAsyncCommandGroup.swift
SwiftDriverJobDiscovery normal arm64 Compiling AsyncCommands.swift, GenerateAsyncAutocompleteCommand.swift, AnyCommand.swift (in target 'ConsoleKitCommands' from project 'console-kit')
SwiftCompile normal arm64_32 Compiling\ Argument.swift,\ CommandSignature.swift /Users/admin/builder/spi-builder-workspace/.dependencies/checkouts/console-kit/Sources/ConsoleKitCommands/Signatures/Argument.swift /Users/admin/builder/spi-builder-workspace/.dependencies/checkouts/console-kit/Sources/ConsoleKitCommands/Signatures/CommandSignature.swift (in target 'ConsoleKitCommands' from project 'console-kit')
SwiftCompile normal arm64_32 /Users/admin/builder/spi-builder-workspace/.dependencies/checkouts/console-kit/Sources/ConsoleKitCommands/Signatures/Argument.swift (in target 'ConsoleKitCommands' from project 'console-kit')
    cd /Users/admin/builder/spi-builder-workspace/.swiftpm/xcode
    builtin-SwiftPerFileCompile Argument.swift
SwiftCompile normal arm64_32 /Users/admin/builder/spi-builder-workspace/.dependencies/checkouts/console-kit/Sources/ConsoleKitCommands/Signatures/CommandSignature.swift (in target 'ConsoleKitCommands' from project 'console-kit')
    cd /Users/admin/builder/spi-builder-workspace/.swiftpm/xcode
    builtin-SwiftPerFileCompile CommandSignature.swift
SwiftDriverJobDiscovery normal arm64 Compiling Commands.swift, Console+Run.swift (in target 'ConsoleKitCommands' from project 'console-kit')
SwiftCompile normal arm64_32 Compiling\ Commands.swift,\ Console+Run.swift /Users/admin/builder/spi-builder-workspace/.dependencies/checkouts/console-kit/Sources/ConsoleKitCommands/Base/Commands.swift /Users/admin/builder/spi-builder-workspace/.dependencies/checkouts/console-kit/Sources/ConsoleKitCommands/Base/Console+Run.swift (in target 'ConsoleKitCommands' from project 'console-kit')
SwiftCompile normal arm64_32 /Users/admin/builder/spi-builder-workspace/.dependencies/checkouts/console-kit/Sources/ConsoleKitCommands/Base/Commands.swift (in target 'ConsoleKitCommands' from project 'console-kit')
    cd /Users/admin/builder/spi-builder-workspace/.swiftpm/xcode
    builtin-SwiftPerFileCompile Commands.swift
SwiftCompile normal arm64_32 /Users/admin/builder/spi-builder-workspace/.dependencies/checkouts/console-kit/Sources/ConsoleKitCommands/Base/Console+Run.swift (in target 'ConsoleKitCommands' from project 'console-kit')
    cd /Users/admin/builder/spi-builder-workspace/.swiftpm/xcode
    builtin-SwiftPerFileCompile Console+Run.swift
SwiftDriverJobDiscovery normal arm64_32 Compiling AsyncCommands.swift, GenerateAsyncAutocompleteCommand.swift, AnyCommand.swift (in target 'ConsoleKitCommands' from project 'console-kit')
SwiftDriverJobDiscovery normal arm64 Compiling CommandGroup.swift, CommandInput.swift (in target 'ConsoleKitCommands' from project 'console-kit')
SwiftCompile normal arm64_32 Compiling\ URLQueryItemEncoder.swift /Users/admin/builder/spi-builder-workspace/.dependencies/checkouts/CodableExtensions/Sources/Shared/Codable+URLQueryItems/URLQueryItemEncoder.swift (in target 'CodableExtensions' from project 'CodableExtensions')
SwiftCompile normal arm64_32 /Users/admin/builder/spi-builder-workspace/.dependencies/checkouts/CodableExtensions/Sources/Shared/Codable+URLQueryItems/URLQueryItemEncoder.swift (in target 'CodableExtensions' from project 'CodableExtensions')
    cd /Users/admin/builder/spi-builder-workspace/.swiftpm/xcode
    builtin-SwiftPerFileCompile URLQueryItemEncoder.swift
SwiftDriverJobDiscovery normal arm64_32 Compiling Flag.swift, Option.swift (in target 'ConsoleKitCommands' from project 'console-kit')
SwiftCompile normal arm64_32 Compiling\ ReflectionCodable.swift /Users/admin/builder/spi-builder-workspace/.dependencies/checkouts/CodableExtensions/Sources/Shared/ReflectionCodable.swift (in target 'CodableExtensions' from project 'CodableExtensions')
/Users/admin/builder/spi-builder-workspace/.dependencies/checkouts/CodableExtensions/Sources/Shared/ReflectionCodable.swift:34:41: error: cannot find type 'DynamicCodingKey' in scope
32 |
33 | 	public mutating func decodeReflectively(from decoder: Decoder, overwritesMissingKeysAsNilValues: Bool = false) throws{
34 | 		let container: KeyedDecodingContainer<DynamicCodingKey> = try decoder.container(keyedBy: DynamicCodingKey.self)
   |                                         `- error: cannot find type 'DynamicCodingKey' in scope
35 | 		let reflectedProperties = try properties(self)
36 | 		for property in reflectedProperties{
/Users/admin/builder/spi-builder-workspace/.dependencies/checkouts/CodableExtensions/Sources/Shared/ReflectionCodable.swift:34:92: error: cannot find 'DynamicCodingKey' in scope
32 |
33 | 	public mutating func decodeReflectively(from decoder: Decoder, overwritesMissingKeysAsNilValues: Bool = false) throws{
34 | 		let container: KeyedDecodingContainer<DynamicCodingKey> = try decoder.container(keyedBy: DynamicCodingKey.self)
   |                                                                                            `- error: cannot find 'DynamicCodingKey' in scope
35 | 		let reflectedProperties = try properties(self)
36 | 		for property in reflectedProperties{
/Users/admin/builder/spi-builder-workspace/.dependencies/checkouts/CodableExtensions/Sources/Shared/ReflectionCodable.swift:37:8: error: cannot find 'setTypedValue' in scope
35 | 		let reflectedProperties = try properties(self)
36 | 		for property in reflectedProperties{
37 | 			try setTypedValue(for: property, using: container)
   |        `- error: cannot find 'setTypedValue' in scope
38 | 		}
39 | 	}
Failed frontend command:
/Applications/Xcode-27.0.0-Release.Candidate.app/Contents/Developer/Toolchains/XcodeDefault.xctoolchain/usr/bin/swift-frontend -frontend -c /Users/admin/builder/spi-builder-workspace/.dependencies/checkouts/CodableExtensions/Sources/Shared/AnyCodableExtensions.swift /Users/admin/builder/spi-builder-workspace/.dependencies/checkouts/CodableExtensions/Sources/Shared/Codable+URLQueryItems/Decodable+URLQueryItems.swift /Users/admin/builder/spi-builder-workspace/.dependencies/checkouts/CodableExtensions/Sources/Shared/Codable+URLQueryItems/Encodable+URLQueryItems.swift /Users/admin/builder/spi-builder-workspace/.dependencies/checkouts/CodableExtensions/Sources/Shared/Codable+URLQueryItems/URL+QueryItemsDecoding.swift /Users/admin/builder/spi-builder-workspace/.dependencies/checkouts/CodableExtensions/Sources/Shared/Codable+URLQueryItems/URLQueryItemEncoder.swift /Users/admin/builder/spi-builder-workspace/.dependencies/checkouts/CodableExtensions/Sources/Shared/CodableDefaults.swift /Users/admin/builder/spi-builder-workspace/.dependencies/checkouts/CodableExtensions/Sources/Shared/CodableExtensions.swift /Users/admin/builder/spi-builder-workspace/.dependencies/checkouts/CodableExtensions/Sources/Shared/CodableTransformer.swift /Users/admin/builder/spi-builder-workspace/.dependencies/checkouts/CodableExtensions/Sources/Shared/DecoderUpdatable.swift /Users/admin/builder/spi-builder-workspace/.dependencies/checkouts/CodableExtensions/Sources/Shared/KeyedContainer.swift -primary-file /Users/admin/builder/spi-builder-workspace/.dependencies/checkouts/CodableExtensions/Sources/Shared/ReflectionCodable.swift -emit-dependencies-path /Users/admin/builder/spi-builder-workspace/.derivedData/Build/Intermediates.noindex/CodableExtensions.build/Debug-watchos/CodableExtensions-t.build/Objects-normal/arm64_32/ReflectionCodable.d -emit-const-values-path /Users/admin/builder/spi-builder-workspace/.derivedData/Build/Intermediates.noindex/CodableExtensions.build/Debug-watchos/CodableExtensions-t.build/Objects-normal/arm64_32/ReflectionCodable.swiftconstvalues -emit-reference-dependencies-path /Users/admin/builder/spi-builder-workspace/.derivedData/Build/Intermediates.noindex/CodableExtensions.build/Debug-watchos/CodableExtensions-t.build/Objects-normal/arm64_32/ReflectionCodable.swiftdeps -serialize-diagnostics-path /Users/admin/builder/spi-builder-workspace/.derivedData/Build/Intermediates.noindex/CodableExtensions.build/Debug-watchos/CodableExtensions-t.build/Objects-normal/arm64_32/ReflectionCodable.dia -target arm64_32-apple-watchos9.0 -disable-cross-import-overlay-search -load-resolved-plugin /Applications/Xcode-27.0.0-Release.Candidate.app/Contents/Developer/Platforms/WatchOS.platform/Developer/usr/lib/swift/host/plugins/libFoundationMacros.dylib\#/Applications/Xcode-27.0.0-Release.Candidate.app/Contents/Developer/Platforms/WatchOS.platform/Developer/usr/bin/swift-plugin-server\#FoundationMacros -load-resolved-plugin /Applications/Xcode-27.0.0-Release.Candidate.app/Contents/Developer/Platforms/WatchOS.platform/Developer/usr/lib/swift/host/plugins/libObservationMacros.dylib\#/Applications/Xcode-27.0.0-Release.Candidate.app/Contents/Developer/Platforms/WatchOS.platform/Developer/usr/bin/swift-plugin-server\#ObservationMacros -load-resolved-plugin /Applications/Xcode-27.0.0-Release.Candidate.app/Contents/Developer/Platforms/WatchOS.platform/Developer/usr/lib/swift/host/plugins/libSwiftMacros.dylib\#/Applications/Xcode-27.0.0-Release.Candidate.app/Contents/Developer/Platforms/WatchOS.platform/Developer/usr/bin/swift-plugin-server\#SwiftMacros -disable-implicit-swift-modules -Xcc -fno-implicit-modules -Xcc -fno-implicit-module-maps -explicit-swift-module-map-file /Users/admin/builder/spi-builder-workspace/.derivedData/Build/Intermediates.noindex/CodableExtensions.build/Debug-watchos/CodableExtensions-t.build/Objects-normal/arm64_32/CodableExtensions-dependencies-1.json -enable-objc-interop -sdk /Applications/Xcode-27.0.0-Release.Candidate.app/Contents/Developer/Platforms/WatchOS.platform/Developer/SDKs/WatchOS27.0.sdk -I /Users/admin/builder/spi-builder-workspace/.derivedData/Build/Products/Debug-watchos -Isystem /Applications/Xcode-27.0.0-Release.Candidate.app/Contents/Developer/Platforms/WatchOS.platform/Developer/usr/lib -F /Users/admin/builder/spi-builder-workspace/.derivedData/Build/Products/Debug-watchos/PackageFrameworks -F /Users/admin/builder/spi-builder-workspace/.derivedData/Build/Products/Debug-watchos -F /Applications/Xcode-27.0.0-Release.Candidate.app/Contents/Developer/Platforms/WatchOS.platform/Developer/Library/Frameworks -F /Applications/Xcode-27.0.0-Release.Candidate.app/Contents/Developer/Platforms/WatchOS.platform/Developer/SDKs/WatchOS27.0.sdk/Developer/Library/Frameworks -module-cache-path /Users/admin/builder/spi-builder-workspace/.derivedData/Build/Intermediates.noindex/SwiftExplicitPrecompiledModules -no-color-diagnostics -Xcc -fno-color-diagnostics -enable-testing -g -debug-info-format\=dwarf -dwarf-version\=4 -suppress-warnings -profile-generate -profile-coverage-mapping -swift-version 5 -Onone -D SWIFT_PACKAGE -D DEBUG -D SWIFT_MODULE_RESOURCE_BUNDLE_UNAVAILABLE -D Xcode -serialize-debugging-options -enable-experimental-feature DebugDescriptionMacro -empty-abi-descriptor -validate-clang-modules-once -clang-build-session-file /Users/admin/builder/spi-builder-workspace/.derivedData/ModuleCache.noindex/Session.modulevalidation -Xcc -working-directory -Xcc /Users/admin/builder/spi-builder-workspace/.swiftpm/xcode -enable-anonymous-context-mangled-names -file-compilation-dir /Users/admin/builder/spi-builder-workspace/.swiftpm/xcode -Xcc -fmodule-map-file\=/Users/admin/builder/spi-builder-workspace/.dependencies/checkouts/Runtime/Sources/CRuntime/include/module.modulemap -Xcc -D_LIBCPP_HARDENING_MODE\=_LIBCPP_HARDENING_MODE_DEBUG -Xcc -ivfsstatcache -Xcc /Users/admin/builder/spi-builder-workspace/.derivedData/SDKStatCaches.noindex/watchos27.0-24R360-e829b21a6f8c9b70876ba0858053c04477534ef55a1706bf4c1112bbb242f0a2.sdkstatcache -Xcc -fmodules-prune-interval\=86400 -Xcc -fmodules-prune-after\=345600 -Xcc -I/Users/admin/builder/spi-builder-workspace/.dependencies/checkouts/Runtime/Sources/CRuntime/include -Xcc -I/Users/admin/builder/spi-builder-workspace/.derivedData/Build/Products/Debug-watchos/include -Xcc -I/Users/admin/builder/spi-builder-workspace/.derivedData/Build/Intermediates.noindex/CodableExtensions.build/Debug-watchos/CodableExtensions-t.build/DerivedSources-normal/arm64_32 -Xcc -I/Users/admin/builder/spi-builder-workspace/.derivedData/Build/Intermediates.noindex/CodableExtensions.build/Debug-watchos/CodableExtensions-t.build/DerivedSources/arm64_32 -Xcc -I/Users/admin/builder/spi-builder-workspace/.derivedData/Build/Intermediates.noindex/CodableExtensions.build/Debug-watchos/CodableExtensions-t.build/DerivedSources -Xcc -DSWIFT_PACKAGE -Xcc -DDEBUG\=1 -no-auto-bridging-header-chaining -module-name CodableExtensions -const-gather-protocols-file /Users/admin/builder/spi-builder-workspace/.derivedData/Build/Intermediates.noindex/CodableExtensions.build/Debug-watchos/CodableExtensions-t.build/Objects-normal/arm64_32/CodableExtensions_const_extract_protocols.json -disable-clang-spi -clang-target arm64_32-apple-watchos27.0 -target-sdk-version 27.0 -target-sdk-name watchos27.0 -in-process-plugin-server-path /Applications/Xcode-27.0.0-Release.Candidate.app/Contents/Developer/Toolchains/XcodeDefault.xctoolchain/usr/lib/swift/host/libSwiftInProcPluginServer.dylib -parse-as-library -o /Users/admin/builder/spi-builder-workspace/.derivedData/Build/Intermediates.noindex/CodableExtensions.build/Debug-watchos/CodableExtensions-t.build/Objects-normal/arm64_32/ReflectionCodable.o -debug-module-path /Users/admin/builder/spi-builder-workspace/.derivedData/Build/Intermediates.noindex/CodableExtensions.build/Debug-watchos/CodableExtensions-t.build/Objects-normal/arm64_32/CodableExtensions.swiftmodule -index-unit-output-path /CodableExtensions.build/Debug-watchos/CodableExtensions-t.build/Objects-normal/arm64_32/ReflectionCodable.o -index-store-path /Users/admin/builder/spi-builder-workspace/.derivedData/Index.noindex/DataStore -index-system-modules
SwiftCompile normal arm64_32 /Users/admin/builder/spi-builder-workspace/.dependencies/checkouts/CodableExtensions/Sources/Shared/ReflectionCodable.swift (in target 'CodableExtensions' from project 'CodableExtensions')
    cd /Users/admin/builder/spi-builder-workspace/.swiftpm/xcode
    builtin-SwiftPerFileCompile ReflectionCodable.swift
SwiftCompile normal arm64 Compiling\ DecoderUpdatable.swift /Users/admin/builder/spi-builder-workspace/.dependencies/checkouts/CodableExtensions/Sources/Shared/DecoderUpdatable.swift (in target 'CodableExtensions' from project 'CodableExtensions')
SwiftCompile normal arm64 /Users/admin/builder/spi-builder-workspace/.dependencies/checkouts/CodableExtensions/Sources/Shared/DecoderUpdatable.swift (in target 'CodableExtensions' from project 'CodableExtensions')
    cd /Users/admin/builder/spi-builder-workspace/.swiftpm/xcode
    builtin-SwiftPerFileCompile DecoderUpdatable.swift
SwiftDriverJobDiscovery normal arm64 Compiling Argument.swift, CommandSignature.swift (in target 'ConsoleKitCommands' from project 'console-kit')
SwiftCompile normal arm64_32 Compiling\ CodableExtensions.swift /Users/admin/builder/spi-builder-workspace/.dependencies/checkouts/CodableExtensions/Sources/Shared/CodableExtensions.swift (in target 'CodableExtensions' from project 'CodableExtensions')
SwiftCompile normal arm64_32 /Users/admin/builder/spi-builder-workspace/.dependencies/checkouts/CodableExtensions/Sources/Shared/CodableExtensions.swift (in target 'CodableExtensions' from project 'CodableExtensions')
    cd /Users/admin/builder/spi-builder-workspace/.swiftpm/xcode
    builtin-SwiftPerFileCompile CodableExtensions.swift
SwiftDriverJobDiscovery normal arm64_32 Compiling String+LevenshteinDistance.swift, Utilities.swift (in target 'ConsoleKitCommands' from project 'console-kit')
SwiftCompile normal arm64 Compiling\ URLQueryItemEncoder.swift /Users/admin/builder/spi-builder-workspace/.dependencies/checkouts/CodableExtensions/Sources/Shared/Codable+URLQueryItems/URLQueryItemEncoder.swift (in target 'CodableExtensions' from project 'CodableExtensions')
SwiftCompile normal arm64 /Users/admin/builder/spi-builder-workspace/.dependencies/checkouts/CodableExtensions/Sources/Shared/Codable+URLQueryItems/URLQueryItemEncoder.swift (in target 'CodableExtensions' from project 'CodableExtensions')
    cd /Users/admin/builder/spi-builder-workspace/.swiftpm/xcode
    builtin-SwiftPerFileCompile URLQueryItemEncoder.swift
SwiftDriverJobDiscovery normal arm64 Compiling DecoderUpdatable.swift (in target 'CodableExtensions' from project 'CodableExtensions')
SwiftCompile normal arm64 Compiling\ ReflectionCodable.swift /Users/admin/builder/spi-builder-workspace/.dependencies/checkouts/CodableExtensions/Sources/Shared/ReflectionCodable.swift (in target 'CodableExtensions' from project 'CodableExtensions')
SwiftCompile normal arm64 /Users/admin/builder/spi-builder-workspace/.dependencies/checkouts/CodableExtensions/Sources/Shared/ReflectionCodable.swift (in target 'CodableExtensions' from project 'CodableExtensions')
    cd /Users/admin/builder/spi-builder-workspace/.swiftpm/xcode
    builtin-SwiftPerFileCompile ReflectionCodable.swift
PruneExplicitPrecompiledModules /Users/admin/builder/spi-builder-workspace/.derivedData/Build/Intermediates.noindex/ExplicitPrecompiledModules
PruneExplicitPrecompiledModules /Users/admin/builder/spi-builder-workspace/.derivedData/Build/Intermediates.noindex/SwiftExplicitPrecompiledModules
PruneExplicitPrecompiledModules /Users/admin/builder/spi-builder-workspace/.derivedData/SDKExplicitPrecompiledModules
2026-09-21 14:58:14.100 xcodebuild[7061:22030] [MT] IDERunDestination: Supported platforms for the buildables in the current scheme is empty.
** BUILD FAILED **
The following build commands failed:
	SwiftCompile normal arm64_32 Compiling\ ReflectionCodable.swift /Users/admin/builder/spi-builder-workspace/.dependencies/checkouts/CodableExtensions/Sources/Shared/ReflectionCodable.swift (in target 'CodableExtensions' from project 'CodableExtensions')
	SwiftCompile normal arm64_32 /Users/admin/builder/spi-builder-workspace/.dependencies/checkouts/CodableExtensions/Sources/Shared/ReflectionCodable.swift (in target 'CodableExtensions' from project 'CodableExtensions')
	Building workspace FluentTestUtils with scheme FluentTestUtils
(3 failures)
BUILD FAILURE 6.4 watchOS