Build Information
Failed to build ColorPaletteCodable, reference main (5afd9c), with Swift 6.1 for visionOS using Xcode 16.3 on 8 Sep 2026 04:10:01 UTC.
Build Command
env DEVELOPER_DIR=/Applications/Xcode-16.3.0.app xcrun xcodebuild -IDEClonedSourcePackagesDirPathOverride=$PWD/.dependencies -skipMacroValidation -skipPackagePluginValidation -derivedDataPath $PWD/.derivedData build -scheme ColorPaletteCodable-Package -destination generic/platform=xrOSBuild Log
"palette/coders/RGBAPaletteCoder.swift",
"palette/coders/RGBPaletteCoder.swift",
"palette/coders/RIFFPaletteCoder.swift",
"palette/coders/SKPPaletteCoder.swift",
"palette/coders/SVGPaletteCoder.swift",
"palette/coders/ScribusXMLPaletteCoder.swift",
"palette/coders/SimplePaletteCoder.swift",
"palette/coders/SkencilPaletteCoder.swift",
"palette/coders/SketchPaletteCoder.swift",
"palette/coders/SwatchbookerCoder.swift",
"palette/coders/SwiftPaletteCoder.swift",
"palette/coders/VGA18BitPaletteCoder.swift",
"palette/coders/VGA24BitPaletteCoder.swift",
"platform/PAL+CGColor.swift",
"platform/PAL+NSColorList.swift",
"platform/PAL+SwiftUI.swift",
"platform/PAL+iOS.swift",
"platform/PAL+macOS.swift",
"private/BytesParser+extensions.swift",
"private/CGColor+HexExtensions.swift",
"private/CGColor+extensions.swift",
"private/CGContext+exensions.swift",
"private/CGGradient+extensions.swift",
"private/Collection+extensions.swift",
"private/Data+extensions.swift",
"private/Extensions.swift",
"private/HSBHelpers.swift",
"private/HexColorUtilities.swift",
"private/InputStream+extensions.swift",
"private/NumberFormatter+extensions.swift",
"private/OSLogger.swift",
"private/OkLab+priv.swift",
"private/Optional+extensions.swift",
"private/SIMD3+extensions.swift",
"private/SIMD3.swift",
"private/Scanner+extensions.swift",
"private/String+decoding.swift",
"private/String+extensions.swift",
"private/SwiftUI+Color+extensions.swift",
"private/SwiftUI+Image+extensions.swift",
"private/Temperature.swift",
"private/TemporaryFiles.swift",
"private/TextParser.swift",
"private/UInt32+extensions.swift",
"private/UnitValue.swift",
"private/Utils.swift",
"private/X11Colors.swift",
"private/xmlFormatters.swift"
],
"type" : "library"
}
],
"tools_version" : "5.6"
}
{
"workspace" : {
"name" : "spi-builder-workspace",
"schemes" : [
"ColorPaletteCodable",
"ColorPaletteCodable-Package",
"ColorPaletteCodable-shared",
"ColorPaletteCodable-static",
"DSFRegex"
]
}
}
{
"workspace" : {
"name" : "spi-builder-workspace",
"schemes" : [
"ColorPaletteCodable",
"ColorPaletteCodable-Package",
"ColorPaletteCodable-shared",
"ColorPaletteCodable-static",
"DSFRegex"
]
}
}
Running build ...
env DEVELOPER_DIR=/Applications/Xcode-16.3.0.app xcrun xcodebuild -IDEClonedSourcePackagesDirPathOverride=$PWD/.dependencies -skipMacroValidation -skipPackagePluginValidation -derivedDataPath $PWD/.derivedData build -scheme ColorPaletteCodable-Package -destination generic/platform=xrOS
Command line invocation:
/Applications/Xcode-16.3.0.app/Contents/Developer/usr/bin/xcodebuild -IDEClonedSourcePackagesDirPathOverride=/Users/admin/builder/spi-builder-workspace/.dependencies -skipMacroValidation -skipPackagePluginValidation -derivedDataPath /Users/admin/builder/spi-builder-workspace/.derivedData build -scheme ColorPaletteCodable-Package -destination generic/platform=xrOS
Resolve Package Graph
Resolved source packages:
BytesParser: https://github.com/dagronf/BytesParser @ 3.2.1
ZIPFoundation: https://github.com/dagronf/ZIPFoundation @ 0.9.19
SwiftImageReadWrite: https://github.com/dagronf/SwiftImageReadWrite @ 1.9.2
ColorPaletteCodable: /Users/admin/builder/spi-builder-workspace
TinyCSV: https://github.com/dagronf/TinyCSV @ 1.2.0
DSFRegex: https://github.com/dagronf/DSFRegex @ 3.4.0
ComputePackagePrebuildTargetDependencyGraph
Prepare packages
CreateBuildRequest
SendProjectDescription
CreateBuildOperation
ComputeTargetDependencyGraph
note: Building targets in dependency order
note: Target dependency graph (19 targets)
Target 'ColorPaletteCodable-static' in project 'ColorPaletteCodable'
➜ Explicit dependency on target 'ColorPaletteCodable' in project 'ColorPaletteCodable'
➜ Explicit dependency on target 'ColorPaletteCodable_ColorPaletteCodable' in project 'ColorPaletteCodable'
➜ Explicit dependency on target 'DSFRegex' in project 'DSFRegex'
➜ Explicit dependency on target 'SwiftImageReadWrite' in project 'SwiftImageReadWrite'
➜ Explicit dependency on target 'TinyCSV' in project 'TinyCSV'
➜ Explicit dependency on target 'BytesParser' in project 'BytesParser'
➜ Explicit dependency on target 'ZIPFoundation' in project 'ZIPFoundation'
Target 'ColorPaletteCodable-shared' in project 'ColorPaletteCodable'
➜ Explicit dependency on target 'ColorPaletteCodable' in project 'ColorPaletteCodable'
➜ Explicit dependency on target 'ColorPaletteCodable_ColorPaletteCodable' in project 'ColorPaletteCodable'
➜ Explicit dependency on target 'DSFRegex' in project 'DSFRegex'
➜ Explicit dependency on target 'SwiftImageReadWrite' in project 'SwiftImageReadWrite'
➜ Explicit dependency on target 'TinyCSV' in project 'TinyCSV'
➜ Explicit dependency on target 'BytesParser' in project 'BytesParser'
➜ Explicit dependency on target 'ZIPFoundation' in project 'ZIPFoundation'
Target 'ColorPaletteCodable' in project 'ColorPaletteCodable'
➜ Explicit dependency on target 'ColorPaletteCodable' in project 'ColorPaletteCodable'
➜ Explicit dependency on target 'ColorPaletteCodable_ColorPaletteCodable' in project 'ColorPaletteCodable'
➜ Explicit dependency on target 'DSFRegex' in project 'DSFRegex'
➜ Explicit dependency on target 'SwiftImageReadWrite' in project 'SwiftImageReadWrite'
➜ Explicit dependency on target 'TinyCSV' in project 'TinyCSV'
➜ Explicit dependency on target 'BytesParser' in project 'BytesParser'
➜ Explicit dependency on target 'ZIPFoundation' in project 'ZIPFoundation'
Target 'ColorPaletteCodable' in project 'ColorPaletteCodable'
➜ Explicit dependency on target 'ColorPaletteCodable_ColorPaletteCodable' in project 'ColorPaletteCodable'
➜ Explicit dependency on target 'DSFRegex' in project 'DSFRegex'
➜ Explicit dependency on target 'SwiftImageReadWrite' in project 'SwiftImageReadWrite'
➜ Explicit dependency on target 'TinyCSV' in project 'TinyCSV'
➜ Explicit dependency on target 'BytesParser' in project 'BytesParser'
➜ Explicit dependency on target 'ZIPFoundation' in project 'ZIPFoundation'
Target 'ZIPFoundation' in project 'ZIPFoundation'
➜ Explicit dependency on target 'ZIPFoundation' in project 'ZIPFoundation'
➜ Explicit dependency on target 'ZIPFoundation_ZIPFoundation' in project 'ZIPFoundation'
Target 'ZIPFoundation' in project 'ZIPFoundation'
➜ Explicit dependency on target 'ZIPFoundation_ZIPFoundation' in project 'ZIPFoundation'
Target 'ZIPFoundation_ZIPFoundation' in project 'ZIPFoundation' (no dependencies)
Target 'BytesParser' in project 'BytesParser'
➜ Explicit dependency on target 'BytesParser' in project 'BytesParser'
Target 'BytesParser' in project 'BytesParser' (no dependencies)
Target 'TinyCSV' in project 'TinyCSV'
➜ Explicit dependency on target 'TinyCSV' in project 'TinyCSV'
➜ Explicit dependency on target 'TinyCSV_TinyCSV' in project 'TinyCSV'
Target 'TinyCSV' in project 'TinyCSV'
➜ Explicit dependency on target 'TinyCSV_TinyCSV' in project 'TinyCSV'
Target 'TinyCSV_TinyCSV' in project 'TinyCSV' (no dependencies)
Target 'SwiftImageReadWrite' in project 'SwiftImageReadWrite'
➜ Explicit dependency on target 'SwiftImageReadWrite' in project 'SwiftImageReadWrite'
➜ Explicit dependency on target 'SwiftImageReadWrite_SwiftImageReadWrite' in project 'SwiftImageReadWrite'
Target 'SwiftImageReadWrite' in project 'SwiftImageReadWrite'
➜ Explicit dependency on target 'SwiftImageReadWrite_SwiftImageReadWrite' in project 'SwiftImageReadWrite'
Target 'SwiftImageReadWrite_SwiftImageReadWrite' in project 'SwiftImageReadWrite' (no dependencies)
Target 'DSFRegex' in project 'DSFRegex'
➜ Explicit dependency on target 'DSFRegex' in project 'DSFRegex'
➜ Explicit dependency on target 'DSFRegex_DSFRegex' in project 'DSFRegex'
Target 'DSFRegex' in project 'DSFRegex'
➜ Explicit dependency on target 'DSFRegex_DSFRegex' in project 'DSFRegex'
Target 'DSFRegex_DSFRegex' in project 'DSFRegex' (no dependencies)
Target 'ColorPaletteCodable_ColorPaletteCodable' in project 'ColorPaletteCodable' (no dependencies)
GatherProvisioningInputs
CreateBuildDescription
ExecuteExternalTool /Applications/Xcode-16.3.0.app/Contents/Developer/Toolchains/XcodeDefault.xctoolchain/usr/bin/swiftc --version
ExecuteExternalTool /Applications/Xcode-16.3.0.app/Contents/Developer/Toolchains/XcodeDefault.xctoolchain/usr/bin/clang -v -E -dM -isysroot /Applications/Xcode-16.3.0.app/Contents/Developer/Platforms/XROS.platform/Developer/SDKs/XROS2.4.sdk -x c -c /dev/null
ExecuteExternalTool /Applications/Xcode-16.3.0.app/Contents/Developer/Toolchains/XcodeDefault.xctoolchain/usr/bin/ld -version_details
Build description signature: 91cd292d8732c11d1f0f3a9dc4cccc5b
Build description path: /Users/admin/builder/spi-builder-workspace/.derivedData/Build/Intermediates.noindex/XCBuildData/91cd292d8732c11d1f0f3a9dc4cccc5b.xcbuilddata
ClangStatCache /Applications/Xcode-16.3.0.app/Contents/Developer/Toolchains/XcodeDefault.xctoolchain/usr/bin/clang-stat-cache /Applications/Xcode-16.3.0.app/Contents/Developer/Platforms/XROS.platform/Developer/SDKs/XROS2.4.sdk /Users/admin/builder/spi-builder-workspace/.derivedData/SDKStatCaches.noindex/xros2.4-22O233-407b76dbb837030756cbe1ab3f0b01b6.sdkstatcache
cd /Users/admin/builder/spi-builder-workspace/.swiftpm/xcode
/Applications/Xcode-16.3.0.app/Contents/Developer/Toolchains/XcodeDefault.xctoolchain/usr/bin/clang-stat-cache /Applications/Xcode-16.3.0.app/Contents/Developer/Platforms/XROS.platform/Developer/SDKs/XROS2.4.sdk -o /Users/admin/builder/spi-builder-workspace/.derivedData/SDKStatCaches.noindex/xros2.4-22O233-407b76dbb837030756cbe1ab3f0b01b6.sdkstatcache
ProcessInfoPlistFile /Users/admin/builder/spi-builder-workspace/.derivedData/Build/Products/Debug-xros/ZIPFoundation_ZIPFoundation.bundle/Info.plist /Users/admin/builder/spi-builder-workspace/.derivedData/Build/Intermediates.noindex/ZIPFoundation.build/Debug-xros/ZIPFoundation_ZIPFoundation.build/empty-ZIPFoundation_ZIPFoundation.plist (in target 'ZIPFoundation_ZIPFoundation' from project 'ZIPFoundation')
cd /Users/admin/builder/spi-builder-workspace/.dependencies/checkouts/ZIPFoundation
builtin-infoPlistUtility /Users/admin/builder/spi-builder-workspace/.derivedData/Build/Intermediates.noindex/ZIPFoundation.build/Debug-xros/ZIPFoundation_ZIPFoundation.build/empty-ZIPFoundation_ZIPFoundation.plist -producttype com.apple.product-type.bundle -expandbuildsettings -format binary -platform xros -o /Users/admin/builder/spi-builder-workspace/.derivedData/Build/Products/Debug-xros/ZIPFoundation_ZIPFoundation.bundle/Info.plist
ProcessInfoPlistFile /Users/admin/builder/spi-builder-workspace/.derivedData/Build/Products/Debug-xros/TinyCSV_TinyCSV.bundle/Info.plist /Users/admin/builder/spi-builder-workspace/.derivedData/Build/Intermediates.noindex/TinyCSV.build/Debug-xros/TinyCSV_TinyCSV.build/empty-TinyCSV_TinyCSV.plist (in target 'TinyCSV_TinyCSV' from project 'TinyCSV')
cd /Users/admin/builder/spi-builder-workspace/.dependencies/checkouts/TinyCSV
builtin-infoPlistUtility /Users/admin/builder/spi-builder-workspace/.derivedData/Build/Intermediates.noindex/TinyCSV.build/Debug-xros/TinyCSV_TinyCSV.build/empty-TinyCSV_TinyCSV.plist -producttype com.apple.product-type.bundle -expandbuildsettings -format binary -platform xros -o /Users/admin/builder/spi-builder-workspace/.derivedData/Build/Products/Debug-xros/TinyCSV_TinyCSV.bundle/Info.plist
ProcessInfoPlistFile /Users/admin/builder/spi-builder-workspace/.derivedData/Build/Products/Debug-xros/SwiftImageReadWrite_SwiftImageReadWrite.bundle/Info.plist /Users/admin/builder/spi-builder-workspace/.derivedData/Build/Intermediates.noindex/SwiftImageReadWrite.build/Debug-xros/SwiftImageReadWrite_SwiftImageReadWrite.build/empty-SwiftImageReadWrite_SwiftImageReadWrite.plist (in target 'SwiftImageReadWrite_SwiftImageReadWrite' from project 'SwiftImageReadWrite')
cd /Users/admin/builder/spi-builder-workspace/.dependencies/checkouts/SwiftImageReadWrite
builtin-infoPlistUtility /Users/admin/builder/spi-builder-workspace/.derivedData/Build/Intermediates.noindex/SwiftImageReadWrite.build/Debug-xros/SwiftImageReadWrite_SwiftImageReadWrite.build/empty-SwiftImageReadWrite_SwiftImageReadWrite.plist -producttype com.apple.product-type.bundle -expandbuildsettings -format binary -platform xros -o /Users/admin/builder/spi-builder-workspace/.derivedData/Build/Products/Debug-xros/SwiftImageReadWrite_SwiftImageReadWrite.bundle/Info.plist
ProcessInfoPlistFile /Users/admin/builder/spi-builder-workspace/.derivedData/Build/Products/Debug-xros/DSFRegex_DSFRegex.bundle/Info.plist /Users/admin/builder/spi-builder-workspace/.derivedData/Build/Intermediates.noindex/DSFRegex.build/Debug-xros/DSFRegex_DSFRegex.build/empty-DSFRegex_DSFRegex.plist (in target 'DSFRegex_DSFRegex' from project 'DSFRegex')
cd /Users/admin/builder/spi-builder-workspace/.dependencies/checkouts/DSFRegex
builtin-infoPlistUtility /Users/admin/builder/spi-builder-workspace/.derivedData/Build/Intermediates.noindex/DSFRegex.build/Debug-xros/DSFRegex_DSFRegex.build/empty-DSFRegex_DSFRegex.plist -producttype com.apple.product-type.bundle -expandbuildsettings -format binary -platform xros -o /Users/admin/builder/spi-builder-workspace/.derivedData/Build/Products/Debug-xros/DSFRegex_DSFRegex.bundle/Info.plist
ProcessInfoPlistFile /Users/admin/builder/spi-builder-workspace/.derivedData/Build/Products/Debug-xros/ColorPaletteCodable_ColorPaletteCodable.bundle/Info.plist /Users/admin/builder/spi-builder-workspace/.derivedData/Build/Intermediates.noindex/ColorPaletteCodable.build/Debug-xros/ColorPaletteCodable_ColorPaletteCodable.build/empty-ColorPaletteCodable_ColorPaletteCodable.plist (in target 'ColorPaletteCodable_ColorPaletteCodable' from project 'ColorPaletteCodable')
cd /Users/admin/builder/spi-builder-workspace
builtin-infoPlistUtility /Users/admin/builder/spi-builder-workspace/.derivedData/Build/Intermediates.noindex/ColorPaletteCodable.build/Debug-xros/ColorPaletteCodable_ColorPaletteCodable.build/empty-ColorPaletteCodable_ColorPaletteCodable.plist -producttype com.apple.product-type.bundle -expandbuildsettings -format binary -platform xros -o /Users/admin/builder/spi-builder-workspace/.derivedData/Build/Products/Debug-xros/ColorPaletteCodable_ColorPaletteCodable.bundle/Info.plist
SwiftDriver TinyCSV normal arm64 com.apple.xcode.tools.swift.compiler (in target 'TinyCSV' from project 'TinyCSV')
cd /Users/admin/builder/spi-builder-workspace/.swiftpm/xcode
builtin-SwiftDriver -- /Applications/Xcode-16.3.0.app/Contents/Developer/Toolchains/XcodeDefault.xctoolchain/usr/bin/swiftc -module-name TinyCSV -Onone -enforce-exclusivity\=checked @/Users/admin/builder/spi-builder-workspace/.derivedData/Build/Intermediates.noindex/TinyCSV.build/Debug-xros/TinyCSV.build/Objects-normal/arm64/TinyCSV.SwiftFileList -DSWIFT_PACKAGE -DDEBUG -DXcode -plugin-path /Applications/Xcode-16.3.0.app/Contents/Developer/Toolchains/XcodeDefault.xctoolchain/usr/lib/swift/host/plugins/testing -enable-experimental-feature DebugDescriptionMacro -sdk /Applications/Xcode-16.3.0.app/Contents/Developer/Platforms/XROS.platform/Developer/SDKs/XROS2.4.sdk -target arm64-apple-xros1.0 -g -module-cache-path /Users/admin/builder/spi-builder-workspace/.derivedData/ModuleCache.noindex -Xfrontend -serialize-debugging-options -profile-coverage-mapping -profile-generate -enable-testing -suppress-warnings -index-store-path /Users/admin/builder/spi-builder-workspace/.derivedData/Index.noindex/DataStore -swift-version 5 -I /Users/admin/builder/spi-builder-workspace/.derivedData/Build/Products/Debug-xros -I /Applications/Xcode-16.3.0.app/Contents/Developer/Platforms/XROS.platform/Developer/usr/lib -F /Users/admin/builder/spi-builder-workspace/.derivedData/Build/Products/Debug-xros -F /Applications/Xcode-16.3.0.app/Contents/Developer/Platforms/XROS.platform/Developer/Library/Frameworks -F /Applications/Xcode-16.3.0.app/Contents/Developer/Platforms/XROS.platform/Developer/SDKs/XROS2.4.sdk/Developer/Library/Frameworks -c -j10 -enable-batch-mode -incremental -Xcc -ivfsstatcache -Xcc /Users/admin/builder/spi-builder-workspace/.derivedData/SDKStatCaches.noindex/xros2.4-22O233-407b76dbb837030756cbe1ab3f0b01b6.sdkstatcache -output-file-map /Users/admin/builder/spi-builder-workspace/.derivedData/Build/Intermediates.noindex/TinyCSV.build/Debug-xros/TinyCSV.build/Objects-normal/arm64/TinyCSV-OutputFileMap.json -use-frontend-parseable-output -save-temps -no-color-diagnostics -serialize-diagnostics -emit-dependencies -emit-module -emit-module-path /Users/admin/builder/spi-builder-workspace/.derivedData/Build/Intermediates.noindex/TinyCSV.build/Debug-xros/TinyCSV.build/Objects-normal/arm64/TinyCSV.swiftmodule -validate-clang-modules-once -clang-build-session-file /Users/admin/builder/spi-builder-workspace/.derivedData/ModuleCache.noindex/Session.modulevalidation -Xcc -I/Users/admin/builder/spi-builder-workspace/.derivedData/Build/Intermediates.noindex/TinyCSV.build/Debug-xros/TinyCSV.build/swift-overrides.hmap -emit-const-values -Xfrontend -const-gather-protocols-file -Xfrontend /Users/admin/builder/spi-builder-workspace/.derivedData/Build/Intermediates.noindex/TinyCSV.build/Debug-xros/TinyCSV.build/Objects-normal/arm64/TinyCSV_const_extract_protocols.json -Xcc -I/Users/admin/builder/spi-builder-workspace/.derivedData/Build/Products/Debug-xros/include -Xcc -I/Users/admin/builder/spi-builder-workspace/.derivedData/Build/Intermediates.noindex/TinyCSV.build/Debug-xros/TinyCSV.build/DerivedSources-normal/arm64 -Xcc -I/Users/admin/builder/spi-builder-workspace/.derivedData/Build/Intermediates.noindex/TinyCSV.build/Debug-xros/TinyCSV.build/DerivedSources/arm64 -Xcc -I/Users/admin/builder/spi-builder-workspace/.derivedData/Build/Intermediates.noindex/TinyCSV.build/Debug-xros/TinyCSV.build/DerivedSources -Xcc -DSWIFT_PACKAGE -Xcc -DDEBUG\=1 -emit-objc-header -emit-objc-header-path /Users/admin/builder/spi-builder-workspace/.derivedData/Build/Intermediates.noindex/TinyCSV.build/Debug-xros/TinyCSV.build/Objects-normal/arm64/TinyCSV-Swift.h -working-directory /Users/admin/builder/spi-builder-workspace/.swiftpm/xcode -experimental-emit-module-separately -disable-cmo
SwiftDriver SwiftImageReadWrite normal arm64 com.apple.xcode.tools.swift.compiler (in target 'SwiftImageReadWrite' from project 'SwiftImageReadWrite')
cd /Users/admin/builder/spi-builder-workspace/.swiftpm/xcode
builtin-SwiftDriver -- /Applications/Xcode-16.3.0.app/Contents/Developer/Toolchains/XcodeDefault.xctoolchain/usr/bin/swiftc -module-name SwiftImageReadWrite -Onone -enforce-exclusivity\=checked @/Users/admin/builder/spi-builder-workspace/.derivedData/Build/Intermediates.noindex/SwiftImageReadWrite.build/Debug-xros/SwiftImageReadWrite.build/Objects-normal/arm64/SwiftImageReadWrite.SwiftFileList -DSWIFT_PACKAGE -DDEBUG -DXcode -plugin-path /Applications/Xcode-16.3.0.app/Contents/Developer/Toolchains/XcodeDefault.xctoolchain/usr/lib/swift/host/plugins/testing -enable-experimental-feature DebugDescriptionMacro -sdk /Applications/Xcode-16.3.0.app/Contents/Developer/Platforms/XROS.platform/Developer/SDKs/XROS2.4.sdk -target arm64-apple-xros1.0 -g -module-cache-path /Users/admin/builder/spi-builder-workspace/.derivedData/ModuleCache.noindex -Xfrontend -serialize-debugging-options -profile-coverage-mapping -profile-generate -enable-testing -suppress-warnings -index-store-path /Users/admin/builder/spi-builder-workspace/.derivedData/Index.noindex/DataStore -swift-version 5 -I /Users/admin/builder/spi-builder-workspace/.derivedData/Build/Products/Debug-xros -I /Applications/Xcode-16.3.0.app/Contents/Developer/Platforms/XROS.platform/Developer/usr/lib -F /Users/admin/builder/spi-builder-workspace/.derivedData/Build/Products/Debug-xros -F /Applications/Xcode-16.3.0.app/Contents/Developer/Platforms/XROS.platform/Developer/Library/Frameworks -F /Applications/Xcode-16.3.0.app/Contents/Developer/Platforms/XROS.platform/Developer/SDKs/XROS2.4.sdk/Developer/Library/Frameworks -c -j10 -enable-batch-mode -incremental -Xcc -ivfsstatcache -Xcc /Users/admin/builder/spi-builder-workspace/.derivedData/SDKStatCaches.noindex/xros2.4-22O233-407b76dbb837030756cbe1ab3f0b01b6.sdkstatcache -output-file-map /Users/admin/builder/spi-builder-workspace/.derivedData/Build/Intermediates.noindex/SwiftImageReadWrite.build/Debug-xros/SwiftImageReadWrite.build/Objects-normal/arm64/SwiftImageReadWrite-OutputFileMap.json -use-frontend-parseable-output -save-temps -no-color-diagnostics -serialize-diagnostics -emit-dependencies -emit-module -emit-module-path /Users/admin/builder/spi-builder-workspace/.derivedData/Build/Intermediates.noindex/SwiftImageReadWrite.build/Debug-xros/SwiftImageReadWrite.build/Objects-normal/arm64/SwiftImageReadWrite.swiftmodule -validate-clang-modules-once -clang-build-session-file /Users/admin/builder/spi-builder-workspace/.derivedData/ModuleCache.noindex/Session.modulevalidation -Xcc -I/Users/admin/builder/spi-builder-workspace/.derivedData/Build/Intermediates.noindex/SwiftImageReadWrite.build/Debug-xros/SwiftImageReadWrite.build/swift-overrides.hmap -emit-const-values -Xfrontend -const-gather-protocols-file -Xfrontend /Users/admin/builder/spi-builder-workspace/.derivedData/Build/Intermediates.noindex/SwiftImageReadWrite.build/Debug-xros/SwiftImageReadWrite.build/Objects-normal/arm64/SwiftImageReadWrite_const_extract_protocols.json -Xcc -I/Users/admin/builder/spi-builder-workspace/.derivedData/Build/Products/Debug-xros/include -Xcc -I/Users/admin/builder/spi-builder-workspace/.derivedData/Build/Intermediates.noindex/SwiftImageReadWrite.build/Debug-xros/SwiftImageReadWrite.build/DerivedSources-normal/arm64 -Xcc -I/Users/admin/builder/spi-builder-workspace/.derivedData/Build/Intermediates.noindex/SwiftImageReadWrite.build/Debug-xros/SwiftImageReadWrite.build/DerivedSources/arm64 -Xcc -I/Users/admin/builder/spi-builder-workspace/.derivedData/Build/Intermediates.noindex/SwiftImageReadWrite.build/Debug-xros/SwiftImageReadWrite.build/DerivedSources -Xcc -DSWIFT_PACKAGE -Xcc -DDEBUG\=1 -emit-objc-header -emit-objc-header-path /Users/admin/builder/spi-builder-workspace/.derivedData/Build/Intermediates.noindex/SwiftImageReadWrite.build/Debug-xros/SwiftImageReadWrite.build/Objects-normal/arm64/SwiftImageReadWrite-Swift.h -working-directory /Users/admin/builder/spi-builder-workspace/.swiftpm/xcode -experimental-emit-module-separately -disable-cmo
SwiftDriver DSFRegex normal arm64 com.apple.xcode.tools.swift.compiler (in target 'DSFRegex' from project 'DSFRegex')
cd /Users/admin/builder/spi-builder-workspace/.swiftpm/xcode
builtin-SwiftDriver -- /Applications/Xcode-16.3.0.app/Contents/Developer/Toolchains/XcodeDefault.xctoolchain/usr/bin/swiftc -module-name DSFRegex -Onone -enforce-exclusivity\=checked @/Users/admin/builder/spi-builder-workspace/.derivedData/Build/Intermediates.noindex/DSFRegex.build/Debug-xros/DSFRegex.build/Objects-normal/arm64/DSFRegex.SwiftFileList -DSWIFT_PACKAGE -DDEBUG -DXcode -plugin-path /Applications/Xcode-16.3.0.app/Contents/Developer/Toolchains/XcodeDefault.xctoolchain/usr/lib/swift/host/plugins/testing -enable-experimental-feature DebugDescriptionMacro -sdk /Applications/Xcode-16.3.0.app/Contents/Developer/Platforms/XROS.platform/Developer/SDKs/XROS2.4.sdk -target arm64-apple-xros1.0 -g -module-cache-path /Users/admin/builder/spi-builder-workspace/.derivedData/ModuleCache.noindex -Xfrontend -serialize-debugging-options -profile-coverage-mapping -profile-generate -enable-testing -suppress-warnings -index-store-path /Users/admin/builder/spi-builder-workspace/.derivedData/Index.noindex/DataStore -swift-version 5 -I /Users/admin/builder/spi-builder-workspace/.derivedData/Build/Products/Debug-xros -I /Applications/Xcode-16.3.0.app/Contents/Developer/Platforms/XROS.platform/Developer/usr/lib -F /Users/admin/builder/spi-builder-workspace/.derivedData/Build/Products/Debug-xros -F /Applications/Xcode-16.3.0.app/Contents/Developer/Platforms/XROS.platform/Developer/Library/Frameworks -F /Applications/Xcode-16.3.0.app/Contents/Developer/Platforms/XROS.platform/Developer/SDKs/XROS2.4.sdk/Developer/Library/Frameworks -c -j10 -enable-batch-mode -incremental -Xcc -ivfsstatcache -Xcc /Users/admin/builder/spi-builder-workspace/.derivedData/SDKStatCaches.noindex/xros2.4-22O233-407b76dbb837030756cbe1ab3f0b01b6.sdkstatcache -output-file-map /Users/admin/builder/spi-builder-workspace/.derivedData/Build/Intermediates.noindex/DSFRegex.build/Debug-xros/DSFRegex.build/Objects-normal/arm64/DSFRegex-OutputFileMap.json -use-frontend-parseable-output -save-temps -no-color-diagnostics -serialize-diagnostics -emit-dependencies -emit-module -emit-module-path /Users/admin/builder/spi-builder-workspace/.derivedData/Build/Intermediates.noindex/DSFRegex.build/Debug-xros/DSFRegex.build/Objects-normal/arm64/DSFRegex.swiftmodule -validate-clang-modules-once -clang-build-session-file /Users/admin/builder/spi-builder-workspace/.derivedData/ModuleCache.noindex/Session.modulevalidation -Xcc -I/Users/admin/builder/spi-builder-workspace/.derivedData/Build/Intermediates.noindex/DSFRegex.build/Debug-xros/DSFRegex.build/swift-overrides.hmap -emit-const-values -Xfrontend -const-gather-protocols-file -Xfrontend /Users/admin/builder/spi-builder-workspace/.derivedData/Build/Intermediates.noindex/DSFRegex.build/Debug-xros/DSFRegex.build/Objects-normal/arm64/DSFRegex_const_extract_protocols.json -Xcc -I/Users/admin/builder/spi-builder-workspace/.derivedData/Build/Products/Debug-xros/include -Xcc -I/Users/admin/builder/spi-builder-workspace/.derivedData/Build/Intermediates.noindex/DSFRegex.build/Debug-xros/DSFRegex.build/DerivedSources-normal/arm64 -Xcc -I/Users/admin/builder/spi-builder-workspace/.derivedData/Build/Intermediates.noindex/DSFRegex.build/Debug-xros/DSFRegex.build/DerivedSources/arm64 -Xcc -I/Users/admin/builder/spi-builder-workspace/.derivedData/Build/Intermediates.noindex/DSFRegex.build/Debug-xros/DSFRegex.build/DerivedSources -Xcc -DSWIFT_PACKAGE -Xcc -DDEBUG\=1 -emit-objc-header -emit-objc-header-path /Users/admin/builder/spi-builder-workspace/.derivedData/Build/Intermediates.noindex/DSFRegex.build/Debug-xros/DSFRegex.build/Objects-normal/arm64/DSFRegex-Swift.h -working-directory /Users/admin/builder/spi-builder-workspace/.swiftpm/xcode -experimental-emit-module-separately -disable-cmo
SwiftDriver BytesParser normal arm64 com.apple.xcode.tools.swift.compiler (in target 'BytesParser' from project 'BytesParser')
cd /Users/admin/builder/spi-builder-workspace/.swiftpm/xcode
builtin-SwiftDriver -- /Applications/Xcode-16.3.0.app/Contents/Developer/Toolchains/XcodeDefault.xctoolchain/usr/bin/swiftc -module-name BytesParser -Onone -enforce-exclusivity\=checked @/Users/admin/builder/spi-builder-workspace/.derivedData/Build/Intermediates.noindex/BytesParser.build/Debug-xros/BytesParser.build/Objects-normal/arm64/BytesParser.SwiftFileList -DSWIFT_PACKAGE -DDEBUG -DXcode -plugin-path /Applications/Xcode-16.3.0.app/Contents/Developer/Toolchains/XcodeDefault.xctoolchain/usr/lib/swift/host/plugins/testing -enable-experimental-feature DebugDescriptionMacro -sdk /Applications/Xcode-16.3.0.app/Contents/Developer/Platforms/XROS.platform/Developer/SDKs/XROS2.4.sdk -target arm64-apple-xros1.0 -g -module-cache-path /Users/admin/builder/spi-builder-workspace/.derivedData/ModuleCache.noindex -Xfrontend -serialize-debugging-options -profile-coverage-mapping -profile-generate -enable-testing -suppress-warnings -index-store-path /Users/admin/builder/spi-builder-workspace/.derivedData/Index.noindex/DataStore -swift-version 5 -I /Users/admin/builder/spi-builder-workspace/.derivedData/Build/Products/Debug-xros -I /Applications/Xcode-16.3.0.app/Contents/Developer/Platforms/XROS.platform/Developer/usr/lib -F /Users/admin/builder/spi-builder-workspace/.derivedData/Build/Products/Debug-xros -F /Applications/Xcode-16.3.0.app/Contents/Developer/Platforms/XROS.platform/Developer/Library/Frameworks -F /Applications/Xcode-16.3.0.app/Contents/Developer/Platforms/XROS.platform/Developer/SDKs/XROS2.4.sdk/Developer/Library/Frameworks -c -j10 -enable-batch-mode -incremental -Xcc -ivfsstatcache -Xcc /Users/admin/builder/spi-builder-workspace/.derivedData/SDKStatCaches.noindex/xros2.4-22O233-407b76dbb837030756cbe1ab3f0b01b6.sdkstatcache -output-file-map /Users/admin/builder/spi-builder-workspace/.derivedData/Build/Intermediates.noindex/BytesParser.build/Debug-xros/BytesParser.build/Objects-normal/arm64/BytesParser-OutputFileMap.json -use-frontend-parseable-output -save-temps -no-color-diagnostics -serialize-diagnostics -emit-dependencies -emit-module -emit-module-path /Users/admin/builder/spi-builder-workspace/.derivedData/Build/Intermediates.noindex/BytesParser.build/Debug-xros/BytesParser.build/Objects-normal/arm64/BytesParser.swiftmodule -validate-clang-modules-once -clang-build-session-file /Users/admin/builder/spi-builder-workspace/.derivedData/ModuleCache.noindex/Session.modulevalidation -Xcc -I/Users/admin/builder/spi-builder-workspace/.derivedData/Build/Intermediates.noindex/BytesParser.build/Debug-xros/BytesParser.build/swift-overrides.hmap -emit-const-values -Xfrontend -const-gather-protocols-file -Xfrontend /Users/admin/builder/spi-builder-workspace/.derivedData/Build/Intermediates.noindex/BytesParser.build/Debug-xros/BytesParser.build/Objects-normal/arm64/BytesParser_const_extract_protocols.json -Xcc -I/Users/admin/builder/spi-builder-workspace/.derivedData/Build/Products/Debug-xros/include -Xcc -I/Users/admin/builder/spi-builder-workspace/.derivedData/Build/Intermediates.noindex/BytesParser.build/Debug-xros/BytesParser.build/DerivedSources-normal/arm64 -Xcc -I/Users/admin/builder/spi-builder-workspace/.derivedData/Build/Intermediates.noindex/BytesParser.build/Debug-xros/BytesParser.build/DerivedSources/arm64 -Xcc -I/Users/admin/builder/spi-builder-workspace/.derivedData/Build/Intermediates.noindex/BytesParser.build/Debug-xros/BytesParser.build/DerivedSources -Xcc -DSWIFT_PACKAGE -Xcc -DDEBUG\=1 -emit-objc-header -emit-objc-header-path /Users/admin/builder/spi-builder-workspace/.derivedData/Build/Intermediates.noindex/BytesParser.build/Debug-xros/BytesParser.build/Objects-normal/arm64/BytesParser-Swift.h -working-directory /Users/admin/builder/spi-builder-workspace/.swiftpm/xcode -experimental-emit-module-separately -disable-cmo
SwiftDriver ZIPFoundation normal arm64 com.apple.xcode.tools.swift.compiler (in target 'ZIPFoundation' from project 'ZIPFoundation')
cd /Users/admin/builder/spi-builder-workspace/.swiftpm/xcode
builtin-SwiftDriver -- /Applications/Xcode-16.3.0.app/Contents/Developer/Toolchains/XcodeDefault.xctoolchain/usr/bin/swiftc -module-name ZIPFoundation -Onone -enforce-exclusivity\=checked @/Users/admin/builder/spi-builder-workspace/.derivedData/Build/Intermediates.noindex/ZIPFoundation.build/Debug-xros/ZIPFoundation.build/Objects-normal/arm64/ZIPFoundation.SwiftFileList -DSWIFT_PACKAGE -DDEBUG -DXcode -plugin-path /Applications/Xcode-16.3.0.app/Contents/Developer/Toolchains/XcodeDefault.xctoolchain/usr/lib/swift/host/plugins/testing -enable-experimental-feature DebugDescriptionMacro -sdk /Applications/Xcode-16.3.0.app/Contents/Developer/Platforms/XROS.platform/Developer/SDKs/XROS2.4.sdk -target arm64-apple-xros1.0 -g -module-cache-path /Users/admin/builder/spi-builder-workspace/.derivedData/ModuleCache.noindex -Xfrontend -serialize-debugging-options -profile-coverage-mapping -profile-generate -enable-testing -suppress-warnings -index-store-path /Users/admin/builder/spi-builder-workspace/.derivedData/Index.noindex/DataStore -swift-version 5 -I /Users/admin/builder/spi-builder-workspace/.derivedData/Build/Products/Debug-xros -I /Applications/Xcode-16.3.0.app/Contents/Developer/Platforms/XROS.platform/Developer/usr/lib -F /Users/admin/builder/spi-builder-workspace/.derivedData/Build/Products/Debug-xros -F /Applications/Xcode-16.3.0.app/Contents/Developer/Platforms/XROS.platform/Developer/Library/Frameworks -F /Applications/Xcode-16.3.0.app/Contents/Developer/Platforms/XROS.platform/Developer/SDKs/XROS2.4.sdk/Developer/Library/Frameworks -c -j10 -enable-batch-mode -incremental -Xcc -ivfsstatcache -Xcc /Users/admin/builder/spi-builder-workspace/.derivedData/SDKStatCaches.noindex/xros2.4-22O233-407b76dbb837030756cbe1ab3f0b01b6.sdkstatcache -output-file-map /Users/admin/builder/spi-builder-workspace/.derivedData/Build/Intermediates.noindex/ZIPFoundation.build/Debug-xros/ZIPFoundation.build/Objects-normal/arm64/ZIPFoundation-OutputFileMap.json -use-frontend-parseable-output -save-temps -no-color-diagnostics -serialize-diagnostics -emit-dependencies -emit-module -emit-module-path /Users/admin/builder/spi-builder-workspace/.derivedData/Build/Intermediates.noindex/ZIPFoundation.build/Debug-xros/ZIPFoundation.build/Objects-normal/arm64/ZIPFoundation.swiftmodule -validate-clang-modules-once -clang-build-session-file /Users/admin/builder/spi-builder-workspace/.derivedData/ModuleCache.noindex/Session.modulevalidation -package-name zipfoundation -Xcc -I/Users/admin/builder/spi-builder-workspace/.derivedData/Build/Intermediates.noindex/ZIPFoundation.build/Debug-xros/ZIPFoundation.build/swift-overrides.hmap -emit-const-values -Xfrontend -const-gather-protocols-file -Xfrontend /Users/admin/builder/spi-builder-workspace/.derivedData/Build/Intermediates.noindex/ZIPFoundation.build/Debug-xros/ZIPFoundation.build/Objects-normal/arm64/ZIPFoundation_const_extract_protocols.json -Xcc -I/Users/admin/builder/spi-builder-workspace/.derivedData/Build/Products/Debug-xros/include -Xcc -I/Users/admin/builder/spi-builder-workspace/.derivedData/Build/Intermediates.noindex/ZIPFoundation.build/Debug-xros/ZIPFoundation.build/DerivedSources-normal/arm64 -Xcc -I/Users/admin/builder/spi-builder-workspace/.derivedData/Build/Intermediates.noindex/ZIPFoundation.build/Debug-xros/ZIPFoundation.build/DerivedSources/arm64 -Xcc -I/Users/admin/builder/spi-builder-workspace/.derivedData/Build/Intermediates.noindex/ZIPFoundation.build/Debug-xros/ZIPFoundation.build/DerivedSources -Xcc -DSWIFT_PACKAGE -Xcc -DDEBUG\=1 -emit-objc-header -emit-objc-header-path /Users/admin/builder/spi-builder-workspace/.derivedData/Build/Intermediates.noindex/ZIPFoundation.build/Debug-xros/ZIPFoundation.build/Objects-normal/arm64/ZIPFoundation-Swift.h -working-directory /Users/admin/builder/spi-builder-workspace/.swiftpm/xcode -experimental-emit-module-separately -disable-cmo
SwiftEmitModule normal arm64 Emitting\ module\ for\ DSFRegex (in target 'DSFRegex' from project 'DSFRegex')
EmitSwiftModule normal arm64 (in target 'DSFRegex' from project 'DSFRegex')
cd /Users/admin/builder/spi-builder-workspace/.swiftpm/xcode
SwiftCompile normal arm64 Compiling\ resource_bundle_accessor.swift /Users/admin/builder/spi-builder-workspace/.derivedData/Build/Intermediates.noindex/DSFRegex.build/Debug-xros/DSFRegex.build/DerivedSources/resource_bundle_accessor.swift (in target 'DSFRegex' from project 'DSFRegex')
SwiftCompile normal arm64 /Users/admin/builder/spi-builder-workspace/.derivedData/Build/Intermediates.noindex/DSFRegex.build/Debug-xros/DSFRegex.build/DerivedSources/resource_bundle_accessor.swift (in target 'DSFRegex' from project 'DSFRegex')
cd /Users/admin/builder/spi-builder-workspace/.swiftpm/xcode
SwiftCompile normal arm64 Compiling\ DSFRegex.swift /Users/admin/builder/spi-builder-workspace/.dependencies/checkouts/DSFRegex/Sources/DSFRegex/DSFRegex.swift (in target 'DSFRegex' from project 'DSFRegex')
SwiftCompile normal arm64 /Users/admin/builder/spi-builder-workspace/.dependencies/checkouts/DSFRegex/Sources/DSFRegex/DSFRegex.swift (in target 'DSFRegex' from project 'DSFRegex')
cd /Users/admin/builder/spi-builder-workspace/.swiftpm/xcode
SwiftCompile normal arm64 Compiling\ String+CursorExtensions.swift /Users/admin/builder/spi-builder-workspace/.dependencies/checkouts/DSFRegex/Sources/DSFRegex/String+CursorExtensions.swift (in target 'DSFRegex' from project 'DSFRegex')
SwiftCompile normal arm64 /Users/admin/builder/spi-builder-workspace/.dependencies/checkouts/DSFRegex/Sources/DSFRegex/String+CursorExtensions.swift (in target 'DSFRegex' from project 'DSFRegex')
cd /Users/admin/builder/spi-builder-workspace/.swiftpm/xcode
SwiftCompile normal arm64 Compiling\ resource_bundle_accessor.swift /Users/admin/builder/spi-builder-workspace/.derivedData/Build/Intermediates.noindex/TinyCSV.build/Debug-xros/TinyCSV.build/DerivedSources/resource_bundle_accessor.swift (in target 'TinyCSV' from project 'TinyCSV')
SwiftCompile normal arm64 /Users/admin/builder/spi-builder-workspace/.derivedData/Build/Intermediates.noindex/TinyCSV.build/Debug-xros/TinyCSV.build/DerivedSources/resource_bundle_accessor.swift (in target 'TinyCSV' from project 'TinyCSV')
cd /Users/admin/builder/spi-builder-workspace/.swiftpm/xcode
SwiftEmitModule normal arm64 Emitting\ module\ for\ TinyCSV (in target 'TinyCSV' from project 'TinyCSV')
EmitSwiftModule normal arm64 (in target 'TinyCSV' from project 'TinyCSV')
cd /Users/admin/builder/spi-builder-workspace/.swiftpm/xcode
SwiftCompile normal arm64 Compiling\ TinyCSV.swift /Users/admin/builder/spi-builder-workspace/.dependencies/checkouts/TinyCSV/Sources/TinyCSV/TinyCSV.swift (in target 'TinyCSV' from project 'TinyCSV')
SwiftCompile normal arm64 /Users/admin/builder/spi-builder-workspace/.dependencies/checkouts/TinyCSV/Sources/TinyCSV/TinyCSV.swift (in target 'TinyCSV' from project 'TinyCSV')
cd /Users/admin/builder/spi-builder-workspace/.swiftpm/xcode
SwiftCompile normal arm64 Compiling\ TinyCSV+Decoder.swift /Users/admin/builder/spi-builder-workspace/.dependencies/checkouts/TinyCSV/Sources/TinyCSV/private/TinyCSV+Decoder.swift (in target 'TinyCSV' from project 'TinyCSV')
SwiftCompile normal arm64 /Users/admin/builder/spi-builder-workspace/.dependencies/checkouts/TinyCSV/Sources/TinyCSV/private/TinyCSV+Decoder.swift (in target 'TinyCSV' from project 'TinyCSV')
cd /Users/admin/builder/spi-builder-workspace/.swiftpm/xcode
SwiftEmitModule normal arm64 Emitting\ module\ for\ SwiftImageReadWrite (in target 'SwiftImageReadWrite' from project 'SwiftImageReadWrite')
EmitSwiftModule normal arm64 (in target 'SwiftImageReadWrite' from project 'SwiftImageReadWrite')
cd /Users/admin/builder/spi-builder-workspace/.swiftpm/xcode
SwiftEmitModule normal arm64 Emitting\ module\ for\ BytesParser (in target 'BytesParser' from project 'BytesParser')
EmitSwiftModule normal arm64 (in target 'BytesParser' from project 'BytesParser')
cd /Users/admin/builder/spi-builder-workspace/.swiftpm/xcode
SwiftEmitModule normal arm64 Emitting\ module\ for\ ZIPFoundation (in target 'ZIPFoundation' from project 'ZIPFoundation')
EmitSwiftModule normal arm64 (in target 'ZIPFoundation' from project 'ZIPFoundation')
cd /Users/admin/builder/spi-builder-workspace/.swiftpm/xcode
SwiftDriverJobDiscovery normal arm64 Compiling TinyCSV.swift (in target 'TinyCSV' from project 'TinyCSV')
SwiftCompile normal arm64 Compiling\ Entry.swift,\ FileManager+ZIP.swift /Users/admin/builder/spi-builder-workspace/.dependencies/checkouts/ZIPFoundation/Sources/ZIPFoundation/Entry.swift /Users/admin/builder/spi-builder-workspace/.dependencies/checkouts/ZIPFoundation/Sources/ZIPFoundation/FileManager+ZIP.swift (in target 'ZIPFoundation' from project 'ZIPFoundation')
SwiftCompile normal arm64 /Users/admin/builder/spi-builder-workspace/.dependencies/checkouts/ZIPFoundation/Sources/ZIPFoundation/Entry.swift (in target 'ZIPFoundation' from project 'ZIPFoundation')
cd /Users/admin/builder/spi-builder-workspace/.swiftpm/xcode
SwiftCompile normal arm64 /Users/admin/builder/spi-builder-workspace/.dependencies/checkouts/ZIPFoundation/Sources/ZIPFoundation/FileManager+ZIP.swift (in target 'ZIPFoundation' from project 'ZIPFoundation')
cd /Users/admin/builder/spi-builder-workspace/.swiftpm/xcode
SwiftDriverJobDiscovery normal arm64 Compiling TinyCSV+Decoder.swift (in target 'TinyCSV' from project 'TinyCSV')
SwiftCompile normal arm64 Compiling\ Archive+Helpers.swift,\ Archive+MemoryFile.swift,\ Archive+Progress.swift /Users/admin/builder/spi-builder-workspace/.dependencies/checkouts/ZIPFoundation/Sources/ZIPFoundation/Archive+Helpers.swift /Users/admin/builder/spi-builder-workspace/.dependencies/checkouts/ZIPFoundation/Sources/ZIPFoundation/Archive+MemoryFile.swift /Users/admin/builder/spi-builder-workspace/.dependencies/checkouts/ZIPFoundation/Sources/ZIPFoundation/Archive+Progress.swift (in target 'ZIPFoundation' from project 'ZIPFoundation')
SwiftCompile normal arm64 /Users/admin/builder/spi-builder-workspace/.dependencies/checkouts/ZIPFoundation/Sources/ZIPFoundation/Archive+Helpers.swift (in target 'ZIPFoundation' from project 'ZIPFoundation')
cd /Users/admin/builder/spi-builder-workspace/.swiftpm/xcode
SwiftCompile normal arm64 /Users/admin/builder/spi-builder-workspace/.dependencies/checkouts/ZIPFoundation/Sources/ZIPFoundation/Archive+MemoryFile.swift (in target 'ZIPFoundation' from project 'ZIPFoundation')
cd /Users/admin/builder/spi-builder-workspace/.swiftpm/xcode
SwiftCompile normal arm64 /Users/admin/builder/spi-builder-workspace/.dependencies/checkouts/ZIPFoundation/Sources/ZIPFoundation/Archive+Progress.swift (in target 'ZIPFoundation' from project 'ZIPFoundation')
cd /Users/admin/builder/spi-builder-workspace/.swiftpm/xcode
SwiftDriverJobDiscovery normal arm64 Compiling resource_bundle_accessor.swift (in target 'DSFRegex' from project 'DSFRegex')
SwiftCompile normal arm64 Compiling\ Archive+ZIP64.swift,\ Archive.swift /Users/admin/builder/spi-builder-workspace/.dependencies/checkouts/ZIPFoundation/Sources/ZIPFoundation/Archive+ZIP64.swift /Users/admin/builder/spi-builder-workspace/.dependencies/checkouts/ZIPFoundation/Sources/ZIPFoundation/Archive.swift (in target 'ZIPFoundation' from project 'ZIPFoundation')
SwiftCompile normal arm64 /Users/admin/builder/spi-builder-workspace/.dependencies/checkouts/ZIPFoundation/Sources/ZIPFoundation/Archive+ZIP64.swift (in target 'ZIPFoundation' from project 'ZIPFoundation')
cd /Users/admin/builder/spi-builder-workspace/.swiftpm/xcode
SwiftCompile normal arm64 /Users/admin/builder/spi-builder-workspace/.dependencies/checkouts/ZIPFoundation/Sources/ZIPFoundation/Archive.swift (in target 'ZIPFoundation' from project 'ZIPFoundation')
cd /Users/admin/builder/spi-builder-workspace/.swiftpm/xcode
SwiftDriverJobDiscovery normal arm64 Compiling String+CursorExtensions.swift (in target 'DSFRegex' from project 'DSFRegex')
SwiftCompile normal arm64 Compiling\ FileManager+ZIPDeprecated.swift,\ URL+ZIP.swift /Users/admin/builder/spi-builder-workspace/.dependencies/checkouts/ZIPFoundation/Sources/ZIPFoundation/FileManager+ZIPDeprecated.swift /Users/admin/builder/spi-builder-workspace/.dependencies/checkouts/ZIPFoundation/Sources/ZIPFoundation/URL+ZIP.swift (in target 'ZIPFoundation' from project 'ZIPFoundation')
SwiftCompile normal arm64 /Users/admin/builder/spi-builder-workspace/.dependencies/checkouts/ZIPFoundation/Sources/ZIPFoundation/FileManager+ZIPDeprecated.swift (in target 'ZIPFoundation' from project 'ZIPFoundation')
cd /Users/admin/builder/spi-builder-workspace/.swiftpm/xcode
SwiftCompile normal arm64 /Users/admin/builder/spi-builder-workspace/.dependencies/checkouts/ZIPFoundation/Sources/ZIPFoundation/URL+ZIP.swift (in target 'ZIPFoundation' from project 'ZIPFoundation')
cd /Users/admin/builder/spi-builder-workspace/.swiftpm/xcode
SwiftDriverJobDiscovery normal arm64 Emitting module for TinyCSV (in target 'TinyCSV' from project 'TinyCSV')
SwiftCompile normal arm64 Compiling\ resource_bundle_accessor.swift,\ Archive+BackingConfiguration.swift,\ Archive+Deprecated.swift /Users/admin/builder/spi-builder-workspace/.derivedData/Build/Intermediates.noindex/ZIPFoundation.build/Debug-xros/ZIPFoundation.build/DerivedSources/resource_bundle_accessor.swift /Users/admin/builder/spi-builder-workspace/.dependencies/checkouts/ZIPFoundation/Sources/ZIPFoundation/Archive+BackingConfiguration.swift /Users/admin/builder/spi-builder-workspace/.dependencies/checkouts/ZIPFoundation/Sources/ZIPFoundation/Archive+Deprecated.swift (in target 'ZIPFoundation' from project 'ZIPFoundation')
SwiftCompile normal arm64 /Users/admin/builder/spi-builder-workspace/.derivedData/Build/Intermediates.noindex/ZIPFoundation.build/Debug-xros/ZIPFoundation.build/DerivedSources/resource_bundle_accessor.swift (in target 'ZIPFoundation' from project 'ZIPFoundation')
cd /Users/admin/builder/spi-builder-workspace/.swiftpm/xcode
SwiftCompile normal arm64 /Users/admin/builder/spi-builder-workspace/.dependencies/checkouts/ZIPFoundation/Sources/ZIPFoundation/Archive+BackingConfiguration.swift (in target 'ZIPFoundation' from project 'ZIPFoundation')
cd /Users/admin/builder/spi-builder-workspace/.swiftpm/xcode
SwiftCompile normal arm64 /Users/admin/builder/spi-builder-workspace/.dependencies/checkouts/ZIPFoundation/Sources/ZIPFoundation/Archive+Deprecated.swift (in target 'ZIPFoundation' from project 'ZIPFoundation')
cd /Users/admin/builder/spi-builder-workspace/.swiftpm/xcode
SwiftCompile normal arm64 Compiling\ Archive+Writing.swift,\ Archive+WritingDeprecated.swift /Users/admin/builder/spi-builder-workspace/.dependencies/checkouts/ZIPFoundation/Sources/ZIPFoundation/Archive+Writing.swift /Users/admin/builder/spi-builder-workspace/.dependencies/checkouts/ZIPFoundation/Sources/ZIPFoundation/Archive+WritingDeprecated.swift (in target 'ZIPFoundation' from project 'ZIPFoundation')
SwiftCompile normal arm64 /Users/admin/builder/spi-builder-workspace/.dependencies/checkouts/ZIPFoundation/Sources/ZIPFoundation/Archive+Writing.swift (in target 'ZIPFoundation' from project 'ZIPFoundation')
cd /Users/admin/builder/spi-builder-workspace/.swiftpm/xcode
SwiftCompile normal arm64 /Users/admin/builder/spi-builder-workspace/.dependencies/checkouts/ZIPFoundation/Sources/ZIPFoundation/Archive+WritingDeprecated.swift (in target 'ZIPFoundation' from project 'ZIPFoundation')
cd /Users/admin/builder/spi-builder-workspace/.swiftpm/xcode
SwiftDriverJobDiscovery normal arm64 Compiling resource_bundle_accessor.swift (in target 'TinyCSV' from project 'TinyCSV')
SwiftDriverJobDiscovery normal arm64 Emitting module for DSFRegex (in target 'DSFRegex' from project 'DSFRegex')
SwiftDriver\ Compilation\ Requirements TinyCSV normal arm64 com.apple.xcode.tools.swift.compiler (in target 'TinyCSV' from project 'TinyCSV')
cd /Users/admin/builder/spi-builder-workspace/.swiftpm/xcode
builtin-Swift-Compilation-Requirements -- /Applications/Xcode-16.3.0.app/Contents/Developer/Toolchains/XcodeDefault.xctoolchain/usr/bin/swiftc -module-name TinyCSV -Onone -enforce-exclusivity\=checked @/Users/admin/builder/spi-builder-workspace/.derivedData/Build/Intermediates.noindex/TinyCSV.build/Debug-xros/TinyCSV.build/Objects-normal/arm64/TinyCSV.SwiftFileList -DSWIFT_PACKAGE -DDEBUG -DXcode -plugin-path /Applications/Xcode-16.3.0.app/Contents/Developer/Toolchains/XcodeDefault.xctoolchain/usr/lib/swift/host/plugins/testing -enable-experimental-feature DebugDescriptionMacro -sdk /Applications/Xcode-16.3.0.app/Contents/Developer/Platforms/XROS.platform/Developer/SDKs/XROS2.4.sdk -target arm64-apple-xros1.0 -g -module-cache-path /Users/admin/builder/spi-builder-workspace/.derivedData/ModuleCache.noindex -Xfrontend -serialize-debugging-options -profile-coverage-mapping -profile-generate -enable-testing -suppress-warnings -index-store-path /Users/admin/builder/spi-builder-workspace/.derivedData/Index.noindex/DataStore -swift-version 5 -I /Users/admin/builder/spi-builder-workspace/.derivedData/Build/Products/Debug-xros -I /Applications/Xcode-16.3.0.app/Contents/Developer/Platforms/XROS.platform/Developer/usr/lib -F /Users/admin/builder/spi-builder-workspace/.derivedData/Build/Products/Debug-xros -F /Applications/Xcode-16.3.0.app/Contents/Developer/Platforms/XROS.platform/Developer/Library/Frameworks -F /Applications/Xcode-16.3.0.app/Contents/Developer/Platforms/XROS.platform/Developer/SDKs/XROS2.4.sdk/Developer/Library/Frameworks -c -j10 -enable-batch-mode -incremental -Xcc -ivfsstatcache -Xcc /Users/admin/builder/spi-builder-workspace/.derivedData/SDKStatCaches.noindex/xros2.4-22O233-407b76dbb837030756cbe1ab3f0b01b6.sdkstatcache -output-file-map /Users/admin/builder/spi-builder-workspace/.derivedData/Build/Intermediates.noindex/TinyCSV.build/Debug-xros/TinyCSV.build/Objects-normal/arm64/TinyCSV-OutputFileMap.json -use-frontend-parseable-output -save-temps -no-color-diagnostics -serialize-diagnostics -emit-dependencies -emit-module -emit-module-path /Users/admin/builder/spi-builder-workspace/.derivedData/Build/Intermediates.noindex/TinyCSV.build/Debug-xros/TinyCSV.build/Objects-normal/arm64/TinyCSV.swiftmodule -validate-clang-modules-once -clang-build-session-file /Users/admin/builder/spi-builder-workspace/.derivedData/ModuleCache.noindex/Session.modulevalidation -Xcc -I/Users/admin/builder/spi-builder-workspace/.derivedData/Build/Intermediates.noindex/TinyCSV.build/Debug-xros/TinyCSV.build/swift-overrides.hmap -emit-const-values -Xfrontend -const-gather-protocols-file -Xfrontend /Users/admin/builder/spi-builder-workspace/.derivedData/Build/Intermediates.noindex/TinyCSV.build/Debug-xros/TinyCSV.build/Objects-normal/arm64/TinyCSV_const_extract_protocols.json -Xcc -I/Users/admin/builder/spi-builder-workspace/.derivedData/Build/Products/Debug-xros/include -Xcc -I/Users/admin/builder/spi-builder-workspace/.derivedData/Build/Intermediates.noindex/TinyCSV.build/Debug-xros/TinyCSV.build/DerivedSources-normal/arm64 -Xcc -I/Users/admin/builder/spi-builder-workspace/.derivedData/Build/Intermediates.noindex/TinyCSV.build/Debug-xros/TinyCSV.build/DerivedSources/arm64 -Xcc -I/Users/admin/builder/spi-builder-workspace/.derivedData/Build/Intermediates.noindex/TinyCSV.build/Debug-xros/TinyCSV.build/DerivedSources -Xcc -DSWIFT_PACKAGE -Xcc -DDEBUG\=1 -emit-objc-header -emit-objc-header-path /Users/admin/builder/spi-builder-workspace/.derivedData/Build/Intermediates.noindex/TinyCSV.build/Debug-xros/TinyCSV.build/Objects-normal/arm64/TinyCSV-Swift.h -working-directory /Users/admin/builder/spi-builder-workspace/.swiftpm/xcode -experimental-emit-module-separately -disable-cmo
SwiftDriverJobDiscovery normal arm64 Compiling DSFRegex.swift (in target 'DSFRegex' from project 'DSFRegex')
SwiftDriver\ Compilation\ Requirements DSFRegex normal arm64 com.apple.xcode.tools.swift.compiler (in target 'DSFRegex' from project 'DSFRegex')
cd /Users/admin/builder/spi-builder-workspace/.swiftpm/xcode
builtin-Swift-Compilation-Requirements -- /Applications/Xcode-16.3.0.app/Contents/Developer/Toolchains/XcodeDefault.xctoolchain/usr/bin/swiftc -module-name DSFRegex -Onone -enforce-exclusivity\=checked @/Users/admin/builder/spi-builder-workspace/.derivedData/Build/Intermediates.noindex/DSFRegex.build/Debug-xros/DSFRegex.build/Objects-normal/arm64/DSFRegex.SwiftFileList -DSWIFT_PACKAGE -DDEBUG -DXcode -plugin-path /Applications/Xcode-16.3.0.app/Contents/Developer/Toolchains/XcodeDefault.xctoolchain/usr/lib/swift/host/plugins/testing -enable-experimental-feature DebugDescriptionMacro -sdk /Applications/Xcode-16.3.0.app/Contents/Developer/Platforms/XROS.platform/Developer/SDKs/XROS2.4.sdk -target arm64-apple-xros1.0 -g -module-cache-path /Users/admin/builder/spi-builder-workspace/.derivedData/ModuleCache.noindex -Xfrontend -serialize-debugging-options -profile-coverage-mapping -profile-generate -enable-testing -suppress-warnings -index-store-path /Users/admin/builder/spi-builder-workspace/.derivedData/Index.noindex/DataStore -swift-version 5 -I /Users/admin/builder/spi-builder-workspace/.derivedData/Build/Products/Debug-xros -I /Applications/Xcode-16.3.0.app/Contents/Developer/Platforms/XROS.platform/Developer/usr/lib -F /Users/admin/builder/spi-builder-workspace/.derivedData/Build/Products/Debug-xros -F /Applications/Xcode-16.3.0.app/Contents/Developer/Platforms/XROS.platform/Developer/Library/Frameworks -F /Applications/Xcode-16.3.0.app/Contents/Developer/Platforms/XROS.platform/Developer/SDKs/XROS2.4.sdk/Developer/Library/Frameworks -c -j10 -enable-batch-mode -incremental -Xcc -ivfsstatcache -Xcc /Users/admin/builder/spi-builder-workspace/.derivedData/SDKStatCaches.noindex/xros2.4-22O233-407b76dbb837030756cbe1ab3f0b01b6.sdkstatcache -output-file-map /Users/admin/builder/spi-builder-workspace/.derivedData/Build/Intermediates.noindex/DSFRegex.build/Debug-xros/DSFRegex.build/Objects-normal/arm64/DSFRegex-OutputFileMap.json -use-frontend-parseable-output -save-temps -no-color-diagnostics -serialize-diagnostics -emit-dependencies -emit-module -emit-module-path /Users/admin/builder/spi-builder-workspace/.derivedData/Build/Intermediates.noindex/DSFRegex.build/Debug-xros/DSFRegex.build/Objects-normal/arm64/DSFRegex.swiftmodule -validate-clang-modules-once -clang-build-session-file /Users/admin/builder/spi-builder-workspace/.derivedData/ModuleCache.noindex/Session.modulevalidation -Xcc -I/Users/admin/builder/spi-builder-workspace/.derivedData/Build/Intermediates.noindex/DSFRegex.build/Debug-xros/DSFRegex.build/swift-overrides.hmap -emit-const-values -Xfrontend -const-gather-protocols-file -Xfrontend /Users/admin/builder/spi-builder-workspace/.derivedData/Build/Intermediates.noindex/DSFRegex.build/Debug-xros/DSFRegex.build/Objects-normal/arm64/DSFRegex_const_extract_protocols.json -Xcc -I/Users/admin/builder/spi-builder-workspace/.derivedData/Build/Products/Debug-xros/include -Xcc -I/Users/admin/builder/spi-builder-workspace/.derivedData/Build/Intermediates.noindex/DSFRegex.build/Debug-xros/DSFRegex.build/DerivedSources-normal/arm64 -Xcc -I/Users/admin/builder/spi-builder-workspace/.derivedData/Build/Intermediates.noindex/DSFRegex.build/Debug-xros/DSFRegex.build/DerivedSources/arm64 -Xcc -I/Users/admin/builder/spi-builder-workspace/.derivedData/Build/Intermediates.noindex/DSFRegex.build/Debug-xros/DSFRegex.build/DerivedSources -Xcc -DSWIFT_PACKAGE -Xcc -DDEBUG\=1 -emit-objc-header -emit-objc-header-path /Users/admin/builder/spi-builder-workspace/.derivedData/Build/Intermediates.noindex/DSFRegex.build/Debug-xros/DSFRegex.build/Objects-normal/arm64/DSFRegex-Swift.h -working-directory /Users/admin/builder/spi-builder-workspace/.swiftpm/xcode -experimental-emit-module-separately -disable-cmo
SwiftCompile normal arm64 Compiling\ Entry+Serialization.swift,\ Entry+ZIP64.swift /Users/admin/builder/spi-builder-workspace/.dependencies/checkouts/ZIPFoundation/Sources/ZIPFoundation/Entry+Serialization.swift /Users/admin/builder/spi-builder-workspace/.dependencies/checkouts/ZIPFoundation/Sources/ZIPFoundation/Entry+ZIP64.swift (in target 'ZIPFoundation' from project 'ZIPFoundation')
SwiftCompile normal arm64 /Users/admin/builder/spi-builder-workspace/.dependencies/checkouts/ZIPFoundation/Sources/ZIPFoundation/Entry+Serialization.swift (in target 'ZIPFoundation' from project 'ZIPFoundation')
cd /Users/admin/builder/spi-builder-workspace/.swiftpm/xcode
SwiftCompile normal arm64 /Users/admin/builder/spi-builder-workspace/.dependencies/checkouts/ZIPFoundation/Sources/ZIPFoundation/Entry+ZIP64.swift (in target 'ZIPFoundation' from project 'ZIPFoundation')
cd /Users/admin/builder/spi-builder-workspace/.swiftpm/xcode
Copy /Users/admin/builder/spi-builder-workspace/.derivedData/Build/Products/Debug-xros/TinyCSV.swiftmodule/arm64-apple-xros.abi.json /Users/admin/builder/spi-builder-workspace/.derivedData/Build/Intermediates.noindex/TinyCSV.build/Debug-xros/TinyCSV.build/Objects-normal/arm64/TinyCSV.abi.json (in target 'TinyCSV' from project 'TinyCSV')
cd /Users/admin/builder/spi-builder-workspace/.dependencies/checkouts/TinyCSV
builtin-copy -exclude .DS_Store -exclude CVS -exclude .svn -exclude .git -exclude .hg -resolve-src-symlinks -rename /Users/admin/builder/spi-builder-workspace/.derivedData/Build/Intermediates.noindex/TinyCSV.build/Debug-xros/TinyCSV.build/Objects-normal/arm64/TinyCSV.abi.json /Users/admin/builder/spi-builder-workspace/.derivedData/Build/Products/Debug-xros/TinyCSV.swiftmodule/arm64-apple-xros.abi.json
SwiftDriverJobDiscovery normal arm64 Emitting module for BytesParser (in target 'BytesParser' from project 'BytesParser')
Copy /Users/admin/builder/spi-builder-workspace/.derivedData/Build/Products/Debug-xros/DSFRegex.swiftmodule/arm64-apple-xros.abi.json /Users/admin/builder/spi-builder-workspace/.derivedData/Build/Intermediates.noindex/DSFRegex.build/Debug-xros/DSFRegex.build/Objects-normal/arm64/DSFRegex.abi.json (in target 'DSFRegex' from project 'DSFRegex')
cd /Users/admin/builder/spi-builder-workspace/.dependencies/checkouts/DSFRegex
builtin-copy -exclude .DS_Store -exclude CVS -exclude .svn -exclude .git -exclude .hg -resolve-src-symlinks -rename /Users/admin/builder/spi-builder-workspace/.derivedData/Build/Intermediates.noindex/DSFRegex.build/Debug-xros/DSFRegex.build/Objects-normal/arm64/DSFRegex.abi.json /Users/admin/builder/spi-builder-workspace/.derivedData/Build/Products/Debug-xros/DSFRegex.swiftmodule/arm64-apple-xros.abi.json
SwiftDriver\ Compilation\ Requirements BytesParser normal arm64 com.apple.xcode.tools.swift.compiler (in target 'BytesParser' from project 'BytesParser')
cd /Users/admin/builder/spi-builder-workspace/.swiftpm/xcode
builtin-Swift-Compilation-Requirements -- /Applications/Xcode-16.3.0.app/Contents/Developer/Toolchains/XcodeDefault.xctoolchain/usr/bin/swiftc -module-name BytesParser -Onone -enforce-exclusivity\=checked @/Users/admin/builder/spi-builder-workspace/.derivedData/Build/Intermediates.noindex/BytesParser.build/Debug-xros/BytesParser.build/Objects-normal/arm64/BytesParser.SwiftFileList -DSWIFT_PACKAGE -DDEBUG -DXcode -plugin-path /Applications/Xcode-16.3.0.app/Contents/Developer/Toolchains/XcodeDefault.xctoolchain/usr/lib/swift/host/plugins/testing -enable-experimental-feature DebugDescriptionMacro -sdk /Applications/Xcode-16.3.0.app/Contents/Developer/Platforms/XROS.platform/Developer/SDKs/XROS2.4.sdk -target arm64-apple-xros1.0 -g -module-cache-path /Users/admin/builder/spi-builder-workspace/.derivedData/ModuleCache.noindex -Xfrontend -serialize-debugging-options -profile-coverage-mapping -profile-generate -enable-testing -suppress-warnings -index-store-path /Users/admin/builder/spi-builder-workspace/.derivedData/Index.noindex/DataStore -swift-version 5 -I /Users/admin/builder/spi-builder-workspace/.derivedData/Build/Products/Debug-xros -I /Applications/Xcode-16.3.0.app/Contents/Developer/Platforms/XROS.platform/Developer/usr/lib -F /Users/admin/builder/spi-builder-workspace/.derivedData/Build/Products/Debug-xros -F /Applications/Xcode-16.3.0.app/Contents/Developer/Platforms/XROS.platform/Developer/Library/Frameworks -F /Applications/Xcode-16.3.0.app/Contents/Developer/Platforms/XROS.platform/Developer/SDKs/XROS2.4.sdk/Developer/Library/Frameworks -c -j10 -enable-batch-mode -incremental -Xcc -ivfsstatcache -Xcc /Users/admin/builder/spi-builder-workspace/.derivedData/SDKStatCaches.noindex/xros2.4-22O233-407b76dbb837030756cbe1ab3f0b01b6.sdkstatcache -output-file-map /Users/admin/builder/spi-builder-workspace/.derivedData/Build/Intermediates.noindex/BytesParser.build/Debug-xros/BytesParser.build/Objects-normal/arm64/BytesParser-OutputFileMap.json -use-frontend-parseable-output -save-temps -no-color-diagnostics -serialize-diagnostics -emit-dependencies -emit-module -emit-module-path /Users/admin/builder/spi-builder-workspace/.derivedData/Build/Intermediates.noindex/BytesParser.build/Debug-xros/BytesParser.build/Objects-normal/arm64/BytesParser.swiftmodule -validate-clang-modules-once -clang-build-session-file /Users/admin/builder/spi-builder-workspace/.derivedData/ModuleCache.noindex/Session.modulevalidation -Xcc -I/Users/admin/builder/spi-builder-workspace/.derivedData/Build/Intermediates.noindex/BytesParser.build/Debug-xros/BytesParser.build/swift-overrides.hmap -emit-const-values -Xfrontend -const-gather-protocols-file -Xfrontend /Users/admin/builder/spi-builder-workspace/.derivedData/Build/Intermediates.noindex/BytesParser.build/Debug-xros/BytesParser.build/Objects-normal/arm64/BytesParser_const_extract_protocols.json -Xcc -I/Users/admin/builder/spi-builder-workspace/.derivedData/Build/Products/Debug-xros/include -Xcc -I/Users/admin/builder/spi-builder-workspace/.derivedData/Build/Intermediates.noindex/BytesParser.build/Debug-xros/BytesParser.build/DerivedSources-normal/arm64 -Xcc -I/Users/admin/builder/spi-builder-workspace/.derivedData/Build/Intermediates.noindex/BytesParser.build/Debug-xros/BytesParser.build/DerivedSources/arm64 -Xcc -I/Users/admin/builder/spi-builder-workspace/.derivedData/Build/Intermediates.noindex/BytesParser.build/Debug-xros/BytesParser.build/DerivedSources -Xcc -DSWIFT_PACKAGE -Xcc -DDEBUG\=1 -emit-objc-header -emit-objc-header-path /Users/admin/builder/spi-builder-workspace/.derivedData/Build/Intermediates.noindex/BytesParser.build/Debug-xros/BytesParser.build/Objects-normal/arm64/BytesParser-Swift.h -working-directory /Users/admin/builder/spi-builder-workspace/.swiftpm/xcode -experimental-emit-module-separately -disable-cmo
SwiftCompile normal arm64 Compiling\ Data+Serialization.swift,\ Date+ZIP.swift /Users/admin/builder/spi-builder-workspace/.dependencies/checkouts/ZIPFoundation/Sources/ZIPFoundation/Data+Serialization.swift /Users/admin/builder/spi-builder-workspace/.dependencies/checkouts/ZIPFoundation/Sources/ZIPFoundation/Date+ZIP.swift (in target 'ZIPFoundation' from project 'ZIPFoundation')
SwiftCompile normal arm64 /Users/admin/builder/spi-builder-workspace/.dependencies/checkouts/ZIPFoundation/Sources/ZIPFoundation/Data+Serialization.swift (in target 'ZIPFoundation' from project 'ZIPFoundation')
cd /Users/admin/builder/spi-builder-workspace/.swiftpm/xcode
SwiftCompile normal arm64 /Users/admin/builder/spi-builder-workspace/.dependencies/checkouts/ZIPFoundation/Sources/ZIPFoundation/Date+ZIP.swift (in target 'ZIPFoundation' from project 'ZIPFoundation')
cd /Users/admin/builder/spi-builder-workspace/.swiftpm/xcode
Copy /Users/admin/builder/spi-builder-workspace/.derivedData/Build/Products/Debug-xros/BytesParser.swiftmodule/arm64-apple-xros.swiftmodule /Users/admin/builder/spi-builder-workspace/.derivedData/Build/Intermediates.noindex/BytesParser.build/Debug-xros/BytesParser.build/Objects-normal/arm64/BytesParser.swiftmodule (in target 'BytesParser' from project 'BytesParser')
cd /Users/admin/builder/spi-builder-workspace/.dependencies/checkouts/BytesParser
builtin-copy -exclude .DS_Store -exclude CVS -exclude .svn -exclude .git -exclude .hg -resolve-src-symlinks -rename /Users/admin/builder/spi-builder-workspace/.derivedData/Build/Intermediates.noindex/BytesParser.build/Debug-xros/BytesParser.build/Objects-normal/arm64/BytesParser.swiftmodule /Users/admin/builder/spi-builder-workspace/.derivedData/Build/Products/Debug-xros/BytesParser.swiftmodule/arm64-apple-xros.swiftmodule
SwiftDriverJobDiscovery normal arm64 Emitting module for SwiftImageReadWrite (in target 'SwiftImageReadWrite' from project 'SwiftImageReadWrite')
SwiftDriver\ Compilation\ Requirements SwiftImageReadWrite normal arm64 com.apple.xcode.tools.swift.compiler (in target 'SwiftImageReadWrite' from project 'SwiftImageReadWrite')
cd /Users/admin/builder/spi-builder-workspace/.swiftpm/xcode
builtin-Swift-Compilation-Requirements -- /Applications/Xcode-16.3.0.app/Contents/Developer/Toolchains/XcodeDefault.xctoolchain/usr/bin/swiftc -module-name SwiftImageReadWrite -Onone -enforce-exclusivity\=checked @/Users/admin/builder/spi-builder-workspace/.derivedData/Build/Intermediates.noindex/SwiftImageReadWrite.build/Debug-xros/SwiftImageReadWrite.build/Objects-normal/arm64/SwiftImageReadWrite.SwiftFileList -DSWIFT_PACKAGE -DDEBUG -DXcode -plugin-path /Applications/Xcode-16.3.0.app/Contents/Developer/Toolchains/XcodeDefault.xctoolchain/usr/lib/swift/host/plugins/testing -enable-experimental-feature DebugDescriptionMacro -sdk /Applications/Xcode-16.3.0.app/Contents/Developer/Platforms/XROS.platform/Developer/SDKs/XROS2.4.sdk -target arm64-apple-xros1.0 -g -module-cache-path /Users/admin/builder/spi-builder-workspace/.derivedData/ModuleCache.noindex -Xfrontend -serialize-debugging-options -profile-coverage-mapping -profile-generate -enable-testing -suppress-warnings -index-store-path /Users/admin/builder/spi-builder-workspace/.derivedData/Index.noindex/DataStore -swift-version 5 -I /Users/admin/builder/spi-builder-workspace/.derivedData/Build/Products/Debug-xros -I /Applications/Xcode-16.3.0.app/Contents/Developer/Platforms/XROS.platform/Developer/usr/lib -F /Users/admin/builder/spi-builder-workspace/.derivedData/Build/Products/Debug-xros -F /Applications/Xcode-16.3.0.app/Contents/Developer/Platforms/XROS.platform/Developer/Library/Frameworks -F /Applications/Xcode-16.3.0.app/Contents/Developer/Platforms/XROS.platform/Developer/SDKs/XROS2.4.sdk/Developer/Library/Frameworks -c -j10 -enable-batch-mode -incremental -Xcc -ivfsstatcache -Xcc /Users/admin/builder/spi-builder-workspace/.derivedData/SDKStatCaches.noindex/xros2.4-22O233-407b76dbb837030756cbe1ab3f0b01b6.sdkstatcache -output-file-map /Users/admin/builder/spi-builder-workspace/.derivedData/Build/Intermediates.noindex/SwiftImageReadWrite.build/Debug-xros/SwiftImageReadWrite.build/Objects-normal/arm64/SwiftImageReadWrite-OutputFileMap.json -use-frontend-parseable-output -save-temps -no-color-diagnostics -serialize-diagnostics -emit-dependencies -emit-module -emit-module-path /Users/admin/builder/spi-builder-workspace/.derivedData/Build/Intermediates.noindex/SwiftImageReadWrite.build/Debug-xros/SwiftImageReadWrite.build/Objects-normal/arm64/SwiftImageReadWrite.swiftmodule -validate-clang-modules-once -clang-build-session-file /Users/admin/builder/spi-builder-workspace/.derivedData/ModuleCache.noindex/Session.modulevalidation -Xcc -I/Users/admin/builder/spi-builder-workspace/.derivedData/Build/Intermediates.noindex/SwiftImageReadWrite.build/Debug-xros/SwiftImageReadWrite.build/swift-overrides.hmap -emit-const-values -Xfrontend -const-gather-protocols-file -Xfrontend /Users/admin/builder/spi-builder-workspace/.derivedData/Build/Intermediates.noindex/SwiftImageReadWrite.build/Debug-xros/SwiftImageReadWrite.build/Objects-normal/arm64/SwiftImageReadWrite_const_extract_protocols.json -Xcc -I/Users/admin/builder/spi-builder-workspace/.derivedData/Build/Products/Debug-xros/include -Xcc -I/Users/admin/builder/spi-builder-workspace/.derivedData/Build/Intermediates.noindex/SwiftImageReadWrite.build/Debug-xros/SwiftImageReadWrite.build/DerivedSources-normal/arm64 -Xcc -I/Users/admin/builder/spi-builder-workspace/.derivedData/Build/Intermediates.noindex/SwiftImageReadWrite.build/Debug-xros/SwiftImageReadWrite.build/DerivedSources/arm64 -Xcc -I/Users/admin/builder/spi-builder-workspace/.derivedData/Build/Intermediates.noindex/SwiftImageReadWrite.build/Debug-xros/SwiftImageReadWrite.build/DerivedSources -Xcc -DSWIFT_PACKAGE -Xcc -DDEBUG\=1 -emit-objc-header -emit-objc-header-path /Users/admin/builder/spi-builder-workspace/.derivedData/Build/Intermediates.noindex/SwiftImageReadWrite.build/Debug-xros/SwiftImageReadWrite.build/Objects-normal/arm64/SwiftImageReadWrite-Swift.h -working-directory /Users/admin/builder/spi-builder-workspace/.swiftpm/xcode -experimental-emit-module-separately -disable-cmo
Copy /Users/admin/builder/spi-builder-workspace/.derivedData/Build/Products/Debug-xros/BytesParser.swiftmodule/arm64-apple-xros.abi.json /Users/admin/builder/spi-builder-workspace/.derivedData/Build/Intermediates.noindex/BytesParser.build/Debug-xros/BytesParser.build/Objects-normal/arm64/BytesParser.abi.json (in target 'BytesParser' from project 'BytesParser')
cd /Users/admin/builder/spi-builder-workspace/.dependencies/checkouts/BytesParser
builtin-copy -exclude .DS_Store -exclude CVS -exclude .svn -exclude .git -exclude .hg -resolve-src-symlinks -rename /Users/admin/builder/spi-builder-workspace/.derivedData/Build/Intermediates.noindex/BytesParser.build/Debug-xros/BytesParser.build/Objects-normal/arm64/BytesParser.abi.json /Users/admin/builder/spi-builder-workspace/.derivedData/Build/Products/Debug-xros/BytesParser.swiftmodule/arm64-apple-xros.abi.json
Copy /Users/admin/builder/spi-builder-workspace/.derivedData/Build/Products/Debug-xros/SwiftImageReadWrite.swiftmodule/arm64-apple-xros.abi.json /Users/admin/builder/spi-builder-workspace/.derivedData/Build/Intermediates.noindex/SwiftImageReadWrite.build/Debug-xros/SwiftImageReadWrite.build/Objects-normal/arm64/SwiftImageReadWrite.abi.json (in target 'SwiftImageReadWrite' from project 'SwiftImageReadWrite')
cd /Users/admin/builder/spi-builder-workspace/.dependencies/checkouts/SwiftImageReadWrite
builtin-copy -exclude .DS_Store -exclude CVS -exclude .svn -exclude .git -exclude .hg -resolve-src-symlinks -rename /Users/admin/builder/spi-builder-workspace/.derivedData/Build/Intermediates.noindex/SwiftImageReadWrite.build/Debug-xros/SwiftImageReadWrite.build/Objects-normal/arm64/SwiftImageReadWrite.abi.json /Users/admin/builder/spi-builder-workspace/.derivedData/Build/Products/Debug-xros/SwiftImageReadWrite.swiftmodule/arm64-apple-xros.abi.json
SwiftCompile normal arm64 Compiling\ Archive+Reading.swift,\ Archive+ReadingDeprecated.swift /Users/admin/builder/spi-builder-workspace/.dependencies/checkouts/ZIPFoundation/Sources/ZIPFoundation/Archive+Reading.swift /Users/admin/builder/spi-builder-workspace/.dependencies/checkouts/ZIPFoundation/Sources/ZIPFoundation/Archive+ReadingDeprecated.swift (in target 'ZIPFoundation' from project 'ZIPFoundation')
SwiftCompile normal arm64 /Users/admin/builder/spi-builder-workspace/.dependencies/checkouts/ZIPFoundation/Sources/ZIPFoundation/Archive+Reading.swift (in target 'ZIPFoundation' from project 'ZIPFoundation')
cd /Users/admin/builder/spi-builder-workspace/.swiftpm/xcode
SwiftCompile normal arm64 /Users/admin/builder/spi-builder-workspace/.dependencies/checkouts/ZIPFoundation/Sources/ZIPFoundation/Archive+ReadingDeprecated.swift (in target 'ZIPFoundation' from project 'ZIPFoundation')
cd /Users/admin/builder/spi-builder-workspace/.swiftpm/xcode
SwiftCompile normal arm64 Compiling\ Data+Compression.swift,\ Data+CompressionDeprecated.swift /Users/admin/builder/spi-builder-workspace/.dependencies/checkouts/ZIPFoundation/Sources/ZIPFoundation/Data+Compression.swift /Users/admin/builder/spi-builder-workspace/.dependencies/checkouts/ZIPFoundation/Sources/ZIPFoundation/Data+CompressionDeprecated.swift (in target 'ZIPFoundation' from project 'ZIPFoundation')
SwiftCompile normal arm64 /Users/admin/builder/spi-builder-workspace/.dependencies/checkouts/ZIPFoundation/Sources/ZIPFoundation/Data+Compression.swift (in target 'ZIPFoundation' from project 'ZIPFoundation')
cd /Users/admin/builder/spi-builder-workspace/.swiftpm/xcode
SwiftCompile normal arm64 /Users/admin/builder/spi-builder-workspace/.dependencies/checkouts/ZIPFoundation/Sources/ZIPFoundation/Data+CompressionDeprecated.swift (in target 'ZIPFoundation' from project 'ZIPFoundation')
cd /Users/admin/builder/spi-builder-workspace/.swiftpm/xcode
SwiftDriverJobDiscovery normal arm64 Compiling FileManager+ZIPDeprecated.swift, URL+ZIP.swift (in target 'ZIPFoundation' from project 'ZIPFoundation')
SwiftCompile normal arm64 Compiling\ TinyCSV+EventDrivenDecoder.swift /Users/admin/builder/spi-builder-workspace/.dependencies/checkouts/TinyCSV/Sources/TinyCSV/private/TinyCSV+EventDrivenDecoder.swift (in target 'TinyCSV' from project 'TinyCSV')
SwiftCompile normal arm64 /Users/admin/builder/spi-builder-workspace/.dependencies/checkouts/TinyCSV/Sources/TinyCSV/private/TinyCSV+EventDrivenDecoder.swift (in target 'TinyCSV' from project 'TinyCSV')
cd /Users/admin/builder/spi-builder-workspace/.swiftpm/xcode
SwiftDriverJobDiscovery normal arm64 Emitting module for ZIPFoundation (in target 'ZIPFoundation' from project 'ZIPFoundation')
SwiftDriver\ Compilation\ Requirements ZIPFoundation normal arm64 com.apple.xcode.tools.swift.compiler (in target 'ZIPFoundation' from project 'ZIPFoundation')
cd /Users/admin/builder/spi-builder-workspace/.swiftpm/xcode
builtin-Swift-Compilation-Requirements -- /Applications/Xcode-16.3.0.app/Contents/Developer/Toolchains/XcodeDefault.xctoolchain/usr/bin/swiftc -module-name ZIPFoundation -Onone -enforce-exclusivity\=checked @/Users/admin/builder/spi-builder-workspace/.derivedData/Build/Intermediates.noindex/ZIPFoundation.build/Debug-xros/ZIPFoundation.build/Objects-normal/arm64/ZIPFoundation.SwiftFileList -DSWIFT_PACKAGE -DDEBUG -DXcode -plugin-path /Applications/Xcode-16.3.0.app/Contents/Developer/Toolchains/XcodeDefault.xctoolchain/usr/lib/swift/host/plugins/testing -enable-experimental-feature DebugDescriptionMacro -sdk /Applications/Xcode-16.3.0.app/Contents/Developer/Platforms/XROS.platform/Developer/SDKs/XROS2.4.sdk -target arm64-apple-xros1.0 -g -module-cache-path /Users/admin/builder/spi-builder-workspace/.derivedData/ModuleCache.noindex -Xfrontend -serialize-debugging-options -profile-coverage-mapping -profile-generate -enable-testing -suppress-warnings -index-store-path /Users/admin/builder/spi-builder-workspace/.derivedData/Index.noindex/DataStore -swift-version 5 -I /Users/admin/builder/spi-builder-workspace/.derivedData/Build/Products/Debug-xros -I /Applications/Xcode-16.3.0.app/Contents/Developer/Platforms/XROS.platform/Developer/usr/lib -F /Users/admin/builder/spi-builder-workspace/.derivedData/Build/Products/Debug-xros -F /Applications/Xcode-16.3.0.app/Contents/Developer/Platforms/XROS.platform/Developer/Library/Frameworks -F /Applications/Xcode-16.3.0.app/Contents/Developer/Platforms/XROS.platform/Developer/SDKs/XROS2.4.sdk/Developer/Library/Frameworks -c -j10 -enable-batch-mode -incremental -Xcc -ivfsstatcache -Xcc /Users/admin/builder/spi-builder-workspace/.derivedData/SDKStatCaches.noindex/xros2.4-22O233-407b76dbb837030756cbe1ab3f0b01b6.sdkstatcache -output-file-map /Users/admin/builder/spi-builder-workspace/.derivedData/Build/Intermediates.noindex/ZIPFoundation.build/Debug-xros/ZIPFoundation.build/Objects-normal/arm64/ZIPFoundation-OutputFileMap.json -use-frontend-parseable-output -save-temps -no-color-diagnostics -serialize-diagnostics -emit-dependencies -emit-module -emit-module-path /Users/admin/builder/spi-builder-workspace/.derivedData/Build/Intermediates.noindex/ZIPFoundation.build/Debug-xros/ZIPFoundation.build/Objects-normal/arm64/ZIPFoundation.swiftmodule -validate-clang-modules-once -clang-build-session-file /Users/admin/builder/spi-builder-workspace/.derivedData/ModuleCache.noindex/Session.modulevalidation -package-name zipfoundation -Xcc -I/Users/admin/builder/spi-builder-workspace/.derivedData/Build/Intermediates.noindex/ZIPFoundation.build/Debug-xros/ZIPFoundation.build/swift-overrides.hmap -emit-const-values -Xfrontend -const-gather-protocols-file -Xfrontend /Users/admin/builder/spi-builder-workspace/.derivedData/Build/Intermediates.noindex/ZIPFoundation.build/Debug-xros/ZIPFoundation.build/Objects-normal/arm64/ZIPFoundation_const_extract_protocols.json -Xcc -I/Users/admin/builder/spi-builder-workspace/.derivedData/Build/Products/Debug-xros/include -Xcc -I/Users/admin/builder/spi-builder-workspace/.derivedData/Build/Intermediates.noindex/ZIPFoundation.build/Debug-xros/ZIPFoundation.build/DerivedSources-normal/arm64 -Xcc -I/Users/admin/builder/spi-builder-workspace/.derivedData/Build/Intermediates.noindex/ZIPFoundation.build/Debug-xros/ZIPFoundation.build/DerivedSources/arm64 -Xcc -I/Users/admin/builder/spi-builder-workspace/.derivedData/Build/Intermediates.noindex/ZIPFoundation.build/Debug-xros/ZIPFoundation.build/DerivedSources -Xcc -DSWIFT_PACKAGE -Xcc -DDEBUG\=1 -emit-objc-header -emit-objc-header-path /Users/admin/builder/spi-builder-workspace/.derivedData/Build/Intermediates.noindex/ZIPFoundation.build/Debug-xros/ZIPFoundation.build/Objects-normal/arm64/ZIPFoundation-Swift.h -working-directory /Users/admin/builder/spi-builder-workspace/.swiftpm/xcode -experimental-emit-module-separately -disable-cmo
SwiftDriverJobDiscovery normal arm64 Compiling resource_bundle_accessor.swift, Archive+BackingConfiguration.swift, Archive+Deprecated.swift (in target 'ZIPFoundation' from project 'ZIPFoundation')
SwiftCompile normal arm64 Compiling\ TinyCSV+Parsing.swift /Users/admin/builder/spi-builder-workspace/.dependencies/checkouts/TinyCSV/Sources/TinyCSV/private/TinyCSV+Parsing.swift (in target 'TinyCSV' from project 'TinyCSV')
SwiftCompile normal arm64 /Users/admin/builder/spi-builder-workspace/.dependencies/checkouts/TinyCSV/Sources/TinyCSV/private/TinyCSV+Parsing.swift (in target 'TinyCSV' from project 'TinyCSV')
cd /Users/admin/builder/spi-builder-workspace/.swiftpm/xcode
Copy /Users/admin/builder/spi-builder-workspace/.derivedData/Build/Products/Debug-xros/ZIPFoundation.swiftmodule/arm64-apple-xros.swiftmodule /Users/admin/builder/spi-builder-workspace/.derivedData/Build/Intermediates.noindex/ZIPFoundation.build/Debug-xros/ZIPFoundation.build/Objects-normal/arm64/ZIPFoundation.swiftmodule (in target 'ZIPFoundation' from project 'ZIPFoundation')
cd /Users/admin/builder/spi-builder-workspace/.dependencies/checkouts/ZIPFoundation
builtin-copy -exclude .DS_Store -exclude CVS -exclude .svn -exclude .git -exclude .hg -resolve-src-symlinks -rename /Users/admin/builder/spi-builder-workspace/.derivedData/Build/Intermediates.noindex/ZIPFoundation.build/Debug-xros/ZIPFoundation.build/Objects-normal/arm64/ZIPFoundation.swiftmodule /Users/admin/builder/spi-builder-workspace/.derivedData/Build/Products/Debug-xros/ZIPFoundation.swiftmodule/arm64-apple-xros.swiftmodule
SwiftDriverJobDiscovery normal arm64 Compiling Archive+ZIP64.swift, Archive.swift (in target 'ZIPFoundation' from project 'ZIPFoundation')
Copy /Users/admin/builder/spi-builder-workspace/.derivedData/Build/Products/Debug-xros/ZIPFoundation.swiftmodule/arm64-apple-xros.abi.json /Users/admin/builder/spi-builder-workspace/.derivedData/Build/Intermediates.noindex/ZIPFoundation.build/Debug-xros/ZIPFoundation.build/Objects-normal/arm64/ZIPFoundation.abi.json (in target 'ZIPFoundation' from project 'ZIPFoundation')
cd /Users/admin/builder/spi-builder-workspace/.dependencies/checkouts/ZIPFoundation
builtin-copy -exclude .DS_Store -exclude CVS -exclude .svn -exclude .git -exclude .hg -resolve-src-symlinks -rename /Users/admin/builder/spi-builder-workspace/.derivedData/Build/Intermediates.noindex/ZIPFoundation.build/Debug-xros/ZIPFoundation.build/Objects-normal/arm64/ZIPFoundation.abi.json /Users/admin/builder/spi-builder-workspace/.derivedData/Build/Products/Debug-xros/ZIPFoundation.swiftmodule/arm64-apple-xros.abi.json
SwiftCompile normal arm64 Compiling\ TinyCSV+Delimiter.swift /Users/admin/builder/spi-builder-workspace/.dependencies/checkouts/TinyCSV/Sources/TinyCSV/TinyCSV+Delimiter.swift (in target 'TinyCSV' from project 'TinyCSV')
SwiftCompile normal arm64 /Users/admin/builder/spi-builder-workspace/.dependencies/checkouts/TinyCSV/Sources/TinyCSV/TinyCSV+Delimiter.swift (in target 'TinyCSV' from project 'TinyCSV')
cd /Users/admin/builder/spi-builder-workspace/.swiftpm/xcode
SwiftCompile normal arm64 Compiling\ TinyCSVData.swift /Users/admin/builder/spi-builder-workspace/.dependencies/checkouts/TinyCSV/Sources/TinyCSV/TinyCSVData.swift (in target 'TinyCSV' from project 'TinyCSV')
SwiftCompile normal arm64 /Users/admin/builder/spi-builder-workspace/.dependencies/checkouts/TinyCSV/Sources/TinyCSV/TinyCSVData.swift (in target 'TinyCSV' from project 'TinyCSV')
cd /Users/admin/builder/spi-builder-workspace/.swiftpm/xcode
SwiftDriverJobDiscovery normal arm64 Compiling TinyCSV+EventDrivenDecoder.swift (in target 'TinyCSV' from project 'TinyCSV')
SwiftCompile normal arm64 Compiling\ TinyCSV+Encode.swift /Users/admin/builder/spi-builder-workspace/.dependencies/checkouts/TinyCSV/Sources/TinyCSV/TinyCSV+Encode.swift (in target 'TinyCSV' from project 'TinyCSV')
SwiftCompile normal arm64 /Users/admin/builder/spi-builder-workspace/.dependencies/checkouts/TinyCSV/Sources/TinyCSV/TinyCSV+Encode.swift (in target 'TinyCSV' from project 'TinyCSV')
cd /Users/admin/builder/spi-builder-workspace/.swiftpm/xcode
SwiftDriverJobDiscovery normal arm64 Compiling Archive+Writing.swift, Archive+WritingDeprecated.swift (in target 'ZIPFoundation' from project 'ZIPFoundation')
SwiftCompile normal arm64 Compiling\ TinyCSV+Decode.swift /Users/admin/builder/spi-builder-workspace/.dependencies/checkouts/TinyCSV/Sources/TinyCSV/TinyCSV+Decode.swift (in target 'TinyCSV' from project 'TinyCSV')
SwiftCompile normal arm64 /Users/admin/builder/spi-builder-workspace/.dependencies/checkouts/TinyCSV/Sources/TinyCSV/TinyCSV+Decode.swift (in target 'TinyCSV' from project 'TinyCSV')
cd /Users/admin/builder/spi-builder-workspace/.swiftpm/xcode
SwiftDriverJobDiscovery normal arm64 Compiling Archive+Helpers.swift, Archive+MemoryFile.swift, Archive+Progress.swift (in target 'ZIPFoundation' from project 'ZIPFoundation')
SwiftCompile normal arm64 Compiling\ Utils.swift,\ Errors.swift /Users/admin/builder/spi-builder-workspace/.dependencies/checkouts/SwiftImageReadWrite/Sources/SwiftImageReadWrite/private/Utils.swift /Users/admin/builder/spi-builder-workspace/.dependencies/checkouts/SwiftImageReadWrite/Sources/SwiftImageReadWrite/utils/Errors.swift (in target 'SwiftImageReadWrite' from project 'SwiftImageReadWrite')
SwiftCompile normal arm64 /Users/admin/builder/spi-builder-workspace/.dependencies/checkouts/SwiftImageReadWrite/Sources/SwiftImageReadWrite/private/Utils.swift (in target 'SwiftImageReadWrite' from project 'SwiftImageReadWrite')
cd /Users/admin/builder/spi-builder-workspace/.swiftpm/xcode
SwiftCompile normal arm64 /Users/admin/builder/spi-builder-workspace/.dependencies/checkouts/SwiftImageReadWrite/Sources/SwiftImageReadWrite/utils/Errors.swift (in target 'SwiftImageReadWrite' from project 'SwiftImageReadWrite')
cd /Users/admin/builder/spi-builder-workspace/.swiftpm/xcode
SwiftDriverJobDiscovery normal arm64 Compiling Archive+Reading.swift, Archive+ReadingDeprecated.swift (in target 'ZIPFoundation' from project 'ZIPFoundation')
SwiftCompile normal arm64 Compiling\ resource_bundle_accessor.swift,\ CGImage+SVG.swift /Users/admin/builder/spi-builder-workspace/.derivedData/Build/Intermediates.noindex/SwiftImageReadWrite.build/Debug-xros/SwiftImageReadWrite.build/DerivedSources/resource_bundle_accessor.swift /Users/admin/builder/spi-builder-workspace/.dependencies/checkouts/SwiftImageReadWrite/Sources/SwiftImageReadWrite/CGImage/CGImage+SVG.swift (in target 'SwiftImageReadWrite' from project 'SwiftImageReadWrite')
SwiftCompile normal arm64 /Users/admin/builder/spi-builder-workspace/.derivedData/Build/Intermediates.noindex/SwiftImageReadWrite.build/Debug-xros/SwiftImageReadWrite.build/DerivedSources/resource_bundle_accessor.swift (in target 'SwiftImageReadWrite' from project 'SwiftImageReadWrite')
cd /Users/admin/builder/spi-builder-workspace/.swiftpm/xcode
SwiftCompile normal arm64 /Users/admin/builder/spi-builder-workspace/.dependencies/checkouts/SwiftImageReadWrite/Sources/SwiftImageReadWrite/CGImage/CGImage+SVG.swift (in target 'SwiftImageReadWrite' from project 'SwiftImageReadWrite')
cd /Users/admin/builder/spi-builder-workspace/.swiftpm/xcode
SwiftDriverJobDiscovery normal arm64 Compiling Entry+Serialization.swift, Entry+ZIP64.swift (in target 'ZIPFoundation' from project 'ZIPFoundation')
SwiftCompile normal arm64 Compiling\ PlatformImage+export.swift,\ PlatformImage+import.swift /Users/admin/builder/spi-builder-workspace/.dependencies/checkouts/SwiftImageReadWrite/Sources/SwiftImageReadWrite/platform/PlatformImage+export.swift /Users/admin/builder/spi-builder-workspace/.dependencies/checkouts/SwiftImageReadWrite/Sources/SwiftImageReadWrite/platform/PlatformImage+import.swift (in target 'SwiftImageReadWrite' from project 'SwiftImageReadWrite')
SwiftCompile normal arm64 /Users/admin/builder/spi-builder-workspace/.dependencies/checkouts/SwiftImageReadWrite/Sources/SwiftImageReadWrite/platform/PlatformImage+export.swift (in target 'SwiftImageReadWrite' from project 'SwiftImageReadWrite')
cd /Users/admin/builder/spi-builder-workspace/.swiftpm/xcode
SwiftCompile normal arm64 /Users/admin/builder/spi-builder-workspace/.dependencies/checkouts/SwiftImageReadWrite/Sources/SwiftImageReadWrite/platform/PlatformImage+import.swift (in target 'SwiftImageReadWrite' from project 'SwiftImageReadWrite')
cd /Users/admin/builder/spi-builder-workspace/.swiftpm/xcode
SwiftDriverJobDiscovery normal arm64 Compiling Data+Serialization.swift, Date+ZIP.swift (in target 'ZIPFoundation' from project 'ZIPFoundation')
SwiftCompile normal arm64 Compiling\ ImageExportTypes.swift /Users/admin/builder/spi-builder-workspace/.dependencies/checkouts/SwiftImageReadWrite/Sources/SwiftImageReadWrite/utils/ImageExportTypes.swift (in target 'SwiftImageReadWrite' from project 'SwiftImageReadWrite')
SwiftCompile normal arm64 /Users/admin/builder/spi-builder-workspace/.dependencies/checkouts/SwiftImageReadWrite/Sources/SwiftImageReadWrite/utils/ImageExportTypes.swift (in target 'SwiftImageReadWrite' from project 'SwiftImageReadWrite')
cd /Users/admin/builder/spi-builder-workspace/.swiftpm/xcode
SwiftDriverJobDiscovery normal arm64 Compiling Data+Compression.swift, Data+CompressionDeprecated.swift (in target 'ZIPFoundation' from project 'ZIPFoundation')
SwiftCompile normal arm64 Compiling\ CGImage+codable.swift,\ CGImage+colorspace.swift /Users/admin/builder/spi-builder-workspace/.dependencies/checkouts/SwiftImageReadWrite/Sources/SwiftImageReadWrite/CGImage/CGImage+codable.swift /Users/admin/builder/spi-builder-workspace/.dependencies/checkouts/SwiftImageReadWrite/Sources/SwiftImageReadWrite/CGImage/CGImage+colorspace.swift (in target 'SwiftImageReadWrite' from project 'SwiftImageReadWrite')
SwiftCompile normal arm64 /Users/admin/builder/spi-builder-workspace/.dependencies/checkouts/SwiftImageReadWrite/Sources/SwiftImageReadWrite/CGImage/CGImage+codable.swift (in target 'SwiftImageReadWrite' from project 'SwiftImageReadWrite')
cd /Users/admin/builder/spi-builder-workspace/.swiftpm/xcode
SwiftCompile normal arm64 /Users/admin/builder/spi-builder-workspace/.dependencies/checkouts/SwiftImageReadWrite/Sources/SwiftImageReadWrite/CGImage/CGImage+colorspace.swift (in target 'SwiftImageReadWrite' from project 'SwiftImageReadWrite')
cd /Users/admin/builder/spi-builder-workspace/.swiftpm/xcode
SwiftDriverJobDiscovery normal arm64 Compiling TinyCSVData.swift (in target 'TinyCSV' from project 'TinyCSV')
SwiftCompile normal arm64 Compiling\ CIImage+extensions.swift,\ PlatformImage+codable.swift /Users/admin/builder/spi-builder-workspace/.dependencies/checkouts/SwiftImageReadWrite/Sources/SwiftImageReadWrite/CIImage/CIImage+extensions.swift /Users/admin/builder/spi-builder-workspace/.dependencies/checkouts/SwiftImageReadWrite/Sources/SwiftImageReadWrite/platform/PlatformImage+codable.swift (in target 'SwiftImageReadWrite' from project 'SwiftImageReadWrite')
SwiftCompile normal arm64 /Users/admin/builder/spi-builder-workspace/.dependencies/checkouts/SwiftImageReadWrite/Sources/SwiftImageReadWrite/CIImage/CIImage+extensions.swift (in target 'SwiftImageReadWrite' from project 'SwiftImageReadWrite')
cd /Users/admin/builder/spi-builder-workspace/.swiftpm/xcode
SwiftCompile normal arm64 /Users/admin/builder/spi-builder-workspace/.dependencies/checkouts/SwiftImageReadWrite/Sources/SwiftImageReadWrite/platform/PlatformImage+codable.swift (in target 'SwiftImageReadWrite' from project 'SwiftImageReadWrite')
cd /Users/admin/builder/spi-builder-workspace/.swiftpm/xcode
SwiftDriverJobDiscovery normal arm64 Compiling TinyCSV+Parsing.swift (in target 'TinyCSV' from project 'TinyCSV')
SwiftCompile normal arm64 Compiling\ PlatformImage+macOS.swift,\ PlatformImage.swift /Users/admin/builder/spi-builder-workspace/.dependencies/checkouts/SwiftImageReadWrite/Sources/SwiftImageReadWrite/platform/PlatformImage+macOS.swift /Users/admin/builder/spi-builder-workspace/.dependencies/checkouts/SwiftImageReadWrite/Sources/SwiftImageReadWrite/platform/PlatformImage.swift (in target 'SwiftImageReadWrite' from project 'SwiftImageReadWrite')
SwiftCompile normal arm64 /Users/admin/builder/spi-builder-workspace/.dependencies/checkouts/SwiftImageReadWrite/Sources/SwiftImageReadWrite/platform/PlatformImage+macOS.swift (in target 'SwiftImageReadWrite' from project 'SwiftImageReadWrite')
cd /Users/admin/builder/spi-builder-workspace/.swiftpm/xcode
SwiftCompile normal arm64 /Users/admin/builder/spi-builder-workspace/.dependencies/checkouts/SwiftImageReadWrite/Sources/SwiftImageReadWrite/platform/PlatformImage.swift (in target 'SwiftImageReadWrite' from project 'SwiftImageReadWrite')
cd /Users/admin/builder/spi-builder-workspace/.swiftpm/xcode
SwiftDriverJobDiscovery normal arm64 Compiling TinyCSV+Delimiter.swift (in target 'TinyCSV' from project 'TinyCSV')
SwiftCompile normal arm64 Compiling\ CGImage+import.swift,\ CGImage+platform.swift /Users/admin/builder/spi-builder-workspace/.dependencies/checkouts/SwiftImageReadWrite/Sources/SwiftImageReadWrite/CGImage/CGImage+import.swift /Users/admin/builder/spi-builder-workspace/.dependencies/checkouts/SwiftImageReadWrite/Sources/SwiftImageReadWrite/CGImage/CGImage+platform.swift (in target 'SwiftImageReadWrite' from project 'SwiftImageReadWrite')
SwiftCompile normal arm64 /Users/admin/builder/spi-builder-workspace/.dependencies/checkouts/SwiftImageReadWrite/Sources/SwiftImageReadWrite/CGImage/CGImage+import.swift (in target 'SwiftImageReadWrite' from project 'SwiftImageReadWrite')
cd /Users/admin/builder/spi-builder-workspace/.swiftpm/xcode
SwiftCompile normal arm64 /Users/admin/builder/spi-builder-workspace/.dependencies/checkouts/SwiftImageReadWrite/Sources/SwiftImageReadWrite/CGImage/CGImage+platform.swift (in target 'SwiftImageReadWrite' from project 'SwiftImageReadWrite')
cd /Users/admin/builder/spi-builder-workspace/.swiftpm/xcode
SwiftDriverJobDiscovery normal arm64 Compiling TinyCSV+Decode.swift (in target 'TinyCSV' from project 'TinyCSV')
SwiftCompile normal arm64 Compiling\ SwiftUI+extensions.swift /Users/admin/builder/spi-builder-workspace/.dependencies/checkouts/SwiftImageReadWrite/Sources/SwiftImageReadWrite/utils/SwiftUI+extensions.swift (in target 'SwiftImageReadWrite' from project 'SwiftImageReadWrite')
SwiftCompile normal arm64 /Users/admin/builder/spi-builder-workspace/.dependencies/checkouts/SwiftImageReadWrite/Sources/SwiftImageReadWrite/utils/SwiftUI+extensions.swift (in target 'SwiftImageReadWrite' from project 'SwiftImageReadWrite')
cd /Users/admin/builder/spi-builder-workspace/.swiftpm/xcode
SwiftDriverJobDiscovery normal arm64 Compiling TinyCSV+Encode.swift (in target 'TinyCSV' from project 'TinyCSV')
SwiftDriver\ Compilation TinyCSV normal arm64 com.apple.xcode.tools.swift.compiler (in target 'TinyCSV' from project 'TinyCSV')
cd /Users/admin/builder/spi-builder-workspace/.swiftpm/xcode
builtin-Swift-Compilation -- /Applications/Xcode-16.3.0.app/Contents/Developer/Toolchains/XcodeDefault.xctoolchain/usr/bin/swiftc -module-name TinyCSV -Onone -enforce-exclusivity\=checked @/Users/admin/builder/spi-builder-workspace/.derivedData/Build/Intermediates.noindex/TinyCSV.build/Debug-xros/TinyCSV.build/Objects-normal/arm64/TinyCSV.SwiftFileList -DSWIFT_PACKAGE -DDEBUG -DXcode -plugin-path /Applications/Xcode-16.3.0.app/Contents/Developer/Toolchains/XcodeDefault.xctoolchain/usr/lib/swift/host/plugins/testing -enable-experimental-feature DebugDescriptionMacro -sdk /Applications/Xcode-16.3.0.app/Contents/Developer/Platforms/XROS.platform/Developer/SDKs/XROS2.4.sdk -target arm64-apple-xros1.0 -g -module-cache-path /Users/admin/builder/spi-builder-workspace/.derivedData/ModuleCache.noindex -Xfrontend -serialize-debugging-options -profile-coverage-mapping -profile-generate -enable-testing -suppress-warnings -index-store-path /Users/admin/builder/spi-builder-workspace/.derivedData/Index.noindex/DataStore -swift-version 5 -I /Users/admin/builder/spi-builder-workspace/.derivedData/Build/Products/Debug-xros -I /Applications/Xcode-16.3.0.app/Contents/Developer/Platforms/XROS.platform/Developer/usr/lib -F /Users/admin/builder/spi-builder-workspace/.derivedData/Build/Products/Debug-xros -F /Applications/Xcode-16.3.0.app/Contents/Developer/Platforms/XROS.platform/Developer/Library/Frameworks -F /Applications/Xcode-16.3.0.app/Contents/Developer/Platforms/XROS.platform/Developer/SDKs/XROS2.4.sdk/Developer/Library/Frameworks -c -j10 -enable-batch-mode -incremental -Xcc -ivfsstatcache -Xcc /Users/admin/builder/spi-builder-workspace/.derivedData/SDKStatCaches.noindex/xros2.4-22O233-407b76dbb837030756cbe1ab3f0b01b6.sdkstatcache -output-file-map /Users/admin/builder/spi-builder-workspace/.derivedData/Build/Intermediates.noindex/TinyCSV.build/Debug-xros/TinyCSV.build/Objects-normal/arm64/TinyCSV-OutputFileMap.json -use-frontend-parseable-output -save-temps -no-color-diagnostics -serialize-diagnostics -emit-dependencies -emit-module -emit-module-path /Users/admin/builder/spi-builder-workspace/.derivedData/Build/Intermediates.noindex/TinyCSV.build/Debug-xros/TinyCSV.build/Objects-normal/arm64/TinyCSV.swiftmodule -validate-clang-modules-once -clang-build-session-file /Users/admin/builder/spi-builder-workspace/.derivedData/ModuleCache.noindex/Session.modulevalidation -Xcc -I/Users/admin/builder/spi-builder-workspace/.derivedData/Build/Intermediates.noindex/TinyCSV.build/Debug-xros/TinyCSV.build/swift-overrides.hmap -emit-const-values -Xfrontend -const-gather-protocols-file -Xfrontend /Users/admin/builder/spi-builder-workspace/.derivedData/Build/Intermediates.noindex/TinyCSV.build/Debug-xros/TinyCSV.build/Objects-normal/arm64/TinyCSV_const_extract_protocols.json -Xcc -I/Users/admin/builder/spi-builder-workspace/.derivedData/Build/Products/Debug-xros/include -Xcc -I/Users/admin/builder/spi-builder-workspace/.derivedData/Build/Intermediates.noindex/TinyCSV.build/Debug-xros/TinyCSV.build/DerivedSources-normal/arm64 -Xcc -I/Users/admin/builder/spi-builder-workspace/.derivedData/Build/Intermediates.noindex/TinyCSV.build/Debug-xros/TinyCSV.build/DerivedSources/arm64 -Xcc -I/Users/admin/builder/spi-builder-workspace/.derivedData/Build/Intermediates.noindex/TinyCSV.build/Debug-xros/TinyCSV.build/DerivedSources -Xcc -DSWIFT_PACKAGE -Xcc -DDEBUG\=1 -emit-objc-header -emit-objc-header-path /Users/admin/builder/spi-builder-workspace/.derivedData/Build/Intermediates.noindex/TinyCSV.build/Debug-xros/TinyCSV.build/Objects-normal/arm64/TinyCSV-Swift.h -working-directory /Users/admin/builder/spi-builder-workspace/.swiftpm/xcode -experimental-emit-module-separately -disable-cmo
SwiftDriverJobDiscovery normal arm64 Compiling Entry.swift, FileManager+ZIP.swift (in target 'ZIPFoundation' from project 'ZIPFoundation')
SwiftCompile normal arm64 Compiling\ CGImage+export.swift,\ CGImage+extensions.swift /Users/admin/builder/spi-builder-workspace/.dependencies/checkouts/SwiftImageReadWrite/Sources/SwiftImageReadWrite/CGImage/CGImage+export.swift /Users/admin/builder/spi-builder-workspace/.dependencies/checkouts/SwiftImageReadWrite/Sources/SwiftImageReadWrite/CGImage/CGImage+extensions.swift (in target 'SwiftImageReadWrite' from project 'SwiftImageReadWrite')
SwiftCompile normal arm64 /Users/admin/builder/spi-builder-workspace/.dependencies/checkouts/SwiftImageReadWrite/Sources/SwiftImageReadWrite/CGImage/CGImage+export.swift (in target 'SwiftImageReadWrite' from project 'SwiftImageReadWrite')
cd /Users/admin/builder/spi-builder-workspace/.swiftpm/xcode
SwiftCompile normal arm64 /Users/admin/builder/spi-builder-workspace/.dependencies/checkouts/SwiftImageReadWrite/Sources/SwiftImageReadWrite/CGImage/CGImage+extensions.swift (in target 'SwiftImageReadWrite' from project 'SwiftImageReadWrite')
cd /Users/admin/builder/spi-builder-workspace/.swiftpm/xcode
SwiftDriver\ Compilation ZIPFoundation normal arm64 com.apple.xcode.tools.swift.compiler (in target 'ZIPFoundation' from project 'ZIPFoundation')
cd /Users/admin/builder/spi-builder-workspace/.swiftpm/xcode
builtin-Swift-Compilation -- /Applications/Xcode-16.3.0.app/Contents/Developer/Toolchains/XcodeDefault.xctoolchain/usr/bin/swiftc -module-name ZIPFoundation -Onone -enforce-exclusivity\=checked @/Users/admin/builder/spi-builder-workspace/.derivedData/Build/Intermediates.noindex/ZIPFoundation.build/Debug-xros/ZIPFoundation.build/Objects-normal/arm64/ZIPFoundation.SwiftFileList -DSWIFT_PACKAGE -DDEBUG -DXcode -plugin-path /Applications/Xcode-16.3.0.app/Contents/Developer/Toolchains/XcodeDefault.xctoolchain/usr/lib/swift/host/plugins/testing -enable-experimental-feature DebugDescriptionMacro -sdk /Applications/Xcode-16.3.0.app/Contents/Developer/Platforms/XROS.platform/Developer/SDKs/XROS2.4.sdk -target arm64-apple-xros1.0 -g -module-cache-path /Users/admin/builder/spi-builder-workspace/.derivedData/ModuleCache.noindex -Xfrontend -serialize-debugging-options -profile-coverage-mapping -profile-generate -enable-testing -suppress-warnings -index-store-path /Users/admin/builder/spi-builder-workspace/.derivedData/Index.noindex/DataStore -swift-version 5 -I /Users/admin/builder/spi-builder-workspace/.derivedData/Build/Products/Debug-xros -I /Applications/Xcode-16.3.0.app/Contents/Developer/Platforms/XROS.platform/Developer/usr/lib -F /Users/admin/builder/spi-builder-workspace/.derivedData/Build/Products/Debug-xros -F /Applications/Xcode-16.3.0.app/Contents/Developer/Platforms/XROS.platform/Developer/Library/Frameworks -F /Applications/Xcode-16.3.0.app/Contents/Developer/Platforms/XROS.platform/Developer/SDKs/XROS2.4.sdk/Developer/Library/Frameworks -c -j10 -enable-batch-mode -incremental -Xcc -ivfsstatcache -Xcc /Users/admin/builder/spi-builder-workspace/.derivedData/SDKStatCaches.noindex/xros2.4-22O233-407b76dbb837030756cbe1ab3f0b01b6.sdkstatcache -output-file-map /Users/admin/builder/spi-builder-workspace/.derivedData/Build/Intermediates.noindex/ZIPFoundation.build/Debug-xros/ZIPFoundation.build/Objects-normal/arm64/ZIPFoundation-OutputFileMap.json -use-frontend-parseable-output -save-temps -no-color-diagnostics -serialize-diagnostics -emit-dependencies -emit-module -emit-module-path /Users/admin/builder/spi-builder-workspace/.derivedData/Build/Intermediates.noindex/ZIPFoundation.build/Debug-xros/ZIPFoundation.build/Objects-normal/arm64/ZIPFoundation.swiftmodule -validate-clang-modules-once -clang-build-session-file /Users/admin/builder/spi-builder-workspace/.derivedData/ModuleCache.noindex/Session.modulevalidation -package-name zipfoundation -Xcc -I/Users/admin/builder/spi-builder-workspace/.derivedData/Build/Intermediates.noindex/ZIPFoundation.build/Debug-xros/ZIPFoundation.build/swift-overrides.hmap -emit-const-values -Xfrontend -const-gather-protocols-file -Xfrontend /Users/admin/builder/spi-builder-workspace/.derivedData/Build/Intermediates.noindex/ZIPFoundation.build/Debug-xros/ZIPFoundation.build/Objects-normal/arm64/ZIPFoundation_const_extract_protocols.json -Xcc -I/Users/admin/builder/spi-builder-workspace/.derivedData/Build/Products/Debug-xros/include -Xcc -I/Users/admin/builder/spi-builder-workspace/.derivedData/Build/Intermediates.noindex/ZIPFoundation.build/Debug-xros/ZIPFoundation.build/DerivedSources-normal/arm64 -Xcc -I/Users/admin/builder/spi-builder-workspace/.derivedData/Build/Intermediates.noindex/ZIPFoundation.build/Debug-xros/ZIPFoundation.build/DerivedSources/arm64 -Xcc -I/Users/admin/builder/spi-builder-workspace/.derivedData/Build/Intermediates.noindex/ZIPFoundation.build/Debug-xros/ZIPFoundation.build/DerivedSources -Xcc -DSWIFT_PACKAGE -Xcc -DDEBUG\=1 -emit-objc-header -emit-objc-header-path /Users/admin/builder/spi-builder-workspace/.derivedData/Build/Intermediates.noindex/ZIPFoundation.build/Debug-xros/ZIPFoundation.build/Objects-normal/arm64/ZIPFoundation-Swift.h -working-directory /Users/admin/builder/spi-builder-workspace/.swiftpm/xcode -experimental-emit-module-separately -disable-cmo
SwiftDriverJobDiscovery normal arm64 Compiling Utils.swift, Errors.swift (in target 'SwiftImageReadWrite' from project 'SwiftImageReadWrite')
SwiftDriver\ Compilation DSFRegex normal arm64 com.apple.xcode.tools.swift.compiler (in target 'DSFRegex' from project 'DSFRegex')
cd /Users/admin/builder/spi-builder-workspace/.swiftpm/xcode
builtin-Swift-Compilation -- /Applications/Xcode-16.3.0.app/Contents/Developer/Toolchains/XcodeDefault.xctoolchain/usr/bin/swiftc -module-name DSFRegex -Onone -enforce-exclusivity\=checked @/Users/admin/builder/spi-builder-workspace/.derivedData/Build/Intermediates.noindex/DSFRegex.build/Debug-xros/DSFRegex.build/Objects-normal/arm64/DSFRegex.SwiftFileList -DSWIFT_PACKAGE -DDEBUG -DXcode -plugin-path /Applications/Xcode-16.3.0.app/Contents/Developer/Toolchains/XcodeDefault.xctoolchain/usr/lib/swift/host/plugins/testing -enable-experimental-feature DebugDescriptionMacro -sdk /Applications/Xcode-16.3.0.app/Contents/Developer/Platforms/XROS.platform/Developer/SDKs/XROS2.4.sdk -target arm64-apple-xros1.0 -g -module-cache-path /Users/admin/builder/spi-builder-workspace/.derivedData/ModuleCache.noindex -Xfrontend -serialize-debugging-options -profile-coverage-mapping -profile-generate -enable-testing -suppress-warnings -index-store-path /Users/admin/builder/spi-builder-workspace/.derivedData/Index.noindex/DataStore -swift-version 5 -I /Users/admin/builder/spi-builder-workspace/.derivedData/Build/Products/Debug-xros -I /Applications/Xcode-16.3.0.app/Contents/Developer/Platforms/XROS.platform/Developer/usr/lib -F /Users/admin/builder/spi-builder-workspace/.derivedData/Build/Products/Debug-xros -F /Applications/Xcode-16.3.0.app/Contents/Developer/Platforms/XROS.platform/Developer/Library/Frameworks -F /Applications/Xcode-16.3.0.app/Contents/Developer/Platforms/XROS.platform/Developer/SDKs/XROS2.4.sdk/Developer/Library/Frameworks -c -j10 -enable-batch-mode -incremental -Xcc -ivfsstatcache -Xcc /Users/admin/builder/spi-builder-workspace/.derivedData/SDKStatCaches.noindex/xros2.4-22O233-407b76dbb837030756cbe1ab3f0b01b6.sdkstatcache -output-file-map /Users/admin/builder/spi-builder-workspace/.derivedData/Build/Intermediates.noindex/DSFRegex.build/Debug-xros/DSFRegex.build/Objects-normal/arm64/DSFRegex-OutputFileMap.json -use-frontend-parseable-output -save-temps -no-color-diagnostics -serialize-diagnostics -emit-dependencies -emit-module -emit-module-path /Users/admin/builder/spi-builder-workspace/.derivedData/Build/Intermediates.noindex/DSFRegex.build/Debug-xros/DSFRegex.build/Objects-normal/arm64/DSFRegex.swiftmodule -validate-clang-modules-once -clang-build-session-file /Users/admin/builder/spi-builder-workspace/.derivedData/ModuleCache.noindex/Session.modulevalidation -Xcc -I/Users/admin/builder/spi-builder-workspace/.derivedData/Build/Intermediates.noindex/DSFRegex.build/Debug-xros/DSFRegex.build/swift-overrides.hmap -emit-const-values -Xfrontend -const-gather-protocols-file -Xfrontend /Users/admin/builder/spi-builder-workspace/.derivedData/Build/Intermediates.noindex/DSFRegex.build/Debug-xros/DSFRegex.build/Objects-normal/arm64/DSFRegex_const_extract_protocols.json -Xcc -I/Users/admin/builder/spi-builder-workspace/.derivedData/Build/Products/Debug-xros/include -Xcc -I/Users/admin/builder/spi-builder-workspace/.derivedData/Build/Intermediates.noindex/DSFRegex.build/Debug-xros/DSFRegex.build/DerivedSources-normal/arm64 -Xcc -I/Users/admin/builder/spi-builder-workspace/.derivedData/Build/Intermediates.noindex/DSFRegex.build/Debug-xros/DSFRegex.build/DerivedSources/arm64 -Xcc -I/Users/admin/builder/spi-builder-workspace/.derivedData/Build/Intermediates.noindex/DSFRegex.build/Debug-xros/DSFRegex.build/DerivedSources -Xcc -DSWIFT_PACKAGE -Xcc -DDEBUG\=1 -emit-objc-header -emit-objc-header-path /Users/admin/builder/spi-builder-workspace/.derivedData/Build/Intermediates.noindex/DSFRegex.build/Debug-xros/DSFRegex.build/Objects-normal/arm64/DSFRegex-Swift.h -working-directory /Users/admin/builder/spi-builder-workspace/.swiftpm/xcode -experimental-emit-module-separately -disable-cmo
SwiftCompile normal arm64 Compiling\ BytesReader.swift,\ BytesWriter+bool.swift /Users/admin/builder/spi-builder-workspace/.dependencies/checkouts/BytesParser/Sources/BytesParser/BytesReader.swift /Users/admin/builder/spi-builder-workspace/.dependencies/checkouts/BytesParser/Sources/BytesParser/BytesWriter+bool.swift (in target 'BytesParser' from project 'BytesParser')
SwiftCompile normal arm64 /Users/admin/builder/spi-builder-workspace/.dependencies/checkouts/BytesParser/Sources/BytesParser/BytesReader.swift (in target 'BytesParser' from project 'BytesParser')
cd /Users/admin/builder/spi-builder-workspace/.swiftpm/xcode
SwiftCompile normal arm64 /Users/admin/builder/spi-builder-workspace/.dependencies/checkouts/BytesParser/Sources/BytesParser/BytesWriter+bool.swift (in target 'BytesParser' from project 'BytesParser')
cd /Users/admin/builder/spi-builder-workspace/.swiftpm/xcode
SwiftCompile normal arm64 Compiling\ BytesReader+Source.swift /Users/admin/builder/spi-builder-workspace/.dependencies/checkouts/BytesParser/Sources/BytesParser/reader-sources/BytesReader+Source.swift (in target 'BytesParser' from project 'BytesParser')
SwiftCompile normal arm64 /Users/admin/builder/spi-builder-workspace/.dependencies/checkouts/BytesParser/Sources/BytesParser/reader-sources/BytesReader+Source.swift (in target 'BytesParser' from project 'BytesParser')
cd /Users/admin/builder/spi-builder-workspace/.swiftpm/xcode
SwiftDriverJobDiscovery normal arm64 Compiling ImageExportTypes.swift (in target 'SwiftImageReadWrite' from project 'SwiftImageReadWrite')
SwiftCompile normal arm64 Compiling\ BytesReader+data.swift,\ BytesReader+float.swift /Users/admin/builder/spi-builder-workspace/.dependencies/checkouts/BytesParser/Sources/BytesParser/BytesReader+data.swift /Users/admin/builder/spi-builder-workspace/.dependencies/checkouts/BytesParser/Sources/BytesParser/BytesReader+float.swift (in target 'BytesParser' from project 'BytesParser')
SwiftCompile normal arm64 /Users/admin/builder/spi-builder-workspace/.dependencies/checkouts/BytesParser/Sources/BytesParser/BytesReader+data.swift (in target 'BytesParser' from project 'BytesParser')
cd /Users/admin/builder/spi-builder-workspace/.swiftpm/xcode
SwiftCompile normal arm64 /Users/admin/builder/spi-builder-workspace/.dependencies/checkouts/BytesParser/Sources/BytesParser/BytesReader+float.swift (in target 'BytesParser' from project 'BytesParser')
cd /Users/admin/builder/spi-builder-workspace/.swiftpm/xcode
SwiftDriverJobDiscovery normal arm64 Compiling PlatformImage+export.swift, PlatformImage+import.swift (in target 'SwiftImageReadWrite' from project 'SwiftImageReadWrite')
SwiftCompile normal arm64 Compiling\ BytesReader+int.swift,\ BytesReader+string.swift /Users/admin/builder/spi-builder-workspace/.dependencies/checkouts/BytesParser/Sources/BytesParser/BytesReader+int.swift /Users/admin/builder/spi-builder-workspace/.dependencies/checkouts/BytesParser/Sources/BytesParser/BytesReader+string.swift (in target 'BytesParser' from project 'BytesParser')
SwiftCompile normal arm64 /Users/admin/builder/spi-builder-workspace/.dependencies/checkouts/BytesParser/Sources/BytesParser/BytesReader+int.swift (in target 'BytesParser' from project 'BytesParser')
cd /Users/admin/builder/spi-builder-workspace/.swiftpm/xcode
SwiftCompile normal arm64 /Users/admin/builder/spi-builder-workspace/.dependencies/checkouts/BytesParser/Sources/BytesParser/BytesReader+string.swift (in target 'BytesParser' from project 'BytesParser')
cd /Users/admin/builder/spi-builder-workspace/.swiftpm/xcode
SwiftCompile normal arm64 Compiling\ BytesWriter+data.swift,\ BytesWriter+float.swift /Users/admin/builder/spi-builder-workspace/.dependencies/checkouts/BytesParser/Sources/BytesParser/BytesWriter+data.swift /Users/admin/builder/spi-builder-workspace/.dependencies/checkouts/BytesParser/Sources/BytesParser/BytesWriter+float.swift (in target 'BytesParser' from project 'BytesParser')
SwiftCompile normal arm64 /Users/admin/builder/spi-builder-workspace/.dependencies/checkouts/BytesParser/Sources/BytesParser/BytesWriter+data.swift (in target 'BytesParser' from project 'BytesParser')
cd /Users/admin/builder/spi-builder-workspace/.swiftpm/xcode
SwiftCompile normal arm64 /Users/admin/builder/spi-builder-workspace/.dependencies/checkouts/BytesParser/Sources/BytesParser/BytesWriter+float.swift (in target 'BytesParser' from project 'BytesParser')
cd /Users/admin/builder/spi-builder-workspace/.swiftpm/xcode
SwiftDriverJobDiscovery normal arm64 Compiling resource_bundle_accessor.swift, CGImage+SVG.swift (in target 'SwiftImageReadWrite' from project 'SwiftImageReadWrite')
SwiftDriverJobDiscovery normal arm64 Compiling PlatformImage+macOS.swift, PlatformImage.swift (in target 'SwiftImageReadWrite' from project 'SwiftImageReadWrite')
SwiftDriver ColorPaletteCodable normal arm64 com.apple.xcode.tools.swift.compiler (in target 'ColorPaletteCodable' from project 'ColorPaletteCodable')
cd /Users/admin/builder/spi-builder-workspace/.swiftpm/xcode
builtin-SwiftDriver -- /Applications/Xcode-16.3.0.app/Contents/Developer/Toolchains/XcodeDefault.xctoolchain/usr/bin/swiftc -module-name ColorPaletteCodable -Onone -enforce-exclusivity\=checked @/Users/admin/builder/spi-builder-workspace/.derivedData/Build/Intermediates.noindex/ColorPaletteCodable.build/Debug-xros/ColorPaletteCodable.build/Objects-normal/arm64/ColorPaletteCodable.SwiftFileList -DSWIFT_PACKAGE -DDEBUG -DXcode -plugin-path /Applications/Xcode-16.3.0.app/Contents/Developer/Toolchains/XcodeDefault.xctoolchain/usr/lib/swift/host/plugins/testing -enable-experimental-feature DebugDescriptionMacro -sdk /Applications/Xcode-16.3.0.app/Contents/Developer/Platforms/XROS.platform/Developer/SDKs/XROS2.4.sdk -target arm64-apple-xros1.0 -g -module-cache-path /Users/admin/builder/spi-builder-workspace/.derivedData/ModuleCache.noindex -Xfrontend -serialize-debugging-options -profile-coverage-mapping -profile-generate -enable-testing -index-store-path /Users/admin/builder/spi-builder-workspace/.derivedData/Index.noindex/DataStore -swift-version 5 -I /Users/admin/builder/spi-builder-workspace/.derivedData/Build/Products/Debug-xros -I /Applications/Xcode-16.3.0.app/Contents/Developer/Platforms/XROS.platform/Developer/usr/lib -F /Users/admin/builder/spi-builder-workspace/.derivedData/Build/Products/Debug-xros/PackageFrameworks -F /Users/admin/builder/spi-builder-workspace/.derivedData/Build/Products/Debug-xros/PackageFrameworks -F /Users/admin/builder/spi-builder-workspace/.derivedData/Build/Products/Debug-xros/PackageFrameworks -F /Users/admin/builder/spi-builder-workspace/.derivedData/Build/Products/Debug-xros/PackageFrameworks -F /Users/admin/builder/spi-builder-workspace/.derivedData/Build/Products/Debug-xros/PackageFrameworks -F /Users/admin/builder/spi-builder-workspace/.derivedData/Build/Products/Debug-xros -F /Applications/Xcode-16.3.0.app/Contents/Developer/Platforms/XROS.platform/Developer/Library/Frameworks -F /Applications/Xcode-16.3.0.app/Contents/Developer/Platforms/XROS.platform/Developer/SDKs/XROS2.4.sdk/Developer/Library/Frameworks -c -j10 -enable-batch-mode -incremental -Xcc -ivfsstatcache -Xcc /Users/admin/builder/spi-builder-workspace/.derivedData/SDKStatCaches.noindex/xros2.4-22O233-407b76dbb837030756cbe1ab3f0b01b6.sdkstatcache -output-file-map /Users/admin/builder/spi-builder-workspace/.derivedData/Build/Intermediates.noindex/ColorPaletteCodable.build/Debug-xros/ColorPaletteCodable.build/Objects-normal/arm64/ColorPaletteCodable-OutputFileMap.json -use-frontend-parseable-output -save-temps -no-color-diagnostics -serialize-diagnostics -emit-dependencies -emit-module -emit-module-path /Users/admin/builder/spi-builder-workspace/.derivedData/Build/Intermediates.noindex/ColorPaletteCodable.build/Debug-xros/ColorPaletteCodable.build/Objects-normal/arm64/ColorPaletteCodable.swiftmodule -validate-clang-modules-once -clang-build-session-file /Users/admin/builder/spi-builder-workspace/.derivedData/ModuleCache.noindex/Session.modulevalidation -Xcc -I/Users/admin/builder/spi-builder-workspace/.derivedData/Build/Intermediates.noindex/ColorPaletteCodable.build/Debug-xros/ColorPaletteCodable.build/swift-overrides.hmap -emit-const-values -Xfrontend -const-gather-protocols-file -Xfrontend /Users/admin/builder/spi-builder-workspace/.derivedData/Build/Intermediates.noindex/ColorPaletteCodable.build/Debug-xros/ColorPaletteCodable.build/Objects-normal/arm64/ColorPaletteCodable_const_extract_protocols.json -Xcc -I/Users/admin/builder/spi-builder-workspace/.derivedData/Build/Products/Debug-xros/include -Xcc -I/Users/admin/builder/spi-builder-workspace/.derivedData/Build/Intermediates.noindex/ColorPaletteCodable.build/Debug-xros/ColorPaletteCodable.build/DerivedSources-normal/arm64 -Xcc -I/Users/admin/builder/spi-builder-workspace/.derivedData/Build/Intermediates.noindex/ColorPaletteCodable.build/Debug-xros/ColorPaletteCodable.build/DerivedSources/arm64 -Xcc -I/Users/admin/builder/spi-builder-workspace/.derivedData/Build/Intermediates.noindex/ColorPaletteCodable.build/Debug-xros/ColorPaletteCodable.build/DerivedSources -Xcc -DSWIFT_PACKAGE -Xcc -DDEBUG\=1 -emit-objc-header -emit-objc-header-path /Users/admin/builder/spi-builder-workspace/.derivedData/Build/Intermediates.noindex/ColorPaletteCodable.build/Debug-xros/ColorPaletteCodable.build/Objects-normal/arm64/ColorPaletteCodable-Swift.h -working-directory /Users/admin/builder/spi-builder-workspace/.swiftpm/xcode -experimental-emit-module-separately -disable-cmo
SwiftCompile normal arm64 Compiling\ BytesParser.swift,\ BytesReader+bool.swift /Users/admin/builder/spi-builder-workspace/.dependencies/checkouts/BytesParser/Sources/BytesParser/BytesParser.swift /Users/admin/builder/spi-builder-workspace/.dependencies/checkouts/BytesParser/Sources/BytesParser/BytesReader+bool.swift (in target 'BytesParser' from project 'BytesParser')
SwiftCompile normal arm64 /Users/admin/builder/spi-builder-workspace/.dependencies/checkouts/BytesParser/Sources/BytesParser/BytesParser.swift (in target 'BytesParser' from project 'BytesParser')
cd /Users/admin/builder/spi-builder-workspace/.swiftpm/xcode
SwiftCompile normal arm64 /Users/admin/builder/spi-builder-workspace/.dependencies/checkouts/BytesParser/Sources/BytesParser/BytesReader+bool.swift (in target 'BytesParser' from project 'BytesParser')
cd /Users/admin/builder/spi-builder-workspace/.swiftpm/xcode
SwiftDriverJobDiscovery normal arm64 Compiling CIImage+extensions.swift, PlatformImage+codable.swift (in target 'SwiftImageReadWrite' from project 'SwiftImageReadWrite')
SwiftCompile normal arm64 Compiling\ InMemorySource.swift /Users/admin/builder/spi-builder-workspace/.dependencies/checkouts/BytesParser/Sources/BytesParser/reader-sources/InMemorySource.swift (in target 'BytesParser' from project 'BytesParser')
SwiftCompile normal arm64 /Users/admin/builder/spi-builder-workspace/.dependencies/checkouts/BytesParser/Sources/BytesParser/reader-sources/InMemorySource.swift (in target 'BytesParser' from project 'BytesParser')
cd /Users/admin/builder/spi-builder-workspace/.swiftpm/xcode
SwiftDriverJobDiscovery normal arm64 Compiling CGImage+codable.swift, CGImage+colorspace.swift (in target 'SwiftImageReadWrite' from project 'SwiftImageReadWrite')
SwiftDriverJobDiscovery normal arm64 Compiling SwiftUI+extensions.swift (in target 'SwiftImageReadWrite' from project 'SwiftImageReadWrite')
SwiftCompile normal arm64 Compiling\ BytesWriter+int.swift,\ BytesWriter+string.swift /Users/admin/builder/spi-builder-workspace/.dependencies/checkouts/BytesParser/Sources/BytesParser/BytesWriter+int.swift /Users/admin/builder/spi-builder-workspace/.dependencies/checkouts/BytesParser/Sources/BytesParser/BytesWriter+string.swift (in target 'BytesParser' from project 'BytesParser')
SwiftCompile normal arm64 /Users/admin/builder/spi-builder-workspace/.dependencies/checkouts/BytesParser/Sources/BytesParser/BytesWriter+int.swift (in target 'BytesParser' from project 'BytesParser')
cd /Users/admin/builder/spi-builder-workspace/.swiftpm/xcode
SwiftCompile normal arm64 /Users/admin/builder/spi-builder-workspace/.dependencies/checkouts/BytesParser/Sources/BytesParser/BytesWriter+string.swift (in target 'BytesParser' from project 'BytesParser')
cd /Users/admin/builder/spi-builder-workspace/.swiftpm/xcode
SwiftDriverJobDiscovery normal arm64 Compiling CGImage+import.swift, CGImage+platform.swift (in target 'SwiftImageReadWrite' from project 'SwiftImageReadWrite')
SwiftCompile normal arm64 Compiling\ InputStreamSource.swift /Users/admin/builder/spi-builder-workspace/.dependencies/checkouts/BytesParser/Sources/BytesParser/reader-sources/InputStreamSource.swift (in target 'BytesParser' from project 'BytesParser')
SwiftCompile normal arm64 /Users/admin/builder/spi-builder-workspace/.dependencies/checkouts/BytesParser/Sources/BytesParser/reader-sources/InputStreamSource.swift (in target 'BytesParser' from project 'BytesParser')
cd /Users/admin/builder/spi-builder-workspace/.swiftpm/xcode
SwiftDriverJobDiscovery normal arm64 Compiling BytesReader+Source.swift (in target 'BytesParser' from project 'BytesParser')
SwiftCompile normal arm64 Compiling\ BytesWriter.swift,\ ByteBuffer.swift /Users/admin/builder/spi-builder-workspace/.dependencies/checkouts/BytesParser/Sources/BytesParser/BytesWriter.swift /Users/admin/builder/spi-builder-workspace/.dependencies/checkouts/BytesParser/Sources/BytesParser/private/ByteBuffer.swift (in target 'BytesParser' from project 'BytesParser')
SwiftCompile normal arm64 /Users/admin/builder/spi-builder-workspace/.dependencies/checkouts/BytesParser/Sources/BytesParser/BytesWriter.swift (in target 'BytesParser' from project 'BytesParser')
cd /Users/admin/builder/spi-builder-workspace/.swiftpm/xcode
SwiftCompile normal arm64 /Users/admin/builder/spi-builder-workspace/.dependencies/checkouts/BytesParser/Sources/BytesParser/private/ByteBuffer.swift (in target 'BytesParser' from project 'BytesParser')
cd /Users/admin/builder/spi-builder-workspace/.swiftpm/xcode
SwiftDriverJobDiscovery normal arm64 Compiling BytesReader.swift, BytesWriter+bool.swift (in target 'BytesParser' from project 'BytesParser')
Ld /Users/admin/builder/spi-builder-workspace/.derivedData/Build/Products/Debug-xros/ZIPFoundation.o normal (in target 'ZIPFoundation' from project 'ZIPFoundation')
cd /Users/admin/builder/spi-builder-workspace/.dependencies/checkouts/ZIPFoundation
/Applications/Xcode-16.3.0.app/Contents/Developer/Toolchains/XcodeDefault.xctoolchain/usr/bin/clang -Xlinker -reproducible -target arm64-apple-xros1.0 -r -isysroot /Applications/Xcode-16.3.0.app/Contents/Developer/Platforms/XROS.platform/Developer/SDKs/XROS2.4.sdk -O0 -w -L/Users/admin/builder/spi-builder-workspace/.derivedData/Build/Intermediates.noindex/EagerLinkingTBDs/Debug-xros -L/Users/admin/builder/spi-builder-workspace/.derivedData/Build/Products/Debug-xros -L/Applications/Xcode-16.3.0.app/Contents/Developer/Platforms/XROS.platform/Developer/usr/lib -F/Users/admin/builder/spi-builder-workspace/.derivedData/Build/Intermediates.noindex/EagerLinkingTBDs/Debug-xros -F/Users/admin/builder/spi-builder-workspace/.derivedData/Build/Products/Debug-xros -iframework /Applications/Xcode-16.3.0.app/Contents/Developer/Platforms/XROS.platform/Developer/Library/Frameworks -iframework /Applications/Xcode-16.3.0.app/Contents/Developer/Platforms/XROS.platform/Developer/SDKs/XROS2.4.sdk/Developer/Library/Frameworks -filelist /Users/admin/builder/spi-builder-workspace/.derivedData/Build/Intermediates.noindex/ZIPFoundation.build/Debug-xros/ZIPFoundation.build/Objects-normal/arm64/ZIPFoundation.LinkFileList -nostdlib -Xlinker -object_path_lto -Xlinker /Users/admin/builder/spi-builder-workspace/.derivedData/Build/Intermediates.noindex/ZIPFoundation.build/Debug-xros/ZIPFoundation.build/Objects-normal/arm64/ZIPFoundation_lto.o -rdynamic -Xlinker -no_deduplicate -Xlinker -debug_variant -Xlinker -dependency_info -Xlinker /Users/admin/builder/spi-builder-workspace/.derivedData/Build/Intermediates.noindex/ZIPFoundation.build/Debug-xros/ZIPFoundation.build/Objects-normal/arm64/ZIPFoundation_dependency_info.dat -fobjc-link-runtime -L/Applications/Xcode-16.3.0.app/Contents/Developer/Toolchains/XcodeDefault.xctoolchain/usr/lib/swift/xros -L/usr/lib/swift -Xlinker -add_ast_path -Xlinker /Users/admin/builder/spi-builder-workspace/.derivedData/Build/Intermediates.noindex/ZIPFoundation.build/Debug-xros/ZIPFoundation.build/Objects-normal/arm64/ZIPFoundation.swiftmodule -o /Users/admin/builder/spi-builder-workspace/.derivedData/Build/Products/Debug-xros/ZIPFoundation.o
Ld /Users/admin/builder/spi-builder-workspace/.derivedData/Build/Products/Debug-xros/TinyCSV.o normal (in target 'TinyCSV' from project 'TinyCSV')
cd /Users/admin/builder/spi-builder-workspace/.dependencies/checkouts/TinyCSV
/Applications/Xcode-16.3.0.app/Contents/Developer/Toolchains/XcodeDefault.xctoolchain/usr/bin/clang -Xlinker -reproducible -target arm64-apple-xros1.0 -r -isysroot /Applications/Xcode-16.3.0.app/Contents/Developer/Platforms/XROS.platform/Developer/SDKs/XROS2.4.sdk -O0 -w -L/Users/admin/builder/spi-builder-workspace/.derivedData/Build/Intermediates.noindex/EagerLinkingTBDs/Debug-xros -L/Users/admin/builder/spi-builder-workspace/.derivedData/Build/Products/Debug-xros -L/Applications/Xcode-16.3.0.app/Contents/Developer/Platforms/XROS.platform/Developer/usr/lib -F/Users/admin/builder/spi-builder-workspace/.derivedData/Build/Intermediates.noindex/EagerLinkingTBDs/Debug-xros -F/Users/admin/builder/spi-builder-workspace/.derivedData/Build/Products/Debug-xros -iframework /Applications/Xcode-16.3.0.app/Contents/Developer/Platforms/XROS.platform/Developer/Library/Frameworks -iframework /Applications/Xcode-16.3.0.app/Contents/Developer/Platforms/XROS.platform/Developer/SDKs/XROS2.4.sdk/Developer/Library/Frameworks -filelist /Users/admin/builder/spi-builder-workspace/.derivedData/Build/Intermediates.noindex/TinyCSV.build/Debug-xros/TinyCSV.build/Objects-normal/arm64/TinyCSV.LinkFileList -nostdlib -Xlinker -object_path_lto -Xlinker /Users/admin/builder/spi-builder-workspace/.derivedData/Build/Intermediates.noindex/TinyCSV.build/Debug-xros/TinyCSV.build/Objects-normal/arm64/TinyCSV_lto.o -rdynamic -Xlinker -no_deduplicate -Xlinker -debug_variant -Xlinker -dependency_info -Xlinker /Users/admin/builder/spi-builder-workspace/.derivedData/Build/Intermediates.noindex/TinyCSV.build/Debug-xros/TinyCSV.build/Objects-normal/arm64/TinyCSV_dependency_info.dat -fobjc-link-runtime -L/Applications/Xcode-16.3.0.app/Contents/Developer/Toolchains/XcodeDefault.xctoolchain/usr/lib/swift/xros -L/usr/lib/swift -Xlinker -add_ast_path -Xlinker /Users/admin/builder/spi-builder-workspace/.derivedData/Build/Intermediates.noindex/TinyCSV.build/Debug-xros/TinyCSV.build/Objects-normal/arm64/TinyCSV.swiftmodule -o /Users/admin/builder/spi-builder-workspace/.derivedData/Build/Products/Debug-xros/TinyCSV.o
SwiftDriverJobDiscovery normal arm64 Compiling CGImage+export.swift, CGImage+extensions.swift (in target 'SwiftImageReadWrite' from project 'SwiftImageReadWrite')
Ld /Users/admin/builder/spi-builder-workspace/.derivedData/Build/Products/Debug-xros/DSFRegex.o normal (in target 'DSFRegex' from project 'DSFRegex')
cd /Users/admin/builder/spi-builder-workspace/.dependencies/checkouts/DSFRegex
/Applications/Xcode-16.3.0.app/Contents/Developer/Toolchains/XcodeDefault.xctoolchain/usr/bin/clang -Xlinker -reproducible -target arm64-apple-xros1.0 -r -isysroot /Applications/Xcode-16.3.0.app/Contents/Developer/Platforms/XROS.platform/Developer/SDKs/XROS2.4.sdk -O0 -w -L/Users/admin/builder/spi-builder-workspace/.derivedData/Build/Intermediates.noindex/EagerLinkingTBDs/Debug-xros -L/Users/admin/builder/spi-builder-workspace/.derivedData/Build/Products/Debug-xros -L/Applications/Xcode-16.3.0.app/Contents/Developer/Platforms/XROS.platform/Developer/usr/lib -F/Users/admin/builder/spi-builder-workspace/.derivedData/Build/Intermediates.noindex/EagerLinkingTBDs/Debug-xros -F/Users/admin/builder/spi-builder-workspace/.derivedData/Build/Products/Debug-xros -iframework /Applications/Xcode-16.3.0.app/Contents/Developer/Platforms/XROS.platform/Developer/Library/Frameworks -iframework /Applications/Xcode-16.3.0.app/Contents/Developer/Platforms/XROS.platform/Developer/SDKs/XROS2.4.sdk/Developer/Library/Frameworks -filelist /Users/admin/builder/spi-builder-workspace/.derivedData/Build/Intermediates.noindex/DSFRegex.build/Debug-xros/DSFRegex.build/Objects-normal/arm64/DSFRegex.LinkFileList -nostdlib -Xlinker -object_path_lto -Xlinker /Users/admin/builder/spi-builder-workspace/.derivedData/Build/Intermediates.noindex/DSFRegex.build/Debug-xros/DSFRegex.build/Objects-normal/arm64/DSFRegex_lto.o -rdynamic -Xlinker -no_deduplicate -Xlinker -debug_variant -Xlinker -dependency_info -Xlinker /Users/admin/builder/spi-builder-workspace/.derivedData/Build/Intermediates.noindex/DSFRegex.build/Debug-xros/DSFRegex.build/Objects-normal/arm64/DSFRegex_dependency_info.dat -fobjc-link-runtime -L/Applications/Xcode-16.3.0.app/Contents/Developer/Toolchains/XcodeDefault.xctoolchain/usr/lib/swift/xros -L/usr/lib/swift -Xlinker -add_ast_path -Xlinker /Users/admin/builder/spi-builder-workspace/.derivedData/Build/Intermediates.noindex/DSFRegex.build/Debug-xros/DSFRegex.build/Objects-normal/arm64/DSFRegex.swiftmodule -o /Users/admin/builder/spi-builder-workspace/.derivedData/Build/Products/Debug-xros/DSFRegex.o
SwiftDriverJobDiscovery normal arm64 Compiling BytesReader+data.swift, BytesReader+float.swift (in target 'BytesParser' from project 'BytesParser')
SwiftEmitModule normal arm64 Emitting\ module\ for\ ColorPaletteCodable (in target 'ColorPaletteCodable' from project 'ColorPaletteCodable')
EmitSwiftModule normal arm64 (in target 'ColorPaletteCodable' from project 'ColorPaletteCodable')
cd /Users/admin/builder/spi-builder-workspace/.swiftpm/xcode
SwiftDriver\ Compilation SwiftImageReadWrite normal arm64 com.apple.xcode.tools.swift.compiler (in target 'SwiftImageReadWrite' from project 'SwiftImageReadWrite')
cd /Users/admin/builder/spi-builder-workspace/.swiftpm/xcode
builtin-Swift-Compilation -- /Applications/Xcode-16.3.0.app/Contents/Developer/Toolchains/XcodeDefault.xctoolchain/usr/bin/swiftc -module-name SwiftImageReadWrite -Onone -enforce-exclusivity\=checked @/Users/admin/builder/spi-builder-workspace/.derivedData/Build/Intermediates.noindex/SwiftImageReadWrite.build/Debug-xros/SwiftImageReadWrite.build/Objects-normal/arm64/SwiftImageReadWrite.SwiftFileList -DSWIFT_PACKAGE -DDEBUG -DXcode -plugin-path /Applications/Xcode-16.3.0.app/Contents/Developer/Toolchains/XcodeDefault.xctoolchain/usr/lib/swift/host/plugins/testing -enable-experimental-feature DebugDescriptionMacro -sdk /Applications/Xcode-16.3.0.app/Contents/Developer/Platforms/XROS.platform/Developer/SDKs/XROS2.4.sdk -target arm64-apple-xros1.0 -g -module-cache-path /Users/admin/builder/spi-builder-workspace/.derivedData/ModuleCache.noindex -Xfrontend -serialize-debugging-options -profile-coverage-mapping -profile-generate -enable-testing -suppress-warnings -index-store-path /Users/admin/builder/spi-builder-workspace/.derivedData/Index.noindex/DataStore -swift-version 5 -I /Users/admin/builder/spi-builder-workspace/.derivedData/Build/Products/Debug-xros -I /Applications/Xcode-16.3.0.app/Contents/Developer/Platforms/XROS.platform/Developer/usr/lib -F /Users/admin/builder/spi-builder-workspace/.derivedData/Build/Products/Debug-xros -F /Applications/Xcode-16.3.0.app/Contents/Developer/Platforms/XROS.platform/Developer/Library/Frameworks -F /Applications/Xcode-16.3.0.app/Contents/Developer/Platforms/XROS.platform/Developer/SDKs/XROS2.4.sdk/Developer/Library/Frameworks -c -j10 -enable-batch-mode -incremental -Xcc -ivfsstatcache -Xcc /Users/admin/builder/spi-builder-workspace/.derivedData/SDKStatCaches.noindex/xros2.4-22O233-407b76dbb837030756cbe1ab3f0b01b6.sdkstatcache -output-file-map /Users/admin/builder/spi-builder-workspace/.derivedData/Build/Intermediates.noindex/SwiftImageReadWrite.build/Debug-xros/SwiftImageReadWrite.build/Objects-normal/arm64/SwiftImageReadWrite-OutputFileMap.json -use-frontend-parseable-output -save-temps -no-color-diagnostics -serialize-diagnostics -emit-dependencies -emit-module -emit-module-path /Users/admin/builder/spi-builder-workspace/.derivedData/Build/Intermediates.noindex/SwiftImageReadWrite.build/Debug-xros/SwiftImageReadWrite.build/Objects-normal/arm64/SwiftImageReadWrite.swiftmodule -validate-clang-modules-once -clang-build-session-file /Users/admin/builder/spi-builder-workspace/.derivedData/ModuleCache.noindex/Session.modulevalidation -Xcc -I/Users/admin/builder/spi-builder-workspace/.derivedData/Build/Intermediates.noindex/SwiftImageReadWrite.build/Debug-xros/SwiftImageReadWrite.build/swift-overrides.hmap -emit-const-values -Xfrontend -const-gather-protocols-file -Xfrontend /Users/admin/builder/spi-builder-workspace/.derivedData/Build/Intermediates.noindex/SwiftImageReadWrite.build/Debug-xros/SwiftImageReadWrite.build/Objects-normal/arm64/SwiftImageReadWrite_const_extract_protocols.json -Xcc -I/Users/admin/builder/spi-builder-workspace/.derivedData/Build/Products/Debug-xros/include -Xcc -I/Users/admin/builder/spi-builder-workspace/.derivedData/Build/Intermediates.noindex/SwiftImageReadWrite.build/Debug-xros/SwiftImageReadWrite.build/DerivedSources-normal/arm64 -Xcc -I/Users/admin/builder/spi-builder-workspace/.derivedData/Build/Intermediates.noindex/SwiftImageReadWrite.build/Debug-xros/SwiftImageReadWrite.build/DerivedSources/arm64 -Xcc -I/Users/admin/builder/spi-builder-workspace/.derivedData/Build/Intermediates.noindex/SwiftImageReadWrite.build/Debug-xros/SwiftImageReadWrite.build/DerivedSources -Xcc -DSWIFT_PACKAGE -Xcc -DDEBUG\=1 -emit-objc-header -emit-objc-header-path /Users/admin/builder/spi-builder-workspace/.derivedData/Build/Intermediates.noindex/SwiftImageReadWrite.build/Debug-xros/SwiftImageReadWrite.build/Objects-normal/arm64/SwiftImageReadWrite-Swift.h -working-directory /Users/admin/builder/spi-builder-workspace/.swiftpm/xcode -experimental-emit-module-separately -disable-cmo
SwiftCompile normal arm64 Compiling\ SwiftPaletteCoder.swift,\ VGA18BitPaletteCoder.swift,\ VGA24BitPaletteCoder.swift,\ PAL+CGColor.swift,\ PAL+NSColorList.swift,\ PAL+SwiftUI.swift,\ PAL+iOS.swift,\ PAL+macOS.swift,\ BytesParser+extensions.swift,\ CGColor+HexExtensions.swift,\ CGColor+extensions.swift,\ CGContext+exensions.swift,\ CGGradient+extensions.swift /Users/admin/builder/spi-builder-workspace/Sources/ColorPaletteCodable/palette/coders/SwiftPaletteCoder.swift /Users/admin/builder/spi-builder-workspace/Sources/ColorPaletteCodable/palette/coders/VGA18BitPaletteCoder.swift /Users/admin/builder/spi-builder-workspace/Sources/ColorPaletteCodable/palette/coders/VGA24BitPaletteCoder.swift /Users/admin/builder/spi-builder-workspace/Sources/ColorPaletteCodable/platform/PAL+CGColor.swift /Users/admin/builder/spi-builder-workspace/Sources/ColorPaletteCodable/platform/PAL+NSColorList.swift /Users/admin/builder/spi-builder-workspace/Sources/ColorPaletteCodable/platform/PAL+SwiftUI.swift /Users/admin/builder/spi-builder-workspace/Sources/ColorPaletteCodable/platform/PAL+iOS.swift /Users/admin/builder/spi-builder-workspace/Sources/ColorPaletteCodable/platform/PAL+macOS.swift /Users/admin/builder/spi-builder-workspace/Sources/ColorPaletteCodable/private/BytesParser+extensions.swift /Users/admin/builder/spi-builder-workspace/Sources/ColorPaletteCodable/private/CGColor+HexExtensions.swift /Users/admin/builder/spi-builder-workspace/Sources/ColorPaletteCodable/private/CGColor+extensions.swift /Users/admin/builder/spi-builder-workspace/Sources/ColorPaletteCodable/private/CGContext+exensions.swift /Users/admin/builder/spi-builder-workspace/Sources/ColorPaletteCodable/private/CGGradient+extensions.swift (in target 'ColorPaletteCodable' from project 'ColorPaletteCodable')
Failed frontend command:
/Applications/Xcode-16.3.0.app/Contents/Developer/Toolchains/XcodeDefault.xctoolchain/usr/bin/swift-frontend -frontend -c -filelist /Users/admin/builder/spi-builder-workspace/.derivedData/Build/Intermediates.noindex/ColorPaletteCodable.build/Debug-xros/ColorPaletteCodable.build/Objects-normal/arm64/sources-1 -primary-file /Users/admin/builder/spi-builder-workspace/Sources/ColorPaletteCodable/palette/coders/SwiftPaletteCoder.swift -primary-file /Users/admin/builder/spi-builder-workspace/Sources/ColorPaletteCodable/palette/coders/VGA18BitPaletteCoder.swift -primary-file /Users/admin/builder/spi-builder-workspace/Sources/ColorPaletteCodable/palette/coders/VGA24BitPaletteCoder.swift -primary-file /Users/admin/builder/spi-builder-workspace/Sources/ColorPaletteCodable/platform/PAL+CGColor.swift -primary-file /Users/admin/builder/spi-builder-workspace/Sources/ColorPaletteCodable/platform/PAL+NSColorList.swift -primary-file /Users/admin/builder/spi-builder-workspace/Sources/ColorPaletteCodable/platform/PAL+SwiftUI.swift -primary-file /Users/admin/builder/spi-builder-workspace/Sources/ColorPaletteCodable/platform/PAL+iOS.swift -primary-file /Users/admin/builder/spi-builder-workspace/Sources/ColorPaletteCodable/platform/PAL+macOS.swift -primary-file /Users/admin/builder/spi-builder-workspace/Sources/ColorPaletteCodable/private/BytesParser+extensions.swift -primary-file /Users/admin/builder/spi-builder-workspace/Sources/ColorPaletteCodable/private/CGColor+HexExtensions.swift -primary-file /Users/admin/builder/spi-builder-workspace/Sources/ColorPaletteCodable/private/CGColor+extensions.swift -primary-file /Users/admin/builder/spi-builder-workspace/Sources/ColorPaletteCodable/private/CGContext+exensions.swift -primary-file /Users/admin/builder/spi-builder-workspace/Sources/ColorPaletteCodable/private/CGGradient+extensions.swift -supplementary-output-file-map /Users/admin/builder/spi-builder-workspace/.derivedData/Build/Intermediates.noindex/ColorPaletteCodable.build/Debug-xros/ColorPaletteCodable.build/Objects-normal/arm64/supplementaryOutputs-12 -target arm64-apple-xros1.0 -Xllvm -aarch64-use-tbi -enable-objc-interop -stack-check -sdk /Applications/Xcode-16.3.0.app/Contents/Developer/Platforms/XROS.platform/Developer/SDKs/XROS2.4.sdk -I /Users/admin/builder/spi-builder-workspace/.derivedData/Build/Products/Debug-xros -I /Applications/Xcode-16.3.0.app/Contents/Developer/Platforms/XROS.platform/Developer/usr/lib -F /Users/admin/builder/spi-builder-workspace/.derivedData/Build/Products/Debug-xros/PackageFrameworks -F /Users/admin/builder/spi-builder-workspace/.derivedData/Build/Products/Debug-xros/PackageFrameworks -F /Users/admin/builder/spi-builder-workspace/.derivedData/Build/Products/Debug-xros/PackageFrameworks -F /Users/admin/builder/spi-builder-workspace/.derivedData/Build/Products/Debug-xros/PackageFrameworks -F /Users/admin/builder/spi-builder-workspace/.derivedData/Build/Products/Debug-xros/PackageFrameworks -F /Users/admin/builder/spi-builder-workspace/.derivedData/Build/Products/Debug-xros -F /Applications/Xcode-16.3.0.app/Contents/Developer/Platforms/XROS.platform/Developer/Library/Frameworks -F /Applications/Xcode-16.3.0.app/Contents/Developer/Platforms/XROS.platform/Developer/SDKs/XROS2.4.sdk/Developer/Library/Frameworks -no-color-diagnostics -enable-testing -g -debug-info-format\=dwarf -dwarf-version\=4 -module-cache-path /Users/admin/builder/spi-builder-workspace/.derivedData/ModuleCache.noindex -profile-generate -profile-coverage-mapping -swift-version 5 -enforce-exclusivity\=checked -Onone -D SWIFT_PACKAGE -D DEBUG -D Xcode -serialize-debugging-options -const-gather-protocols-file /Users/admin/builder/spi-builder-workspace/.derivedData/Build/Intermediates.noindex/ColorPaletteCodable.build/Debug-xros/ColorPaletteCodable.build/Objects-normal/arm64/ColorPaletteCodable_const_extract_protocols.json -enable-experimental-feature DebugDescriptionMacro -empty-abi-descriptor -plugin-path /Applications/Xcode-16.3.0.app/Contents/Developer/Toolchains/XcodeDefault.xctoolchain/usr/lib/swift/host/plugins/testing -validate-clang-modules-once -clang-build-session-file /Users/admin/builder/spi-builder-workspace/.derivedData/ModuleCache.noindex/Session.modulevalidation -Xcc -working-directory -Xcc /Users/admin/builder/spi-builder-workspace/.swiftpm/xcode -resource-dir /Applications/Xcode-16.3.0.app/Contents/Developer/Toolchains/XcodeDefault.xctoolchain/usr/lib/swift -enable-anonymous-context-mangled-names -file-compilation-dir /Users/admin/builder/spi-builder-workspace/.swiftpm/xcode -Xcc -ivfsstatcache -Xcc /Users/admin/builder/spi-builder-workspace/.derivedData/SDKStatCaches.noindex/xros2.4-22O233-407b76dbb837030756cbe1ab3f0b01b6.sdkstatcache -Xcc -I/Users/admin/builder/spi-builder-workspace/.derivedData/Build/Intermediates.noindex/ColorPaletteCodable.build/Debug-xros/ColorPaletteCodable.build/swift-overrides.hmap -Xcc -I/Users/admin/builder/spi-builder-workspace/.derivedData/Build/Products/Debug-xros/include -Xcc -I/Users/admin/builder/spi-builder-workspace/.derivedData/Build/Intermediates.noindex/ColorPaletteCodable.build/Debug-xros/ColorPaletteCodable.build/DerivedSources-normal/arm64 -Xcc -I/Users/admin/builder/spi-builder-workspace/.derivedData/Build/Intermediates.noindex/ColorPaletteCodable.build/Debug-xros/ColorPaletteCodable.build/DerivedSources/arm64 -Xcc -I/Users/admin/builder/spi-builder-workspace/.derivedData/Build/Intermediates.noindex/ColorPaletteCodable.build/Debug-xros/ColorPaletteCodable.build/DerivedSources -Xcc -DSWIFT_PACKAGE -Xcc -DDEBUG\=1 -module-name ColorPaletteCodable -frontend-parseable-output -disable-clang-spi -target-sdk-version 2.4 -target-sdk-name xros2.4 -external-plugin-path /Applications/Xcode-16.3.0.app/Contents/Developer/Platforms/XROS.platform/Developer/usr/lib/swift/host/plugins\#/Applications/Xcode-16.3.0.app/Contents/Developer/Platforms/XROS.platform/Developer/usr/bin/swift-plugin-server -external-plugin-path /Applications/Xcode-16.3.0.app/Contents/Developer/Platforms/XROS.platform/Developer/usr/local/lib/swift/host/plugins\#/Applications/Xcode-16.3.0.app/Contents/Developer/Platforms/XROS.platform/Developer/usr/bin/swift-plugin-server -in-process-plugin-server-path /Applications/Xcode-16.3.0.app/Contents/Developer/Toolchains/XcodeDefault.xctoolchain/usr/lib/swift/host/libSwiftInProcPluginServer.dylib -plugin-path /Applications/Xcode-16.3.0.app/Contents/Developer/Toolchains/XcodeDefault.xctoolchain/usr/lib/swift/host/plugins -plugin-path /Applications/Xcode-16.3.0.app/Contents/Developer/Toolchains/XcodeDefault.xctoolchain/usr/local/lib/swift/host/plugins -o /Users/admin/builder/spi-builder-workspace/.derivedData/Build/Intermediates.noindex/ColorPaletteCodable.build/Debug-xros/ColorPaletteCodable.build/Objects-normal/arm64/SwiftPaletteCoder.o -o /Users/admin/builder/spi-builder-workspace/.derivedData/Build/Intermediates.noindex/ColorPaletteCodable.build/Debug-xros/ColorPaletteCodable.build/Objects-normal/arm64/VGA18BitPaletteCoder.o -o /Users/admin/builder/spi-builder-workspace/.derivedData/Build/Intermediates.noindex/ColorPaletteCodable.build/Debug-xros/ColorPaletteCodable.build/Objects-normal/arm64/VGA24BitPaletteCoder.o -o /Users/admin/builder/spi-builder-workspace/.derivedData/Build/Intermediates.noindex/ColorPaletteCodable.build/Debug-xros/ColorPaletteCodable.build/Objects-normal/arm64/PAL+CGColor.o -o /Users/admin/builder/spi-builder-workspace/.derivedData/Build/Intermediates.noindex/ColorPaletteCodable.build/Debug-xros/ColorPaletteCodable.build/Objects-normal/arm64/PAL+NSColorList.o -o /Users/admin/builder/spi-builder-workspace/.derivedData/Build/Intermediates.noindex/ColorPaletteCodable.build/Debug-xros/ColorPaletteCodable.build/Objects-normal/arm64/PAL+SwiftUI.o -o /Users/admin/builder/spi-builder-workspace/.derivedData/Build/Intermediates.noindex/ColorPaletteCodable.build/Debug-xros/ColorPaletteCodable.build/Objects-normal/arm64/PAL+iOS.o -o /Users/admin/builder/spi-builder-workspace/.derivedData/Build/Intermediates.noindex/ColorPaletteCodable.build/Debug-xros/ColorPaletteCodable.build/Objects-normal/arm64/PAL+macOS.o -o /Users/admin/builder/spi-builder-workspace/.derivedData/Build/Intermediates.noindex/ColorPaletteCodable.build/Debug-xros/ColorPaletteCodable.build/Objects-normal/arm64/BytesParser+extensions.o -o /Users/admin/builder/spi-builder-workspace/.derivedData/Build/Intermediates.noindex/ColorPaletteCodable.build/Debug-xros/ColorPaletteCodable.build/Objects-normal/arm64/CGColor+HexExtensions.o -o /Users/admin/builder/spi-builder-workspace/.derivedData/Build/Intermediates.noindex/ColorPaletteCodable.build/Debug-xros/ColorPaletteCodable.build/Objects-normal/arm64/CGColor+extensions.o -o /Users/admin/builder/spi-builder-workspace/.derivedData/Build/Intermediates.noindex/ColorPaletteCodable.build/Debug-xros/ColorPaletteCodable.build/Objects-normal/arm64/CGContext+exensions.o -o /Users/admin/builder/spi-builder-workspace/.derivedData/Build/Intermediates.noindex/ColorPaletteCodable.build/Debug-xros/ColorPaletteCodable.build/Objects-normal/arm64/CGGradient+extensions.o -index-unit-output-path /ColorPaletteCodable.build/Debug-xros/ColorPaletteCodable.build/Objects-normal/arm64/SwiftPaletteCoder.o -index-unit-output-path /ColorPaletteCodable.build/Debug-xros/ColorPaletteCodable.build/Objects-normal/arm64/VGA18BitPaletteCoder.o -index-unit-output-path /ColorPaletteCodable.build/Debug-xros/ColorPaletteCodable.build/Objects-normal/arm64/VGA24BitPaletteCoder.o -index-unit-output-path /ColorPaletteCodable.build/Debug-xros/ColorPaletteCodable.build/Objects-normal/arm64/PAL+CGColor.o -index-unit-output-path /ColorPaletteCodable.build/Debug-xros/ColorPaletteCodable.build/Objects-normal/arm64/PAL+NSColorList.o -index-unit-output-path /ColorPaletteCodable.build/Debug-xros/ColorPaletteCodable.build/Objects-normal/arm64/PAL+SwiftUI.o -index-unit-output-path /ColorPaletteCodable.build/Debug-xros/ColorPaletteCodable.build/Objects-normal/arm64/PAL+iOS.o -index-unit-output-path /ColorPaletteCodable.build/Debug-xros/ColorPaletteCodable.build/Objects-normal/arm64/PAL+macOS.o -index-unit-output-path /ColorPaletteCodable.build/Debug-xros/ColorPaletteCodable.build/Objects-normal/arm64/BytesParser+extensions.o -index-unit-output-path /ColorPaletteCodable.build/Debug-xros/ColorPaletteCodable.build/Objects-normal/arm64/CGColor+HexExtensions.o -index-unit-output-path /ColorPaletteCodable.build/Debug-xros/ColorPaletteCodable.build/Objects-normal/arm64/CGColor+extensions.o -index-unit-output-path /ColorPaletteCodable.build/Debug-xros/ColorPaletteCodable.build/Objects-normal/arm64/CGContext+exensions.o -index-unit-output-path /ColorPaletteCodable.build/Debug-xros/ColorPaletteCodable.build/Objects-normal/arm64/CGGradient+extensions.o -index-store-path /Users/admin/builder/spi-builder-workspace/.derivedData/Index.noindex/DataStore -index-system-modules
SwiftCompile normal arm64 /Users/admin/builder/spi-builder-workspace/Sources/ColorPaletteCodable/palette/coders/SwiftPaletteCoder.swift (in target 'ColorPaletteCodable' from project 'ColorPaletteCodable')
cd /Users/admin/builder/spi-builder-workspace/.swiftpm/xcode
SwiftCompile normal arm64 /Users/admin/builder/spi-builder-workspace/Sources/ColorPaletteCodable/palette/coders/VGA18BitPaletteCoder.swift (in target 'ColorPaletteCodable' from project 'ColorPaletteCodable')
cd /Users/admin/builder/spi-builder-workspace/.swiftpm/xcode
SwiftCompile normal arm64 /Users/admin/builder/spi-builder-workspace/Sources/ColorPaletteCodable/palette/coders/VGA24BitPaletteCoder.swift (in target 'ColorPaletteCodable' from project 'ColorPaletteCodable')
cd /Users/admin/builder/spi-builder-workspace/.swiftpm/xcode
SwiftCompile normal arm64 /Users/admin/builder/spi-builder-workspace/Sources/ColorPaletteCodable/platform/PAL+CGColor.swift (in target 'ColorPaletteCodable' from project 'ColorPaletteCodable')
cd /Users/admin/builder/spi-builder-workspace/.swiftpm/xcode
SwiftCompile normal arm64 /Users/admin/builder/spi-builder-workspace/Sources/ColorPaletteCodable/platform/PAL+NSColorList.swift (in target 'ColorPaletteCodable' from project 'ColorPaletteCodable')
cd /Users/admin/builder/spi-builder-workspace/.swiftpm/xcode
SwiftCompile normal arm64 /Users/admin/builder/spi-builder-workspace/Sources/ColorPaletteCodable/platform/PAL+SwiftUI.swift (in target 'ColorPaletteCodable' from project 'ColorPaletteCodable')
cd /Users/admin/builder/spi-builder-workspace/.swiftpm/xcode
/Users/admin/builder/spi-builder-workspace/Sources/ColorPaletteCodable/platform/PAL+SwiftUI.swift:78:24: error: type 'PAL.Image' has no member 'Image'
let image = try Self.Image(colors: colors, size: size, cornerRadius: cornerRadius, scale: scale)
~~~~ ^~~~~
/Users/admin/builder/spi-builder-workspace/Sources/ColorPaletteCodable/platform/PAL+SwiftUI.swift:136:7: error: no exact matches in call to initializer
try PAL.Color(color: UIColor(self))
^
/Users/admin/builder/spi-builder-workspace/Sources/ColorPaletteCodable/PAL+CoreGraphics.swift:91:2: note: candidate expects value of type 'CGColor' for parameter #1 (got 'UIColor')
init(color: CGColor, name: String = "", colorType: PAL.ColorType = .global) throws {
^
/Users/admin/builder/spi-builder-workspace/Sources/ColorPaletteCodable/color/PAL+Color+CMYK.swift:145:2: note: candidate expects value of type 'PAL.Color.CMYK' for parameter #1 (got 'UIColor')
init(color: PAL.Color.CMYK, name: String = "", colorType: PAL.ColorType = .global) {
^
/Users/admin/builder/spi-builder-workspace/Sources/ColorPaletteCodable/color/PAL+Color+Gray.swift:117:2: note: candidate expects value of type 'PAL.Color.Gray' for parameter #1 (got 'UIColor')
init(color: PAL.Color.Gray, name: String = "", colorType: PAL.ColorType = .global) {
^
/Users/admin/builder/spi-builder-workspace/Sources/ColorPaletteCodable/color/PAL+Color+LAB.swift:87:2: note: candidate expects value of type 'PAL.Color.LAB' for parameter #1 (got 'UIColor')
init(color: PAL.Color.LAB, name: String = "", colorType: PAL.ColorType = .global) throws {
^
/Users/admin/builder/spi-builder-workspace/Sources/ColorPaletteCodable/color/PAL+Color+RGB.swift:248:2: note: candidate expects value of type 'PAL.Color.RGB' for parameter #1 (got 'UIColor')
init(color: PAL.Color.RGB, name: String = "", colorType: PAL.ColorType = .global) {
^
SwiftCompile normal arm64 /Users/admin/builder/spi-builder-workspace/Sources/ColorPaletteCodable/platform/PAL+iOS.swift (in target 'ColorPaletteCodable' from project 'ColorPaletteCodable')
cd /Users/admin/builder/spi-builder-workspace/.swiftpm/xcode
SwiftCompile normal arm64 /Users/admin/builder/spi-builder-workspace/Sources/ColorPaletteCodable/platform/PAL+macOS.swift (in target 'ColorPaletteCodable' from project 'ColorPaletteCodable')
cd /Users/admin/builder/spi-builder-workspace/.swiftpm/xcode
SwiftCompile normal arm64 /Users/admin/builder/spi-builder-workspace/Sources/ColorPaletteCodable/private/BytesParser+extensions.swift (in target 'ColorPaletteCodable' from project 'ColorPaletteCodable')
cd /Users/admin/builder/spi-builder-workspace/.swiftpm/xcode
SwiftCompile normal arm64 /Users/admin/builder/spi-builder-workspace/Sources/ColorPaletteCodable/private/CGColor+HexExtensions.swift (in target 'ColorPaletteCodable' from project 'ColorPaletteCodable')
cd /Users/admin/builder/spi-builder-workspace/.swiftpm/xcode
SwiftCompile normal arm64 /Users/admin/builder/spi-builder-workspace/Sources/ColorPaletteCodable/private/CGColor+extensions.swift (in target 'ColorPaletteCodable' from project 'ColorPaletteCodable')
cd /Users/admin/builder/spi-builder-workspace/.swiftpm/xcode
SwiftCompile normal arm64 /Users/admin/builder/spi-builder-workspace/Sources/ColorPaletteCodable/private/CGContext+exensions.swift (in target 'ColorPaletteCodable' from project 'ColorPaletteCodable')
cd /Users/admin/builder/spi-builder-workspace/.swiftpm/xcode
SwiftCompile normal arm64 /Users/admin/builder/spi-builder-workspace/Sources/ColorPaletteCodable/private/CGGradient+extensions.swift (in target 'ColorPaletteCodable' from project 'ColorPaletteCodable')
cd /Users/admin/builder/spi-builder-workspace/.swiftpm/xcode
SwiftCompile normal arm64 Compiling\ PAL+UniformTypeIdentifiers.swift,\ PAL+Color+Array.swift,\ PAL+Color+CMYK.swift,\ PAL+Color+Gray.swift,\ PAL+Color+HSB.swift,\ PAL+Color+HSL.swift,\ PAL+Color+Hex.swift,\ PAL+Color+Interpolation.swift,\ PAL+Color+LAB.swift,\ PAL+Color+Modifications.swift,\ PAL+Color+OkLab.swift,\ PAL+Color+RGB.swift,\ PAL+Color+Transferable.swift /Users/admin/builder/spi-builder-workspace/Sources/ColorPaletteCodable/PAL+UniformTypeIdentifiers.swift /Users/admin/builder/spi-builder-workspace/Sources/ColorPaletteCodable/color/PAL+Color+Array.swift /Users/admin/builder/spi-builder-workspace/Sources/ColorPaletteCodable/color/PAL+Color+CMYK.swift /Users/admin/builder/spi-builder-workspace/Sources/ColorPaletteCodable/color/PAL+Color+Gray.swift /Users/admin/builder/spi-builder-workspace/Sources/ColorPaletteCodable/color/PAL+Color+HSB.swift /Users/admin/builder/spi-builder-workspace/Sources/ColorPaletteCodable/color/PAL+Color+HSL.swift /Users/admin/builder/spi-builder-workspace/Sources/ColorPaletteCodable/color/PAL+Color+Hex.swift /Users/admin/builder/spi-builder-workspace/Sources/ColorPaletteCodable/color/PAL+Color+Interpolation.swift /Users/admin/builder/spi-builder-workspace/Sources/ColorPaletteCodable/color/PAL+Color+LAB.swift /Users/admin/builder/spi-builder-workspace/Sources/ColorPaletteCodable/color/PAL+Color+Modifications.swift /Users/admin/builder/spi-builder-workspace/Sources/ColorPaletteCodable/color/PAL+Color+OkLab.swift /Users/admin/builder/spi-builder-workspace/Sources/ColorPaletteCodable/color/PAL+Color+RGB.swift /Users/admin/builder/spi-builder-workspace/Sources/ColorPaletteCodable/color/PAL+Color+Transferable.swift (in target 'ColorPaletteCodable' from project 'ColorPaletteCodable')
SwiftCompile normal arm64 /Users/admin/builder/spi-builder-workspace/Sources/ColorPaletteCodable/PAL+UniformTypeIdentifiers.swift (in target 'ColorPaletteCodable' from project 'ColorPaletteCodable')
cd /Users/admin/builder/spi-builder-workspace/.swiftpm/xcode
SwiftCompile normal arm64 /Users/admin/builder/spi-builder-workspace/Sources/ColorPaletteCodable/color/PAL+Color+Array.swift (in target 'ColorPaletteCodable' from project 'ColorPaletteCodable')
cd /Users/admin/builder/spi-builder-workspace/.swiftpm/xcode
SwiftCompile normal arm64 /Users/admin/builder/spi-builder-workspace/Sources/ColorPaletteCodable/color/PAL+Color+CMYK.swift (in target 'ColorPaletteCodable' from project 'ColorPaletteCodable')
cd /Users/admin/builder/spi-builder-workspace/.swiftpm/xcode
SwiftCompile normal arm64 /Users/admin/builder/spi-builder-workspace/Sources/ColorPaletteCodable/color/PAL+Color+Gray.swift (in target 'ColorPaletteCodable' from project 'ColorPaletteCodable')
cd /Users/admin/builder/spi-builder-workspace/.swiftpm/xcode
SwiftCompile normal arm64 /Users/admin/builder/spi-builder-workspace/Sources/ColorPaletteCodable/color/PAL+Color+HSB.swift (in target 'ColorPaletteCodable' from project 'ColorPaletteCodable')
cd /Users/admin/builder/spi-builder-workspace/.swiftpm/xcode
SwiftCompile normal arm64 /Users/admin/builder/spi-builder-workspace/Sources/ColorPaletteCodable/color/PAL+Color+HSL.swift (in target 'ColorPaletteCodable' from project 'ColorPaletteCodable')
cd /Users/admin/builder/spi-builder-workspace/.swiftpm/xcode
SwiftCompile normal arm64 /Users/admin/builder/spi-builder-workspace/Sources/ColorPaletteCodable/color/PAL+Color+Hex.swift (in target 'ColorPaletteCodable' from project 'ColorPaletteCodable')
cd /Users/admin/builder/spi-builder-workspace/.swiftpm/xcode
SwiftCompile normal arm64 /Users/admin/builder/spi-builder-workspace/Sources/ColorPaletteCodable/color/PAL+Color+Interpolation.swift (in target 'ColorPaletteCodable' from project 'ColorPaletteCodable')
cd /Users/admin/builder/spi-builder-workspace/.swiftpm/xcode
SwiftCompile normal arm64 /Users/admin/builder/spi-builder-workspace/Sources/ColorPaletteCodable/color/PAL+Color+LAB.swift (in target 'ColorPaletteCodable' from project 'ColorPaletteCodable')
cd /Users/admin/builder/spi-builder-workspace/.swiftpm/xcode
SwiftCompile normal arm64 /Users/admin/builder/spi-builder-workspace/Sources/ColorPaletteCodable/color/PAL+Color+Modifications.swift (in target 'ColorPaletteCodable' from project 'ColorPaletteCodable')
cd /Users/admin/builder/spi-builder-workspace/.swiftpm/xcode
SwiftCompile normal arm64 /Users/admin/builder/spi-builder-workspace/Sources/ColorPaletteCodable/color/PAL+Color+OkLab.swift (in target 'ColorPaletteCodable' from project 'ColorPaletteCodable')
cd /Users/admin/builder/spi-builder-workspace/.swiftpm/xcode
SwiftCompile normal arm64 /Users/admin/builder/spi-builder-workspace/Sources/ColorPaletteCodable/color/PAL+Color+RGB.swift (in target 'ColorPaletteCodable' from project 'ColorPaletteCodable')
cd /Users/admin/builder/spi-builder-workspace/.swiftpm/xcode
SwiftCompile normal arm64 /Users/admin/builder/spi-builder-workspace/Sources/ColorPaletteCodable/color/PAL+Color+Transferable.swift (in target 'ColorPaletteCodable' from project 'ColorPaletteCodable')
cd /Users/admin/builder/spi-builder-workspace/.swiftpm/xcode
Ld /Users/admin/builder/spi-builder-workspace/.derivedData/Build/Products/Debug-xros/SwiftImageReadWrite.o normal (in target 'SwiftImageReadWrite' from project 'SwiftImageReadWrite')
cd /Users/admin/builder/spi-builder-workspace/.dependencies/checkouts/SwiftImageReadWrite
/Applications/Xcode-16.3.0.app/Contents/Developer/Toolchains/XcodeDefault.xctoolchain/usr/bin/clang -Xlinker -reproducible -target arm64-apple-xros1.0 -r -isysroot /Applications/Xcode-16.3.0.app/Contents/Developer/Platforms/XROS.platform/Developer/SDKs/XROS2.4.sdk -O0 -w -L/Users/admin/builder/spi-builder-workspace/.derivedData/Build/Intermediates.noindex/EagerLinkingTBDs/Debug-xros -L/Users/admin/builder/spi-builder-workspace/.derivedData/Build/Products/Debug-xros -L/Applications/Xcode-16.3.0.app/Contents/Developer/Platforms/XROS.platform/Developer/usr/lib -F/Users/admin/builder/spi-builder-workspace/.derivedData/Build/Intermediates.noindex/EagerLinkingTBDs/Debug-xros -F/Users/admin/builder/spi-builder-workspace/.derivedData/Build/Products/Debug-xros -iframework /Applications/Xcode-16.3.0.app/Contents/Developer/Platforms/XROS.platform/Developer/Library/Frameworks -iframework /Applications/Xcode-16.3.0.app/Contents/Developer/Platforms/XROS.platform/Developer/SDKs/XROS2.4.sdk/Developer/Library/Frameworks -filelist /Users/admin/builder/spi-builder-workspace/.derivedData/Build/Intermediates.noindex/SwiftImageReadWrite.build/Debug-xros/SwiftImageReadWrite.build/Objects-normal/arm64/SwiftImageReadWrite.LinkFileList -nostdlib -Xlinker -object_path_lto -Xlinker /Users/admin/builder/spi-builder-workspace/.derivedData/Build/Intermediates.noindex/SwiftImageReadWrite.build/Debug-xros/SwiftImageReadWrite.build/Objects-normal/arm64/SwiftImageReadWrite_lto.o -rdynamic -Xlinker -no_deduplicate -Xlinker -debug_variant -Xlinker -dependency_info -Xlinker /Users/admin/builder/spi-builder-workspace/.derivedData/Build/Intermediates.noindex/SwiftImageReadWrite.build/Debug-xros/SwiftImageReadWrite.build/Objects-normal/arm64/SwiftImageReadWrite_dependency_info.dat -fobjc-link-runtime -L/Applications/Xcode-16.3.0.app/Contents/Developer/Toolchains/XcodeDefault.xctoolchain/usr/lib/swift/xros -L/usr/lib/swift -Xlinker -add_ast_path -Xlinker /Users/admin/builder/spi-builder-workspace/.derivedData/Build/Intermediates.noindex/SwiftImageReadWrite.build/Debug-xros/SwiftImageReadWrite.build/Objects-normal/arm64/SwiftImageReadWrite.swiftmodule -o /Users/admin/builder/spi-builder-workspace/.derivedData/Build/Products/Debug-xros/SwiftImageReadWrite.o
SwiftDriverJobDiscovery normal arm64 Compiling InMemorySource.swift (in target 'BytesParser' from project 'BytesParser')
SwiftCompile normal arm64 Compiling\ String+decoding.swift,\ String+extensions.swift,\ SwiftUI+Color+extensions.swift,\ SwiftUI+Image+extensions.swift,\ Temperature.swift,\ TemporaryFiles.swift,\ TextParser.swift,\ UInt32+extensions.swift,\ UnitValue.swift,\ Utils.swift,\ X11Colors.swift,\ xmlFormatters.swift /Users/admin/builder/spi-builder-workspace/Sources/ColorPaletteCodable/private/String+decoding.swift /Users/admin/builder/spi-builder-workspace/Sources/ColorPaletteCodable/private/String+extensions.swift /Users/admin/builder/spi-builder-workspace/Sources/ColorPaletteCodable/private/SwiftUI+Color+extensions.swift /Users/admin/builder/spi-builder-workspace/Sources/ColorPaletteCodable/private/SwiftUI+Image+extensions.swift /Users/admin/builder/spi-builder-workspace/Sources/ColorPaletteCodable/private/Temperature.swift /Users/admin/builder/spi-builder-workspace/Sources/ColorPaletteCodable/private/TemporaryFiles.swift /Users/admin/builder/spi-builder-workspace/Sources/ColorPaletteCodable/private/TextParser.swift /Users/admin/builder/spi-builder-workspace/Sources/ColorPaletteCodable/private/UInt32+extensions.swift /Users/admin/builder/spi-builder-workspace/Sources/ColorPaletteCodable/private/UnitValue.swift /Users/admin/builder/spi-builder-workspace/Sources/ColorPaletteCodable/private/Utils.swift /Users/admin/builder/spi-builder-workspace/Sources/ColorPaletteCodable/private/X11Colors.swift /Users/admin/builder/spi-builder-workspace/Sources/ColorPaletteCodable/private/xmlFormatters.swift (in target 'ColorPaletteCodable' from project 'ColorPaletteCodable')
SwiftCompile normal arm64 /Users/admin/builder/spi-builder-workspace/Sources/ColorPaletteCodable/private/String+decoding.swift (in target 'ColorPaletteCodable' from project 'ColorPaletteCodable')
cd /Users/admin/builder/spi-builder-workspace/.swiftpm/xcode
SwiftCompile normal arm64 /Users/admin/builder/spi-builder-workspace/Sources/ColorPaletteCodable/private/String+extensions.swift (in target 'ColorPaletteCodable' from project 'ColorPaletteCodable')
cd /Users/admin/builder/spi-builder-workspace/.swiftpm/xcode
SwiftCompile normal arm64 /Users/admin/builder/spi-builder-workspace/Sources/ColorPaletteCodable/private/SwiftUI+Color+extensions.swift (in target 'ColorPaletteCodable' from project 'ColorPaletteCodable')
cd /Users/admin/builder/spi-builder-workspace/.swiftpm/xcode
SwiftCompile normal arm64 /Users/admin/builder/spi-builder-workspace/Sources/ColorPaletteCodable/private/SwiftUI+Image+extensions.swift (in target 'ColorPaletteCodable' from project 'ColorPaletteCodable')
cd /Users/admin/builder/spi-builder-workspace/.swiftpm/xcode
SwiftCompile normal arm64 /Users/admin/builder/spi-builder-workspace/Sources/ColorPaletteCodable/private/Temperature.swift (in target 'ColorPaletteCodable' from project 'ColorPaletteCodable')
cd /Users/admin/builder/spi-builder-workspace/.swiftpm/xcode
SwiftCompile normal arm64 /Users/admin/builder/spi-builder-workspace/Sources/ColorPaletteCodable/private/TemporaryFiles.swift (in target 'ColorPaletteCodable' from project 'ColorPaletteCodable')
cd /Users/admin/builder/spi-builder-workspace/.swiftpm/xcode
SwiftCompile normal arm64 /Users/admin/builder/spi-builder-workspace/Sources/ColorPaletteCodable/private/TextParser.swift (in target 'ColorPaletteCodable' from project 'ColorPaletteCodable')
cd /Users/admin/builder/spi-builder-workspace/.swiftpm/xcode
SwiftCompile normal arm64 /Users/admin/builder/spi-builder-workspace/Sources/ColorPaletteCodable/private/UInt32+extensions.swift (in target 'ColorPaletteCodable' from project 'ColorPaletteCodable')
cd /Users/admin/builder/spi-builder-workspace/.swiftpm/xcode
SwiftCompile normal arm64 /Users/admin/builder/spi-builder-workspace/Sources/ColorPaletteCodable/private/UnitValue.swift (in target 'ColorPaletteCodable' from project 'ColorPaletteCodable')
cd /Users/admin/builder/spi-builder-workspace/.swiftpm/xcode
SwiftCompile normal arm64 /Users/admin/builder/spi-builder-workspace/Sources/ColorPaletteCodable/private/Utils.swift (in target 'ColorPaletteCodable' from project 'ColorPaletteCodable')
cd /Users/admin/builder/spi-builder-workspace/.swiftpm/xcode
SwiftCompile normal arm64 /Users/admin/builder/spi-builder-workspace/Sources/ColorPaletteCodable/private/X11Colors.swift (in target 'ColorPaletteCodable' from project 'ColorPaletteCodable')
cd /Users/admin/builder/spi-builder-workspace/.swiftpm/xcode
SwiftCompile normal arm64 /Users/admin/builder/spi-builder-workspace/Sources/ColorPaletteCodable/private/xmlFormatters.swift (in target 'ColorPaletteCodable' from project 'ColorPaletteCodable')
cd /Users/admin/builder/spi-builder-workspace/.swiftpm/xcode
SwiftDriverJobDiscovery normal arm64 Compiling BytesWriter+data.swift, BytesWriter+float.swift (in target 'BytesParser' from project 'BytesParser')
SwiftCompile normal arm64 Compiling\ PaintShopProPaletteCoder.swift,\ ProcreateSwatchesCoder.swift,\ RGB255PaletteCoder.swift,\ RGBAPaletteCoder.swift,\ RGBPaletteCoder.swift,\ RIFFPaletteCoder.swift,\ SKPPaletteCoder.swift,\ SVGPaletteCoder.swift,\ ScribusXMLPaletteCoder.swift,\ SimplePaletteCoder.swift,\ SkencilPaletteCoder.swift,\ SketchPaletteCoder.swift,\ SwatchbookerCoder.swift /Users/admin/builder/spi-builder-workspace/Sources/ColorPaletteCodable/palette/coders/PaintShopProPaletteCoder.swift /Users/admin/builder/spi-builder-workspace/Sources/ColorPaletteCodable/palette/coders/ProcreateSwatchesCoder.swift /Users/admin/builder/spi-builder-workspace/Sources/ColorPaletteCodable/palette/coders/RGB255PaletteCoder.swift /Users/admin/builder/spi-builder-workspace/Sources/ColorPaletteCodable/palette/coders/RGBAPaletteCoder.swift /Users/admin/builder/spi-builder-workspace/Sources/ColorPaletteCodable/palette/coders/RGBPaletteCoder.swift /Users/admin/builder/spi-builder-workspace/Sources/ColorPaletteCodable/palette/coders/RIFFPaletteCoder.swift /Users/admin/builder/spi-builder-workspace/Sources/ColorPaletteCodable/palette/coders/SKPPaletteCoder.swift /Users/admin/builder/spi-builder-workspace/Sources/ColorPaletteCodable/palette/coders/SVGPaletteCoder.swift /Users/admin/builder/spi-builder-workspace/Sources/ColorPaletteCodable/palette/coders/ScribusXMLPaletteCoder.swift /Users/admin/builder/spi-builder-workspace/Sources/ColorPaletteCodable/palette/coders/SimplePaletteCoder.swift /Users/admin/builder/spi-builder-workspace/Sources/ColorPaletteCodable/palette/coders/SkencilPaletteCoder.swift /Users/admin/builder/spi-builder-workspace/Sources/ColorPaletteCodable/palette/coders/SketchPaletteCoder.swift /Users/admin/builder/spi-builder-workspace/Sources/ColorPaletteCodable/palette/coders/SwatchbookerCoder.swift (in target 'ColorPaletteCodable' from project 'ColorPaletteCodable')
SwiftCompile normal arm64 /Users/admin/builder/spi-builder-workspace/Sources/ColorPaletteCodable/palette/coders/PaintShopProPaletteCoder.swift (in target 'ColorPaletteCodable' from project 'ColorPaletteCodable')
cd /Users/admin/builder/spi-builder-workspace/.swiftpm/xcode
SwiftCompile normal arm64 /Users/admin/builder/spi-builder-workspace/Sources/ColorPaletteCodable/palette/coders/ProcreateSwatchesCoder.swift (in target 'ColorPaletteCodable' from project 'ColorPaletteCodable')
cd /Users/admin/builder/spi-builder-workspace/.swiftpm/xcode
SwiftCompile normal arm64 /Users/admin/builder/spi-builder-workspace/Sources/ColorPaletteCodable/palette/coders/RGB255PaletteCoder.swift (in target 'ColorPaletteCodable' from project 'ColorPaletteCodable')
cd /Users/admin/builder/spi-builder-workspace/.swiftpm/xcode
SwiftCompile normal arm64 /Users/admin/builder/spi-builder-workspace/Sources/ColorPaletteCodable/palette/coders/RGBAPaletteCoder.swift (in target 'ColorPaletteCodable' from project 'ColorPaletteCodable')
cd /Users/admin/builder/spi-builder-workspace/.swiftpm/xcode
SwiftCompile normal arm64 /Users/admin/builder/spi-builder-workspace/Sources/ColorPaletteCodable/palette/coders/RGBPaletteCoder.swift (in target 'ColorPaletteCodable' from project 'ColorPaletteCodable')
cd /Users/admin/builder/spi-builder-workspace/.swiftpm/xcode
SwiftCompile normal arm64 /Users/admin/builder/spi-builder-workspace/Sources/ColorPaletteCodable/palette/coders/RIFFPaletteCoder.swift (in target 'ColorPaletteCodable' from project 'ColorPaletteCodable')
cd /Users/admin/builder/spi-builder-workspace/.swiftpm/xcode
SwiftCompile normal arm64 /Users/admin/builder/spi-builder-workspace/Sources/ColorPaletteCodable/palette/coders/SKPPaletteCoder.swift (in target 'ColorPaletteCodable' from project 'ColorPaletteCodable')
cd /Users/admin/builder/spi-builder-workspace/.swiftpm/xcode
SwiftCompile normal arm64 /Users/admin/builder/spi-builder-workspace/Sources/ColorPaletteCodable/palette/coders/SVGPaletteCoder.swift (in target 'ColorPaletteCodable' from project 'ColorPaletteCodable')
cd /Users/admin/builder/spi-builder-workspace/.swiftpm/xcode
SwiftCompile normal arm64 /Users/admin/builder/spi-builder-workspace/Sources/ColorPaletteCodable/palette/coders/ScribusXMLPaletteCoder.swift (in target 'ColorPaletteCodable' from project 'ColorPaletteCodable')
cd /Users/admin/builder/spi-builder-workspace/.swiftpm/xcode
SwiftCompile normal arm64 /Users/admin/builder/spi-builder-workspace/Sources/ColorPaletteCodable/palette/coders/SimplePaletteCoder.swift (in target 'ColorPaletteCodable' from project 'ColorPaletteCodable')
cd /Users/admin/builder/spi-builder-workspace/.swiftpm/xcode
SwiftCompile normal arm64 /Users/admin/builder/spi-builder-workspace/Sources/ColorPaletteCodable/palette/coders/SkencilPaletteCoder.swift (in target 'ColorPaletteCodable' from project 'ColorPaletteCodable')
cd /Users/admin/builder/spi-builder-workspace/.swiftpm/xcode
SwiftCompile normal arm64 /Users/admin/builder/spi-builder-workspace/Sources/ColorPaletteCodable/palette/coders/SketchPaletteCoder.swift (in target 'ColorPaletteCodable' from project 'ColorPaletteCodable')
cd /Users/admin/builder/spi-builder-workspace/.swiftpm/xcode
SwiftCompile normal arm64 /Users/admin/builder/spi-builder-workspace/Sources/ColorPaletteCodable/palette/coders/SwatchbookerCoder.swift (in target 'ColorPaletteCodable' from project 'ColorPaletteCodable')
cd /Users/admin/builder/spi-builder-workspace/.swiftpm/xcode
SwiftDriverJobDiscovery normal arm64 Compiling BytesParser.swift, BytesReader+bool.swift (in target 'BytesParser' from project 'BytesParser')
SwiftCompile normal arm64 Compiling\ resource_bundle_accessor.swift,\ PAL+ColorConversions.swift,\ PAL+Common.swift,\ PAL+CoreGraphics.swift,\ PAL+Errors.swift,\ PAL+Functions.swift,\ PAL+Group.swift,\ PAL+Image.swift,\ PAL+Pasteboard+iOS.swift,\ PAL+Pasteboard+macOS.swift,\ PAL+StandardColors.swift,\ PAL+Temperature.swift,\ PAL+Types.swift /Users/admin/builder/spi-builder-workspace/.derivedData/Build/Intermediates.noindex/ColorPaletteCodable.build/Debug-xros/ColorPaletteCodable.build/DerivedSources/resource_bundle_accessor.swift /Users/admin/builder/spi-builder-workspace/Sources/ColorPaletteCodable/PAL+ColorConversions.swift /Users/admin/builder/spi-builder-workspace/Sources/ColorPaletteCodable/PAL+Common.swift /Users/admin/builder/spi-builder-workspace/Sources/ColorPaletteCodable/PAL+CoreGraphics.swift /Users/admin/builder/spi-builder-workspace/Sources/ColorPaletteCodable/PAL+Errors.swift /Users/admin/builder/spi-builder-workspace/Sources/ColorPaletteCodable/PAL+Functions.swift /Users/admin/builder/spi-builder-workspace/Sources/ColorPaletteCodable/PAL+Group.swift /Users/admin/builder/spi-builder-workspace/Sources/ColorPaletteCodable/PAL+Image.swift /Users/admin/builder/spi-builder-workspace/Sources/ColorPaletteCodable/PAL+Pasteboard+iOS.swift /Users/admin/builder/spi-builder-workspace/Sources/ColorPaletteCodable/PAL+Pasteboard+macOS.swift /Users/admin/builder/spi-builder-workspace/Sources/ColorPaletteCodable/PAL+StandardColors.swift /Users/admin/builder/spi-builder-workspace/Sources/ColorPaletteCodable/PAL+Temperature.swift /Users/admin/builder/spi-builder-workspace/Sources/ColorPaletteCodable/PAL+Types.swift (in target 'ColorPaletteCodable' from project 'ColorPaletteCodable')
SwiftCompile normal arm64 /Users/admin/builder/spi-builder-workspace/.derivedData/Build/Intermediates.noindex/ColorPaletteCodable.build/Debug-xros/ColorPaletteCodable.build/DerivedSources/resource_bundle_accessor.swift (in target 'ColorPaletteCodable' from project 'ColorPaletteCodable')
cd /Users/admin/builder/spi-builder-workspace/.swiftpm/xcode
SwiftCompile normal arm64 /Users/admin/builder/spi-builder-workspace/Sources/ColorPaletteCodable/PAL+ColorConversions.swift (in target 'ColorPaletteCodable' from project 'ColorPaletteCodable')
cd /Users/admin/builder/spi-builder-workspace/.swiftpm/xcode
SwiftCompile normal arm64 /Users/admin/builder/spi-builder-workspace/Sources/ColorPaletteCodable/PAL+Common.swift (in target 'ColorPaletteCodable' from project 'ColorPaletteCodable')
cd /Users/admin/builder/spi-builder-workspace/.swiftpm/xcode
SwiftCompile normal arm64 /Users/admin/builder/spi-builder-workspace/Sources/ColorPaletteCodable/PAL+CoreGraphics.swift (in target 'ColorPaletteCodable' from project 'ColorPaletteCodable')
cd /Users/admin/builder/spi-builder-workspace/.swiftpm/xcode
SwiftCompile normal arm64 /Users/admin/builder/spi-builder-workspace/Sources/ColorPaletteCodable/PAL+Errors.swift (in target 'ColorPaletteCodable' from project 'ColorPaletteCodable')
cd /Users/admin/builder/spi-builder-workspace/.swiftpm/xcode
SwiftCompile normal arm64 /Users/admin/builder/spi-builder-workspace/Sources/ColorPaletteCodable/PAL+Functions.swift (in target 'ColorPaletteCodable' from project 'ColorPaletteCodable')
cd /Users/admin/builder/spi-builder-workspace/.swiftpm/xcode
SwiftCompile normal arm64 /Users/admin/builder/spi-builder-workspace/Sources/ColorPaletteCodable/PAL+Group.swift (in target 'ColorPaletteCodable' from project 'ColorPaletteCodable')
cd /Users/admin/builder/spi-builder-workspace/.swiftpm/xcode
SwiftCompile normal arm64 /Users/admin/builder/spi-builder-workspace/Sources/ColorPaletteCodable/PAL+Image.swift (in target 'ColorPaletteCodable' from project 'ColorPaletteCodable')
cd /Users/admin/builder/spi-builder-workspace/.swiftpm/xcode
SwiftCompile normal arm64 /Users/admin/builder/spi-builder-workspace/Sources/ColorPaletteCodable/PAL+Pasteboard+iOS.swift (in target 'ColorPaletteCodable' from project 'ColorPaletteCodable')
cd /Users/admin/builder/spi-builder-workspace/.swiftpm/xcode
SwiftCompile normal arm64 /Users/admin/builder/spi-builder-workspace/Sources/ColorPaletteCodable/PAL+Pasteboard+macOS.swift (in target 'ColorPaletteCodable' from project 'ColorPaletteCodable')
cd /Users/admin/builder/spi-builder-workspace/.swiftpm/xcode
SwiftCompile normal arm64 /Users/admin/builder/spi-builder-workspace/Sources/ColorPaletteCodable/PAL+StandardColors.swift (in target 'ColorPaletteCodable' from project 'ColorPaletteCodable')
cd /Users/admin/builder/spi-builder-workspace/.swiftpm/xcode
SwiftCompile normal arm64 /Users/admin/builder/spi-builder-workspace/Sources/ColorPaletteCodable/PAL+Temperature.swift (in target 'ColorPaletteCodable' from project 'ColorPaletteCodable')
cd /Users/admin/builder/spi-builder-workspace/.swiftpm/xcode
SwiftCompile normal arm64 /Users/admin/builder/spi-builder-workspace/Sources/ColorPaletteCodable/PAL+Types.swift (in target 'ColorPaletteCodable' from project 'ColorPaletteCodable')
cd /Users/admin/builder/spi-builder-workspace/.swiftpm/xcode
SwiftDriverJobDiscovery normal arm64 Compiling InputStreamSource.swift (in target 'BytesParser' from project 'BytesParser')
SwiftCompile normal arm64 Compiling\ CorelDraw3PaletteCoder.swift,\ CorelPainterCoder.swift,\ CorelXMLPaletteCoder.swift,\ DCPPaletteCoder.swift,\ GIMPPaletteCoder.swift,\ HEXPaletteCoder.swift,\ HPLPaletteCoder.swift,\ ImagePaletteCoder.swift,\ JCWPaletteCoder.swift,\ JSONPaletteCoder.swift,\ KOfficePaletteCoder.swift,\ OpenOfficePaletteCoder.swift,\ PaintNETPaletteCoder.swift /Users/admin/builder/spi-builder-workspace/Sources/ColorPaletteCodable/palette/coders/CorelDraw3PaletteCoder.swift /Users/admin/builder/spi-builder-workspace/Sources/ColorPaletteCodable/palette/coders/CorelPainterCoder.swift /Users/admin/builder/spi-builder-workspace/Sources/ColorPaletteCodable/palette/coders/CorelXMLPaletteCoder.swift /Users/admin/builder/spi-builder-workspace/Sources/ColorPaletteCodable/palette/coders/DCPPaletteCoder.swift /Users/admin/builder/spi-builder-workspace/Sources/ColorPaletteCodable/palette/coders/GIMPPaletteCoder.swift /Users/admin/builder/spi-builder-workspace/Sources/ColorPaletteCodable/palette/coders/HEXPaletteCoder.swift /Users/admin/builder/spi-builder-workspace/Sources/ColorPaletteCodable/palette/coders/HPLPaletteCoder.swift /Users/admin/builder/spi-builder-workspace/Sources/ColorPaletteCodable/palette/coders/ImagePaletteCoder.swift /Users/admin/builder/spi-builder-workspace/Sources/ColorPaletteCodable/palette/coders/JCWPaletteCoder.swift /Users/admin/builder/spi-builder-workspace/Sources/ColorPaletteCodable/palette/coders/JSONPaletteCoder.swift /Users/admin/builder/spi-builder-workspace/Sources/ColorPaletteCodable/palette/coders/KOfficePaletteCoder.swift /Users/admin/builder/spi-builder-workspace/Sources/ColorPaletteCodable/palette/coders/OpenOfficePaletteCoder.swift /Users/admin/builder/spi-builder-workspace/Sources/ColorPaletteCodable/palette/coders/PaintNETPaletteCoder.swift (in target 'ColorPaletteCodable' from project 'ColorPaletteCodable')
SwiftCompile normal arm64 /Users/admin/builder/spi-builder-workspace/Sources/ColorPaletteCodable/palette/coders/CorelDraw3PaletteCoder.swift (in target 'ColorPaletteCodable' from project 'ColorPaletteCodable')
cd /Users/admin/builder/spi-builder-workspace/.swiftpm/xcode
SwiftCompile normal arm64 /Users/admin/builder/spi-builder-workspace/Sources/ColorPaletteCodable/palette/coders/CorelPainterCoder.swift (in target 'ColorPaletteCodable' from project 'ColorPaletteCodable')
cd /Users/admin/builder/spi-builder-workspace/.swiftpm/xcode
SwiftCompile normal arm64 /Users/admin/builder/spi-builder-workspace/Sources/ColorPaletteCodable/palette/coders/CorelXMLPaletteCoder.swift (in target 'ColorPaletteCodable' from project 'ColorPaletteCodable')
cd /Users/admin/builder/spi-builder-workspace/.swiftpm/xcode
SwiftCompile normal arm64 /Users/admin/builder/spi-builder-workspace/Sources/ColorPaletteCodable/palette/coders/DCPPaletteCoder.swift (in target 'ColorPaletteCodable' from project 'ColorPaletteCodable')
cd /Users/admin/builder/spi-builder-workspace/.swiftpm/xcode
SwiftCompile normal arm64 /Users/admin/builder/spi-builder-workspace/Sources/ColorPaletteCodable/palette/coders/GIMPPaletteCoder.swift (in target 'ColorPaletteCodable' from project 'ColorPaletteCodable')
cd /Users/admin/builder/spi-builder-workspace/.swiftpm/xcode
SwiftCompile normal arm64 /Users/admin/builder/spi-builder-workspace/Sources/ColorPaletteCodable/palette/coders/HEXPaletteCoder.swift (in target 'ColorPaletteCodable' from project 'ColorPaletteCodable')
cd /Users/admin/builder/spi-builder-workspace/.swiftpm/xcode
SwiftCompile normal arm64 /Users/admin/builder/spi-builder-workspace/Sources/ColorPaletteCodable/palette/coders/HPLPaletteCoder.swift (in target 'ColorPaletteCodable' from project 'ColorPaletteCodable')
cd /Users/admin/builder/spi-builder-workspace/.swiftpm/xcode
SwiftCompile normal arm64 /Users/admin/builder/spi-builder-workspace/Sources/ColorPaletteCodable/palette/coders/ImagePaletteCoder.swift (in target 'ColorPaletteCodable' from project 'ColorPaletteCodable')
cd /Users/admin/builder/spi-builder-workspace/.swiftpm/xcode
SwiftCompile normal arm64 /Users/admin/builder/spi-builder-workspace/Sources/ColorPaletteCodable/palette/coders/JCWPaletteCoder.swift (in target 'ColorPaletteCodable' from project 'ColorPaletteCodable')
cd /Users/admin/builder/spi-builder-workspace/.swiftpm/xcode
SwiftCompile normal arm64 /Users/admin/builder/spi-builder-workspace/Sources/ColorPaletteCodable/palette/coders/JSONPaletteCoder.swift (in target 'ColorPaletteCodable' from project 'ColorPaletteCodable')
cd /Users/admin/builder/spi-builder-workspace/.swiftpm/xcode
SwiftCompile normal arm64 /Users/admin/builder/spi-builder-workspace/Sources/ColorPaletteCodable/palette/coders/KOfficePaletteCoder.swift (in target 'ColorPaletteCodable' from project 'ColorPaletteCodable')
cd /Users/admin/builder/spi-builder-workspace/.swiftpm/xcode
SwiftCompile normal arm64 /Users/admin/builder/spi-builder-workspace/Sources/ColorPaletteCodable/palette/coders/OpenOfficePaletteCoder.swift (in target 'ColorPaletteCodable' from project 'ColorPaletteCodable')
cd /Users/admin/builder/spi-builder-workspace/.swiftpm/xcode
SwiftCompile normal arm64 /Users/admin/builder/spi-builder-workspace/Sources/ColorPaletteCodable/palette/coders/PaintNETPaletteCoder.swift (in target 'ColorPaletteCodable' from project 'ColorPaletteCodable')
cd /Users/admin/builder/spi-builder-workspace/.swiftpm/xcode
SwiftDriverJobDiscovery normal arm64 Compiling BytesReader+int.swift, BytesReader+string.swift (in target 'BytesParser' from project 'BytesParser')
SwiftCompile normal arm64 Compiling\ PAL+Color+XYZ.swift,\ PAL+Color+YCbCr.swift,\ PAL+Color.swift,\ PAL+Colors.swift,\ PAL+Gradient+Snapshot.swift,\ PAL+Gradient+SwiftUI.swift,\ PAL+Gradient.swift,\ PAL+Gradients+platform.swift,\ PAL+Gradients.swift,\ PAL+GradientsCoder.swift,\ PAL+GradientsFormat.swift,\ AdobeGradientsCoder.swift,\ CSSGradientCoder.swift /Users/admin/builder/spi-builder-workspace/Sources/ColorPaletteCodable/color/PAL+Color+XYZ.swift /Users/admin/builder/spi-builder-workspace/Sources/ColorPaletteCodable/color/PAL+Color+YCbCr.swift /Users/admin/builder/spi-builder-workspace/Sources/ColorPaletteCodable/color/PAL+Color.swift /Users/admin/builder/spi-builder-workspace/Sources/ColorPaletteCodable/color/PAL+Colors.swift /Users/admin/builder/spi-builder-workspace/Sources/ColorPaletteCodable/gradient/PAL+Gradient+Snapshot.swift /Users/admin/builder/spi-builder-workspace/Sources/ColorPaletteCodable/gradient/PAL+Gradient+SwiftUI.swift /Users/admin/builder/spi-builder-workspace/Sources/ColorPaletteCodable/gradient/PAL+Gradient.swift /Users/admin/builder/spi-builder-workspace/Sources/ColorPaletteCodable/gradient/PAL+Gradients+platform.swift /Users/admin/builder/spi-builder-workspace/Sources/ColorPaletteCodable/gradient/PAL+Gradients.swift /Users/admin/builder/spi-builder-workspace/Sources/ColorPaletteCodable/gradient/PAL+GradientsCoder.swift /Users/admin/builder/spi-builder-workspace/Sources/ColorPaletteCodable/gradient/PAL+GradientsFormat.swift /Users/admin/builder/spi-builder-workspace/Sources/ColorPaletteCodable/gradient/coders/AdobeGradientsCoder.swift /Users/admin/builder/spi-builder-workspace/Sources/ColorPaletteCodable/gradient/coders/CSSGradientCoder.swift (in target 'ColorPaletteCodable' from project 'ColorPaletteCodable')
SwiftCompile normal arm64 /Users/admin/builder/spi-builder-workspace/Sources/ColorPaletteCodable/color/PAL+Color+XYZ.swift (in target 'ColorPaletteCodable' from project 'ColorPaletteCodable')
cd /Users/admin/builder/spi-builder-workspace/.swiftpm/xcode
SwiftCompile normal arm64 /Users/admin/builder/spi-builder-workspace/Sources/ColorPaletteCodable/color/PAL+Color+YCbCr.swift (in target 'ColorPaletteCodable' from project 'ColorPaletteCodable')
cd /Users/admin/builder/spi-builder-workspace/.swiftpm/xcode
SwiftCompile normal arm64 /Users/admin/builder/spi-builder-workspace/Sources/ColorPaletteCodable/color/PAL+Color.swift (in target 'ColorPaletteCodable' from project 'ColorPaletteCodable')
cd /Users/admin/builder/spi-builder-workspace/.swiftpm/xcode
SwiftCompile normal arm64 /Users/admin/builder/spi-builder-workspace/Sources/ColorPaletteCodable/color/PAL+Colors.swift (in target 'ColorPaletteCodable' from project 'ColorPaletteCodable')
cd /Users/admin/builder/spi-builder-workspace/.swiftpm/xcode
SwiftCompile normal arm64 /Users/admin/builder/spi-builder-workspace/Sources/ColorPaletteCodable/gradient/PAL+Gradient+Snapshot.swift (in target 'ColorPaletteCodable' from project 'ColorPaletteCodable')
cd /Users/admin/builder/spi-builder-workspace/.swiftpm/xcode
SwiftCompile normal arm64 /Users/admin/builder/spi-builder-workspace/Sources/ColorPaletteCodable/gradient/PAL+Gradient+SwiftUI.swift (in target 'ColorPaletteCodable' from project 'ColorPaletteCodable')
cd /Users/admin/builder/spi-builder-workspace/.swiftpm/xcode
SwiftCompile normal arm64 /Users/admin/builder/spi-builder-workspace/Sources/ColorPaletteCodable/gradient/PAL+Gradient.swift (in target 'ColorPaletteCodable' from project 'ColorPaletteCodable')
cd /Users/admin/builder/spi-builder-workspace/.swiftpm/xcode
SwiftCompile normal arm64 /Users/admin/builder/spi-builder-workspace/Sources/ColorPaletteCodable/gradient/PAL+Gradients+platform.swift (in target 'ColorPaletteCodable' from project 'ColorPaletteCodable')
cd /Users/admin/builder/spi-builder-workspace/.swiftpm/xcode
SwiftCompile normal arm64 /Users/admin/builder/spi-builder-workspace/Sources/ColorPaletteCodable/gradient/PAL+Gradients.swift (in target 'ColorPaletteCodable' from project 'ColorPaletteCodable')
cd /Users/admin/builder/spi-builder-workspace/.swiftpm/xcode
SwiftCompile normal arm64 /Users/admin/builder/spi-builder-workspace/Sources/ColorPaletteCodable/gradient/PAL+GradientsCoder.swift (in target 'ColorPaletteCodable' from project 'ColorPaletteCodable')
cd /Users/admin/builder/spi-builder-workspace/.swiftpm/xcode
SwiftCompile normal arm64 /Users/admin/builder/spi-builder-workspace/Sources/ColorPaletteCodable/gradient/PAL+GradientsFormat.swift (in target 'ColorPaletteCodable' from project 'ColorPaletteCodable')
cd /Users/admin/builder/spi-builder-workspace/.swiftpm/xcode
SwiftCompile normal arm64 /Users/admin/builder/spi-builder-workspace/Sources/ColorPaletteCodable/gradient/coders/AdobeGradientsCoder.swift (in target 'ColorPaletteCodable' from project 'ColorPaletteCodable')
cd /Users/admin/builder/spi-builder-workspace/.swiftpm/xcode
SwiftCompile normal arm64 /Users/admin/builder/spi-builder-workspace/Sources/ColorPaletteCodable/gradient/coders/CSSGradientCoder.swift (in target 'ColorPaletteCodable' from project 'ColorPaletteCodable')
cd /Users/admin/builder/spi-builder-workspace/.swiftpm/xcode
SwiftCompile normal arm64 Compiling\ Collection+extensions.swift,\ Data+extensions.swift,\ Extensions.swift,\ HSBHelpers.swift,\ HexColorUtilities.swift,\ InputStream+extensions.swift,\ NumberFormatter+extensions.swift,\ OSLogger.swift,\ OkLab+priv.swift,\ Optional+extensions.swift,\ SIMD3+extensions.swift,\ SIMD3.swift,\ Scanner+extensions.swift /Users/admin/builder/spi-builder-workspace/Sources/ColorPaletteCodable/private/Collection+extensions.swift /Users/admin/builder/spi-builder-workspace/Sources/ColorPaletteCodable/private/Data+extensions.swift /Users/admin/builder/spi-builder-workspace/Sources/ColorPaletteCodable/private/Extensions.swift /Users/admin/builder/spi-builder-workspace/Sources/ColorPaletteCodable/private/HSBHelpers.swift /Users/admin/builder/spi-builder-workspace/Sources/ColorPaletteCodable/private/HexColorUtilities.swift /Users/admin/builder/spi-builder-workspace/Sources/ColorPaletteCodable/private/InputStream+extensions.swift /Users/admin/builder/spi-builder-workspace/Sources/ColorPaletteCodable/private/NumberFormatter+extensions.swift /Users/admin/builder/spi-builder-workspace/Sources/ColorPaletteCodable/private/OSLogger.swift /Users/admin/builder/spi-builder-workspace/Sources/ColorPaletteCodable/private/OkLab+priv.swift /Users/admin/builder/spi-builder-workspace/Sources/ColorPaletteCodable/private/Optional+extensions.swift /Users/admin/builder/spi-builder-workspace/Sources/ColorPaletteCodable/private/SIMD3+extensions.swift /Users/admin/builder/spi-builder-workspace/Sources/ColorPaletteCodable/private/SIMD3.swift /Users/admin/builder/spi-builder-workspace/Sources/ColorPaletteCodable/private/Scanner+extensions.swift (in target 'ColorPaletteCodable' from project 'ColorPaletteCodable')
SwiftCompile normal arm64 /Users/admin/builder/spi-builder-workspace/Sources/ColorPaletteCodable/private/Collection+extensions.swift (in target 'ColorPaletteCodable' from project 'ColorPaletteCodable')
cd /Users/admin/builder/spi-builder-workspace/.swiftpm/xcode
SwiftCompile normal arm64 /Users/admin/builder/spi-builder-workspace/Sources/ColorPaletteCodable/private/Data+extensions.swift (in target 'ColorPaletteCodable' from project 'ColorPaletteCodable')
cd /Users/admin/builder/spi-builder-workspace/.swiftpm/xcode
SwiftCompile normal arm64 /Users/admin/builder/spi-builder-workspace/Sources/ColorPaletteCodable/private/Extensions.swift (in target 'ColorPaletteCodable' from project 'ColorPaletteCodable')
cd /Users/admin/builder/spi-builder-workspace/.swiftpm/xcode
SwiftCompile normal arm64 /Users/admin/builder/spi-builder-workspace/Sources/ColorPaletteCodable/private/HSBHelpers.swift (in target 'ColorPaletteCodable' from project 'ColorPaletteCodable')
cd /Users/admin/builder/spi-builder-workspace/.swiftpm/xcode
SwiftCompile normal arm64 /Users/admin/builder/spi-builder-workspace/Sources/ColorPaletteCodable/private/HexColorUtilities.swift (in target 'ColorPaletteCodable' from project 'ColorPaletteCodable')
cd /Users/admin/builder/spi-builder-workspace/.swiftpm/xcode
SwiftCompile normal arm64 /Users/admin/builder/spi-builder-workspace/Sources/ColorPaletteCodable/private/InputStream+extensions.swift (in target 'ColorPaletteCodable' from project 'ColorPaletteCodable')
cd /Users/admin/builder/spi-builder-workspace/.swiftpm/xcode
SwiftCompile normal arm64 /Users/admin/builder/spi-builder-workspace/Sources/ColorPaletteCodable/private/NumberFormatter+extensions.swift (in target 'ColorPaletteCodable' from project 'ColorPaletteCodable')
cd /Users/admin/builder/spi-builder-workspace/.swiftpm/xcode
SwiftCompile normal arm64 /Users/admin/builder/spi-builder-workspace/Sources/ColorPaletteCodable/private/OSLogger.swift (in target 'ColorPaletteCodable' from project 'ColorPaletteCodable')
cd /Users/admin/builder/spi-builder-workspace/.swiftpm/xcode
SwiftCompile normal arm64 /Users/admin/builder/spi-builder-workspace/Sources/ColorPaletteCodable/private/OkLab+priv.swift (in target 'ColorPaletteCodable' from project 'ColorPaletteCodable')
cd /Users/admin/builder/spi-builder-workspace/.swiftpm/xcode
SwiftCompile normal arm64 /Users/admin/builder/spi-builder-workspace/Sources/ColorPaletteCodable/private/Optional+extensions.swift (in target 'ColorPaletteCodable' from project 'ColorPaletteCodable')
cd /Users/admin/builder/spi-builder-workspace/.swiftpm/xcode
SwiftCompile normal arm64 /Users/admin/builder/spi-builder-workspace/Sources/ColorPaletteCodable/private/SIMD3+extensions.swift (in target 'ColorPaletteCodable' from project 'ColorPaletteCodable')
cd /Users/admin/builder/spi-builder-workspace/.swiftpm/xcode
SwiftCompile normal arm64 /Users/admin/builder/spi-builder-workspace/Sources/ColorPaletteCodable/private/SIMD3.swift (in target 'ColorPaletteCodable' from project 'ColorPaletteCodable')
cd /Users/admin/builder/spi-builder-workspace/.swiftpm/xcode
SwiftCompile normal arm64 /Users/admin/builder/spi-builder-workspace/Sources/ColorPaletteCodable/private/Scanner+extensions.swift (in target 'ColorPaletteCodable' from project 'ColorPaletteCodable')
cd /Users/admin/builder/spi-builder-workspace/.swiftpm/xcode
SwiftDriverJobDiscovery normal arm64 Compiling BytesWriter+int.swift, BytesWriter+string.swift (in target 'BytesParser' from project 'BytesParser')
SwiftCompile normal arm64 Compiling\ ACBPaletteCoder.swift,\ ACOPaletteCoder.swift,\ ACTPaletteCoder.swift,\ AFPaletteCoder.swift,\ ASEPaletteCoder.swift,\ AndroidColorsXMLCoder.swift,\ AutodeskColorBook.swift,\ BasicXMLCoder.swift,\ CLFPaletteCoder.swift,\ CLRPaletteCoder.swift,\ CPLPaletteCoder.swift,\ CSVPaletteCoder.swift,\ ClipStudioPaintCoder.swift /Users/admin/builder/spi-builder-workspace/Sources/ColorPaletteCodable/palette/coders/ACBPaletteCoder.swift /Users/admin/builder/spi-builder-workspace/Sources/ColorPaletteCodable/palette/coders/ACOPaletteCoder.swift /Users/admin/builder/spi-builder-workspace/Sources/ColorPaletteCodable/palette/coders/ACTPaletteCoder.swift /Users/admin/builder/spi-builder-workspace/Sources/ColorPaletteCodable/palette/coders/AFPaletteCoder.swift /Users/admin/builder/spi-builder-workspace/Sources/ColorPaletteCodable/palette/coders/ASEPaletteCoder.swift /Users/admin/builder/spi-builder-workspace/Sources/ColorPaletteCodable/palette/coders/AndroidColorsXMLCoder.swift /Users/admin/builder/spi-builder-workspace/Sources/ColorPaletteCodable/palette/coders/AutodeskColorBook.swift /Users/admin/builder/spi-builder-workspace/Sources/ColorPaletteCodable/palette/coders/BasicXMLCoder.swift /Users/admin/builder/spi-builder-workspace/Sources/ColorPaletteCodable/palette/coders/CLFPaletteCoder.swift /Users/admin/builder/spi-builder-workspace/Sources/ColorPaletteCodable/palette/coders/CLRPaletteCoder.swift /Users/admin/builder/spi-builder-workspace/Sources/ColorPaletteCodable/palette/coders/CPLPaletteCoder.swift /Users/admin/builder/spi-builder-workspace/Sources/ColorPaletteCodable/palette/coders/CSVPaletteCoder.swift /Users/admin/builder/spi-builder-workspace/Sources/ColorPaletteCodable/palette/coders/ClipStudioPaintCoder.swift (in target 'ColorPaletteCodable' from project 'ColorPaletteCodable')
SwiftCompile normal arm64 /Users/admin/builder/spi-builder-workspace/Sources/ColorPaletteCodable/palette/coders/ACBPaletteCoder.swift (in target 'ColorPaletteCodable' from project 'ColorPaletteCodable')
cd /Users/admin/builder/spi-builder-workspace/.swiftpm/xcode
SwiftCompile normal arm64 /Users/admin/builder/spi-builder-workspace/Sources/ColorPaletteCodable/palette/coders/ACOPaletteCoder.swift (in target 'ColorPaletteCodable' from project 'ColorPaletteCodable')
cd /Users/admin/builder/spi-builder-workspace/.swiftpm/xcode
SwiftCompile normal arm64 /Users/admin/builder/spi-builder-workspace/Sources/ColorPaletteCodable/palette/coders/ACTPaletteCoder.swift (in target 'ColorPaletteCodable' from project 'ColorPaletteCodable')
cd /Users/admin/builder/spi-builder-workspace/.swiftpm/xcode
SwiftCompile normal arm64 /Users/admin/builder/spi-builder-workspace/Sources/ColorPaletteCodable/palette/coders/AFPaletteCoder.swift (in target 'ColorPaletteCodable' from project 'ColorPaletteCodable')
cd /Users/admin/builder/spi-builder-workspace/.swiftpm/xcode
SwiftCompile normal arm64 /Users/admin/builder/spi-builder-workspace/Sources/ColorPaletteCodable/palette/coders/ASEPaletteCoder.swift (in target 'ColorPaletteCodable' from project 'ColorPaletteCodable')
cd /Users/admin/builder/spi-builder-workspace/.swiftpm/xcode
SwiftCompile normal arm64 /Users/admin/builder/spi-builder-workspace/Sources/ColorPaletteCodable/palette/coders/AndroidColorsXMLCoder.swift (in target 'ColorPaletteCodable' from project 'ColorPaletteCodable')
cd /Users/admin/builder/spi-builder-workspace/.swiftpm/xcode
SwiftCompile normal arm64 /Users/admin/builder/spi-builder-workspace/Sources/ColorPaletteCodable/palette/coders/AutodeskColorBook.swift (in target 'ColorPaletteCodable' from project 'ColorPaletteCodable')
cd /Users/admin/builder/spi-builder-workspace/.swiftpm/xcode
SwiftCompile normal arm64 /Users/admin/builder/spi-builder-workspace/Sources/ColorPaletteCodable/palette/coders/BasicXMLCoder.swift (in target 'ColorPaletteCodable' from project 'ColorPaletteCodable')
cd /Users/admin/builder/spi-builder-workspace/.swiftpm/xcode
SwiftCompile normal arm64 /Users/admin/builder/spi-builder-workspace/Sources/ColorPaletteCodable/palette/coders/CLFPaletteCoder.swift (in target 'ColorPaletteCodable' from project 'ColorPaletteCodable')
cd /Users/admin/builder/spi-builder-workspace/.swiftpm/xcode
SwiftCompile normal arm64 /Users/admin/builder/spi-builder-workspace/Sources/ColorPaletteCodable/palette/coders/CLRPaletteCoder.swift (in target 'ColorPaletteCodable' from project 'ColorPaletteCodable')
cd /Users/admin/builder/spi-builder-workspace/.swiftpm/xcode
SwiftCompile normal arm64 /Users/admin/builder/spi-builder-workspace/Sources/ColorPaletteCodable/palette/coders/CPLPaletteCoder.swift (in target 'ColorPaletteCodable' from project 'ColorPaletteCodable')
cd /Users/admin/builder/spi-builder-workspace/.swiftpm/xcode
SwiftCompile normal arm64 /Users/admin/builder/spi-builder-workspace/Sources/ColorPaletteCodable/palette/coders/CSVPaletteCoder.swift (in target 'ColorPaletteCodable' from project 'ColorPaletteCodable')
cd /Users/admin/builder/spi-builder-workspace/.swiftpm/xcode
SwiftCompile normal arm64 /Users/admin/builder/spi-builder-workspace/Sources/ColorPaletteCodable/palette/coders/ClipStudioPaintCoder.swift (in target 'ColorPaletteCodable' from project 'ColorPaletteCodable')
cd /Users/admin/builder/spi-builder-workspace/.swiftpm/xcode
SwiftDriverJobDiscovery normal arm64 Compiling BytesWriter.swift, ByteBuffer.swift (in target 'BytesParser' from project 'BytesParser')
SwiftCompile normal arm64 Compiling\ ColorPaletteTablesCoder.swift,\ DCGGradientCoder.swift,\ GIMPGradientCoder.swift,\ GNUPlotGradientCoder.swift,\ JSONGradientCoder.swift,\ PaintShopProGradientCoder.swift,\ SVGGradientCoder.swift,\ SwiftGenGradientCoder.swift,\ PAL+Palette.swift,\ PAL+PaletteCoder.swift,\ PAL+PaletteCoderProtocol.swift,\ PAL+PaletteFormat.swift,\ ACBLPaletteCoder.swift /Users/admin/builder/spi-builder-workspace/Sources/ColorPaletteCodable/gradient/coders/ColorPaletteTablesCoder.swift /Users/admin/builder/spi-builder-workspace/Sources/ColorPaletteCodable/gradient/coders/DCGGradientCoder.swift /Users/admin/builder/spi-builder-workspace/Sources/ColorPaletteCodable/gradient/coders/GIMPGradientCoder.swift /Users/admin/builder/spi-builder-workspace/Sources/ColorPaletteCodable/gradient/coders/GNUPlotGradientCoder.swift /Users/admin/builder/spi-builder-workspace/Sources/ColorPaletteCodable/gradient/coders/JSONGradientCoder.swift /Users/admin/builder/spi-builder-workspace/Sources/ColorPaletteCodable/gradient/coders/PaintShopProGradientCoder.swift /Users/admin/builder/spi-builder-workspace/Sources/ColorPaletteCodable/gradient/coders/SVGGradientCoder.swift /Users/admin/builder/spi-builder-workspace/Sources/ColorPaletteCodable/gradient/coders/SwiftGenGradientCoder.swift /Users/admin/builder/spi-builder-workspace/Sources/ColorPaletteCodable/palette/PAL+Palette.swift /Users/admin/builder/spi-builder-workspace/Sources/ColorPaletteCodable/palette/PAL+PaletteCoder.swift /Users/admin/builder/spi-builder-workspace/Sources/ColorPaletteCodable/palette/PAL+PaletteCoderProtocol.swift /Users/admin/builder/spi-builder-workspace/Sources/ColorPaletteCodable/palette/PAL+PaletteFormat.swift /Users/admin/builder/spi-builder-workspace/Sources/ColorPaletteCodable/palette/coders/ACBLPaletteCoder.swift (in target 'ColorPaletteCodable' from project 'ColorPaletteCodable')
Command SwiftCompile failed with a nonzero exit code
** BUILD FAILED **
The following build commands failed:
SwiftCompile normal arm64 Compiling\ SwiftPaletteCoder.swift,\ VGA18BitPaletteCoder.swift,\ VGA24BitPaletteCoder.swift,\ PAL+CGColor.swift,\ PAL+NSColorList.swift,\ PAL+SwiftUI.swift,\ PAL+iOS.swift,\ PAL+macOS.swift,\ BytesParser+extensions.swift,\ CGColor+HexExtensions.swift,\ CGColor+extensions.swift,\ CGContext+exensions.swift,\ CGGradient+extensions.swift /Users/admin/builder/spi-builder-workspace/Sources/ColorPaletteCodable/palette/coders/SwiftPaletteCoder.swift /Users/admin/builder/spi-builder-workspace/Sources/ColorPaletteCodable/palette/coders/VGA18BitPaletteCoder.swift /Users/admin/builder/spi-builder-workspace/Sources/ColorPaletteCodable/palette/coders/VGA24BitPaletteCoder.swift /Users/admin/builder/spi-builder-workspace/Sources/ColorPaletteCodable/platform/PAL+CGColor.swift /Users/admin/builder/spi-builder-workspace/Sources/ColorPaletteCodable/platform/PAL+NSColorList.swift /Users/admin/builder/spi-builder-workspace/Sources/ColorPaletteCodable/platform/PAL+SwiftUI.swift /Users/admin/builder/spi-builder-workspace/Sources/ColorPaletteCodable/platform/PAL+iOS.swift /Users/admin/builder/spi-builder-workspace/Sources/ColorPaletteCodable/platform/PAL+macOS.swift /Users/admin/builder/spi-builder-workspace/Sources/ColorPaletteCodable/private/BytesParser+extensions.swift /Users/admin/builder/spi-builder-workspace/Sources/ColorPaletteCodable/private/CGColor+HexExtensions.swift /Users/admin/builder/spi-builder-workspace/Sources/ColorPaletteCodable/private/CGColor+extensions.swift /Users/admin/builder/spi-builder-workspace/Sources/ColorPaletteCodable/private/CGContext+exensions.swift /Users/admin/builder/spi-builder-workspace/Sources/ColorPaletteCodable/private/CGGradient+extensions.swift (in target 'ColorPaletteCodable' from project 'ColorPaletteCodable')
SwiftCompile normal arm64 /Users/admin/builder/spi-builder-workspace/Sources/ColorPaletteCodable/platform/PAL+SwiftUI.swift (in target 'ColorPaletteCodable' from project 'ColorPaletteCodable')
SwiftCompile normal arm64 Compiling\ ColorPaletteTablesCoder.swift,\ DCGGradientCoder.swift,\ GIMPGradientCoder.swift,\ GNUPlotGradientCoder.swift,\ JSONGradientCoder.swift,\ PaintShopProGradientCoder.swift,\ SVGGradientCoder.swift,\ SwiftGenGradientCoder.swift,\ PAL+Palette.swift,\ PAL+PaletteCoder.swift,\ PAL+PaletteCoderProtocol.swift,\ PAL+PaletteFormat.swift,\ ACBLPaletteCoder.swift /Users/admin/builder/spi-builder-workspace/Sources/ColorPaletteCodable/gradient/coders/ColorPaletteTablesCoder.swift /Users/admin/builder/spi-builder-workspace/Sources/ColorPaletteCodable/gradient/coders/DCGGradientCoder.swift /Users/admin/builder/spi-builder-workspace/Sources/ColorPaletteCodable/gradient/coders/GIMPGradientCoder.swift /Users/admin/builder/spi-builder-workspace/Sources/ColorPaletteCodable/gradient/coders/GNUPlotGradientCoder.swift /Users/admin/builder/spi-builder-workspace/Sources/ColorPaletteCodable/gradient/coders/JSONGradientCoder.swift /Users/admin/builder/spi-builder-workspace/Sources/ColorPaletteCodable/gradient/coders/PaintShopProGradientCoder.swift /Users/admin/builder/spi-builder-workspace/Sources/ColorPaletteCodable/gradient/coders/SVGGradientCoder.swift /Users/admin/builder/spi-builder-workspace/Sources/ColorPaletteCodable/gradient/coders/SwiftGenGradientCoder.swift /Users/admin/builder/spi-builder-workspace/Sources/ColorPaletteCodable/palette/PAL+Palette.swift /Users/admin/builder/spi-builder-workspace/Sources/ColorPaletteCodable/palette/PAL+PaletteCoder.swift /Users/admin/builder/spi-builder-workspace/Sources/ColorPaletteCodable/palette/PAL+PaletteCoderProtocol.swift /Users/admin/builder/spi-builder-workspace/Sources/ColorPaletteCodable/palette/PAL+PaletteFormat.swift /Users/admin/builder/spi-builder-workspace/Sources/ColorPaletteCodable/palette/coders/ACBLPaletteCoder.swift (in target 'ColorPaletteCodable' from project 'ColorPaletteCodable')
Building workspace spi-builder-workspace with scheme ColorPaletteCodable-Package
(4 failures)
BUILD FAILURE 6.1 visionOS