The Swift Package Index logo.Swift Package Index

Build Information

Failed to build AppsOnAir-AppPush, reference 1.0.8-beta (64b9b5), with Swift 6.2 for watchOS using Xcode 26.3 on 25 Oct 2026 05:44:17 UTC.

Build Command

env DEVELOPER_DIR=/Applications/Xcode-26.3.0.app xcrun xcodebuild -IDEClonedSourcePackagesDirPathOverride=$PWD/.dependencies -skipMacroValidation -skipPackagePluginValidation -derivedDataPath $PWD/.derivedData build -scheme AppsOnAir-AppPush-Package -destination generic/platform=watchOS

Build Log

    cd /Users/admin/builder/spi-builder-workspace/.dependencies/checkouts/AppsOnAir-iOS-Core
    write-file /Users/admin/builder/spi-builder-workspace/.derivedData/Build/Intermediates.noindex/AppsOnAir-Core.build/Debug-watchos/AppsOnAir-Core.build/Objects-normal/arm64_32/AppsOnAir-Core.SwiftConstValuesFileList
WriteAuxiliaryFile /Users/admin/builder/spi-builder-workspace/.derivedData/Build/Intermediates.noindex/AppsOnAir-Core.build/Debug-watchos/AppsOnAir-Core.build/Objects-normal/arm64_32/AppsOnAir-Core.LinkFileList (in target 'AppsOnAir-Core' from project 'AppsOnAir-Core')
    cd /Users/admin/builder/spi-builder-workspace/.dependencies/checkouts/AppsOnAir-iOS-Core
    write-file /Users/admin/builder/spi-builder-workspace/.derivedData/Build/Intermediates.noindex/AppsOnAir-Core.build/Debug-watchos/AppsOnAir-Core.build/Objects-normal/arm64_32/AppsOnAir-Core.LinkFileList
WriteAuxiliaryFile /Users/admin/builder/spi-builder-workspace/.derivedData/Build/Intermediates.noindex/AppsOnAir-Core.build/Debug-watchos/AppsOnAir-Core.build/Objects-normal/arm64_32/AppsOnAir-Core-OutputFileMap.json (in target 'AppsOnAir-Core' from project 'AppsOnAir-Core')
    cd /Users/admin/builder/spi-builder-workspace/.dependencies/checkouts/AppsOnAir-iOS-Core
    write-file /Users/admin/builder/spi-builder-workspace/.derivedData/Build/Intermediates.noindex/AppsOnAir-Core.build/Debug-watchos/AppsOnAir-Core.build/Objects-normal/arm64_32/AppsOnAir-Core-OutputFileMap.json
WriteAuxiliaryFile /Users/admin/builder/spi-builder-workspace/.derivedData/Build/Intermediates.noindex/AppsOnAir-Core.build/Debug-watchos/AppsOnAir-Core.build/Objects-normal/arm64/AppsOnAir-Core_const_extract_protocols.json (in target 'AppsOnAir-Core' from project 'AppsOnAir-Core')
    cd /Users/admin/builder/spi-builder-workspace/.dependencies/checkouts/AppsOnAir-iOS-Core
    write-file /Users/admin/builder/spi-builder-workspace/.derivedData/Build/Intermediates.noindex/AppsOnAir-Core.build/Debug-watchos/AppsOnAir-Core.build/Objects-normal/arm64/AppsOnAir-Core_const_extract_protocols.json
WriteAuxiliaryFile /Users/admin/builder/spi-builder-workspace/.derivedData/Build/Intermediates.noindex/AppsOnAir-Core.build/Debug-watchos/AppsOnAir-Core.build/Objects-normal/arm64/AppsOnAir-Core.SwiftFileList (in target 'AppsOnAir-Core' from project 'AppsOnAir-Core')
    cd /Users/admin/builder/spi-builder-workspace/.dependencies/checkouts/AppsOnAir-iOS-Core
    write-file /Users/admin/builder/spi-builder-workspace/.derivedData/Build/Intermediates.noindex/AppsOnAir-Core.build/Debug-watchos/AppsOnAir-Core.build/Objects-normal/arm64/AppsOnAir-Core.SwiftFileList
WriteAuxiliaryFile /Users/admin/builder/spi-builder-workspace/.derivedData/Build/Intermediates.noindex/AppsOnAir-Core.build/Debug-watchos/AppsOnAir-Core.build/Objects-normal/arm64/AppsOnAir-Core.SwiftConstValuesFileList (in target 'AppsOnAir-Core' from project 'AppsOnAir-Core')
    cd /Users/admin/builder/spi-builder-workspace/.dependencies/checkouts/AppsOnAir-iOS-Core
    write-file /Users/admin/builder/spi-builder-workspace/.derivedData/Build/Intermediates.noindex/AppsOnAir-Core.build/Debug-watchos/AppsOnAir-Core.build/Objects-normal/arm64/AppsOnAir-Core.SwiftConstValuesFileList
WriteAuxiliaryFile /Users/admin/builder/spi-builder-workspace/.derivedData/Build/Intermediates.noindex/AppsOnAir-Core.build/Debug-watchos/AppsOnAir-Core.build/Objects-normal/arm64/AppsOnAir-Core.LinkFileList (in target 'AppsOnAir-Core' from project 'AppsOnAir-Core')
    cd /Users/admin/builder/spi-builder-workspace/.dependencies/checkouts/AppsOnAir-iOS-Core
    write-file /Users/admin/builder/spi-builder-workspace/.derivedData/Build/Intermediates.noindex/AppsOnAir-Core.build/Debug-watchos/AppsOnAir-Core.build/Objects-normal/arm64/AppsOnAir-Core.LinkFileList
WriteAuxiliaryFile /Users/admin/builder/spi-builder-workspace/.derivedData/Build/Intermediates.noindex/AppsOnAir-Core.build/Debug-watchos/AppsOnAir-Core.build/Objects-normal/arm64/AppsOnAir-Core-OutputFileMap.json (in target 'AppsOnAir-Core' from project 'AppsOnAir-Core')
    cd /Users/admin/builder/spi-builder-workspace/.dependencies/checkouts/AppsOnAir-iOS-Core
    write-file /Users/admin/builder/spi-builder-workspace/.derivedData/Build/Intermediates.noindex/AppsOnAir-Core.build/Debug-watchos/AppsOnAir-Core.build/Objects-normal/arm64/AppsOnAir-Core-OutputFileMap.json
WriteAuxiliaryFile /Users/admin/builder/spi-builder-workspace/.derivedData/Build/Intermediates.noindex/AppsOnAir-Core.build/Debug-watchos/AppsOnAir-Core.build/AppsOnAir-Core.modulemap (in target 'AppsOnAir-Core' from project 'AppsOnAir-Core')
    cd /Users/admin/builder/spi-builder-workspace/.dependencies/checkouts/AppsOnAir-iOS-Core
    write-file /Users/admin/builder/spi-builder-workspace/.derivedData/Build/Intermediates.noindex/AppsOnAir-Core.build/Debug-watchos/AppsOnAir-Core.build/AppsOnAir-Core.modulemap
WriteAuxiliaryFile /Users/admin/builder/spi-builder-workspace/.derivedData/Build/Intermediates.noindex/AppsOnAir-Core.build/Debug-watchos/AppsOnAir-Core.build/DerivedSources/resource_bundle_accessor.swift (in target 'AppsOnAir-Core' from project 'AppsOnAir-Core')
    cd /Users/admin/builder/spi-builder-workspace/.dependencies/checkouts/AppsOnAir-iOS-Core
    write-file /Users/admin/builder/spi-builder-workspace/.derivedData/Build/Intermediates.noindex/AppsOnAir-Core.build/Debug-watchos/AppsOnAir-Core.build/DerivedSources/resource_bundle_accessor.swift
WriteAuxiliaryFile /Users/admin/builder/spi-builder-workspace/.derivedData/Build/Intermediates.noindex/AppsOnAir-Core.build/Debug-watchos/AppsOnAir-Core.build/AppsOnAir-Core.DependencyStaticMetadataFileList (in target 'AppsOnAir-Core' from project 'AppsOnAir-Core')
    cd /Users/admin/builder/spi-builder-workspace/.dependencies/checkouts/AppsOnAir-iOS-Core
    write-file /Users/admin/builder/spi-builder-workspace/.derivedData/Build/Intermediates.noindex/AppsOnAir-Core.build/Debug-watchos/AppsOnAir-Core.build/AppsOnAir-Core.DependencyStaticMetadataFileList
WriteAuxiliaryFile /Users/admin/builder/spi-builder-workspace/.derivedData/Build/Intermediates.noindex/AppsOnAir-Core.build/Debug-watchos/AppsOnAir-Core.build/AppsOnAir-Core.DependencyMetadataFileList (in target 'AppsOnAir-Core' from project 'AppsOnAir-Core')
    cd /Users/admin/builder/spi-builder-workspace/.dependencies/checkouts/AppsOnAir-iOS-Core
    write-file /Users/admin/builder/spi-builder-workspace/.derivedData/Build/Intermediates.noindex/AppsOnAir-Core.build/Debug-watchos/AppsOnAir-Core.build/AppsOnAir-Core.DependencyMetadataFileList
WriteAuxiliaryFile /Users/admin/builder/spi-builder-workspace/.derivedData/Build/Intermediates.noindex/AppsOnAir-Core.build/Debug-watchos/AppsOnAir-Core-ObjC.build/Objects-normal/armv7k/AppsOnAir-Core-ObjC.LinkFileList (in target 'AppsOnAir-Core-ObjC' from project 'AppsOnAir-Core')
    cd /Users/admin/builder/spi-builder-workspace/.dependencies/checkouts/AppsOnAir-iOS-Core
    write-file /Users/admin/builder/spi-builder-workspace/.derivedData/Build/Intermediates.noindex/AppsOnAir-Core.build/Debug-watchos/AppsOnAir-Core-ObjC.build/Objects-normal/armv7k/AppsOnAir-Core-ObjC.LinkFileList
WriteAuxiliaryFile /Users/admin/builder/spi-builder-workspace/.derivedData/Build/Intermediates.noindex/AppsOnAir-Core.build/Debug-watchos/AppsOnAir-Core-ObjC.build/Objects-normal/armv7k/e6072d4f65d7061329687fe24e3d63a7-common-args.resp (in target 'AppsOnAir-Core-ObjC' from project 'AppsOnAir-Core')
    cd /Users/admin/builder/spi-builder-workspace/.dependencies/checkouts/AppsOnAir-iOS-Core
    write-file /Users/admin/builder/spi-builder-workspace/.derivedData/Build/Intermediates.noindex/AppsOnAir-Core.build/Debug-watchos/AppsOnAir-Core-ObjC.build/Objects-normal/armv7k/e6072d4f65d7061329687fe24e3d63a7-common-args.resp
-target armv7k-apple-watchos5.0 -fobjc-arc -fmodules -gmodules '-fmodules-cache-path=/Users/admin/builder/spi-builder-workspace/.derivedData/ModuleCache.noindex' '-fmodule-name=AppsOnAir_Core_ObjC' -fpascal-strings -O0 -DSWIFT_PACKAGE '-DDEBUG=1' '-DOBJC_OLD_DISPATCH_PROTOTYPES=1' -isysroot /Applications/Xcode-26.3.0.app/Contents/Developer/Platforms/WatchOS.platform/Developer/SDKs/WatchOS26.2.sdk -g -fprofile-instr-generate -fcoverage-mapping -I/Users/admin/builder/spi-builder-workspace/.derivedData/Build/Products/Debug-watchos/include -I/Users/admin/builder/spi-builder-workspace/.dependencies/checkouts/AppsOnAir-iOS-Core/AppsOnAir_Core_ObjC/include -I/Users/admin/builder/spi-builder-workspace/.derivedData/Build/Intermediates.noindex/AppsOnAir-Core.build/Debug-watchos/AppsOnAir-Core-ObjC.build/DerivedSources-normal/armv7k -I/Users/admin/builder/spi-builder-workspace/.derivedData/Build/Intermediates.noindex/AppsOnAir-Core.build/Debug-watchos/AppsOnAir-Core-ObjC.build/DerivedSources/armv7k -I/Users/admin/builder/spi-builder-workspace/.derivedData/Build/Intermediates.noindex/AppsOnAir-Core.build/Debug-watchos/AppsOnAir-Core-ObjC.build/DerivedSources -F/Users/admin/builder/spi-builder-workspace/.derivedData/Build/Products/Debug-watchos/PackageFrameworks -F/Users/admin/builder/spi-builder-workspace/.derivedData/Build/Products/Debug-watchos/PackageFrameworks -F/Users/admin/builder/spi-builder-workspace/.derivedData/Build/Products/Debug-watchos -iframework /Applications/Xcode-26.3.0.app/Contents/Developer/Platforms/WatchOS.platform/Developer/Library/Frameworks -iframework /Applications/Xcode-26.3.0.app/Contents/Developer/Platforms/WatchOS.platform/Developer/SDKs/WatchOS26.2.sdk/Developer/Library/Frameworks '-fmodule-map-file=/Users/admin/builder/spi-builder-workspace/.derivedData/Build/Intermediates.noindex/GeneratedModuleMaps-watchos/Reachability.modulemap' '-fmodule-map-file=/Users/admin/builder/spi-builder-workspace/.derivedData/Build/Intermediates.noindex/GeneratedModuleMaps-watchos/AppsOnAir-Core.modulemap' -DXcode
WriteAuxiliaryFile /Users/admin/builder/spi-builder-workspace/.derivedData/Build/Intermediates.noindex/AppsOnAir-Core.build/Debug-watchos/AppsOnAir-Core-ObjC.build/Objects-normal/arm64_32/e6072d4f65d7061329687fe24e3d63a7-common-args.resp (in target 'AppsOnAir-Core-ObjC' from project 'AppsOnAir-Core')
    cd /Users/admin/builder/spi-builder-workspace/.dependencies/checkouts/AppsOnAir-iOS-Core
    write-file /Users/admin/builder/spi-builder-workspace/.derivedData/Build/Intermediates.noindex/AppsOnAir-Core.build/Debug-watchos/AppsOnAir-Core-ObjC.build/Objects-normal/arm64_32/e6072d4f65d7061329687fe24e3d63a7-common-args.resp
-target arm64_32-apple-watchos5.0 -fobjc-arc -fmodules -gmodules '-fmodules-cache-path=/Users/admin/builder/spi-builder-workspace/.derivedData/ModuleCache.noindex' '-fmodule-name=AppsOnAir_Core_ObjC' -fpascal-strings -O0 -DSWIFT_PACKAGE '-DDEBUG=1' '-DOBJC_OLD_DISPATCH_PROTOTYPES=1' -isysroot /Applications/Xcode-26.3.0.app/Contents/Developer/Platforms/WatchOS.platform/Developer/SDKs/WatchOS26.2.sdk -g -fprofile-instr-generate -fcoverage-mapping -I/Users/admin/builder/spi-builder-workspace/.derivedData/Build/Products/Debug-watchos/include -I/Users/admin/builder/spi-builder-workspace/.dependencies/checkouts/AppsOnAir-iOS-Core/AppsOnAir_Core_ObjC/include -I/Users/admin/builder/spi-builder-workspace/.derivedData/Build/Intermediates.noindex/AppsOnAir-Core.build/Debug-watchos/AppsOnAir-Core-ObjC.build/DerivedSources-normal/arm64_32 -I/Users/admin/builder/spi-builder-workspace/.derivedData/Build/Intermediates.noindex/AppsOnAir-Core.build/Debug-watchos/AppsOnAir-Core-ObjC.build/DerivedSources/arm64_32 -I/Users/admin/builder/spi-builder-workspace/.derivedData/Build/Intermediates.noindex/AppsOnAir-Core.build/Debug-watchos/AppsOnAir-Core-ObjC.build/DerivedSources -F/Users/admin/builder/spi-builder-workspace/.derivedData/Build/Products/Debug-watchos/PackageFrameworks -F/Users/admin/builder/spi-builder-workspace/.derivedData/Build/Products/Debug-watchos/PackageFrameworks -F/Users/admin/builder/spi-builder-workspace/.derivedData/Build/Products/Debug-watchos -iframework /Applications/Xcode-26.3.0.app/Contents/Developer/Platforms/WatchOS.platform/Developer/Library/Frameworks -iframework /Applications/Xcode-26.3.0.app/Contents/Developer/Platforms/WatchOS.platform/Developer/SDKs/WatchOS26.2.sdk/Developer/Library/Frameworks '-fmodule-map-file=/Users/admin/builder/spi-builder-workspace/.derivedData/Build/Intermediates.noindex/GeneratedModuleMaps-watchos/Reachability.modulemap' '-fmodule-map-file=/Users/admin/builder/spi-builder-workspace/.derivedData/Build/Intermediates.noindex/GeneratedModuleMaps-watchos/AppsOnAir-Core.modulemap' -DXcode
WriteAuxiliaryFile /Users/admin/builder/spi-builder-workspace/.derivedData/Build/Intermediates.noindex/AppsOnAir-Core.build/Debug-watchos/AppsOnAir-Core-ObjC.build/Objects-normal/arm64_32/AppsOnAir-Core-ObjC.LinkFileList (in target 'AppsOnAir-Core-ObjC' from project 'AppsOnAir-Core')
    cd /Users/admin/builder/spi-builder-workspace/.dependencies/checkouts/AppsOnAir-iOS-Core
    write-file /Users/admin/builder/spi-builder-workspace/.derivedData/Build/Intermediates.noindex/AppsOnAir-Core.build/Debug-watchos/AppsOnAir-Core-ObjC.build/Objects-normal/arm64_32/AppsOnAir-Core-ObjC.LinkFileList
WriteAuxiliaryFile /Users/admin/builder/spi-builder-workspace/.derivedData/Build/Intermediates.noindex/AppsOnAir-Core.build/Debug-watchos/AppsOnAir-Core-ObjC.build/Objects-normal/arm64/AppsOnAir-Core-ObjC.LinkFileList (in target 'AppsOnAir-Core-ObjC' from project 'AppsOnAir-Core')
    cd /Users/admin/builder/spi-builder-workspace/.dependencies/checkouts/AppsOnAir-iOS-Core
    write-file /Users/admin/builder/spi-builder-workspace/.derivedData/Build/Intermediates.noindex/AppsOnAir-Core.build/Debug-watchos/AppsOnAir-Core-ObjC.build/Objects-normal/arm64/AppsOnAir-Core-ObjC.LinkFileList
WriteAuxiliaryFile /Users/admin/builder/spi-builder-workspace/.derivedData/Build/Intermediates.noindex/AppsOnAir-Core.build/Debug-watchos/AppsOnAir-Core-ObjC.build/Objects-normal/arm64/e6072d4f65d7061329687fe24e3d63a7-common-args.resp (in target 'AppsOnAir-Core-ObjC' from project 'AppsOnAir-Core')
    cd /Users/admin/builder/spi-builder-workspace/.dependencies/checkouts/AppsOnAir-iOS-Core
    write-file /Users/admin/builder/spi-builder-workspace/.derivedData/Build/Intermediates.noindex/AppsOnAir-Core.build/Debug-watchos/AppsOnAir-Core-ObjC.build/Objects-normal/arm64/e6072d4f65d7061329687fe24e3d63a7-common-args.resp
-target arm64-apple-watchos5.0 -fobjc-arc -fmodules -gmodules '-fmodules-cache-path=/Users/admin/builder/spi-builder-workspace/.derivedData/ModuleCache.noindex' '-fmodule-name=AppsOnAir_Core_ObjC' -fpascal-strings -O0 -DSWIFT_PACKAGE '-DDEBUG=1' '-DOBJC_OLD_DISPATCH_PROTOTYPES=1' -isysroot /Applications/Xcode-26.3.0.app/Contents/Developer/Platforms/WatchOS.platform/Developer/SDKs/WatchOS26.2.sdk -g -fprofile-instr-generate -fcoverage-mapping -I/Users/admin/builder/spi-builder-workspace/.derivedData/Build/Products/Debug-watchos/include -I/Users/admin/builder/spi-builder-workspace/.dependencies/checkouts/AppsOnAir-iOS-Core/AppsOnAir_Core_ObjC/include -I/Users/admin/builder/spi-builder-workspace/.derivedData/Build/Intermediates.noindex/AppsOnAir-Core.build/Debug-watchos/AppsOnAir-Core-ObjC.build/DerivedSources-normal/arm64 -I/Users/admin/builder/spi-builder-workspace/.derivedData/Build/Intermediates.noindex/AppsOnAir-Core.build/Debug-watchos/AppsOnAir-Core-ObjC.build/DerivedSources/arm64 -I/Users/admin/builder/spi-builder-workspace/.derivedData/Build/Intermediates.noindex/AppsOnAir-Core.build/Debug-watchos/AppsOnAir-Core-ObjC.build/DerivedSources -F/Users/admin/builder/spi-builder-workspace/.derivedData/Build/Products/Debug-watchos/PackageFrameworks -F/Users/admin/builder/spi-builder-workspace/.derivedData/Build/Products/Debug-watchos/PackageFrameworks -F/Users/admin/builder/spi-builder-workspace/.derivedData/Build/Products/Debug-watchos -iframework /Applications/Xcode-26.3.0.app/Contents/Developer/Platforms/WatchOS.platform/Developer/Library/Frameworks -iframework /Applications/Xcode-26.3.0.app/Contents/Developer/Platforms/WatchOS.platform/Developer/SDKs/WatchOS26.2.sdk/Developer/Library/Frameworks '-fmodule-map-file=/Users/admin/builder/spi-builder-workspace/.derivedData/Build/Intermediates.noindex/GeneratedModuleMaps-watchos/Reachability.modulemap' '-fmodule-map-file=/Users/admin/builder/spi-builder-workspace/.derivedData/Build/Intermediates.noindex/GeneratedModuleMaps-watchos/AppsOnAir-Core.modulemap' -DXcode
WriteAuxiliaryFile /Users/admin/builder/spi-builder-workspace/.derivedData/Build/Intermediates.noindex/AppsOnAir-Core.build/Debug-watchos/AppsOnAir-Core-ObjC.build/AppsOnAir-Core-ObjC.modulemap (in target 'AppsOnAir-Core-ObjC' from project 'AppsOnAir-Core')
    cd /Users/admin/builder/spi-builder-workspace/.dependencies/checkouts/AppsOnAir-iOS-Core
    write-file /Users/admin/builder/spi-builder-workspace/.derivedData/Build/Intermediates.noindex/AppsOnAir-Core.build/Debug-watchos/AppsOnAir-Core-ObjC.build/AppsOnAir-Core-ObjC.modulemap
Copy /Users/admin/builder/spi-builder-workspace/.derivedData/Build/Intermediates.noindex/GeneratedModuleMaps-watchos/AppsOnAir-Core.modulemap /Users/admin/builder/spi-builder-workspace/.derivedData/Build/Intermediates.noindex/AppsOnAir-Core.build/Debug-watchos/AppsOnAir-Core.build/AppsOnAir-Core.modulemap (in target 'AppsOnAir-Core' from project 'AppsOnAir-Core')
    cd /Users/admin/builder/spi-builder-workspace/.dependencies/checkouts/AppsOnAir-iOS-Core
    builtin-copy -exclude .DS_Store -exclude CVS -exclude .svn -exclude .git -exclude .hg -resolve-src-symlinks /Users/admin/builder/spi-builder-workspace/.derivedData/Build/Intermediates.noindex/AppsOnAir-Core.build/Debug-watchos/AppsOnAir-Core.build/AppsOnAir-Core.modulemap /Users/admin/builder/spi-builder-workspace/.derivedData/Build/Intermediates.noindex/GeneratedModuleMaps-watchos
WriteAuxiliaryFile /Users/admin/builder/spi-builder-workspace/.derivedData/Build/Intermediates.noindex/AppsOnAir-Core.build/Debug-watchos/AppsOnAir-Core-ObjC.build/AppsOnAir-Core-ObjC.DependencyStaticMetadataFileList (in target 'AppsOnAir-Core-ObjC' from project 'AppsOnAir-Core')
    cd /Users/admin/builder/spi-builder-workspace/.dependencies/checkouts/AppsOnAir-iOS-Core
    write-file /Users/admin/builder/spi-builder-workspace/.derivedData/Build/Intermediates.noindex/AppsOnAir-Core.build/Debug-watchos/AppsOnAir-Core-ObjC.build/AppsOnAir-Core-ObjC.DependencyStaticMetadataFileList
WriteAuxiliaryFile /Users/admin/builder/spi-builder-workspace/.derivedData/Build/Intermediates.noindex/AppsOnAir-Core.build/Debug-watchos/AppsOnAir-Core-ObjC.build/AppsOnAir-Core-ObjC.DependencyMetadataFileList (in target 'AppsOnAir-Core-ObjC' from project 'AppsOnAir-Core')
    cd /Users/admin/builder/spi-builder-workspace/.dependencies/checkouts/AppsOnAir-iOS-Core
    write-file /Users/admin/builder/spi-builder-workspace/.derivedData/Build/Intermediates.noindex/AppsOnAir-Core.build/Debug-watchos/AppsOnAir-Core-ObjC.build/AppsOnAir-Core-ObjC.DependencyMetadataFileList
WriteAuxiliaryFile /Users/admin/builder/spi-builder-workspace/.derivedData/Build/Intermediates.noindex/AppsOnAir-AppPush.build/Debug-watchos/AppsOnAir-AppPush-Shared.build/Objects-normal/armv7k/AppsOnAir-AppPush-Shared_const_extract_protocols.json (in target 'AppsOnAir-AppPush-Shared' from project 'AppsOnAir-AppPush')
    cd /Users/admin/builder/spi-builder-workspace
    write-file /Users/admin/builder/spi-builder-workspace/.derivedData/Build/Intermediates.noindex/AppsOnAir-AppPush.build/Debug-watchos/AppsOnAir-AppPush-Shared.build/Objects-normal/armv7k/AppsOnAir-AppPush-Shared_const_extract_protocols.json
WriteAuxiliaryFile /Users/admin/builder/spi-builder-workspace/.derivedData/Build/Intermediates.noindex/AppsOnAir-AppPush.build/Debug-watchos/AppsOnAir-AppPush-Shared.build/Objects-normal/armv7k/AppsOnAir-AppPush-Shared.SwiftFileList (in target 'AppsOnAir-AppPush-Shared' from project 'AppsOnAir-AppPush')
    cd /Users/admin/builder/spi-builder-workspace
    write-file /Users/admin/builder/spi-builder-workspace/.derivedData/Build/Intermediates.noindex/AppsOnAir-AppPush.build/Debug-watchos/AppsOnAir-AppPush-Shared.build/Objects-normal/armv7k/AppsOnAir-AppPush-Shared.SwiftFileList
WriteAuxiliaryFile /Users/admin/builder/spi-builder-workspace/.derivedData/Build/Intermediates.noindex/AppsOnAir-AppPush.build/Debug-watchos/AppsOnAir-AppPush-Shared.build/Objects-normal/armv7k/AppsOnAir-AppPush-Shared.SwiftConstValuesFileList (in target 'AppsOnAir-AppPush-Shared' from project 'AppsOnAir-AppPush')
    cd /Users/admin/builder/spi-builder-workspace
    write-file /Users/admin/builder/spi-builder-workspace/.derivedData/Build/Intermediates.noindex/AppsOnAir-AppPush.build/Debug-watchos/AppsOnAir-AppPush-Shared.build/Objects-normal/armv7k/AppsOnAir-AppPush-Shared.SwiftConstValuesFileList
WriteAuxiliaryFile /Users/admin/builder/spi-builder-workspace/.derivedData/Build/Intermediates.noindex/AppsOnAir-AppPush.build/Debug-watchos/AppsOnAir-AppPush-Shared.build/Objects-normal/armv7k/AppsOnAir-AppPush-Shared-OutputFileMap.json (in target 'AppsOnAir-AppPush-Shared' from project 'AppsOnAir-AppPush')
    cd /Users/admin/builder/spi-builder-workspace
    write-file /Users/admin/builder/spi-builder-workspace/.derivedData/Build/Intermediates.noindex/AppsOnAir-AppPush.build/Debug-watchos/AppsOnAir-AppPush-Shared.build/Objects-normal/armv7k/AppsOnAir-AppPush-Shared-OutputFileMap.json
WriteAuxiliaryFile /Users/admin/builder/spi-builder-workspace/.derivedData/Build/Intermediates.noindex/AppsOnAir-AppPush.build/Debug-watchos/AppsOnAir-AppPush-Shared.build/Objects-normal/armv7k/AppsOnAir-AppPush-Shared.LinkFileList (in target 'AppsOnAir-AppPush-Shared' from project 'AppsOnAir-AppPush')
    cd /Users/admin/builder/spi-builder-workspace
    write-file /Users/admin/builder/spi-builder-workspace/.derivedData/Build/Intermediates.noindex/AppsOnAir-AppPush.build/Debug-watchos/AppsOnAir-AppPush-Shared.build/Objects-normal/armv7k/AppsOnAir-AppPush-Shared.LinkFileList
WriteAuxiliaryFile /Users/admin/builder/spi-builder-workspace/.derivedData/Build/Intermediates.noindex/AppsOnAir-AppPush.build/Debug-watchos/AppsOnAir-AppPush-Shared.build/Objects-normal/arm64_32/AppsOnAir-AppPush-Shared_const_extract_protocols.json (in target 'AppsOnAir-AppPush-Shared' from project 'AppsOnAir-AppPush')
    cd /Users/admin/builder/spi-builder-workspace
    write-file /Users/admin/builder/spi-builder-workspace/.derivedData/Build/Intermediates.noindex/AppsOnAir-AppPush.build/Debug-watchos/AppsOnAir-AppPush-Shared.build/Objects-normal/arm64_32/AppsOnAir-AppPush-Shared_const_extract_protocols.json
WriteAuxiliaryFile /Users/admin/builder/spi-builder-workspace/.derivedData/Build/Intermediates.noindex/AppsOnAir-AppPush.build/Debug-watchos/AppsOnAir-AppPush-Shared.build/Objects-normal/arm64_32/AppsOnAir-AppPush-Shared.SwiftFileList (in target 'AppsOnAir-AppPush-Shared' from project 'AppsOnAir-AppPush')
    cd /Users/admin/builder/spi-builder-workspace
    write-file /Users/admin/builder/spi-builder-workspace/.derivedData/Build/Intermediates.noindex/AppsOnAir-AppPush.build/Debug-watchos/AppsOnAir-AppPush-Shared.build/Objects-normal/arm64_32/AppsOnAir-AppPush-Shared.SwiftFileList
Copy /Users/admin/builder/spi-builder-workspace/.derivedData/Build/Intermediates.noindex/GeneratedModuleMaps-watchos/AppsOnAir-Core-ObjC.modulemap /Users/admin/builder/spi-builder-workspace/.derivedData/Build/Intermediates.noindex/AppsOnAir-Core.build/Debug-watchos/AppsOnAir-Core-ObjC.build/AppsOnAir-Core-ObjC.modulemap (in target 'AppsOnAir-Core-ObjC' from project 'AppsOnAir-Core')
    cd /Users/admin/builder/spi-builder-workspace/.dependencies/checkouts/AppsOnAir-iOS-Core
    builtin-copy -exclude .DS_Store -exclude CVS -exclude .svn -exclude .git -exclude .hg -resolve-src-symlinks /Users/admin/builder/spi-builder-workspace/.derivedData/Build/Intermediates.noindex/AppsOnAir-Core.build/Debug-watchos/AppsOnAir-Core-ObjC.build/AppsOnAir-Core-ObjC.modulemap /Users/admin/builder/spi-builder-workspace/.derivedData/Build/Intermediates.noindex/GeneratedModuleMaps-watchos
WriteAuxiliaryFile /Users/admin/builder/spi-builder-workspace/.derivedData/Build/Intermediates.noindex/AppsOnAir-AppPush.build/Debug-watchos/AppsOnAir-AppPush-Shared.build/Objects-normal/arm64_32/AppsOnAir-AppPush-Shared.SwiftConstValuesFileList (in target 'AppsOnAir-AppPush-Shared' from project 'AppsOnAir-AppPush')
    cd /Users/admin/builder/spi-builder-workspace
    write-file /Users/admin/builder/spi-builder-workspace/.derivedData/Build/Intermediates.noindex/AppsOnAir-AppPush.build/Debug-watchos/AppsOnAir-AppPush-Shared.build/Objects-normal/arm64_32/AppsOnAir-AppPush-Shared.SwiftConstValuesFileList
WriteAuxiliaryFile /Users/admin/builder/spi-builder-workspace/.derivedData/Build/Intermediates.noindex/AppsOnAir-AppPush.build/Debug-watchos/AppsOnAir-AppPush-Shared.build/Objects-normal/arm64_32/AppsOnAir-AppPush-Shared.LinkFileList (in target 'AppsOnAir-AppPush-Shared' from project 'AppsOnAir-AppPush')
    cd /Users/admin/builder/spi-builder-workspace
    write-file /Users/admin/builder/spi-builder-workspace/.derivedData/Build/Intermediates.noindex/AppsOnAir-AppPush.build/Debug-watchos/AppsOnAir-AppPush-Shared.build/Objects-normal/arm64_32/AppsOnAir-AppPush-Shared.LinkFileList
WriteAuxiliaryFile /Users/admin/builder/spi-builder-workspace/.derivedData/Build/Intermediates.noindex/AppsOnAir-AppPush.build/Debug-watchos/AppsOnAir-AppPush-Shared.build/Objects-normal/arm64_32/AppsOnAir-AppPush-Shared-OutputFileMap.json (in target 'AppsOnAir-AppPush-Shared' from project 'AppsOnAir-AppPush')
    cd /Users/admin/builder/spi-builder-workspace
    write-file /Users/admin/builder/spi-builder-workspace/.derivedData/Build/Intermediates.noindex/AppsOnAir-AppPush.build/Debug-watchos/AppsOnAir-AppPush-Shared.build/Objects-normal/arm64_32/AppsOnAir-AppPush-Shared-OutputFileMap.json
WriteAuxiliaryFile /Users/admin/builder/spi-builder-workspace/.derivedData/Build/Intermediates.noindex/AppsOnAir-AppPush.build/Debug-watchos/AppsOnAir-AppPush-Shared.build/Objects-normal/arm64/AppsOnAir-AppPush-Shared_const_extract_protocols.json (in target 'AppsOnAir-AppPush-Shared' from project 'AppsOnAir-AppPush')
    cd /Users/admin/builder/spi-builder-workspace
    write-file /Users/admin/builder/spi-builder-workspace/.derivedData/Build/Intermediates.noindex/AppsOnAir-AppPush.build/Debug-watchos/AppsOnAir-AppPush-Shared.build/Objects-normal/arm64/AppsOnAir-AppPush-Shared_const_extract_protocols.json
WriteAuxiliaryFile /Users/admin/builder/spi-builder-workspace/.derivedData/Build/Intermediates.noindex/AppsOnAir-AppPush.build/Debug-watchos/AppsOnAir-AppPush-Shared.build/Objects-normal/arm64/AppsOnAir-AppPush-Shared.SwiftFileList (in target 'AppsOnAir-AppPush-Shared' from project 'AppsOnAir-AppPush')
    cd /Users/admin/builder/spi-builder-workspace
    write-file /Users/admin/builder/spi-builder-workspace/.derivedData/Build/Intermediates.noindex/AppsOnAir-AppPush.build/Debug-watchos/AppsOnAir-AppPush-Shared.build/Objects-normal/arm64/AppsOnAir-AppPush-Shared.SwiftFileList
WriteAuxiliaryFile /Users/admin/builder/spi-builder-workspace/.derivedData/Build/Intermediates.noindex/AppsOnAir-AppPush.build/Debug-watchos/AppsOnAir-AppPush-Shared.build/Objects-normal/arm64/AppsOnAir-AppPush-Shared.SwiftConstValuesFileList (in target 'AppsOnAir-AppPush-Shared' from project 'AppsOnAir-AppPush')
    cd /Users/admin/builder/spi-builder-workspace
    write-file /Users/admin/builder/spi-builder-workspace/.derivedData/Build/Intermediates.noindex/AppsOnAir-AppPush.build/Debug-watchos/AppsOnAir-AppPush-Shared.build/Objects-normal/arm64/AppsOnAir-AppPush-Shared.SwiftConstValuesFileList
WriteAuxiliaryFile /Users/admin/builder/spi-builder-workspace/.derivedData/Build/Intermediates.noindex/AppsOnAir-AppPush.build/Debug-watchos/AppsOnAir-AppPush-Shared.build/Objects-normal/arm64/AppsOnAir-AppPush-Shared.LinkFileList (in target 'AppsOnAir-AppPush-Shared' from project 'AppsOnAir-AppPush')
    cd /Users/admin/builder/spi-builder-workspace
    write-file /Users/admin/builder/spi-builder-workspace/.derivedData/Build/Intermediates.noindex/AppsOnAir-AppPush.build/Debug-watchos/AppsOnAir-AppPush-Shared.build/Objects-normal/arm64/AppsOnAir-AppPush-Shared.LinkFileList
WriteAuxiliaryFile /Users/admin/builder/spi-builder-workspace/.derivedData/Build/Intermediates.noindex/AppsOnAir-AppPush.build/Debug-watchos/AppsOnAir-AppPush-Shared.build/Objects-normal/arm64/AppsOnAir-AppPush-Shared-OutputFileMap.json (in target 'AppsOnAir-AppPush-Shared' from project 'AppsOnAir-AppPush')
    cd /Users/admin/builder/spi-builder-workspace
    write-file /Users/admin/builder/spi-builder-workspace/.derivedData/Build/Intermediates.noindex/AppsOnAir-AppPush.build/Debug-watchos/AppsOnAir-AppPush-Shared.build/Objects-normal/arm64/AppsOnAir-AppPush-Shared-OutputFileMap.json
WriteAuxiliaryFile /Users/admin/builder/spi-builder-workspace/.derivedData/Build/Intermediates.noindex/AppsOnAir-AppPush.build/Debug-watchos/AppsOnAir-AppPush-Shared.build/AppsOnAir-AppPush-Shared.modulemap (in target 'AppsOnAir-AppPush-Shared' from project 'AppsOnAir-AppPush')
    cd /Users/admin/builder/spi-builder-workspace
    write-file /Users/admin/builder/spi-builder-workspace/.derivedData/Build/Intermediates.noindex/AppsOnAir-AppPush.build/Debug-watchos/AppsOnAir-AppPush-Shared.build/AppsOnAir-AppPush-Shared.modulemap
WriteAuxiliaryFile /Users/admin/builder/spi-builder-workspace/.derivedData/Build/Intermediates.noindex/AppsOnAir-AppPush.build/Debug-watchos/AppsOnAir-AppPush-Shared.build/AppsOnAir-AppPush-Shared.DependencyStaticMetadataFileList (in target 'AppsOnAir-AppPush-Shared' from project 'AppsOnAir-AppPush')
    cd /Users/admin/builder/spi-builder-workspace
    write-file /Users/admin/builder/spi-builder-workspace/.derivedData/Build/Intermediates.noindex/AppsOnAir-AppPush.build/Debug-watchos/AppsOnAir-AppPush-Shared.build/AppsOnAir-AppPush-Shared.DependencyStaticMetadataFileList
WriteAuxiliaryFile /Users/admin/builder/spi-builder-workspace/.derivedData/Build/Intermediates.noindex/AppsOnAir-AppPush.build/Debug-watchos/AppsOnAir-AppPush-Shared.build/AppsOnAir-AppPush-Shared.DependencyMetadataFileList (in target 'AppsOnAir-AppPush-Shared' from project 'AppsOnAir-AppPush')
    cd /Users/admin/builder/spi-builder-workspace
    write-file /Users/admin/builder/spi-builder-workspace/.derivedData/Build/Intermediates.noindex/AppsOnAir-AppPush.build/Debug-watchos/AppsOnAir-AppPush-Shared.build/AppsOnAir-AppPush-Shared.DependencyMetadataFileList
MkDir /Users/admin/builder/spi-builder-workspace/.derivedData/Build/Products/Debug-watchos/Reachability_Reachability.bundle (in target 'Reachability_Reachability' from project 'Reachability')
    cd /Users/admin/builder/spi-builder-workspace/.dependencies/checkouts/Reachability.swift
    /bin/mkdir -p /Users/admin/builder/spi-builder-workspace/.derivedData/Build/Products/Debug-watchos/Reachability_Reachability.bundle
MkDir /Users/admin/builder/spi-builder-workspace/.derivedData/Build/Products/Debug-watchos/AppsOnAir-Core_AppsOnAir-Core.bundle (in target 'AppsOnAir-Core_AppsOnAir-Core' from project 'AppsOnAir-Core')
    cd /Users/admin/builder/spi-builder-workspace/.dependencies/checkouts/AppsOnAir-iOS-Core
    /bin/mkdir -p /Users/admin/builder/spi-builder-workspace/.derivedData/Build/Products/Debug-watchos/AppsOnAir-Core_AppsOnAir-Core.bundle
Copy /Users/admin/builder/spi-builder-workspace/.derivedData/Build/Intermediates.noindex/GeneratedModuleMaps-watchos/AppsOnAir-AppPush-Shared.modulemap /Users/admin/builder/spi-builder-workspace/.derivedData/Build/Intermediates.noindex/AppsOnAir-AppPush.build/Debug-watchos/AppsOnAir-AppPush-Shared.build/AppsOnAir-AppPush-Shared.modulemap (in target 'AppsOnAir-AppPush-Shared' from project 'AppsOnAir-AppPush')
    cd /Users/admin/builder/spi-builder-workspace
    builtin-copy -exclude .DS_Store -exclude CVS -exclude .svn -exclude .git -exclude .hg -resolve-src-symlinks /Users/admin/builder/spi-builder-workspace/.derivedData/Build/Intermediates.noindex/AppsOnAir-AppPush.build/Debug-watchos/AppsOnAir-AppPush-Shared.build/AppsOnAir-AppPush-Shared.modulemap /Users/admin/builder/spi-builder-workspace/.derivedData/Build/Intermediates.noindex/GeneratedModuleMaps-watchos
WriteAuxiliaryFile /Users/admin/builder/spi-builder-workspace/.derivedData/Build/Intermediates.noindex/AppsOnAir-AppPush.build/Debug-watchos/AppsOnAir-AppPush-ServiceExt.build/Objects-normal/arm64_32/AppsOnAir-AppPush-ServiceExt_const_extract_protocols.json (in target 'AppsOnAir-AppPush-ServiceExt' from project 'AppsOnAir-AppPush')
    cd /Users/admin/builder/spi-builder-workspace
    write-file /Users/admin/builder/spi-builder-workspace/.derivedData/Build/Intermediates.noindex/AppsOnAir-AppPush.build/Debug-watchos/AppsOnAir-AppPush-ServiceExt.build/Objects-normal/arm64_32/AppsOnAir-AppPush-ServiceExt_const_extract_protocols.json
WriteAuxiliaryFile /Users/admin/builder/spi-builder-workspace/.derivedData/Build/Intermediates.noindex/AppsOnAir-AppPush.build/Debug-watchos/AppsOnAir-AppPush-ServiceExt.build/Objects-normal/armv7k/AppsOnAir-AppPush-ServiceExt.SwiftConstValuesFileList (in target 'AppsOnAir-AppPush-ServiceExt' from project 'AppsOnAir-AppPush')
    cd /Users/admin/builder/spi-builder-workspace
    write-file /Users/admin/builder/spi-builder-workspace/.derivedData/Build/Intermediates.noindex/AppsOnAir-AppPush.build/Debug-watchos/AppsOnAir-AppPush-ServiceExt.build/Objects-normal/armv7k/AppsOnAir-AppPush-ServiceExt.SwiftConstValuesFileList
WriteAuxiliaryFile /Users/admin/builder/spi-builder-workspace/.derivedData/Build/Intermediates.noindex/AppsOnAir-AppPush.build/Debug-watchos/AppsOnAir-AppPush-ServiceExt.build/Objects-normal/arm64_32/AppsOnAir-AppPush-ServiceExt.SwiftFileList (in target 'AppsOnAir-AppPush-ServiceExt' from project 'AppsOnAir-AppPush')
    cd /Users/admin/builder/spi-builder-workspace
    write-file /Users/admin/builder/spi-builder-workspace/.derivedData/Build/Intermediates.noindex/AppsOnAir-AppPush.build/Debug-watchos/AppsOnAir-AppPush-ServiceExt.build/Objects-normal/arm64_32/AppsOnAir-AppPush-ServiceExt.SwiftFileList
WriteAuxiliaryFile /Users/admin/builder/spi-builder-workspace/.derivedData/Build/Intermediates.noindex/AppsOnAir-AppPush.build/Debug-watchos/AppsOnAir-AppPush-ServiceExt.build/Objects-normal/armv7k/AppsOnAir-AppPush-ServiceExt.SwiftFileList (in target 'AppsOnAir-AppPush-ServiceExt' from project 'AppsOnAir-AppPush')
    cd /Users/admin/builder/spi-builder-workspace
    write-file /Users/admin/builder/spi-builder-workspace/.derivedData/Build/Intermediates.noindex/AppsOnAir-AppPush.build/Debug-watchos/AppsOnAir-AppPush-ServiceExt.build/Objects-normal/armv7k/AppsOnAir-AppPush-ServiceExt.SwiftFileList
WriteAuxiliaryFile /Users/admin/builder/spi-builder-workspace/.derivedData/Build/Intermediates.noindex/AppsOnAir-AppPush.build/Debug-watchos/AppsOnAir-AppPush-ServiceExt.build/Objects-normal/armv7k/AppsOnAir-AppPush-ServiceExt.LinkFileList (in target 'AppsOnAir-AppPush-ServiceExt' from project 'AppsOnAir-AppPush')
    cd /Users/admin/builder/spi-builder-workspace
    write-file /Users/admin/builder/spi-builder-workspace/.derivedData/Build/Intermediates.noindex/AppsOnAir-AppPush.build/Debug-watchos/AppsOnAir-AppPush-ServiceExt.build/Objects-normal/armv7k/AppsOnAir-AppPush-ServiceExt.LinkFileList
WriteAuxiliaryFile /Users/admin/builder/spi-builder-workspace/.derivedData/Build/Intermediates.noindex/AppsOnAir-AppPush.build/Debug-watchos/AppsOnAir-AppPush-ServiceExt.build/Objects-normal/armv7k/AppsOnAir-AppPush-ServiceExt_const_extract_protocols.json (in target 'AppsOnAir-AppPush-ServiceExt' from project 'AppsOnAir-AppPush')
    cd /Users/admin/builder/spi-builder-workspace
    write-file /Users/admin/builder/spi-builder-workspace/.derivedData/Build/Intermediates.noindex/AppsOnAir-AppPush.build/Debug-watchos/AppsOnAir-AppPush-ServiceExt.build/Objects-normal/armv7k/AppsOnAir-AppPush-ServiceExt_const_extract_protocols.json
WriteAuxiliaryFile /Users/admin/builder/spi-builder-workspace/.derivedData/Build/Intermediates.noindex/AppsOnAir-AppPush.build/Debug-watchos/AppsOnAir-AppPush-ServiceExt.build/Objects-normal/arm64_32/AppsOnAir-AppPush-ServiceExt.SwiftConstValuesFileList (in target 'AppsOnAir-AppPush-ServiceExt' from project 'AppsOnAir-AppPush')
    cd /Users/admin/builder/spi-builder-workspace
    write-file /Users/admin/builder/spi-builder-workspace/.derivedData/Build/Intermediates.noindex/AppsOnAir-AppPush.build/Debug-watchos/AppsOnAir-AppPush-ServiceExt.build/Objects-normal/arm64_32/AppsOnAir-AppPush-ServiceExt.SwiftConstValuesFileList
WriteAuxiliaryFile /Users/admin/builder/spi-builder-workspace/.derivedData/Build/Intermediates.noindex/AppsOnAir-AppPush.build/Debug-watchos/AppsOnAir-AppPush-ServiceExt.build/Objects-normal/armv7k/AppsOnAir-AppPush-ServiceExt-OutputFileMap.json (in target 'AppsOnAir-AppPush-ServiceExt' from project 'AppsOnAir-AppPush')
    cd /Users/admin/builder/spi-builder-workspace
    write-file /Users/admin/builder/spi-builder-workspace/.derivedData/Build/Intermediates.noindex/AppsOnAir-AppPush.build/Debug-watchos/AppsOnAir-AppPush-ServiceExt.build/Objects-normal/armv7k/AppsOnAir-AppPush-ServiceExt-OutputFileMap.json
WriteAuxiliaryFile /Users/admin/builder/spi-builder-workspace/.derivedData/Build/Intermediates.noindex/AppsOnAir-AppPush.build/Debug-watchos/AppsOnAir-AppPush-ServiceExt.build/Objects-normal/arm64_32/AppsOnAir-AppPush-ServiceExt.LinkFileList (in target 'AppsOnAir-AppPush-ServiceExt' from project 'AppsOnAir-AppPush')
    cd /Users/admin/builder/spi-builder-workspace
    write-file /Users/admin/builder/spi-builder-workspace/.derivedData/Build/Intermediates.noindex/AppsOnAir-AppPush.build/Debug-watchos/AppsOnAir-AppPush-ServiceExt.build/Objects-normal/arm64_32/AppsOnAir-AppPush-ServiceExt.LinkFileList
WriteAuxiliaryFile /Users/admin/builder/spi-builder-workspace/.derivedData/Build/Intermediates.noindex/AppsOnAir-AppPush.build/Debug-watchos/AppsOnAir-AppPush-ServiceExt.build/Objects-normal/arm64_32/AppsOnAir-AppPush-ServiceExt-OutputFileMap.json (in target 'AppsOnAir-AppPush-ServiceExt' from project 'AppsOnAir-AppPush')
    cd /Users/admin/builder/spi-builder-workspace
    write-file /Users/admin/builder/spi-builder-workspace/.derivedData/Build/Intermediates.noindex/AppsOnAir-AppPush.build/Debug-watchos/AppsOnAir-AppPush-ServiceExt.build/Objects-normal/arm64_32/AppsOnAir-AppPush-ServiceExt-OutputFileMap.json
WriteAuxiliaryFile /Users/admin/builder/spi-builder-workspace/.derivedData/Build/Intermediates.noindex/AppsOnAir-AppPush.build/Debug-watchos/AppsOnAir-AppPush-ServiceExt.build/Objects-normal/arm64/AppsOnAir-AppPush-ServiceExt_const_extract_protocols.json (in target 'AppsOnAir-AppPush-ServiceExt' from project 'AppsOnAir-AppPush')
    cd /Users/admin/builder/spi-builder-workspace
    write-file /Users/admin/builder/spi-builder-workspace/.derivedData/Build/Intermediates.noindex/AppsOnAir-AppPush.build/Debug-watchos/AppsOnAir-AppPush-ServiceExt.build/Objects-normal/arm64/AppsOnAir-AppPush-ServiceExt_const_extract_protocols.json
WriteAuxiliaryFile /Users/admin/builder/spi-builder-workspace/.derivedData/Build/Intermediates.noindex/AppsOnAir-AppPush.build/Debug-watchos/AppsOnAir-AppPush-ServiceExt.build/Objects-normal/arm64/AppsOnAir-AppPush-ServiceExt.SwiftConstValuesFileList (in target 'AppsOnAir-AppPush-ServiceExt' from project 'AppsOnAir-AppPush')
    cd /Users/admin/builder/spi-builder-workspace
    write-file /Users/admin/builder/spi-builder-workspace/.derivedData/Build/Intermediates.noindex/AppsOnAir-AppPush.build/Debug-watchos/AppsOnAir-AppPush-ServiceExt.build/Objects-normal/arm64/AppsOnAir-AppPush-ServiceExt.SwiftConstValuesFileList
WriteAuxiliaryFile /Users/admin/builder/spi-builder-workspace/.derivedData/Build/Intermediates.noindex/AppsOnAir-AppPush.build/Debug-watchos/AppsOnAir-AppPush-ServiceExt.build/Objects-normal/arm64/AppsOnAir-AppPush-ServiceExt.SwiftFileList (in target 'AppsOnAir-AppPush-ServiceExt' from project 'AppsOnAir-AppPush')
    cd /Users/admin/builder/spi-builder-workspace
    write-file /Users/admin/builder/spi-builder-workspace/.derivedData/Build/Intermediates.noindex/AppsOnAir-AppPush.build/Debug-watchos/AppsOnAir-AppPush-ServiceExt.build/Objects-normal/arm64/AppsOnAir-AppPush-ServiceExt.SwiftFileList
WriteAuxiliaryFile /Users/admin/builder/spi-builder-workspace/.derivedData/Build/Intermediates.noindex/AppsOnAir-AppPush.build/Debug-watchos/AppsOnAir-AppPush-ServiceExt.build/Objects-normal/arm64/AppsOnAir-AppPush-ServiceExt.LinkFileList (in target 'AppsOnAir-AppPush-ServiceExt' from project 'AppsOnAir-AppPush')
    cd /Users/admin/builder/spi-builder-workspace
    write-file /Users/admin/builder/spi-builder-workspace/.derivedData/Build/Intermediates.noindex/AppsOnAir-AppPush.build/Debug-watchos/AppsOnAir-AppPush-ServiceExt.build/Objects-normal/arm64/AppsOnAir-AppPush-ServiceExt.LinkFileList
WriteAuxiliaryFile /Users/admin/builder/spi-builder-workspace/.derivedData/Build/Intermediates.noindex/AppsOnAir-AppPush.build/Debug-watchos/AppsOnAir-AppPush-ServiceExt.build/Objects-normal/arm64/AppsOnAir-AppPush-ServiceExt-OutputFileMap.json (in target 'AppsOnAir-AppPush-ServiceExt' from project 'AppsOnAir-AppPush')
    cd /Users/admin/builder/spi-builder-workspace
    write-file /Users/admin/builder/spi-builder-workspace/.derivedData/Build/Intermediates.noindex/AppsOnAir-AppPush.build/Debug-watchos/AppsOnAir-AppPush-ServiceExt.build/Objects-normal/arm64/AppsOnAir-AppPush-ServiceExt-OutputFileMap.json
WriteAuxiliaryFile /Users/admin/builder/spi-builder-workspace/.derivedData/Build/Intermediates.noindex/AppsOnAir-AppPush.build/Debug-watchos/AppsOnAir-AppPush-ServiceExt.build/AppsOnAir-AppPush-ServiceExt.modulemap (in target 'AppsOnAir-AppPush-ServiceExt' from project 'AppsOnAir-AppPush')
    cd /Users/admin/builder/spi-builder-workspace
    write-file /Users/admin/builder/spi-builder-workspace/.derivedData/Build/Intermediates.noindex/AppsOnAir-AppPush.build/Debug-watchos/AppsOnAir-AppPush-ServiceExt.build/AppsOnAir-AppPush-ServiceExt.modulemap
WriteAuxiliaryFile /Users/admin/builder/spi-builder-workspace/.derivedData/Build/Intermediates.noindex/AppsOnAir-AppPush.build/Debug-watchos/AppsOnAir-AppPush-ServiceExt.build/AppsOnAir-AppPush-ServiceExt.DependencyStaticMetadataFileList (in target 'AppsOnAir-AppPush-ServiceExt' from project 'AppsOnAir-AppPush')
    cd /Users/admin/builder/spi-builder-workspace
    write-file /Users/admin/builder/spi-builder-workspace/.derivedData/Build/Intermediates.noindex/AppsOnAir-AppPush.build/Debug-watchos/AppsOnAir-AppPush-ServiceExt.build/AppsOnAir-AppPush-ServiceExt.DependencyStaticMetadataFileList
WriteAuxiliaryFile /Users/admin/builder/spi-builder-workspace/.derivedData/Build/Intermediates.noindex/AppsOnAir-AppPush.build/Debug-watchos/AppsOnAir-AppPush-ServiceExt.build/AppsOnAir-AppPush-ServiceExt.DependencyMetadataFileList (in target 'AppsOnAir-AppPush-ServiceExt' from project 'AppsOnAir-AppPush')
    cd /Users/admin/builder/spi-builder-workspace
    write-file /Users/admin/builder/spi-builder-workspace/.derivedData/Build/Intermediates.noindex/AppsOnAir-AppPush.build/Debug-watchos/AppsOnAir-AppPush-ServiceExt.build/AppsOnAir-AppPush-ServiceExt.DependencyMetadataFileList
WriteAuxiliaryFile /Users/admin/builder/spi-builder-workspace/.derivedData/Build/Intermediates.noindex/AppsOnAir-AppPush.build/Debug-watchos/AppsOnAir-AppPush.build/Objects-normal/armv7k/AppsOnAir-AppPush.SwiftFileList (in target 'AppsOnAir-AppPush' from project 'AppsOnAir-AppPush')
    cd /Users/admin/builder/spi-builder-workspace
    write-file /Users/admin/builder/spi-builder-workspace/.derivedData/Build/Intermediates.noindex/AppsOnAir-AppPush.build/Debug-watchos/AppsOnAir-AppPush.build/Objects-normal/armv7k/AppsOnAir-AppPush.SwiftFileList
WriteAuxiliaryFile /Users/admin/builder/spi-builder-workspace/.derivedData/Build/Intermediates.noindex/AppsOnAir-AppPush.build/Debug-watchos/AppsOnAir-AppPush.build/Objects-normal/armv7k/AppsOnAir-AppPush_const_extract_protocols.json (in target 'AppsOnAir-AppPush' from project 'AppsOnAir-AppPush')
    cd /Users/admin/builder/spi-builder-workspace
    write-file /Users/admin/builder/spi-builder-workspace/.derivedData/Build/Intermediates.noindex/AppsOnAir-AppPush.build/Debug-watchos/AppsOnAir-AppPush.build/Objects-normal/armv7k/AppsOnAir-AppPush_const_extract_protocols.json
WriteAuxiliaryFile /Users/admin/builder/spi-builder-workspace/.derivedData/Build/Intermediates.noindex/AppsOnAir-AppPush.build/Debug-watchos/AppsOnAir-AppPush.build/Objects-normal/armv7k/AppsOnAir-AppPush.SwiftConstValuesFileList (in target 'AppsOnAir-AppPush' from project 'AppsOnAir-AppPush')
    cd /Users/admin/builder/spi-builder-workspace
    write-file /Users/admin/builder/spi-builder-workspace/.derivedData/Build/Intermediates.noindex/AppsOnAir-AppPush.build/Debug-watchos/AppsOnAir-AppPush.build/Objects-normal/armv7k/AppsOnAir-AppPush.SwiftConstValuesFileList
WriteAuxiliaryFile /Users/admin/builder/spi-builder-workspace/.derivedData/Build/Intermediates.noindex/AppsOnAir-AppPush.build/Debug-watchos/AppsOnAir-AppPush.build/Objects-normal/armv7k/AppsOnAir-AppPush.LinkFileList (in target 'AppsOnAir-AppPush' from project 'AppsOnAir-AppPush')
    cd /Users/admin/builder/spi-builder-workspace
    write-file /Users/admin/builder/spi-builder-workspace/.derivedData/Build/Intermediates.noindex/AppsOnAir-AppPush.build/Debug-watchos/AppsOnAir-AppPush.build/Objects-normal/armv7k/AppsOnAir-AppPush.LinkFileList
WriteAuxiliaryFile /Users/admin/builder/spi-builder-workspace/.derivedData/Build/Intermediates.noindex/AppsOnAir-AppPush.build/Debug-watchos/AppsOnAir-AppPush.build/Objects-normal/armv7k/AppsOnAir-AppPush-OutputFileMap.json (in target 'AppsOnAir-AppPush' from project 'AppsOnAir-AppPush')
    cd /Users/admin/builder/spi-builder-workspace
    write-file /Users/admin/builder/spi-builder-workspace/.derivedData/Build/Intermediates.noindex/AppsOnAir-AppPush.build/Debug-watchos/AppsOnAir-AppPush.build/Objects-normal/armv7k/AppsOnAir-AppPush-OutputFileMap.json
WriteAuxiliaryFile /Users/admin/builder/spi-builder-workspace/.derivedData/Build/Intermediates.noindex/AppsOnAir-AppPush.build/Debug-watchos/AppsOnAir-AppPush.build/Objects-normal/arm64_32/AppsOnAir-AppPush.SwiftFileList (in target 'AppsOnAir-AppPush' from project 'AppsOnAir-AppPush')
    cd /Users/admin/builder/spi-builder-workspace
    write-file /Users/admin/builder/spi-builder-workspace/.derivedData/Build/Intermediates.noindex/AppsOnAir-AppPush.build/Debug-watchos/AppsOnAir-AppPush.build/Objects-normal/arm64_32/AppsOnAir-AppPush.SwiftFileList
WriteAuxiliaryFile /Users/admin/builder/spi-builder-workspace/.derivedData/Build/Intermediates.noindex/AppsOnAir-AppPush.build/Debug-watchos/AppsOnAir-AppPush.build/Objects-normal/arm64_32/AppsOnAir-AppPush_const_extract_protocols.json (in target 'AppsOnAir-AppPush' from project 'AppsOnAir-AppPush')
    cd /Users/admin/builder/spi-builder-workspace
    write-file /Users/admin/builder/spi-builder-workspace/.derivedData/Build/Intermediates.noindex/AppsOnAir-AppPush.build/Debug-watchos/AppsOnAir-AppPush.build/Objects-normal/arm64_32/AppsOnAir-AppPush_const_extract_protocols.json
Copy /Users/admin/builder/spi-builder-workspace/.derivedData/Build/Intermediates.noindex/GeneratedModuleMaps-watchos/AppsOnAir-AppPush-ServiceExt.modulemap /Users/admin/builder/spi-builder-workspace/.derivedData/Build/Intermediates.noindex/AppsOnAir-AppPush.build/Debug-watchos/AppsOnAir-AppPush-ServiceExt.build/AppsOnAir-AppPush-ServiceExt.modulemap (in target 'AppsOnAir-AppPush-ServiceExt' from project 'AppsOnAir-AppPush')
    cd /Users/admin/builder/spi-builder-workspace
    builtin-copy -exclude .DS_Store -exclude CVS -exclude .svn -exclude .git -exclude .hg -resolve-src-symlinks /Users/admin/builder/spi-builder-workspace/.derivedData/Build/Intermediates.noindex/AppsOnAir-AppPush.build/Debug-watchos/AppsOnAir-AppPush-ServiceExt.build/AppsOnAir-AppPush-ServiceExt.modulemap /Users/admin/builder/spi-builder-workspace/.derivedData/Build/Intermediates.noindex/GeneratedModuleMaps-watchos
WriteAuxiliaryFile /Users/admin/builder/spi-builder-workspace/.derivedData/Build/Intermediates.noindex/AppsOnAir-AppPush.build/Debug-watchos/AppsOnAir-AppPush.build/Objects-normal/arm64_32/AppsOnAir-AppPush.SwiftConstValuesFileList (in target 'AppsOnAir-AppPush' from project 'AppsOnAir-AppPush')
    cd /Users/admin/builder/spi-builder-workspace
    write-file /Users/admin/builder/spi-builder-workspace/.derivedData/Build/Intermediates.noindex/AppsOnAir-AppPush.build/Debug-watchos/AppsOnAir-AppPush.build/Objects-normal/arm64_32/AppsOnAir-AppPush.SwiftConstValuesFileList
WriteAuxiliaryFile /Users/admin/builder/spi-builder-workspace/.derivedData/Build/Intermediates.noindex/AppsOnAir-AppPush.build/Debug-watchos/AppsOnAir-AppPush.build/Objects-normal/arm64_32/AppsOnAir-AppPush.LinkFileList (in target 'AppsOnAir-AppPush' from project 'AppsOnAir-AppPush')
    cd /Users/admin/builder/spi-builder-workspace
    write-file /Users/admin/builder/spi-builder-workspace/.derivedData/Build/Intermediates.noindex/AppsOnAir-AppPush.build/Debug-watchos/AppsOnAir-AppPush.build/Objects-normal/arm64_32/AppsOnAir-AppPush.LinkFileList
WriteAuxiliaryFile /Users/admin/builder/spi-builder-workspace/.derivedData/Build/Intermediates.noindex/AppsOnAir-AppPush.build/Debug-watchos/AppsOnAir-AppPush.build/Objects-normal/arm64_32/AppsOnAir-AppPush-OutputFileMap.json (in target 'AppsOnAir-AppPush' from project 'AppsOnAir-AppPush')
    cd /Users/admin/builder/spi-builder-workspace
    write-file /Users/admin/builder/spi-builder-workspace/.derivedData/Build/Intermediates.noindex/AppsOnAir-AppPush.build/Debug-watchos/AppsOnAir-AppPush.build/Objects-normal/arm64_32/AppsOnAir-AppPush-OutputFileMap.json
WriteAuxiliaryFile /Users/admin/builder/spi-builder-workspace/.derivedData/Build/Intermediates.noindex/AppsOnAir-AppPush.build/Debug-watchos/AppsOnAir-AppPush.build/Objects-normal/arm64/AppsOnAir-AppPush.SwiftFileList (in target 'AppsOnAir-AppPush' from project 'AppsOnAir-AppPush')
    cd /Users/admin/builder/spi-builder-workspace
    write-file /Users/admin/builder/spi-builder-workspace/.derivedData/Build/Intermediates.noindex/AppsOnAir-AppPush.build/Debug-watchos/AppsOnAir-AppPush.build/Objects-normal/arm64/AppsOnAir-AppPush.SwiftFileList
WriteAuxiliaryFile /Users/admin/builder/spi-builder-workspace/.derivedData/Build/Intermediates.noindex/AppsOnAir-AppPush.build/Debug-watchos/AppsOnAir-AppPush.build/Objects-normal/arm64/AppsOnAir-AppPush_const_extract_protocols.json (in target 'AppsOnAir-AppPush' from project 'AppsOnAir-AppPush')
    cd /Users/admin/builder/spi-builder-workspace
    write-file /Users/admin/builder/spi-builder-workspace/.derivedData/Build/Intermediates.noindex/AppsOnAir-AppPush.build/Debug-watchos/AppsOnAir-AppPush.build/Objects-normal/arm64/AppsOnAir-AppPush_const_extract_protocols.json
WriteAuxiliaryFile /Users/admin/builder/spi-builder-workspace/.derivedData/Build/Intermediates.noindex/AppsOnAir-AppPush.build/Debug-watchos/AppsOnAir-AppPush.build/Objects-normal/arm64/AppsOnAir-AppPush.SwiftConstValuesFileList (in target 'AppsOnAir-AppPush' from project 'AppsOnAir-AppPush')
    cd /Users/admin/builder/spi-builder-workspace
    write-file /Users/admin/builder/spi-builder-workspace/.derivedData/Build/Intermediates.noindex/AppsOnAir-AppPush.build/Debug-watchos/AppsOnAir-AppPush.build/Objects-normal/arm64/AppsOnAir-AppPush.SwiftConstValuesFileList
WriteAuxiliaryFile /Users/admin/builder/spi-builder-workspace/.derivedData/Build/Intermediates.noindex/AppsOnAir-AppPush.build/Debug-watchos/AppsOnAir-AppPush.build/Objects-normal/arm64/AppsOnAir-AppPush.LinkFileList (in target 'AppsOnAir-AppPush' from project 'AppsOnAir-AppPush')
    cd /Users/admin/builder/spi-builder-workspace
    write-file /Users/admin/builder/spi-builder-workspace/.derivedData/Build/Intermediates.noindex/AppsOnAir-AppPush.build/Debug-watchos/AppsOnAir-AppPush.build/Objects-normal/arm64/AppsOnAir-AppPush.LinkFileList
WriteAuxiliaryFile /Users/admin/builder/spi-builder-workspace/.derivedData/Build/Intermediates.noindex/AppsOnAir-AppPush.build/Debug-watchos/AppsOnAir-AppPush.build/Objects-normal/arm64/AppsOnAir-AppPush-OutputFileMap.json (in target 'AppsOnAir-AppPush' from project 'AppsOnAir-AppPush')
    cd /Users/admin/builder/spi-builder-workspace
    write-file /Users/admin/builder/spi-builder-workspace/.derivedData/Build/Intermediates.noindex/AppsOnAir-AppPush.build/Debug-watchos/AppsOnAir-AppPush.build/Objects-normal/arm64/AppsOnAir-AppPush-OutputFileMap.json
WriteAuxiliaryFile /Users/admin/builder/spi-builder-workspace/.derivedData/Build/Intermediates.noindex/AppsOnAir-AppPush.build/Debug-watchos/AppsOnAir-AppPush.build/AppsOnAir-AppPush.modulemap (in target 'AppsOnAir-AppPush' from project 'AppsOnAir-AppPush')
    cd /Users/admin/builder/spi-builder-workspace
    write-file /Users/admin/builder/spi-builder-workspace/.derivedData/Build/Intermediates.noindex/AppsOnAir-AppPush.build/Debug-watchos/AppsOnAir-AppPush.build/AppsOnAir-AppPush.modulemap
WriteAuxiliaryFile /Users/admin/builder/spi-builder-workspace/.derivedData/Build/Intermediates.noindex/AppsOnAir-AppPush.build/Debug-watchos/AppsOnAir-AppPush.build/AppsOnAir-AppPush.DependencyStaticMetadataFileList (in target 'AppsOnAir-AppPush' from project 'AppsOnAir-AppPush')
    cd /Users/admin/builder/spi-builder-workspace
    write-file /Users/admin/builder/spi-builder-workspace/.derivedData/Build/Intermediates.noindex/AppsOnAir-AppPush.build/Debug-watchos/AppsOnAir-AppPush.build/AppsOnAir-AppPush.DependencyStaticMetadataFileList
WriteAuxiliaryFile /Users/admin/builder/spi-builder-workspace/.derivedData/Build/Intermediates.noindex/AppsOnAir-AppPush.build/Debug-watchos/AppsOnAir-AppPush.build/AppsOnAir-AppPush.DependencyMetadataFileList (in target 'AppsOnAir-AppPush' from project 'AppsOnAir-AppPush')
    cd /Users/admin/builder/spi-builder-workspace
    write-file /Users/admin/builder/spi-builder-workspace/.derivedData/Build/Intermediates.noindex/AppsOnAir-AppPush.build/Debug-watchos/AppsOnAir-AppPush.build/AppsOnAir-AppPush.DependencyMetadataFileList
WriteAuxiliaryFile /Users/admin/builder/spi-builder-workspace/.derivedData/Build/Intermediates.noindex/AppsOnAir-AppPush.build/Debug-watchos/AppsOnAir-AppPush-ContentExt.build/Objects-normal/armv7k/AppsOnAir-AppPush-ContentExt_const_extract_protocols.json (in target 'AppsOnAir-AppPush-ContentExt' from project 'AppsOnAir-AppPush')
    cd /Users/admin/builder/spi-builder-workspace
    write-file /Users/admin/builder/spi-builder-workspace/.derivedData/Build/Intermediates.noindex/AppsOnAir-AppPush.build/Debug-watchos/AppsOnAir-AppPush-ContentExt.build/Objects-normal/armv7k/AppsOnAir-AppPush-ContentExt_const_extract_protocols.json
WriteAuxiliaryFile /Users/admin/builder/spi-builder-workspace/.derivedData/Build/Intermediates.noindex/AppsOnAir-AppPush.build/Debug-watchos/AppsOnAir-AppPush-ContentExt.build/Objects-normal/armv7k/AppsOnAir-AppPush-ContentExt.SwiftConstValuesFileList (in target 'AppsOnAir-AppPush-ContentExt' from project 'AppsOnAir-AppPush')
    cd /Users/admin/builder/spi-builder-workspace
    write-file /Users/admin/builder/spi-builder-workspace/.derivedData/Build/Intermediates.noindex/AppsOnAir-AppPush.build/Debug-watchos/AppsOnAir-AppPush-ContentExt.build/Objects-normal/armv7k/AppsOnAir-AppPush-ContentExt.SwiftConstValuesFileList
WriteAuxiliaryFile /Users/admin/builder/spi-builder-workspace/.derivedData/Build/Intermediates.noindex/AppsOnAir-AppPush.build/Debug-watchos/AppsOnAir-AppPush-ContentExt.build/Objects-normal/armv7k/AppsOnAir-AppPush-ContentExt.SwiftFileList (in target 'AppsOnAir-AppPush-ContentExt' from project 'AppsOnAir-AppPush')
    cd /Users/admin/builder/spi-builder-workspace
    write-file /Users/admin/builder/spi-builder-workspace/.derivedData/Build/Intermediates.noindex/AppsOnAir-AppPush.build/Debug-watchos/AppsOnAir-AppPush-ContentExt.build/Objects-normal/armv7k/AppsOnAir-AppPush-ContentExt.SwiftFileList
WriteAuxiliaryFile /Users/admin/builder/spi-builder-workspace/.derivedData/Build/Intermediates.noindex/AppsOnAir-AppPush.build/Debug-watchos/AppsOnAir-AppPush-ContentExt.build/Objects-normal/armv7k/AppsOnAir-AppPush-ContentExt.LinkFileList (in target 'AppsOnAir-AppPush-ContentExt' from project 'AppsOnAir-AppPush')
    cd /Users/admin/builder/spi-builder-workspace
    write-file /Users/admin/builder/spi-builder-workspace/.derivedData/Build/Intermediates.noindex/AppsOnAir-AppPush.build/Debug-watchos/AppsOnAir-AppPush-ContentExt.build/Objects-normal/armv7k/AppsOnAir-AppPush-ContentExt.LinkFileList
WriteAuxiliaryFile /Users/admin/builder/spi-builder-workspace/.derivedData/Build/Intermediates.noindex/AppsOnAir-AppPush.build/Debug-watchos/AppsOnAir-AppPush-ContentExt.build/Objects-normal/armv7k/AppsOnAir-AppPush-ContentExt-OutputFileMap.json (in target 'AppsOnAir-AppPush-ContentExt' from project 'AppsOnAir-AppPush')
    cd /Users/admin/builder/spi-builder-workspace
    write-file /Users/admin/builder/spi-builder-workspace/.derivedData/Build/Intermediates.noindex/AppsOnAir-AppPush.build/Debug-watchos/AppsOnAir-AppPush-ContentExt.build/Objects-normal/armv7k/AppsOnAir-AppPush-ContentExt-OutputFileMap.json
WriteAuxiliaryFile /Users/admin/builder/spi-builder-workspace/.derivedData/Build/Intermediates.noindex/AppsOnAir-AppPush.build/Debug-watchos/AppsOnAir-AppPush-ContentExt.build/Objects-normal/arm64_32/AppsOnAir-AppPush-ContentExt_const_extract_protocols.json (in target 'AppsOnAir-AppPush-ContentExt' from project 'AppsOnAir-AppPush')
    cd /Users/admin/builder/spi-builder-workspace
    write-file /Users/admin/builder/spi-builder-workspace/.derivedData/Build/Intermediates.noindex/AppsOnAir-AppPush.build/Debug-watchos/AppsOnAir-AppPush-ContentExt.build/Objects-normal/arm64_32/AppsOnAir-AppPush-ContentExt_const_extract_protocols.json
WriteAuxiliaryFile /Users/admin/builder/spi-builder-workspace/.derivedData/Build/Intermediates.noindex/AppsOnAir-AppPush.build/Debug-watchos/AppsOnAir-AppPush-ContentExt.build/Objects-normal/arm64_32/AppsOnAir-AppPush-ContentExt.SwiftFileList (in target 'AppsOnAir-AppPush-ContentExt' from project 'AppsOnAir-AppPush')
    cd /Users/admin/builder/spi-builder-workspace
    write-file /Users/admin/builder/spi-builder-workspace/.derivedData/Build/Intermediates.noindex/AppsOnAir-AppPush.build/Debug-watchos/AppsOnAir-AppPush-ContentExt.build/Objects-normal/arm64_32/AppsOnAir-AppPush-ContentExt.SwiftFileList
WriteAuxiliaryFile /Users/admin/builder/spi-builder-workspace/.derivedData/Build/Intermediates.noindex/AppsOnAir-AppPush.build/Debug-watchos/AppsOnAir-AppPush-ContentExt.build/Objects-normal/arm64_32/AppsOnAir-AppPush-ContentExt.SwiftConstValuesFileList (in target 'AppsOnAir-AppPush-ContentExt' from project 'AppsOnAir-AppPush')
    cd /Users/admin/builder/spi-builder-workspace
    write-file /Users/admin/builder/spi-builder-workspace/.derivedData/Build/Intermediates.noindex/AppsOnAir-AppPush.build/Debug-watchos/AppsOnAir-AppPush-ContentExt.build/Objects-normal/arm64_32/AppsOnAir-AppPush-ContentExt.SwiftConstValuesFileList
WriteAuxiliaryFile /Users/admin/builder/spi-builder-workspace/.derivedData/Build/Intermediates.noindex/AppsOnAir-AppPush.build/Debug-watchos/AppsOnAir-AppPush-ContentExt.build/Objects-normal/arm64_32/AppsOnAir-AppPush-ContentExt.LinkFileList (in target 'AppsOnAir-AppPush-ContentExt' from project 'AppsOnAir-AppPush')
    cd /Users/admin/builder/spi-builder-workspace
    write-file /Users/admin/builder/spi-builder-workspace/.derivedData/Build/Intermediates.noindex/AppsOnAir-AppPush.build/Debug-watchos/AppsOnAir-AppPush-ContentExt.build/Objects-normal/arm64_32/AppsOnAir-AppPush-ContentExt.LinkFileList
Copy /Users/admin/builder/spi-builder-workspace/.derivedData/Build/Intermediates.noindex/GeneratedModuleMaps-watchos/AppsOnAir-AppPush.modulemap /Users/admin/builder/spi-builder-workspace/.derivedData/Build/Intermediates.noindex/AppsOnAir-AppPush.build/Debug-watchos/AppsOnAir-AppPush.build/AppsOnAir-AppPush.modulemap (in target 'AppsOnAir-AppPush' from project 'AppsOnAir-AppPush')
    cd /Users/admin/builder/spi-builder-workspace
    builtin-copy -exclude .DS_Store -exclude CVS -exclude .svn -exclude .git -exclude .hg -resolve-src-symlinks /Users/admin/builder/spi-builder-workspace/.derivedData/Build/Intermediates.noindex/AppsOnAir-AppPush.build/Debug-watchos/AppsOnAir-AppPush.build/AppsOnAir-AppPush.modulemap /Users/admin/builder/spi-builder-workspace/.derivedData/Build/Intermediates.noindex/GeneratedModuleMaps-watchos
WriteAuxiliaryFile /Users/admin/builder/spi-builder-workspace/.derivedData/Build/Intermediates.noindex/AppsOnAir-AppPush.build/Debug-watchos/AppsOnAir-AppPush-ContentExt.build/Objects-normal/arm64_32/AppsOnAir-AppPush-ContentExt-OutputFileMap.json (in target 'AppsOnAir-AppPush-ContentExt' from project 'AppsOnAir-AppPush')
    cd /Users/admin/builder/spi-builder-workspace
    write-file /Users/admin/builder/spi-builder-workspace/.derivedData/Build/Intermediates.noindex/AppsOnAir-AppPush.build/Debug-watchos/AppsOnAir-AppPush-ContentExt.build/Objects-normal/arm64_32/AppsOnAir-AppPush-ContentExt-OutputFileMap.json
WriteAuxiliaryFile /Users/admin/builder/spi-builder-workspace/.derivedData/Build/Intermediates.noindex/AppsOnAir-AppPush.build/Debug-watchos/AppsOnAir-AppPush-ContentExt.build/Objects-normal/arm64/AppsOnAir-AppPush-ContentExt.SwiftConstValuesFileList (in target 'AppsOnAir-AppPush-ContentExt' from project 'AppsOnAir-AppPush')
    cd /Users/admin/builder/spi-builder-workspace
    write-file /Users/admin/builder/spi-builder-workspace/.derivedData/Build/Intermediates.noindex/AppsOnAir-AppPush.build/Debug-watchos/AppsOnAir-AppPush-ContentExt.build/Objects-normal/arm64/AppsOnAir-AppPush-ContentExt.SwiftConstValuesFileList
WriteAuxiliaryFile /Users/admin/builder/spi-builder-workspace/.derivedData/Build/Intermediates.noindex/AppsOnAir-AppPush.build/Debug-watchos/AppsOnAir-AppPush-ContentExt.build/Objects-normal/arm64/AppsOnAir-AppPush-ContentExt.SwiftFileList (in target 'AppsOnAir-AppPush-ContentExt' from project 'AppsOnAir-AppPush')
    cd /Users/admin/builder/spi-builder-workspace
    write-file /Users/admin/builder/spi-builder-workspace/.derivedData/Build/Intermediates.noindex/AppsOnAir-AppPush.build/Debug-watchos/AppsOnAir-AppPush-ContentExt.build/Objects-normal/arm64/AppsOnAir-AppPush-ContentExt.SwiftFileList
WriteAuxiliaryFile /Users/admin/builder/spi-builder-workspace/.derivedData/Build/Intermediates.noindex/AppsOnAir-AppPush.build/Debug-watchos/AppsOnAir-AppPush-ContentExt.build/Objects-normal/arm64/AppsOnAir-AppPush-ContentExt_const_extract_protocols.json (in target 'AppsOnAir-AppPush-ContentExt' from project 'AppsOnAir-AppPush')
    cd /Users/admin/builder/spi-builder-workspace
    write-file /Users/admin/builder/spi-builder-workspace/.derivedData/Build/Intermediates.noindex/AppsOnAir-AppPush.build/Debug-watchos/AppsOnAir-AppPush-ContentExt.build/Objects-normal/arm64/AppsOnAir-AppPush-ContentExt_const_extract_protocols.json
WriteAuxiliaryFile /Users/admin/builder/spi-builder-workspace/.derivedData/Build/Intermediates.noindex/AppsOnAir-AppPush.build/Debug-watchos/AppsOnAir-AppPush-ContentExt.build/Objects-normal/arm64/AppsOnAir-AppPush-ContentExt.LinkFileList (in target 'AppsOnAir-AppPush-ContentExt' from project 'AppsOnAir-AppPush')
    cd /Users/admin/builder/spi-builder-workspace
    write-file /Users/admin/builder/spi-builder-workspace/.derivedData/Build/Intermediates.noindex/AppsOnAir-AppPush.build/Debug-watchos/AppsOnAir-AppPush-ContentExt.build/Objects-normal/arm64/AppsOnAir-AppPush-ContentExt.LinkFileList
WriteAuxiliaryFile /Users/admin/builder/spi-builder-workspace/.derivedData/Build/Intermediates.noindex/AppsOnAir-AppPush.build/Debug-watchos/AppsOnAir-AppPush-ContentExt.build/Objects-normal/arm64/AppsOnAir-AppPush-ContentExt-OutputFileMap.json (in target 'AppsOnAir-AppPush-ContentExt' from project 'AppsOnAir-AppPush')
    cd /Users/admin/builder/spi-builder-workspace
    write-file /Users/admin/builder/spi-builder-workspace/.derivedData/Build/Intermediates.noindex/AppsOnAir-AppPush.build/Debug-watchos/AppsOnAir-AppPush-ContentExt.build/Objects-normal/arm64/AppsOnAir-AppPush-ContentExt-OutputFileMap.json
WriteAuxiliaryFile /Users/admin/builder/spi-builder-workspace/.derivedData/Build/Intermediates.noindex/AppsOnAir-AppPush.build/Debug-watchos/AppsOnAir-AppPush-ContentExt.build/AppsOnAir-AppPush-ContentExt.DependencyStaticMetadataFileList (in target 'AppsOnAir-AppPush-ContentExt' from project 'AppsOnAir-AppPush')
    cd /Users/admin/builder/spi-builder-workspace
    write-file /Users/admin/builder/spi-builder-workspace/.derivedData/Build/Intermediates.noindex/AppsOnAir-AppPush.build/Debug-watchos/AppsOnAir-AppPush-ContentExt.build/AppsOnAir-AppPush-ContentExt.DependencyStaticMetadataFileList
WriteAuxiliaryFile /Users/admin/builder/spi-builder-workspace/.derivedData/Build/Intermediates.noindex/AppsOnAir-AppPush.build/Debug-watchos/AppsOnAir-AppPush-ContentExt.build/AppsOnAir-AppPush-ContentExt.modulemap (in target 'AppsOnAir-AppPush-ContentExt' from project 'AppsOnAir-AppPush')
    cd /Users/admin/builder/spi-builder-workspace
    write-file /Users/admin/builder/spi-builder-workspace/.derivedData/Build/Intermediates.noindex/AppsOnAir-AppPush.build/Debug-watchos/AppsOnAir-AppPush-ContentExt.build/AppsOnAir-AppPush-ContentExt.modulemap
WriteAuxiliaryFile /Users/admin/builder/spi-builder-workspace/.derivedData/Build/Intermediates.noindex/AppsOnAir-AppPush.build/Debug-watchos/AppsOnAir-AppPush-ContentExt.build/AppsOnAir-AppPush-ContentExt.DependencyMetadataFileList (in target 'AppsOnAir-AppPush-ContentExt' from project 'AppsOnAir-AppPush')
    cd /Users/admin/builder/spi-builder-workspace
    write-file /Users/admin/builder/spi-builder-workspace/.derivedData/Build/Intermediates.noindex/AppsOnAir-AppPush.build/Debug-watchos/AppsOnAir-AppPush-ContentExt.build/AppsOnAir-AppPush-ContentExt.DependencyMetadataFileList
Copy /Users/admin/builder/spi-builder-workspace/.derivedData/Build/Intermediates.noindex/GeneratedModuleMaps-watchos/AppsOnAir-AppPush-ContentExt.modulemap /Users/admin/builder/spi-builder-workspace/.derivedData/Build/Intermediates.noindex/AppsOnAir-AppPush.build/Debug-watchos/AppsOnAir-AppPush-ContentExt.build/AppsOnAir-AppPush-ContentExt.modulemap (in target 'AppsOnAir-AppPush-ContentExt' from project 'AppsOnAir-AppPush')
    cd /Users/admin/builder/spi-builder-workspace
    builtin-copy -exclude .DS_Store -exclude CVS -exclude .svn -exclude .git -exclude .hg -resolve-src-symlinks /Users/admin/builder/spi-builder-workspace/.derivedData/Build/Intermediates.noindex/AppsOnAir-AppPush.build/Debug-watchos/AppsOnAir-AppPush-ContentExt.build/AppsOnAir-AppPush-ContentExt.modulemap /Users/admin/builder/spi-builder-workspace/.derivedData/Build/Intermediates.noindex/GeneratedModuleMaps-watchos
CreateBuildDirectory /Users/admin/builder/spi-builder-workspace/.derivedData/Build/Products/Debug-watchos/PackageFrameworks
    cd /Users/admin/builder/spi-builder-workspace/.swiftpm/xcode
    builtin-create-build-directory /Users/admin/builder/spi-builder-workspace/.derivedData/Build/Products/Debug-watchos/PackageFrameworks
ProcessInfoPlistFile /Users/admin/builder/spi-builder-workspace/.derivedData/Build/Products/Debug-watchos/Reachability_Reachability.bundle/Info.plist /Users/admin/builder/spi-builder-workspace/.derivedData/Build/Intermediates.noindex/Reachability.build/Debug-watchos/Reachability_Reachability.build/empty-Reachability_Reachability.plist (in target 'Reachability_Reachability' from project 'Reachability')
    cd /Users/admin/builder/spi-builder-workspace/.dependencies/checkouts/Reachability.swift
    builtin-infoPlistUtility /Users/admin/builder/spi-builder-workspace/.derivedData/Build/Intermediates.noindex/Reachability.build/Debug-watchos/Reachability_Reachability.build/empty-Reachability_Reachability.plist -producttype com.apple.product-type.bundle -expandbuildsettings -format binary -platform watchos -o /Users/admin/builder/spi-builder-workspace/.derivedData/Build/Products/Debug-watchos/Reachability_Reachability.bundle/Info.plist
CpResource /Users/admin/builder/spi-builder-workspace/.derivedData/Build/Products/Debug-watchos/Reachability_Reachability.bundle/PrivacyInfo.xcprivacy /Users/admin/builder/spi-builder-workspace/.dependencies/checkouts/Reachability.swift/Sources/PrivacyInfo.xcprivacy (in target 'Reachability_Reachability' from project 'Reachability')
    cd /Users/admin/builder/spi-builder-workspace/.dependencies/checkouts/Reachability.swift
    builtin-copy -exclude .DS_Store -exclude CVS -exclude .svn -exclude .git -exclude .hg -resolve-src-symlinks /Users/admin/builder/spi-builder-workspace/.dependencies/checkouts/Reachability.swift/Sources/PrivacyInfo.xcprivacy /Users/admin/builder/spi-builder-workspace/.derivedData/Build/Products/Debug-watchos/Reachability_Reachability.bundle
ProcessInfoPlistFile /Users/admin/builder/spi-builder-workspace/.derivedData/Build/Products/Debug-watchos/AppsOnAir-Core_AppsOnAir-Core.bundle/Info.plist /Users/admin/builder/spi-builder-workspace/.derivedData/Build/Intermediates.noindex/AppsOnAir-Core.build/Debug-watchos/AppsOnAir-Core_AppsOnAir-Core.build/empty-AppsOnAir-Core_AppsOnAir-Core.plist (in target 'AppsOnAir-Core_AppsOnAir-Core' from project 'AppsOnAir-Core')
    cd /Users/admin/builder/spi-builder-workspace/.dependencies/checkouts/AppsOnAir-iOS-Core
    builtin-infoPlistUtility /Users/admin/builder/spi-builder-workspace/.derivedData/Build/Intermediates.noindex/AppsOnAir-Core.build/Debug-watchos/AppsOnAir-Core_AppsOnAir-Core.build/empty-AppsOnAir-Core_AppsOnAir-Core.plist -producttype com.apple.product-type.bundle -expandbuildsettings -format binary -platform watchos -o /Users/admin/builder/spi-builder-workspace/.derivedData/Build/Products/Debug-watchos/AppsOnAir-Core_AppsOnAir-Core.bundle/Info.plist
CpResource /Users/admin/builder/spi-builder-workspace/.derivedData/Build/Products/Debug-watchos/AppsOnAir-Core_AppsOnAir-Core.bundle/AppsOnAir-CoreInfo.plist /Users/admin/builder/spi-builder-workspace/.dependencies/checkouts/AppsOnAir-iOS-Core/AppsOnAir-Core/Resources/AppsOnAir-CoreInfo.plist (in target 'AppsOnAir-Core_AppsOnAir-Core' from project 'AppsOnAir-Core')
    cd /Users/admin/builder/spi-builder-workspace/.dependencies/checkouts/AppsOnAir-iOS-Core
    builtin-copy -exclude .DS_Store -exclude CVS -exclude .svn -exclude .git -exclude .hg -resolve-src-symlinks /Users/admin/builder/spi-builder-workspace/.dependencies/checkouts/AppsOnAir-iOS-Core/AppsOnAir-Core/Resources/AppsOnAir-CoreInfo.plist /Users/admin/builder/spi-builder-workspace/.derivedData/Build/Products/Debug-watchos/AppsOnAir-Core_AppsOnAir-Core.bundle
RegisterExecutionPolicyException /Users/admin/builder/spi-builder-workspace/.derivedData/Build/Products/Debug-watchos/AppsOnAir-Core_AppsOnAir-Core.bundle (in target 'AppsOnAir-Core_AppsOnAir-Core' from project 'AppsOnAir-Core')
    cd /Users/admin/builder/spi-builder-workspace/.dependencies/checkouts/AppsOnAir-iOS-Core
    builtin-RegisterExecutionPolicyException /Users/admin/builder/spi-builder-workspace/.derivedData/Build/Products/Debug-watchos/AppsOnAir-Core_AppsOnAir-Core.bundle
RegisterExecutionPolicyException /Users/admin/builder/spi-builder-workspace/.derivedData/Build/Products/Debug-watchos/Reachability_Reachability.bundle (in target 'Reachability_Reachability' from project 'Reachability')
    cd /Users/admin/builder/spi-builder-workspace/.dependencies/checkouts/Reachability.swift
    builtin-RegisterExecutionPolicyException /Users/admin/builder/spi-builder-workspace/.derivedData/Build/Products/Debug-watchos/Reachability_Reachability.bundle
Touch /Users/admin/builder/spi-builder-workspace/.derivedData/Build/Products/Debug-watchos/AppsOnAir-Core_AppsOnAir-Core.bundle (in target 'AppsOnAir-Core_AppsOnAir-Core' from project 'AppsOnAir-Core')
    cd /Users/admin/builder/spi-builder-workspace/.dependencies/checkouts/AppsOnAir-iOS-Core
    /usr/bin/touch -c /Users/admin/builder/spi-builder-workspace/.derivedData/Build/Products/Debug-watchos/AppsOnAir-Core_AppsOnAir-Core.bundle
Touch /Users/admin/builder/spi-builder-workspace/.derivedData/Build/Products/Debug-watchos/Reachability_Reachability.bundle (in target 'Reachability_Reachability' from project 'Reachability')
    cd /Users/admin/builder/spi-builder-workspace/.dependencies/checkouts/Reachability.swift
    /usr/bin/touch -c /Users/admin/builder/spi-builder-workspace/.derivedData/Build/Products/Debug-watchos/Reachability_Reachability.bundle
SwiftDriver AppsOnAir-AppPush-Shared normal arm64_32 com.apple.xcode.tools.swift.compiler (in target 'AppsOnAir-AppPush-Shared' from project 'AppsOnAir-AppPush')
    cd /Users/admin/builder/spi-builder-workspace/.swiftpm/xcode
    builtin-SwiftDriver -- /Applications/Xcode-26.3.0.app/Contents/Developer/Toolchains/XcodeDefault.xctoolchain/usr/bin/swiftc -module-name AppsOnAir_AppPush_Shared -Onone -enforce-exclusivity\=checked @/Users/admin/builder/spi-builder-workspace/.derivedData/Build/Intermediates.noindex/AppsOnAir-AppPush.build/Debug-watchos/AppsOnAir-AppPush-Shared.build/Objects-normal/arm64_32/AppsOnAir-AppPush-Shared.SwiftFileList -DSWIFT_PACKAGE -DDEBUG -DSWIFT_MODULE_RESOURCE_BUNDLE_UNAVAILABLE -DXcode -plugin-path /Applications/Xcode-26.3.0.app/Contents/Developer/Toolchains/XcodeDefault.xctoolchain/usr/lib/swift/host/plugins/testing -enable-experimental-feature DebugDescriptionMacro -sdk /Applications/Xcode-26.3.0.app/Contents/Developer/Platforms/WatchOS.platform/Developer/SDKs/WatchOS26.2.sdk -target arm64_32-apple-watchos8.0 -g -module-cache-path /Users/admin/builder/spi-builder-workspace/.derivedData/ModuleCache.noindex -Xfrontend -serialize-debugging-options -profile-coverage-mapping -profile-generate -enable-testing -index-store-path /Users/admin/builder/spi-builder-workspace/.derivedData/Index.noindex/DataStore -Xcc -D_LIBCPP_HARDENING_MODE\=_LIBCPP_HARDENING_MODE_DEBUG -swift-version 6 -I /Users/admin/builder/spi-builder-workspace/.derivedData/Build/Products/Debug-watchos -Isystem /Applications/Xcode-26.3.0.app/Contents/Developer/Platforms/WatchOS.platform/Developer/usr/lib -F /Users/admin/builder/spi-builder-workspace/.derivedData/Build/Products/Debug-watchos -F /Applications/Xcode-26.3.0.app/Contents/Developer/Platforms/WatchOS.platform/Developer/Library/Frameworks -F /Applications/Xcode-26.3.0.app/Contents/Developer/Platforms/WatchOS.platform/Developer/SDKs/WatchOS26.2.sdk/Developer/Library/Frameworks -c -j10 -enable-batch-mode -incremental -Xcc -ivfsstatcache -Xcc /Users/admin/builder/spi-builder-workspace/.derivedData/SDKStatCaches.noindex/watchos26.2-23S303-dc75598d0054f22ec865fa860f139d721753b489057de6bda919edfa1c59a62b.sdkstatcache -output-file-map /Users/admin/builder/spi-builder-workspace/.derivedData/Build/Intermediates.noindex/AppsOnAir-AppPush.build/Debug-watchos/AppsOnAir-AppPush-Shared.build/Objects-normal/arm64_32/AppsOnAir-AppPush-Shared-OutputFileMap.json -use-frontend-parseable-output -save-temps -no-color-diagnostics -explicit-module-build -module-cache-path /Users/admin/builder/spi-builder-workspace/.derivedData/Build/Intermediates.noindex/SwiftExplicitPrecompiledModules -clang-scanner-module-cache-path /Users/admin/builder/spi-builder-workspace/.derivedData/ModuleCache.noindex -sdk-module-cache-path /Users/admin/builder/spi-builder-workspace/.derivedData/ModuleCache.noindex -serialize-diagnostics -emit-dependencies -emit-module -emit-module-path /Users/admin/builder/spi-builder-workspace/.derivedData/Build/Intermediates.noindex/AppsOnAir-AppPush.build/Debug-watchos/AppsOnAir-AppPush-Shared.build/Objects-normal/arm64_32/AppsOnAir_AppPush_Shared.swiftmodule -validate-clang-modules-once -clang-build-session-file /Users/admin/builder/spi-builder-workspace/.derivedData/ModuleCache.noindex/Session.modulevalidation -package-name spi_builder_workspace -Xcc -I/Users/admin/builder/spi-builder-workspace/.derivedData/Build/Intermediates.noindex/AppsOnAir-AppPush.build/Debug-watchos/AppsOnAir-AppPush-Shared.build/swift-overrides.hmap -emit-const-values -Xfrontend -const-gather-protocols-file -Xfrontend /Users/admin/builder/spi-builder-workspace/.derivedData/Build/Intermediates.noindex/AppsOnAir-AppPush.build/Debug-watchos/AppsOnAir-AppPush-Shared.build/Objects-normal/arm64_32/AppsOnAir-AppPush-Shared_const_extract_protocols.json -Xcc -I/Users/admin/builder/spi-builder-workspace/.derivedData/Build/Products/Debug-watchos/include -Xcc -I/Users/admin/builder/spi-builder-workspace/.derivedData/Build/Intermediates.noindex/AppsOnAir-AppPush.build/Debug-watchos/AppsOnAir-AppPush-Shared.build/DerivedSources-normal/arm64_32 -Xcc -I/Users/admin/builder/spi-builder-workspace/.derivedData/Build/Intermediates.noindex/AppsOnAir-AppPush.build/Debug-watchos/AppsOnAir-AppPush-Shared.build/DerivedSources/arm64_32 -Xcc -I/Users/admin/builder/spi-builder-workspace/.derivedData/Build/Intermediates.noindex/AppsOnAir-AppPush.build/Debug-watchos/AppsOnAir-AppPush-Shared.build/DerivedSources -Xcc -DSWIFT_PACKAGE -Xcc -DDEBUG\=1 -emit-objc-header -emit-objc-header-path /Users/admin/builder/spi-builder-workspace/.derivedData/Build/Intermediates.noindex/AppsOnAir-AppPush.build/Debug-watchos/AppsOnAir-AppPush-Shared.build/Objects-normal/arm64_32/AppsOnAir-AppPush-Shared-Swift.h -working-directory /Users/admin/builder/spi-builder-workspace/.swiftpm/xcode -experimental-emit-module-separately -disable-cmo
SwiftDriver Reachability normal arm64_32 com.apple.xcode.tools.swift.compiler (in target 'Reachability' from project 'Reachability')
    cd /Users/admin/builder/spi-builder-workspace/.swiftpm/xcode
    builtin-SwiftDriver -- /Applications/Xcode-26.3.0.app/Contents/Developer/Toolchains/XcodeDefault.xctoolchain/usr/bin/swiftc -module-name Reachability -Onone -enforce-exclusivity\=checked @/Users/admin/builder/spi-builder-workspace/.derivedData/Build/Intermediates.noindex/Reachability.build/Debug-watchos/Reachability.build/Objects-normal/arm64_32/Reachability.SwiftFileList -DSWIFT_PACKAGE -DDEBUG -DSWIFT_MODULE_RESOURCE_BUNDLE_AVAILABLE -DXcode -plugin-path /Applications/Xcode-26.3.0.app/Contents/Developer/Toolchains/XcodeDefault.xctoolchain/usr/lib/swift/host/plugins/testing -enable-experimental-feature DebugDescriptionMacro -sdk /Applications/Xcode-26.3.0.app/Contents/Developer/Platforms/WatchOS.platform/Developer/SDKs/WatchOS26.2.sdk -target arm64_32-apple-watchos5.0 -g -module-cache-path /Users/admin/builder/spi-builder-workspace/.derivedData/ModuleCache.noindex -Xfrontend -serialize-debugging-options -profile-coverage-mapping -profile-generate -enable-testing -suppress-warnings -index-store-path /Users/admin/builder/spi-builder-workspace/.derivedData/Index.noindex/DataStore -Xcc -D_LIBCPP_HARDENING_MODE\=_LIBCPP_HARDENING_MODE_DEBUG -swift-version 5 -I /Users/admin/builder/spi-builder-workspace/.derivedData/Build/Products/Debug-watchos -Isystem /Applications/Xcode-26.3.0.app/Contents/Developer/Platforms/WatchOS.platform/Developer/usr/lib -F /Users/admin/builder/spi-builder-workspace/.derivedData/Build/Products/Debug-watchos -F /Applications/Xcode-26.3.0.app/Contents/Developer/Platforms/WatchOS.platform/Developer/Library/Frameworks -F /Applications/Xcode-26.3.0.app/Contents/Developer/Platforms/WatchOS.platform/Developer/SDKs/WatchOS26.2.sdk/Developer/Library/Frameworks -c -j10 -enable-batch-mode -incremental -Xcc -ivfsstatcache -Xcc /Users/admin/builder/spi-builder-workspace/.derivedData/SDKStatCaches.noindex/watchos26.2-23S303-dc75598d0054f22ec865fa860f139d721753b489057de6bda919edfa1c59a62b.sdkstatcache -output-file-map /Users/admin/builder/spi-builder-workspace/.derivedData/Build/Intermediates.noindex/Reachability.build/Debug-watchos/Reachability.build/Objects-normal/arm64_32/Reachability-OutputFileMap.json -use-frontend-parseable-output -save-temps -no-color-diagnostics -explicit-module-build -module-cache-path /Users/admin/builder/spi-builder-workspace/.derivedData/Build/Intermediates.noindex/SwiftExplicitPrecompiledModules -clang-scanner-module-cache-path /Users/admin/builder/spi-builder-workspace/.derivedData/ModuleCache.noindex -sdk-module-cache-path /Users/admin/builder/spi-builder-workspace/.derivedData/ModuleCache.noindex -serialize-diagnostics -emit-dependencies -emit-module -emit-module-path /Users/admin/builder/spi-builder-workspace/.derivedData/Build/Intermediates.noindex/Reachability.build/Debug-watchos/Reachability.build/Objects-normal/arm64_32/Reachability.swiftmodule -validate-clang-modules-once -clang-build-session-file /Users/admin/builder/spi-builder-workspace/.derivedData/ModuleCache.noindex/Session.modulevalidation -Xcc -I/Users/admin/builder/spi-builder-workspace/.derivedData/Build/Intermediates.noindex/Reachability.build/Debug-watchos/Reachability.build/swift-overrides.hmap -emit-const-values -Xfrontend -const-gather-protocols-file -Xfrontend /Users/admin/builder/spi-builder-workspace/.derivedData/Build/Intermediates.noindex/Reachability.build/Debug-watchos/Reachability.build/Objects-normal/arm64_32/Reachability_const_extract_protocols.json -Xcc -I/Users/admin/builder/spi-builder-workspace/.derivedData/Build/Products/Debug-watchos/include -Xcc -I/Users/admin/builder/spi-builder-workspace/.derivedData/Build/Intermediates.noindex/Reachability.build/Debug-watchos/Reachability.build/DerivedSources-normal/arm64_32 -Xcc -I/Users/admin/builder/spi-builder-workspace/.derivedData/Build/Intermediates.noindex/Reachability.build/Debug-watchos/Reachability.build/DerivedSources/arm64_32 -Xcc -I/Users/admin/builder/spi-builder-workspace/.derivedData/Build/Intermediates.noindex/Reachability.build/Debug-watchos/Reachability.build/DerivedSources -Xcc -DSWIFT_PACKAGE -Xcc -DDEBUG\=1 -emit-objc-header -emit-objc-header-path /Users/admin/builder/spi-builder-workspace/.derivedData/Build/Intermediates.noindex/Reachability.build/Debug-watchos/Reachability.build/Objects-normal/arm64_32/Reachability-Swift.h -working-directory /Users/admin/builder/spi-builder-workspace/.swiftpm/xcode -experimental-emit-module-separately -disable-cmo
/Users/admin/builder/spi-builder-workspace/.dependencies/checkouts/Reachability.swift/Sources/Reachability.swift:28:8: error: Unable to find module dependency: 'SystemConfiguration'
import SystemConfiguration
       ^ (in target 'Reachability' from project 'Reachability')
/Users/admin/builder/spi-builder-workspace/.dependencies/checkouts/Reachability.swift/Sources/Reachability.swift:28:8: note: A dependency of main module 'Reachability'
import SystemConfiguration
       ^ (in target 'Reachability' from project 'Reachability')
SwiftDriver Reachability normal armv7k com.apple.xcode.tools.swift.compiler (in target 'Reachability' from project 'Reachability')
    cd /Users/admin/builder/spi-builder-workspace/.swiftpm/xcode
    builtin-SwiftDriver -- /Applications/Xcode-26.3.0.app/Contents/Developer/Toolchains/XcodeDefault.xctoolchain/usr/bin/swiftc -module-name Reachability -Onone -enforce-exclusivity\=checked @/Users/admin/builder/spi-builder-workspace/.derivedData/Build/Intermediates.noindex/Reachability.build/Debug-watchos/Reachability.build/Objects-normal/armv7k/Reachability.SwiftFileList -DSWIFT_PACKAGE -DDEBUG -DSWIFT_MODULE_RESOURCE_BUNDLE_AVAILABLE -DXcode -plugin-path /Applications/Xcode-26.3.0.app/Contents/Developer/Toolchains/XcodeDefault.xctoolchain/usr/lib/swift/host/plugins/testing -enable-experimental-feature DebugDescriptionMacro -sdk /Applications/Xcode-26.3.0.app/Contents/Developer/Platforms/WatchOS.platform/Developer/SDKs/WatchOS26.2.sdk -target armv7k-apple-watchos5.0 -g -module-cache-path /Users/admin/builder/spi-builder-workspace/.derivedData/ModuleCache.noindex -Xfrontend -serialize-debugging-options -profile-coverage-mapping -profile-generate -enable-testing -suppress-warnings -index-store-path /Users/admin/builder/spi-builder-workspace/.derivedData/Index.noindex/DataStore -Xcc -D_LIBCPP_HARDENING_MODE\=_LIBCPP_HARDENING_MODE_DEBUG -swift-version 5 -I /Users/admin/builder/spi-builder-workspace/.derivedData/Build/Products/Debug-watchos -Isystem /Applications/Xcode-26.3.0.app/Contents/Developer/Platforms/WatchOS.platform/Developer/usr/lib -F /Users/admin/builder/spi-builder-workspace/.derivedData/Build/Products/Debug-watchos -F /Applications/Xcode-26.3.0.app/Contents/Developer/Platforms/WatchOS.platform/Developer/Library/Frameworks -F /Applications/Xcode-26.3.0.app/Contents/Developer/Platforms/WatchOS.platform/Developer/SDKs/WatchOS26.2.sdk/Developer/Library/Frameworks -c -j10 -enable-batch-mode -incremental -Xcc -ivfsstatcache -Xcc /Users/admin/builder/spi-builder-workspace/.derivedData/SDKStatCaches.noindex/watchos26.2-23S303-dc75598d0054f22ec865fa860f139d721753b489057de6bda919edfa1c59a62b.sdkstatcache -output-file-map /Users/admin/builder/spi-builder-workspace/.derivedData/Build/Intermediates.noindex/Reachability.build/Debug-watchos/Reachability.build/Objects-normal/armv7k/Reachability-OutputFileMap.json -use-frontend-parseable-output -save-temps -no-color-diagnostics -explicit-module-build -module-cache-path /Users/admin/builder/spi-builder-workspace/.derivedData/Build/Intermediates.noindex/SwiftExplicitPrecompiledModules -clang-scanner-module-cache-path /Users/admin/builder/spi-builder-workspace/.derivedData/ModuleCache.noindex -sdk-module-cache-path /Users/admin/builder/spi-builder-workspace/.derivedData/ModuleCache.noindex -serialize-diagnostics -emit-dependencies -emit-module -emit-module-path /Users/admin/builder/spi-builder-workspace/.derivedData/Build/Intermediates.noindex/Reachability.build/Debug-watchos/Reachability.build/Objects-normal/armv7k/Reachability.swiftmodule -validate-clang-modules-once -clang-build-session-file /Users/admin/builder/spi-builder-workspace/.derivedData/ModuleCache.noindex/Session.modulevalidation -Xcc -I/Users/admin/builder/spi-builder-workspace/.derivedData/Build/Intermediates.noindex/Reachability.build/Debug-watchos/Reachability.build/swift-overrides.hmap -emit-const-values -Xfrontend -const-gather-protocols-file -Xfrontend /Users/admin/builder/spi-builder-workspace/.derivedData/Build/Intermediates.noindex/Reachability.build/Debug-watchos/Reachability.build/Objects-normal/armv7k/Reachability_const_extract_protocols.json -Xcc -I/Users/admin/builder/spi-builder-workspace/.derivedData/Build/Products/Debug-watchos/include -Xcc -I/Users/admin/builder/spi-builder-workspace/.derivedData/Build/Intermediates.noindex/Reachability.build/Debug-watchos/Reachability.build/DerivedSources-normal/armv7k -Xcc -I/Users/admin/builder/spi-builder-workspace/.derivedData/Build/Intermediates.noindex/Reachability.build/Debug-watchos/Reachability.build/DerivedSources/armv7k -Xcc -I/Users/admin/builder/spi-builder-workspace/.derivedData/Build/Intermediates.noindex/Reachability.build/Debug-watchos/Reachability.build/DerivedSources -Xcc -DSWIFT_PACKAGE -Xcc -DDEBUG\=1 -emit-objc-header -emit-objc-header-path /Users/admin/builder/spi-builder-workspace/.derivedData/Build/Intermediates.noindex/Reachability.build/Debug-watchos/Reachability.build/Objects-normal/armv7k/Reachability-Swift.h -working-directory /Users/admin/builder/spi-builder-workspace/.swiftpm/xcode -experimental-emit-module-separately -disable-cmo
/Users/admin/builder/spi-builder-workspace/.dependencies/checkouts/Reachability.swift/Sources/Reachability.swift:28:8: error: Unable to find module dependency: 'SystemConfiguration'
import SystemConfiguration
       ^ (in target 'Reachability' from project 'Reachability')
/Users/admin/builder/spi-builder-workspace/.dependencies/checkouts/Reachability.swift/Sources/Reachability.swift:28:8: note: A dependency of main module 'Reachability'
import SystemConfiguration
       ^ (in target 'Reachability' from project 'Reachability')
SwiftDriver AppsOnAir-AppPush-Shared normal arm64 com.apple.xcode.tools.swift.compiler (in target 'AppsOnAir-AppPush-Shared' from project 'AppsOnAir-AppPush')
    cd /Users/admin/builder/spi-builder-workspace/.swiftpm/xcode
    builtin-SwiftDriver -- /Applications/Xcode-26.3.0.app/Contents/Developer/Toolchains/XcodeDefault.xctoolchain/usr/bin/swiftc -module-name AppsOnAir_AppPush_Shared -Onone -enforce-exclusivity\=checked @/Users/admin/builder/spi-builder-workspace/.derivedData/Build/Intermediates.noindex/AppsOnAir-AppPush.build/Debug-watchos/AppsOnAir-AppPush-Shared.build/Objects-normal/arm64/AppsOnAir-AppPush-Shared.SwiftFileList -DSWIFT_PACKAGE -DDEBUG -DSWIFT_MODULE_RESOURCE_BUNDLE_UNAVAILABLE -DXcode -plugin-path /Applications/Xcode-26.3.0.app/Contents/Developer/Toolchains/XcodeDefault.xctoolchain/usr/lib/swift/host/plugins/testing -enable-experimental-feature DebugDescriptionMacro -sdk /Applications/Xcode-26.3.0.app/Contents/Developer/Platforms/WatchOS.platform/Developer/SDKs/WatchOS26.2.sdk -target arm64-apple-watchos8.0 -g -module-cache-path /Users/admin/builder/spi-builder-workspace/.derivedData/ModuleCache.noindex -Xfrontend -serialize-debugging-options -profile-coverage-mapping -profile-generate -enable-testing -index-store-path /Users/admin/builder/spi-builder-workspace/.derivedData/Index.noindex/DataStore -Xcc -D_LIBCPP_HARDENING_MODE\=_LIBCPP_HARDENING_MODE_DEBUG -swift-version 6 -I /Users/admin/builder/spi-builder-workspace/.derivedData/Build/Products/Debug-watchos -Isystem /Applications/Xcode-26.3.0.app/Contents/Developer/Platforms/WatchOS.platform/Developer/usr/lib -F /Users/admin/builder/spi-builder-workspace/.derivedData/Build/Products/Debug-watchos -F /Applications/Xcode-26.3.0.app/Contents/Developer/Platforms/WatchOS.platform/Developer/Library/Frameworks -F /Applications/Xcode-26.3.0.app/Contents/Developer/Platforms/WatchOS.platform/Developer/SDKs/WatchOS26.2.sdk/Developer/Library/Frameworks -c -j10 -enable-batch-mode -incremental -Xcc -ivfsstatcache -Xcc /Users/admin/builder/spi-builder-workspace/.derivedData/SDKStatCaches.noindex/watchos26.2-23S303-dc75598d0054f22ec865fa860f139d721753b489057de6bda919edfa1c59a62b.sdkstatcache -output-file-map /Users/admin/builder/spi-builder-workspace/.derivedData/Build/Intermediates.noindex/AppsOnAir-AppPush.build/Debug-watchos/AppsOnAir-AppPush-Shared.build/Objects-normal/arm64/AppsOnAir-AppPush-Shared-OutputFileMap.json -use-frontend-parseable-output -save-temps -no-color-diagnostics -explicit-module-build -module-cache-path /Users/admin/builder/spi-builder-workspace/.derivedData/Build/Intermediates.noindex/SwiftExplicitPrecompiledModules -clang-scanner-module-cache-path /Users/admin/builder/spi-builder-workspace/.derivedData/ModuleCache.noindex -sdk-module-cache-path /Users/admin/builder/spi-builder-workspace/.derivedData/ModuleCache.noindex -serialize-diagnostics -emit-dependencies -emit-module -emit-module-path /Users/admin/builder/spi-builder-workspace/.derivedData/Build/Intermediates.noindex/AppsOnAir-AppPush.build/Debug-watchos/AppsOnAir-AppPush-Shared.build/Objects-normal/arm64/AppsOnAir_AppPush_Shared.swiftmodule -validate-clang-modules-once -clang-build-session-file /Users/admin/builder/spi-builder-workspace/.derivedData/ModuleCache.noindex/Session.modulevalidation -package-name spi_builder_workspace -Xcc -I/Users/admin/builder/spi-builder-workspace/.derivedData/Build/Intermediates.noindex/AppsOnAir-AppPush.build/Debug-watchos/AppsOnAir-AppPush-Shared.build/swift-overrides.hmap -emit-const-values -Xfrontend -const-gather-protocols-file -Xfrontend /Users/admin/builder/spi-builder-workspace/.derivedData/Build/Intermediates.noindex/AppsOnAir-AppPush.build/Debug-watchos/AppsOnAir-AppPush-Shared.build/Objects-normal/arm64/AppsOnAir-AppPush-Shared_const_extract_protocols.json -Xcc -I/Users/admin/builder/spi-builder-workspace/.derivedData/Build/Products/Debug-watchos/include -Xcc -I/Users/admin/builder/spi-builder-workspace/.derivedData/Build/Intermediates.noindex/AppsOnAir-AppPush.build/Debug-watchos/AppsOnAir-AppPush-Shared.build/DerivedSources-normal/arm64 -Xcc -I/Users/admin/builder/spi-builder-workspace/.derivedData/Build/Intermediates.noindex/AppsOnAir-AppPush.build/Debug-watchos/AppsOnAir-AppPush-Shared.build/DerivedSources/arm64 -Xcc -I/Users/admin/builder/spi-builder-workspace/.derivedData/Build/Intermediates.noindex/AppsOnAir-AppPush.build/Debug-watchos/AppsOnAir-AppPush-Shared.build/DerivedSources -Xcc -DSWIFT_PACKAGE -Xcc -DDEBUG\=1 -emit-objc-header -emit-objc-header-path /Users/admin/builder/spi-builder-workspace/.derivedData/Build/Intermediates.noindex/AppsOnAir-AppPush.build/Debug-watchos/AppsOnAir-AppPush-Shared.build/Objects-normal/arm64/AppsOnAir-AppPush-Shared-Swift.h -working-directory /Users/admin/builder/spi-builder-workspace/.swiftpm/xcode -experimental-emit-module-separately -disable-cmo
SwiftDriver AppsOnAir-AppPush-Shared normal armv7k com.apple.xcode.tools.swift.compiler (in target 'AppsOnAir-AppPush-Shared' from project 'AppsOnAir-AppPush')
    cd /Users/admin/builder/spi-builder-workspace/.swiftpm/xcode
    builtin-SwiftDriver -- /Applications/Xcode-26.3.0.app/Contents/Developer/Toolchains/XcodeDefault.xctoolchain/usr/bin/swiftc -module-name AppsOnAir_AppPush_Shared -Onone -enforce-exclusivity\=checked @/Users/admin/builder/spi-builder-workspace/.derivedData/Build/Intermediates.noindex/AppsOnAir-AppPush.build/Debug-watchos/AppsOnAir-AppPush-Shared.build/Objects-normal/armv7k/AppsOnAir-AppPush-Shared.SwiftFileList -DSWIFT_PACKAGE -DDEBUG -DSWIFT_MODULE_RESOURCE_BUNDLE_UNAVAILABLE -DXcode -plugin-path /Applications/Xcode-26.3.0.app/Contents/Developer/Toolchains/XcodeDefault.xctoolchain/usr/lib/swift/host/plugins/testing -enable-experimental-feature DebugDescriptionMacro -sdk /Applications/Xcode-26.3.0.app/Contents/Developer/Platforms/WatchOS.platform/Developer/SDKs/WatchOS26.2.sdk -target armv7k-apple-watchos8.0 -g -module-cache-path /Users/admin/builder/spi-builder-workspace/.derivedData/ModuleCache.noindex -Xfrontend -serialize-debugging-options -profile-coverage-mapping -profile-generate -enable-testing -index-store-path /Users/admin/builder/spi-builder-workspace/.derivedData/Index.noindex/DataStore -Xcc -D_LIBCPP_HARDENING_MODE\=_LIBCPP_HARDENING_MODE_DEBUG -swift-version 6 -I /Users/admin/builder/spi-builder-workspace/.derivedData/Build/Products/Debug-watchos -Isystem /Applications/Xcode-26.3.0.app/Contents/Developer/Platforms/WatchOS.platform/Developer/usr/lib -F /Users/admin/builder/spi-builder-workspace/.derivedData/Build/Products/Debug-watchos -F /Applications/Xcode-26.3.0.app/Contents/Developer/Platforms/WatchOS.platform/Developer/Library/Frameworks -F /Applications/Xcode-26.3.0.app/Contents/Developer/Platforms/WatchOS.platform/Developer/SDKs/WatchOS26.2.sdk/Developer/Library/Frameworks -c -j10 -enable-batch-mode -incremental -Xcc -ivfsstatcache -Xcc /Users/admin/builder/spi-builder-workspace/.derivedData/SDKStatCaches.noindex/watchos26.2-23S303-dc75598d0054f22ec865fa860f139d721753b489057de6bda919edfa1c59a62b.sdkstatcache -output-file-map /Users/admin/builder/spi-builder-workspace/.derivedData/Build/Intermediates.noindex/AppsOnAir-AppPush.build/Debug-watchos/AppsOnAir-AppPush-Shared.build/Objects-normal/armv7k/AppsOnAir-AppPush-Shared-OutputFileMap.json -use-frontend-parseable-output -save-temps -no-color-diagnostics -explicit-module-build -module-cache-path /Users/admin/builder/spi-builder-workspace/.derivedData/Build/Intermediates.noindex/SwiftExplicitPrecompiledModules -clang-scanner-module-cache-path /Users/admin/builder/spi-builder-workspace/.derivedData/ModuleCache.noindex -sdk-module-cache-path /Users/admin/builder/spi-builder-workspace/.derivedData/ModuleCache.noindex -serialize-diagnostics -emit-dependencies -emit-module -emit-module-path /Users/admin/builder/spi-builder-workspace/.derivedData/Build/Intermediates.noindex/AppsOnAir-AppPush.build/Debug-watchos/AppsOnAir-AppPush-Shared.build/Objects-normal/armv7k/AppsOnAir_AppPush_Shared.swiftmodule -validate-clang-modules-once -clang-build-session-file /Users/admin/builder/spi-builder-workspace/.derivedData/ModuleCache.noindex/Session.modulevalidation -package-name spi_builder_workspace -Xcc -I/Users/admin/builder/spi-builder-workspace/.derivedData/Build/Intermediates.noindex/AppsOnAir-AppPush.build/Debug-watchos/AppsOnAir-AppPush-Shared.build/swift-overrides.hmap -emit-const-values -Xfrontend -const-gather-protocols-file -Xfrontend /Users/admin/builder/spi-builder-workspace/.derivedData/Build/Intermediates.noindex/AppsOnAir-AppPush.build/Debug-watchos/AppsOnAir-AppPush-Shared.build/Objects-normal/armv7k/AppsOnAir-AppPush-Shared_const_extract_protocols.json -Xcc -I/Users/admin/builder/spi-builder-workspace/.derivedData/Build/Products/Debug-watchos/include -Xcc -I/Users/admin/builder/spi-builder-workspace/.derivedData/Build/Intermediates.noindex/AppsOnAir-AppPush.build/Debug-watchos/AppsOnAir-AppPush-Shared.build/DerivedSources-normal/armv7k -Xcc -I/Users/admin/builder/spi-builder-workspace/.derivedData/Build/Intermediates.noindex/AppsOnAir-AppPush.build/Debug-watchos/AppsOnAir-AppPush-Shared.build/DerivedSources/armv7k -Xcc -I/Users/admin/builder/spi-builder-workspace/.derivedData/Build/Intermediates.noindex/AppsOnAir-AppPush.build/Debug-watchos/AppsOnAir-AppPush-Shared.build/DerivedSources -Xcc -DSWIFT_PACKAGE -Xcc -DDEBUG\=1 -emit-objc-header -emit-objc-header-path /Users/admin/builder/spi-builder-workspace/.derivedData/Build/Intermediates.noindex/AppsOnAir-AppPush.build/Debug-watchos/AppsOnAir-AppPush-Shared.build/Objects-normal/armv7k/AppsOnAir-AppPush-Shared-Swift.h -working-directory /Users/admin/builder/spi-builder-workspace/.swiftpm/xcode -experimental-emit-module-separately -disable-cmo
SwiftDriver AppsOnAir-AppPush-ContentExt normal armv7k com.apple.xcode.tools.swift.compiler (in target 'AppsOnAir-AppPush-ContentExt' from project 'AppsOnAir-AppPush')
    cd /Users/admin/builder/spi-builder-workspace/.swiftpm/xcode
    builtin-SwiftDriver -- /Applications/Xcode-26.3.0.app/Contents/Developer/Toolchains/XcodeDefault.xctoolchain/usr/bin/swiftc -module-name AppsOnAir_AppPush_ContentExt -Onone -enforce-exclusivity\=checked @/Users/admin/builder/spi-builder-workspace/.derivedData/Build/Intermediates.noindex/AppsOnAir-AppPush.build/Debug-watchos/AppsOnAir-AppPush-ContentExt.build/Objects-normal/armv7k/AppsOnAir-AppPush-ContentExt.SwiftFileList -DSWIFT_PACKAGE -DDEBUG -DSWIFT_MODULE_RESOURCE_BUNDLE_UNAVAILABLE -DXcode -plugin-path /Applications/Xcode-26.3.0.app/Contents/Developer/Toolchains/XcodeDefault.xctoolchain/usr/lib/swift/host/plugins/testing -enable-experimental-feature DebugDescriptionMacro -sdk /Applications/Xcode-26.3.0.app/Contents/Developer/Platforms/WatchOS.platform/Developer/SDKs/WatchOS26.2.sdk -target armv7k-apple-watchos8.0 -g -module-cache-path /Users/admin/builder/spi-builder-workspace/.derivedData/ModuleCache.noindex -Xfrontend -serialize-debugging-options -profile-coverage-mapping -profile-generate -enable-testing -index-store-path /Users/admin/builder/spi-builder-workspace/.derivedData/Index.noindex/DataStore -Xcc -D_LIBCPP_HARDENING_MODE\=_LIBCPP_HARDENING_MODE_DEBUG -swift-version 6 -I /Users/admin/builder/spi-builder-workspace/.derivedData/Build/Products/Debug-watchos -Isystem /Applications/Xcode-26.3.0.app/Contents/Developer/Platforms/WatchOS.platform/Developer/usr/lib -F /Users/admin/builder/spi-builder-workspace/.derivedData/Build/Products/Debug-watchos -F /Applications/Xcode-26.3.0.app/Contents/Developer/Platforms/WatchOS.platform/Developer/Library/Frameworks -F /Applications/Xcode-26.3.0.app/Contents/Developer/Platforms/WatchOS.platform/Developer/SDKs/WatchOS26.2.sdk/Developer/Library/Frameworks -c -j10 -enable-batch-mode -incremental -Xcc -ivfsstatcache -Xcc /Users/admin/builder/spi-builder-workspace/.derivedData/SDKStatCaches.noindex/watchos26.2-23S303-dc75598d0054f22ec865fa860f139d721753b489057de6bda919edfa1c59a62b.sdkstatcache -output-file-map /Users/admin/builder/spi-builder-workspace/.derivedData/Build/Intermediates.noindex/AppsOnAir-AppPush.build/Debug-watchos/AppsOnAir-AppPush-ContentExt.build/Objects-normal/armv7k/AppsOnAir-AppPush-ContentExt-OutputFileMap.json -use-frontend-parseable-output -save-temps -no-color-diagnostics -explicit-module-build -module-cache-path /Users/admin/builder/spi-builder-workspace/.derivedData/Build/Intermediates.noindex/SwiftExplicitPrecompiledModules -clang-scanner-module-cache-path /Users/admin/builder/spi-builder-workspace/.derivedData/ModuleCache.noindex -sdk-module-cache-path /Users/admin/builder/spi-builder-workspace/.derivedData/ModuleCache.noindex -serialize-diagnostics -emit-dependencies -emit-module -emit-module-path /Users/admin/builder/spi-builder-workspace/.derivedData/Build/Intermediates.noindex/AppsOnAir-AppPush.build/Debug-watchos/AppsOnAir-AppPush-ContentExt.build/Objects-normal/armv7k/AppsOnAir_AppPush_ContentExt.swiftmodule -validate-clang-modules-once -clang-build-session-file /Users/admin/builder/spi-builder-workspace/.derivedData/ModuleCache.noindex/Session.modulevalidation -package-name spi_builder_workspace -Xcc -I/Users/admin/builder/spi-builder-workspace/.derivedData/Build/Intermediates.noindex/AppsOnAir-AppPush.build/Debug-watchos/AppsOnAir-AppPush-ContentExt.build/swift-overrides.hmap -emit-const-values -Xfrontend -const-gather-protocols-file -Xfrontend /Users/admin/builder/spi-builder-workspace/.derivedData/Build/Intermediates.noindex/AppsOnAir-AppPush.build/Debug-watchos/AppsOnAir-AppPush-ContentExt.build/Objects-normal/armv7k/AppsOnAir-AppPush-ContentExt_const_extract_protocols.json -Xcc -I/Users/admin/builder/spi-builder-workspace/.derivedData/Build/Products/Debug-watchos/include -Xcc -I/Users/admin/builder/spi-builder-workspace/.derivedData/Build/Intermediates.noindex/AppsOnAir-AppPush.build/Debug-watchos/AppsOnAir-AppPush-ContentExt.build/DerivedSources-normal/armv7k -Xcc -I/Users/admin/builder/spi-builder-workspace/.derivedData/Build/Intermediates.noindex/AppsOnAir-AppPush.build/Debug-watchos/AppsOnAir-AppPush-ContentExt.build/DerivedSources/armv7k -Xcc -I/Users/admin/builder/spi-builder-workspace/.derivedData/Build/Intermediates.noindex/AppsOnAir-AppPush.build/Debug-watchos/AppsOnAir-AppPush-ContentExt.build/DerivedSources -Xcc -DSWIFT_PACKAGE -Xcc -DDEBUG\=1 -emit-objc-header -emit-objc-header-path /Users/admin/builder/spi-builder-workspace/.derivedData/Build/Intermediates.noindex/AppsOnAir-AppPush.build/Debug-watchos/AppsOnAir-AppPush-ContentExt.build/Objects-normal/armv7k/AppsOnAir-AppPush-ContentExt-Swift.h -working-directory /Users/admin/builder/spi-builder-workspace/.swiftpm/xcode -experimental-emit-module-separately -disable-cmo
SwiftDriver Reachability normal arm64 com.apple.xcode.tools.swift.compiler (in target 'Reachability' from project 'Reachability')
    cd /Users/admin/builder/spi-builder-workspace/.swiftpm/xcode
    builtin-SwiftDriver -- /Applications/Xcode-26.3.0.app/Contents/Developer/Toolchains/XcodeDefault.xctoolchain/usr/bin/swiftc -module-name Reachability -Onone -enforce-exclusivity\=checked @/Users/admin/builder/spi-builder-workspace/.derivedData/Build/Intermediates.noindex/Reachability.build/Debug-watchos/Reachability.build/Objects-normal/arm64/Reachability.SwiftFileList -DSWIFT_PACKAGE -DDEBUG -DSWIFT_MODULE_RESOURCE_BUNDLE_AVAILABLE -DXcode -plugin-path /Applications/Xcode-26.3.0.app/Contents/Developer/Toolchains/XcodeDefault.xctoolchain/usr/lib/swift/host/plugins/testing -enable-experimental-feature DebugDescriptionMacro -sdk /Applications/Xcode-26.3.0.app/Contents/Developer/Platforms/WatchOS.platform/Developer/SDKs/WatchOS26.2.sdk -target arm64-apple-watchos5.0 -g -module-cache-path /Users/admin/builder/spi-builder-workspace/.derivedData/ModuleCache.noindex -Xfrontend -serialize-debugging-options -profile-coverage-mapping -profile-generate -enable-testing -suppress-warnings -index-store-path /Users/admin/builder/spi-builder-workspace/.derivedData/Index.noindex/DataStore -Xcc -D_LIBCPP_HARDENING_MODE\=_LIBCPP_HARDENING_MODE_DEBUG -swift-version 5 -I /Users/admin/builder/spi-builder-workspace/.derivedData/Build/Products/Debug-watchos -Isystem /Applications/Xcode-26.3.0.app/Contents/Developer/Platforms/WatchOS.platform/Developer/usr/lib -F /Users/admin/builder/spi-builder-workspace/.derivedData/Build/Products/Debug-watchos -F /Applications/Xcode-26.3.0.app/Contents/Developer/Platforms/WatchOS.platform/Developer/Library/Frameworks -F /Applications/Xcode-26.3.0.app/Contents/Developer/Platforms/WatchOS.platform/Developer/SDKs/WatchOS26.2.sdk/Developer/Library/Frameworks -c -j10 -enable-batch-mode -incremental -Xcc -ivfsstatcache -Xcc /Users/admin/builder/spi-builder-workspace/.derivedData/SDKStatCaches.noindex/watchos26.2-23S303-dc75598d0054f22ec865fa860f139d721753b489057de6bda919edfa1c59a62b.sdkstatcache -output-file-map /Users/admin/builder/spi-builder-workspace/.derivedData/Build/Intermediates.noindex/Reachability.build/Debug-watchos/Reachability.build/Objects-normal/arm64/Reachability-OutputFileMap.json -use-frontend-parseable-output -save-temps -no-color-diagnostics -explicit-module-build -module-cache-path /Users/admin/builder/spi-builder-workspace/.derivedData/Build/Intermediates.noindex/SwiftExplicitPrecompiledModules -clang-scanner-module-cache-path /Users/admin/builder/spi-builder-workspace/.derivedData/ModuleCache.noindex -sdk-module-cache-path /Users/admin/builder/spi-builder-workspace/.derivedData/ModuleCache.noindex -serialize-diagnostics -emit-dependencies -emit-module -emit-module-path /Users/admin/builder/spi-builder-workspace/.derivedData/Build/Intermediates.noindex/Reachability.build/Debug-watchos/Reachability.build/Objects-normal/arm64/Reachability.swiftmodule -validate-clang-modules-once -clang-build-session-file /Users/admin/builder/spi-builder-workspace/.derivedData/ModuleCache.noindex/Session.modulevalidation -Xcc -I/Users/admin/builder/spi-builder-workspace/.derivedData/Build/Intermediates.noindex/Reachability.build/Debug-watchos/Reachability.build/swift-overrides.hmap -emit-const-values -Xfrontend -const-gather-protocols-file -Xfrontend /Users/admin/builder/spi-builder-workspace/.derivedData/Build/Intermediates.noindex/Reachability.build/Debug-watchos/Reachability.build/Objects-normal/arm64/Reachability_const_extract_protocols.json -Xcc -I/Users/admin/builder/spi-builder-workspace/.derivedData/Build/Products/Debug-watchos/include -Xcc -I/Users/admin/builder/spi-builder-workspace/.derivedData/Build/Intermediates.noindex/Reachability.build/Debug-watchos/Reachability.build/DerivedSources-normal/arm64 -Xcc -I/Users/admin/builder/spi-builder-workspace/.derivedData/Build/Intermediates.noindex/Reachability.build/Debug-watchos/Reachability.build/DerivedSources/arm64 -Xcc -I/Users/admin/builder/spi-builder-workspace/.derivedData/Build/Intermediates.noindex/Reachability.build/Debug-watchos/Reachability.build/DerivedSources -Xcc -DSWIFT_PACKAGE -Xcc -DDEBUG\=1 -emit-objc-header -emit-objc-header-path /Users/admin/builder/spi-builder-workspace/.derivedData/Build/Intermediates.noindex/Reachability.build/Debug-watchos/Reachability.build/Objects-normal/arm64/Reachability-Swift.h -working-directory /Users/admin/builder/spi-builder-workspace/.swiftpm/xcode -experimental-emit-module-separately -disable-cmo
/Users/admin/builder/spi-builder-workspace/.dependencies/checkouts/Reachability.swift/Sources/Reachability.swift:28:8: error: Unable to find module dependency: 'SystemConfiguration'
import SystemConfiguration
       ^ (in target 'Reachability' from project 'Reachability')
/Users/admin/builder/spi-builder-workspace/.dependencies/checkouts/Reachability.swift/Sources/Reachability.swift:28:8: note: A dependency of main module 'Reachability'
import SystemConfiguration
       ^ (in target 'Reachability' from project 'Reachability')
SwiftDriver AppsOnAir-AppPush-ContentExt normal arm64_32 com.apple.xcode.tools.swift.compiler (in target 'AppsOnAir-AppPush-ContentExt' from project 'AppsOnAir-AppPush')
    cd /Users/admin/builder/spi-builder-workspace/.swiftpm/xcode
    builtin-SwiftDriver -- /Applications/Xcode-26.3.0.app/Contents/Developer/Toolchains/XcodeDefault.xctoolchain/usr/bin/swiftc -module-name AppsOnAir_AppPush_ContentExt -Onone -enforce-exclusivity\=checked @/Users/admin/builder/spi-builder-workspace/.derivedData/Build/Intermediates.noindex/AppsOnAir-AppPush.build/Debug-watchos/AppsOnAir-AppPush-ContentExt.build/Objects-normal/arm64_32/AppsOnAir-AppPush-ContentExt.SwiftFileList -DSWIFT_PACKAGE -DDEBUG -DSWIFT_MODULE_RESOURCE_BUNDLE_UNAVAILABLE -DXcode -plugin-path /Applications/Xcode-26.3.0.app/Contents/Developer/Toolchains/XcodeDefault.xctoolchain/usr/lib/swift/host/plugins/testing -enable-experimental-feature DebugDescriptionMacro -sdk /Applications/Xcode-26.3.0.app/Contents/Developer/Platforms/WatchOS.platform/Developer/SDKs/WatchOS26.2.sdk -target arm64_32-apple-watchos8.0 -g -module-cache-path /Users/admin/builder/spi-builder-workspace/.derivedData/ModuleCache.noindex -Xfrontend -serialize-debugging-options -profile-coverage-mapping -profile-generate -enable-testing -index-store-path /Users/admin/builder/spi-builder-workspace/.derivedData/Index.noindex/DataStore -Xcc -D_LIBCPP_HARDENING_MODE\=_LIBCPP_HARDENING_MODE_DEBUG -swift-version 6 -I /Users/admin/builder/spi-builder-workspace/.derivedData/Build/Products/Debug-watchos -Isystem /Applications/Xcode-26.3.0.app/Contents/Developer/Platforms/WatchOS.platform/Developer/usr/lib -F /Users/admin/builder/spi-builder-workspace/.derivedData/Build/Products/Debug-watchos -F /Applications/Xcode-26.3.0.app/Contents/Developer/Platforms/WatchOS.platform/Developer/Library/Frameworks -F /Applications/Xcode-26.3.0.app/Contents/Developer/Platforms/WatchOS.platform/Developer/SDKs/WatchOS26.2.sdk/Developer/Library/Frameworks -c -j10 -enable-batch-mode -incremental -Xcc -ivfsstatcache -Xcc /Users/admin/builder/spi-builder-workspace/.derivedData/SDKStatCaches.noindex/watchos26.2-23S303-dc75598d0054f22ec865fa860f139d721753b489057de6bda919edfa1c59a62b.sdkstatcache -output-file-map /Users/admin/builder/spi-builder-workspace/.derivedData/Build/Intermediates.noindex/AppsOnAir-AppPush.build/Debug-watchos/AppsOnAir-AppPush-ContentExt.build/Objects-normal/arm64_32/AppsOnAir-AppPush-ContentExt-OutputFileMap.json -use-frontend-parseable-output -save-temps -no-color-diagnostics -explicit-module-build -module-cache-path /Users/admin/builder/spi-builder-workspace/.derivedData/Build/Intermediates.noindex/SwiftExplicitPrecompiledModules -clang-scanner-module-cache-path /Users/admin/builder/spi-builder-workspace/.derivedData/ModuleCache.noindex -sdk-module-cache-path /Users/admin/builder/spi-builder-workspace/.derivedData/ModuleCache.noindex -serialize-diagnostics -emit-dependencies -emit-module -emit-module-path /Users/admin/builder/spi-builder-workspace/.derivedData/Build/Intermediates.noindex/AppsOnAir-AppPush.build/Debug-watchos/AppsOnAir-AppPush-ContentExt.build/Objects-normal/arm64_32/AppsOnAir_AppPush_ContentExt.swiftmodule -validate-clang-modules-once -clang-build-session-file /Users/admin/builder/spi-builder-workspace/.derivedData/ModuleCache.noindex/Session.modulevalidation -package-name spi_builder_workspace -Xcc -I/Users/admin/builder/spi-builder-workspace/.derivedData/Build/Intermediates.noindex/AppsOnAir-AppPush.build/Debug-watchos/AppsOnAir-AppPush-ContentExt.build/swift-overrides.hmap -emit-const-values -Xfrontend -const-gather-protocols-file -Xfrontend /Users/admin/builder/spi-builder-workspace/.derivedData/Build/Intermediates.noindex/AppsOnAir-AppPush.build/Debug-watchos/AppsOnAir-AppPush-ContentExt.build/Objects-normal/arm64_32/AppsOnAir-AppPush-ContentExt_const_extract_protocols.json -Xcc -I/Users/admin/builder/spi-builder-workspace/.derivedData/Build/Products/Debug-watchos/include -Xcc -I/Users/admin/builder/spi-builder-workspace/.derivedData/Build/Intermediates.noindex/AppsOnAir-AppPush.build/Debug-watchos/AppsOnAir-AppPush-ContentExt.build/DerivedSources-normal/arm64_32 -Xcc -I/Users/admin/builder/spi-builder-workspace/.derivedData/Build/Intermediates.noindex/AppsOnAir-AppPush.build/Debug-watchos/AppsOnAir-AppPush-ContentExt.build/DerivedSources/arm64_32 -Xcc -I/Users/admin/builder/spi-builder-workspace/.derivedData/Build/Intermediates.noindex/AppsOnAir-AppPush.build/Debug-watchos/AppsOnAir-AppPush-ContentExt.build/DerivedSources -Xcc -DSWIFT_PACKAGE -Xcc -DDEBUG\=1 -emit-objc-header -emit-objc-header-path /Users/admin/builder/spi-builder-workspace/.derivedData/Build/Intermediates.noindex/AppsOnAir-AppPush.build/Debug-watchos/AppsOnAir-AppPush-ContentExt.build/Objects-normal/arm64_32/AppsOnAir-AppPush-ContentExt-Swift.h -working-directory /Users/admin/builder/spi-builder-workspace/.swiftpm/xcode -experimental-emit-module-separately -disable-cmo
SwiftDriver AppsOnAir-AppPush-ContentExt normal arm64 com.apple.xcode.tools.swift.compiler (in target 'AppsOnAir-AppPush-ContentExt' from project 'AppsOnAir-AppPush')
    cd /Users/admin/builder/spi-builder-workspace/.swiftpm/xcode
    builtin-SwiftDriver -- /Applications/Xcode-26.3.0.app/Contents/Developer/Toolchains/XcodeDefault.xctoolchain/usr/bin/swiftc -module-name AppsOnAir_AppPush_ContentExt -Onone -enforce-exclusivity\=checked @/Users/admin/builder/spi-builder-workspace/.derivedData/Build/Intermediates.noindex/AppsOnAir-AppPush.build/Debug-watchos/AppsOnAir-AppPush-ContentExt.build/Objects-normal/arm64/AppsOnAir-AppPush-ContentExt.SwiftFileList -DSWIFT_PACKAGE -DDEBUG -DSWIFT_MODULE_RESOURCE_BUNDLE_UNAVAILABLE -DXcode -plugin-path /Applications/Xcode-26.3.0.app/Contents/Developer/Toolchains/XcodeDefault.xctoolchain/usr/lib/swift/host/plugins/testing -enable-experimental-feature DebugDescriptionMacro -sdk /Applications/Xcode-26.3.0.app/Contents/Developer/Platforms/WatchOS.platform/Developer/SDKs/WatchOS26.2.sdk -target arm64-apple-watchos8.0 -g -module-cache-path /Users/admin/builder/spi-builder-workspace/.derivedData/ModuleCache.noindex -Xfrontend -serialize-debugging-options -profile-coverage-mapping -profile-generate -enable-testing -index-store-path /Users/admin/builder/spi-builder-workspace/.derivedData/Index.noindex/DataStore -Xcc -D_LIBCPP_HARDENING_MODE\=_LIBCPP_HARDENING_MODE_DEBUG -swift-version 6 -I /Users/admin/builder/spi-builder-workspace/.derivedData/Build/Products/Debug-watchos -Isystem /Applications/Xcode-26.3.0.app/Contents/Developer/Platforms/WatchOS.platform/Developer/usr/lib -F /Users/admin/builder/spi-builder-workspace/.derivedData/Build/Products/Debug-watchos -F /Applications/Xcode-26.3.0.app/Contents/Developer/Platforms/WatchOS.platform/Developer/Library/Frameworks -F /Applications/Xcode-26.3.0.app/Contents/Developer/Platforms/WatchOS.platform/Developer/SDKs/WatchOS26.2.sdk/Developer/Library/Frameworks -c -j10 -enable-batch-mode -incremental -Xcc -ivfsstatcache -Xcc /Users/admin/builder/spi-builder-workspace/.derivedData/SDKStatCaches.noindex/watchos26.2-23S303-dc75598d0054f22ec865fa860f139d721753b489057de6bda919edfa1c59a62b.sdkstatcache -output-file-map /Users/admin/builder/spi-builder-workspace/.derivedData/Build/Intermediates.noindex/AppsOnAir-AppPush.build/Debug-watchos/AppsOnAir-AppPush-ContentExt.build/Objects-normal/arm64/AppsOnAir-AppPush-ContentExt-OutputFileMap.json -use-frontend-parseable-output -save-temps -no-color-diagnostics -explicit-module-build -module-cache-path /Users/admin/builder/spi-builder-workspace/.derivedData/Build/Intermediates.noindex/SwiftExplicitPrecompiledModules -clang-scanner-module-cache-path /Users/admin/builder/spi-builder-workspace/.derivedData/ModuleCache.noindex -sdk-module-cache-path /Users/admin/builder/spi-builder-workspace/.derivedData/ModuleCache.noindex -serialize-diagnostics -emit-dependencies -emit-module -emit-module-path /Users/admin/builder/spi-builder-workspace/.derivedData/Build/Intermediates.noindex/AppsOnAir-AppPush.build/Debug-watchos/AppsOnAir-AppPush-ContentExt.build/Objects-normal/arm64/AppsOnAir_AppPush_ContentExt.swiftmodule -validate-clang-modules-once -clang-build-session-file /Users/admin/builder/spi-builder-workspace/.derivedData/ModuleCache.noindex/Session.modulevalidation -package-name spi_builder_workspace -Xcc -I/Users/admin/builder/spi-builder-workspace/.derivedData/Build/Intermediates.noindex/AppsOnAir-AppPush.build/Debug-watchos/AppsOnAir-AppPush-ContentExt.build/swift-overrides.hmap -emit-const-values -Xfrontend -const-gather-protocols-file -Xfrontend /Users/admin/builder/spi-builder-workspace/.derivedData/Build/Intermediates.noindex/AppsOnAir-AppPush.build/Debug-watchos/AppsOnAir-AppPush-ContentExt.build/Objects-normal/arm64/AppsOnAir-AppPush-ContentExt_const_extract_protocols.json -Xcc -I/Users/admin/builder/spi-builder-workspace/.derivedData/Build/Products/Debug-watchos/include -Xcc -I/Users/admin/builder/spi-builder-workspace/.derivedData/Build/Intermediates.noindex/AppsOnAir-AppPush.build/Debug-watchos/AppsOnAir-AppPush-ContentExt.build/DerivedSources-normal/arm64 -Xcc -I/Users/admin/builder/spi-builder-workspace/.derivedData/Build/Intermediates.noindex/AppsOnAir-AppPush.build/Debug-watchos/AppsOnAir-AppPush-ContentExt.build/DerivedSources/arm64 -Xcc -I/Users/admin/builder/spi-builder-workspace/.derivedData/Build/Intermediates.noindex/AppsOnAir-AppPush.build/Debug-watchos/AppsOnAir-AppPush-ContentExt.build/DerivedSources -Xcc -DSWIFT_PACKAGE -Xcc -DDEBUG\=1 -emit-objc-header -emit-objc-header-path /Users/admin/builder/spi-builder-workspace/.derivedData/Build/Intermediates.noindex/AppsOnAir-AppPush.build/Debug-watchos/AppsOnAir-AppPush-ContentExt.build/Objects-normal/arm64/AppsOnAir-AppPush-ContentExt-Swift.h -working-directory /Users/admin/builder/spi-builder-workspace/.swiftpm/xcode -experimental-emit-module-separately -disable-cmo
SwiftExplicitDependencyGeneratePcm armv7k /Users/admin/builder/spi-builder-workspace/.derivedData/ModuleCache.noindex/_SwiftConcurrencyShims-D59HA2377K7NIHYDPWEQNNSGA.pcm
SwiftExplicitDependencyGeneratePcm armv7k /Users/admin/builder/spi-builder-workspace/.derivedData/ModuleCache.noindex/SwiftShims-611RDAXOTFU5KRIC5DOC9GTGD.pcm
SwiftExplicitDependencyGeneratePcm arm64_32 /Users/admin/builder/spi-builder-workspace/.derivedData/ModuleCache.noindex/SwiftShims-1KDDRF0T4GF3KEVBC8BQQ0CZ5.pcm
SwiftExplicitDependencyGeneratePcm arm64_32 /Users/admin/builder/spi-builder-workspace/.derivedData/ModuleCache.noindex/_SwiftConcurrencyShims-BE6OCM46C4HZFNWL8BR101QWH.pcm
SwiftExplicitDependencyGeneratePcm arm64 /Users/admin/builder/spi-builder-workspace/.derivedData/ModuleCache.noindex/_SwiftConcurrencyShims-6I3LH2ITNOZQ7GZSIWV3YFHI2.pcm
SwiftExplicitDependencyGeneratePcm arm64 /Users/admin/builder/spi-builder-workspace/.derivedData/ModuleCache.noindex/SwiftShims-7I20DMCTK17Q8T32LA04FWAMX.pcm
SwiftEmitModule normal arm64_32 Emitting\ module\ for\ AppsOnAir_AppPush_Shared (in target 'AppsOnAir-AppPush-Shared' from project 'AppsOnAir-AppPush')
EmitSwiftModule normal arm64_32 (in target 'AppsOnAir-AppPush-Shared' from project 'AppsOnAir-AppPush')
    cd /Users/admin/builder/spi-builder-workspace/.swiftpm/xcode

SwiftCompile normal arm64_32 Compiling\ AppsOnAirStorageKeys.swift /Users/admin/builder/spi-builder-workspace/Sources/AppsOnAirPushShared/AppsOnAirStorageKeys.swift (in target 'AppsOnAir-AppPush-Shared' from project 'AppsOnAir-AppPush')
SwiftCompile normal arm64_32 /Users/admin/builder/spi-builder-workspace/Sources/AppsOnAirPushShared/AppsOnAirStorageKeys.swift (in target 'AppsOnAir-AppPush-Shared' from project 'AppsOnAir-AppPush')
    cd /Users/admin/builder/spi-builder-workspace/.swiftpm/xcode

SwiftEmitModule normal armv7k Emitting\ module\ for\ AppsOnAir_AppPush_Shared (in target 'AppsOnAir-AppPush-Shared' from project 'AppsOnAir-AppPush')
EmitSwiftModule normal armv7k (in target 'AppsOnAir-AppPush-Shared' from project 'AppsOnAir-AppPush')
    cd /Users/admin/builder/spi-builder-workspace/.swiftpm/xcode

SwiftCompile normal arm64_32 Compiling\ EnvironmentConfig.swift /Users/admin/builder/spi-builder-workspace/Sources/AppsOnAirPushShared/EnvironmentConfig.swift (in target 'AppsOnAir-AppPush-Shared' from project 'AppsOnAir-AppPush')
SwiftCompile normal arm64_32 /Users/admin/builder/spi-builder-workspace/Sources/AppsOnAirPushShared/EnvironmentConfig.swift (in target 'AppsOnAir-AppPush-Shared' from project 'AppsOnAir-AppPush')
    cd /Users/admin/builder/spi-builder-workspace/.swiftpm/xcode

SwiftEmitModule normal arm64 Emitting\ module\ for\ AppsOnAir_AppPush_Shared (in target 'AppsOnAir-AppPush-Shared' from project 'AppsOnAir-AppPush')
SwiftDriverJobDiscovery normal arm64_32 Emitting module for AppsOnAir_AppPush_Shared (in target 'AppsOnAir-AppPush-Shared' from project 'AppsOnAir-AppPush')
SwiftDriver\ Compilation\ Requirements AppsOnAir-AppPush-Shared normal arm64_32 com.apple.xcode.tools.swift.compiler (in target 'AppsOnAir-AppPush-Shared' from project 'AppsOnAir-AppPush')
    cd /Users/admin/builder/spi-builder-workspace/.swiftpm/xcode
    builtin-Swift-Compilation-Requirements -- /Applications/Xcode-26.3.0.app/Contents/Developer/Toolchains/XcodeDefault.xctoolchain/usr/bin/swiftc -module-name AppsOnAir_AppPush_Shared -Onone -enforce-exclusivity\=checked @/Users/admin/builder/spi-builder-workspace/.derivedData/Build/Intermediates.noindex/AppsOnAir-AppPush.build/Debug-watchos/AppsOnAir-AppPush-Shared.build/Objects-normal/arm64_32/AppsOnAir-AppPush-Shared.SwiftFileList -DSWIFT_PACKAGE -DDEBUG -DSWIFT_MODULE_RESOURCE_BUNDLE_UNAVAILABLE -DXcode -plugin-path /Applications/Xcode-26.3.0.app/Contents/Developer/Toolchains/XcodeDefault.xctoolchain/usr/lib/swift/host/plugins/testing -enable-experimental-feature DebugDescriptionMacro -sdk /Applications/Xcode-26.3.0.app/Contents/Developer/Platforms/WatchOS.platform/Developer/SDKs/WatchOS26.2.sdk -target arm64_32-apple-watchos8.0 -g -module-cache-path /Users/admin/builder/spi-builder-workspace/.derivedData/ModuleCache.noindex -Xfrontend -serialize-debugging-options -profile-coverage-mapping -profile-generate -enable-testing -index-store-path /Users/admin/builder/spi-builder-workspace/.derivedData/Index.noindex/DataStore -Xcc -D_LIBCPP_HARDENING_MODE\=_LIBCPP_HARDENING_MODE_DEBUG -swift-version 6 -I /Users/admin/builder/spi-builder-workspace/.derivedData/Build/Products/Debug-watchos -Isystem /Applications/Xcode-26.3.0.app/Contents/Developer/Platforms/WatchOS.platform/Developer/usr/lib -F /Users/admin/builder/spi-builder-workspace/.derivedData/Build/Products/Debug-watchos -F /Applications/Xcode-26.3.0.app/Contents/Developer/Platforms/WatchOS.platform/Developer/Library/Frameworks -F /Applications/Xcode-26.3.0.app/Contents/Developer/Platforms/WatchOS.platform/Developer/SDKs/WatchOS26.2.sdk/Developer/Library/Frameworks -c -j10 -enable-batch-mode -incremental -Xcc -ivfsstatcache -Xcc /Users/admin/builder/spi-builder-workspace/.derivedData/SDKStatCaches.noindex/watchos26.2-23S303-dc75598d0054f22ec865fa860f139d721753b489057de6bda919edfa1c59a62b.sdkstatcache -output-file-map /Users/admin/builder/spi-builder-workspace/.derivedData/Build/Intermediates.noindex/AppsOnAir-AppPush.build/Debug-watchos/AppsOnAir-AppPush-Shared.build/Objects-normal/arm64_32/AppsOnAir-AppPush-Shared-OutputFileMap.json -use-frontend-parseable-output -save-temps -no-color-diagnostics -explicit-module-build -module-cache-path /Users/admin/builder/spi-builder-workspace/.derivedData/Build/Intermediates.noindex/SwiftExplicitPrecompiledModules -clang-scanner-module-cache-path /Users/admin/builder/spi-builder-workspace/.derivedData/ModuleCache.noindex -sdk-module-cache-path /Users/admin/builder/spi-builder-workspace/.derivedData/ModuleCache.noindex -serialize-diagnostics -emit-dependencies -emit-module -emit-module-path /Users/admin/builder/spi-builder-workspace/.derivedData/Build/Intermediates.noindex/AppsOnAir-AppPush.build/Debug-watchos/AppsOnAir-AppPush-Shared.build/Objects-normal/arm64_32/AppsOnAir_AppPush_Shared.swiftmodule -validate-clang-modules-once -clang-build-session-file /Users/admin/builder/spi-builder-workspace/.derivedData/ModuleCache.noindex/Session.modulevalidation -package-name spi_builder_workspace -Xcc -I/Users/admin/builder/spi-builder-workspace/.derivedData/Build/Intermediates.noindex/AppsOnAir-AppPush.build/Debug-watchos/AppsOnAir-AppPush-Shared.build/swift-overrides.hmap -emit-const-values -Xfrontend -const-gather-protocols-file -Xfrontend /Users/admin/builder/spi-builder-workspace/.derivedData/Build/Intermediates.noindex/AppsOnAir-AppPush.build/Debug-watchos/AppsOnAir-AppPush-Shared.build/Objects-normal/arm64_32/AppsOnAir-AppPush-Shared_const_extract_protocols.json -Xcc -I/Users/admin/builder/spi-builder-workspace/.derivedData/Build/Products/Debug-watchos/include -Xcc -I/Users/admin/builder/spi-builder-workspace/.derivedData/Build/Intermediates.noindex/AppsOnAir-AppPush.build/Debug-watchos/AppsOnAir-AppPush-Shared.build/DerivedSources-normal/arm64_32 -Xcc -I/Users/admin/builder/spi-builder-workspace/.derivedData/Build/Intermediates.noindex/AppsOnAir-AppPush.build/Debug-watchos/AppsOnAir-AppPush-Shared.build/DerivedSources/arm64_32 -Xcc -I/Users/admin/builder/spi-builder-workspace/.derivedData/Build/Intermediates.noindex/AppsOnAir-AppPush.build/Debug-watchos/AppsOnAir-AppPush-Shared.build/DerivedSources -Xcc -DSWIFT_PACKAGE -Xcc -DDEBUG\=1 -emit-objc-header -emit-objc-header-path /Users/admin/builder/spi-builder-workspace/.derivedData/Build/Intermediates.noindex/AppsOnAir-AppPush.build/Debug-watchos/AppsOnAir-AppPush-Shared.build/Objects-normal/arm64_32/AppsOnAir-AppPush-Shared-Swift.h -working-directory /Users/admin/builder/spi-builder-workspace/.swiftpm/xcode -experimental-emit-module-separately -disable-cmo
SwiftDriverJobDiscovery normal armv7k Emitting module for AppsOnAir_AppPush_Shared (in target 'AppsOnAir-AppPush-Shared' from project 'AppsOnAir-AppPush')
SwiftDriver\ Compilation\ Requirements AppsOnAir-AppPush-Shared normal armv7k com.apple.xcode.tools.swift.compiler (in target 'AppsOnAir-AppPush-Shared' from project 'AppsOnAir-AppPush')
    cd /Users/admin/builder/spi-builder-workspace/.swiftpm/xcode
    builtin-Swift-Compilation-Requirements -- /Applications/Xcode-26.3.0.app/Contents/Developer/Toolchains/XcodeDefault.xctoolchain/usr/bin/swiftc -module-name AppsOnAir_AppPush_Shared -Onone -enforce-exclusivity\=checked @/Users/admin/builder/spi-builder-workspace/.derivedData/Build/Intermediates.noindex/AppsOnAir-AppPush.build/Debug-watchos/AppsOnAir-AppPush-Shared.build/Objects-normal/armv7k/AppsOnAir-AppPush-Shared.SwiftFileList -DSWIFT_PACKAGE -DDEBUG -DSWIFT_MODULE_RESOURCE_BUNDLE_UNAVAILABLE -DXcode -plugin-path /Applications/Xcode-26.3.0.app/Contents/Developer/Toolchains/XcodeDefault.xctoolchain/usr/lib/swift/host/plugins/testing -enable-experimental-feature DebugDescriptionMacro -sdk /Applications/Xcode-26.3.0.app/Contents/Developer/Platforms/WatchOS.platform/Developer/SDKs/WatchOS26.2.sdk -target armv7k-apple-watchos8.0 -g -module-cache-path /Users/admin/builder/spi-builder-workspace/.derivedData/ModuleCache.noindex -Xfrontend -serialize-debugging-options -profile-coverage-mapping -profile-generate -enable-testing -index-store-path /Users/admin/builder/spi-builder-workspace/.derivedData/Index.noindex/DataStore -Xcc -D_LIBCPP_HARDENING_MODE\=_LIBCPP_HARDENING_MODE_DEBUG -swift-version 6 -I /Users/admin/builder/spi-builder-workspace/.derivedData/Build/Products/Debug-watchos -Isystem /Applications/Xcode-26.3.0.app/Contents/Developer/Platforms/WatchOS.platform/Developer/usr/lib -F /Users/admin/builder/spi-builder-workspace/.derivedData/Build/Products/Debug-watchos -F /Applications/Xcode-26.3.0.app/Contents/Developer/Platforms/WatchOS.platform/Developer/Library/Frameworks -F /Applications/Xcode-26.3.0.app/Contents/Developer/Platforms/WatchOS.platform/Developer/SDKs/WatchOS26.2.sdk/Developer/Library/Frameworks -c -j10 -enable-batch-mode -incremental -Xcc -ivfsstatcache -Xcc /Users/admin/builder/spi-builder-workspace/.derivedData/SDKStatCaches.noindex/watchos26.2-23S303-dc75598d0054f22ec865fa860f139d721753b489057de6bda919edfa1c59a62b.sdkstatcache -output-file-map /Users/admin/builder/spi-builder-workspace/.derivedData/Build/Intermediates.noindex/AppsOnAir-AppPush.build/Debug-watchos/AppsOnAir-AppPush-Shared.build/Objects-normal/armv7k/AppsOnAir-AppPush-Shared-OutputFileMap.json -use-frontend-parseable-output -save-temps -no-color-diagnostics -explicit-module-build -module-cache-path /Users/admin/builder/spi-builder-workspace/.derivedData/Build/Intermediates.noindex/SwiftExplicitPrecompiledModules -clang-scanner-module-cache-path /Users/admin/builder/spi-builder-workspace/.derivedData/ModuleCache.noindex -sdk-module-cache-path /Users/admin/builder/spi-builder-workspace/.derivedData/ModuleCache.noindex -serialize-diagnostics -emit-dependencies -emit-module -emit-module-path /Users/admin/builder/spi-builder-workspace/.derivedData/Build/Intermediates.noindex/AppsOnAir-AppPush.build/Debug-watchos/AppsOnAir-AppPush-Shared.build/Objects-normal/armv7k/AppsOnAir_AppPush_Shared.swiftmodule -validate-clang-modules-once -clang-build-session-file /Users/admin/builder/spi-builder-workspace/.derivedData/ModuleCache.noindex/Session.modulevalidation -package-name spi_builder_workspace -Xcc -I/Users/admin/builder/spi-builder-workspace/.derivedData/Build/Intermediates.noindex/AppsOnAir-AppPush.build/Debug-watchos/AppsOnAir-AppPush-Shared.build/swift-overrides.hmap -emit-const-values -Xfrontend -const-gather-protocols-file -Xfrontend /Users/admin/builder/spi-builder-workspace/.derivedData/Build/Intermediates.noindex/AppsOnAir-AppPush.build/Debug-watchos/AppsOnAir-AppPush-Shared.build/Objects-normal/armv7k/AppsOnAir-AppPush-Shared_const_extract_protocols.json -Xcc -I/Users/admin/builder/spi-builder-workspace/.derivedData/Build/Products/Debug-watchos/include -Xcc -I/Users/admin/builder/spi-builder-workspace/.derivedData/Build/Intermediates.noindex/AppsOnAir-AppPush.build/Debug-watchos/AppsOnAir-AppPush-Shared.build/DerivedSources-normal/armv7k -Xcc -I/Users/admin/builder/spi-builder-workspace/.derivedData/Build/Intermediates.noindex/AppsOnAir-AppPush.build/Debug-watchos/AppsOnAir-AppPush-Shared.build/DerivedSources/armv7k -Xcc -I/Users/admin/builder/spi-builder-workspace/.derivedData/Build/Intermediates.noindex/AppsOnAir-AppPush.build/Debug-watchos/AppsOnAir-AppPush-Shared.build/DerivedSources -Xcc -DSWIFT_PACKAGE -Xcc -DDEBUG\=1 -emit-objc-header -emit-objc-header-path /Users/admin/builder/spi-builder-workspace/.derivedData/Build/Intermediates.noindex/AppsOnAir-AppPush.build/Debug-watchos/AppsOnAir-AppPush-Shared.build/Objects-normal/armv7k/AppsOnAir-AppPush-Shared-Swift.h -working-directory /Users/admin/builder/spi-builder-workspace/.swiftpm/xcode -experimental-emit-module-separately -disable-cmo
Copy /Users/admin/builder/spi-builder-workspace/.derivedData/Build/Products/Debug-watchos/AppsOnAir_AppPush_Shared.swiftmodule/arm64_32-apple-watchos.swiftmodule /Users/admin/builder/spi-builder-workspace/.derivedData/Build/Intermediates.noindex/AppsOnAir-AppPush.build/Debug-watchos/AppsOnAir-AppPush-Shared.build/Objects-normal/arm64_32/AppsOnAir_AppPush_Shared.swiftmodule (in target 'AppsOnAir-AppPush-Shared' from project 'AppsOnAir-AppPush')
    cd /Users/admin/builder/spi-builder-workspace
    builtin-copy -exclude .DS_Store -exclude CVS -exclude .svn -exclude .git -exclude .hg -resolve-src-symlinks -rename /Users/admin/builder/spi-builder-workspace/.derivedData/Build/Intermediates.noindex/AppsOnAir-AppPush.build/Debug-watchos/AppsOnAir-AppPush-Shared.build/Objects-normal/arm64_32/AppsOnAir_AppPush_Shared.swiftmodule /Users/admin/builder/spi-builder-workspace/.derivedData/Build/Products/Debug-watchos/AppsOnAir_AppPush_Shared.swiftmodule/arm64_32-apple-watchos.swiftmodule
Copy /Users/admin/builder/spi-builder-workspace/.derivedData/Build/Products/Debug-watchos/AppsOnAir_AppPush_Shared.swiftmodule/armv7k-apple-watchos.swiftmodule /Users/admin/builder/spi-builder-workspace/.derivedData/Build/Intermediates.noindex/AppsOnAir-AppPush.build/Debug-watchos/AppsOnAir-AppPush-Shared.build/Objects-normal/armv7k/AppsOnAir_AppPush_Shared.swiftmodule (in target 'AppsOnAir-AppPush-Shared' from project 'AppsOnAir-AppPush')
    cd /Users/admin/builder/spi-builder-workspace
    builtin-copy -exclude .DS_Store -exclude CVS -exclude .svn -exclude .git -exclude .hg -resolve-src-symlinks -rename /Users/admin/builder/spi-builder-workspace/.derivedData/Build/Intermediates.noindex/AppsOnAir-AppPush.build/Debug-watchos/AppsOnAir-AppPush-Shared.build/Objects-normal/armv7k/AppsOnAir_AppPush_Shared.swiftmodule /Users/admin/builder/spi-builder-workspace/.derivedData/Build/Products/Debug-watchos/AppsOnAir_AppPush_Shared.swiftmodule/armv7k-apple-watchos.swiftmodule
Copy /Users/admin/builder/spi-builder-workspace/.derivedData/Build/Products/Debug-watchos/AppsOnAir_AppPush_Shared.swiftmodule/armv7k-apple-watchos.swiftdoc /Users/admin/builder/spi-builder-workspace/.derivedData/Build/Intermediates.noindex/AppsOnAir-AppPush.build/Debug-watchos/AppsOnAir-AppPush-Shared.build/Objects-normal/armv7k/AppsOnAir_AppPush_Shared.swiftdoc (in target 'AppsOnAir-AppPush-Shared' from project 'AppsOnAir-AppPush')
    cd /Users/admin/builder/spi-builder-workspace
    builtin-copy -exclude .DS_Store -exclude CVS -exclude .svn -exclude .git -exclude .hg -resolve-src-symlinks -rename /Users/admin/builder/spi-builder-workspace/.derivedData/Build/Intermediates.noindex/AppsOnAir-AppPush.build/Debug-watchos/AppsOnAir-AppPush-Shared.build/Objects-normal/armv7k/AppsOnAir_AppPush_Shared.swiftdoc /Users/admin/builder/spi-builder-workspace/.derivedData/Build/Products/Debug-watchos/AppsOnAir_AppPush_Shared.swiftmodule/armv7k-apple-watchos.swiftdoc
Copy /Users/admin/builder/spi-builder-workspace/.derivedData/Build/Products/Debug-watchos/AppsOnAir_AppPush_Shared.swiftmodule/armv7k-apple-watchos.abi.json /Users/admin/builder/spi-builder-workspace/.derivedData/Build/Intermediates.noindex/AppsOnAir-AppPush.build/Debug-watchos/AppsOnAir-AppPush-Shared.build/Objects-normal/armv7k/AppsOnAir_AppPush_Shared.abi.json (in target 'AppsOnAir-AppPush-Shared' from project 'AppsOnAir-AppPush')
    cd /Users/admin/builder/spi-builder-workspace
    builtin-copy -exclude .DS_Store -exclude CVS -exclude .svn -exclude .git -exclude .hg -resolve-src-symlinks -rename /Users/admin/builder/spi-builder-workspace/.derivedData/Build/Intermediates.noindex/AppsOnAir-AppPush.build/Debug-watchos/AppsOnAir-AppPush-Shared.build/Objects-normal/armv7k/AppsOnAir_AppPush_Shared.abi.json /Users/admin/builder/spi-builder-workspace/.derivedData/Build/Products/Debug-watchos/AppsOnAir_AppPush_Shared.swiftmodule/armv7k-apple-watchos.abi.json
Copy /Users/admin/builder/spi-builder-workspace/.derivedData/Build/Products/Debug-watchos/AppsOnAir_AppPush_Shared.swiftmodule/arm64_32-apple-watchos.swiftdoc /Users/admin/builder/spi-builder-workspace/.derivedData/Build/Intermediates.noindex/AppsOnAir-AppPush.build/Debug-watchos/AppsOnAir-AppPush-Shared.build/Objects-normal/arm64_32/AppsOnAir_AppPush_Shared.swiftdoc (in target 'AppsOnAir-AppPush-Shared' from project 'AppsOnAir-AppPush')
    cd /Users/admin/builder/spi-builder-workspace
    builtin-copy -exclude .DS_Store -exclude CVS -exclude .svn -exclude .git -exclude .hg -resolve-src-symlinks -rename /Users/admin/builder/spi-builder-workspace/.derivedData/Build/Intermediates.noindex/AppsOnAir-AppPush.build/Debug-watchos/AppsOnAir-AppPush-Shared.build/Objects-normal/arm64_32/AppsOnAir_AppPush_Shared.swiftdoc /Users/admin/builder/spi-builder-workspace/.derivedData/Build/Products/Debug-watchos/AppsOnAir_AppPush_Shared.swiftmodule/arm64_32-apple-watchos.swiftdoc
Copy /Users/admin/builder/spi-builder-workspace/.derivedData/Build/Products/Debug-watchos/AppsOnAir_AppPush_Shared.swiftmodule/arm64_32-apple-watchos.abi.json /Users/admin/builder/spi-builder-workspace/.derivedData/Build/Intermediates.noindex/AppsOnAir-AppPush.build/Debug-watchos/AppsOnAir-AppPush-Shared.build/Objects-normal/arm64_32/AppsOnAir_AppPush_Shared.abi.json (in target 'AppsOnAir-AppPush-Shared' from project 'AppsOnAir-AppPush')
    cd /Users/admin/builder/spi-builder-workspace
    builtin-copy -exclude .DS_Store -exclude CVS -exclude .svn -exclude .git -exclude .hg -resolve-src-symlinks -rename /Users/admin/builder/spi-builder-workspace/.derivedData/Build/Intermediates.noindex/AppsOnAir-AppPush.build/Debug-watchos/AppsOnAir-AppPush-Shared.build/Objects-normal/arm64_32/AppsOnAir_AppPush_Shared.abi.json /Users/admin/builder/spi-builder-workspace/.derivedData/Build/Products/Debug-watchos/AppsOnAir_AppPush_Shared.swiftmodule/arm64_32-apple-watchos.abi.json
Copy /Users/admin/builder/spi-builder-workspace/.derivedData/Build/Products/Debug-watchos/AppsOnAir_AppPush_Shared.swiftmodule/Project/armv7k-apple-watchos.swiftsourceinfo /Users/admin/builder/spi-builder-workspace/.derivedData/Build/Intermediates.noindex/AppsOnAir-AppPush.build/Debug-watchos/AppsOnAir-AppPush-Shared.build/Objects-normal/armv7k/AppsOnAir_AppPush_Shared.swiftsourceinfo (in target 'AppsOnAir-AppPush-Shared' from project 'AppsOnAir-AppPush')
    cd /Users/admin/builder/spi-builder-workspace
    builtin-copy -exclude .DS_Store -exclude CVS -exclude .svn -exclude .git -exclude .hg -resolve-src-symlinks -rename /Users/admin/builder/spi-builder-workspace/.derivedData/Build/Intermediates.noindex/AppsOnAir-AppPush.build/Debug-watchos/AppsOnAir-AppPush-Shared.build/Objects-normal/armv7k/AppsOnAir_AppPush_Shared.swiftsourceinfo /Users/admin/builder/spi-builder-workspace/.derivedData/Build/Products/Debug-watchos/AppsOnAir_AppPush_Shared.swiftmodule/Project/armv7k-apple-watchos.swiftsourceinfo
Copy /Users/admin/builder/spi-builder-workspace/.derivedData/Build/Products/Debug-watchos/AppsOnAir_AppPush_Shared.swiftmodule/Project/arm64_32-apple-watchos.swiftsourceinfo /Users/admin/builder/spi-builder-workspace/.derivedData/Build/Intermediates.noindex/AppsOnAir-AppPush.build/Debug-watchos/AppsOnAir-AppPush-Shared.build/Objects-normal/arm64_32/AppsOnAir_AppPush_Shared.swiftsourceinfo (in target 'AppsOnAir-AppPush-Shared' from project 'AppsOnAir-AppPush')
    cd /Users/admin/builder/spi-builder-workspace
    builtin-copy -exclude .DS_Store -exclude CVS -exclude .svn -exclude .git -exclude .hg -resolve-src-symlinks -rename /Users/admin/builder/spi-builder-workspace/.derivedData/Build/Intermediates.noindex/AppsOnAir-AppPush.build/Debug-watchos/AppsOnAir-AppPush-Shared.build/Objects-normal/arm64_32/AppsOnAir_AppPush_Shared.swiftsourceinfo /Users/admin/builder/spi-builder-workspace/.derivedData/Build/Products/Debug-watchos/AppsOnAir_AppPush_Shared.swiftmodule/Project/arm64_32-apple-watchos.swiftsourceinfo
SwiftCompile normal arm64 Compiling\ EnvironmentConfig.swift /Users/admin/builder/spi-builder-workspace/Sources/AppsOnAirPushShared/EnvironmentConfig.swift (in target 'AppsOnAir-AppPush-Shared' from project 'AppsOnAir-AppPush')
SwiftCompile normal arm64 /Users/admin/builder/spi-builder-workspace/Sources/AppsOnAirPushShared/EnvironmentConfig.swift (in target 'AppsOnAir-AppPush-Shared' from project 'AppsOnAir-AppPush')
    cd /Users/admin/builder/spi-builder-workspace/.swiftpm/xcode

SwiftCompile normal armv7k Compiling\ AppsOnAirStorageKeys.swift /Users/admin/builder/spi-builder-workspace/Sources/AppsOnAirPushShared/AppsOnAirStorageKeys.swift (in target 'AppsOnAir-AppPush-Shared' from project 'AppsOnAir-AppPush')
2026-10-25 01:44:08.258 xcodebuild[760:4665] [MT] IDERunDestination: Supported platforms for the buildables in the current scheme is empty.
/Users/admin/builder/spi-builder-workspace/.dependencies/checkouts/Reachability.swift/Sources/Reachability.swift:28:8: error: Unable to find module dependency: 'SystemConfiguration'
import SystemConfiguration
       ^
/Users/admin/builder/spi-builder-workspace/.dependencies/checkouts/Reachability.swift/Sources/Reachability.swift:28:8: note: a dependency of main module 'Reachability'
import SystemConfiguration
       ^
/Users/admin/builder/spi-builder-workspace/.dependencies/checkouts/Reachability.swift/Sources/Reachability.swift:28:8: error: Unable to find module dependency: 'SystemConfiguration'
import SystemConfiguration
       ^
/Users/admin/builder/spi-builder-workspace/.dependencies/checkouts/Reachability.swift/Sources/Reachability.swift:28:8: note: a dependency of main module 'Reachability'
import SystemConfiguration
       ^
/Users/admin/builder/spi-builder-workspace/.dependencies/checkouts/Reachability.swift/Sources/Reachability.swift:28:8: error: Unable to find module dependency: 'SystemConfiguration'
import SystemConfiguration
       ^
/Users/admin/builder/spi-builder-workspace/.dependencies/checkouts/Reachability.swift/Sources/Reachability.swift:28:8: note: a dependency of main module 'Reachability'
import SystemConfiguration
       ^
** BUILD FAILED **
The following build commands failed:
	SwiftDriver Reachability normal arm64_32 com.apple.xcode.tools.swift.compiler (in target 'Reachability' from project 'Reachability')
	SwiftDriver Reachability normal armv7k com.apple.xcode.tools.swift.compiler (in target 'Reachability' from project 'Reachability')
	SwiftDriver Reachability normal arm64 com.apple.xcode.tools.swift.compiler (in target 'Reachability' from project 'Reachability')
	Building workspace spi-builder-workspace with scheme AppsOnAir-AppPush-Package
(4 failures)
Command line invocation:
    /Applications/Xcode-26.3.0.app/Contents/Developer/usr/bin/xcodebuild -IDEClonedSourcePackagesDirPathOverride=/Users/admin/builder/spi-builder-workspace/.dependencies -resolvePackageDependencies
Resolve Package Graph
Resolved source packages:
  AppsOnAir-AppPush: /Users/admin/builder/spi-builder-workspace
  AppsOnAir-Core: https://github.com/apps-on-air/AppsOnAir-iOS-Core.git @ 1.2.3
  Reachability: https://github.com/ashleymills/Reachability.swift.git @ 5.2.4
resolved source packages: AppsOnAir-AppPush, AppsOnAir-Core, Reachability
2026-10-25 01:44:13.493 xcodebuild[830:5248] [MT] IDERunDestination: Supported platforms for the buildables in the current scheme is empty.
{
  "dependencies" : [
    {
      "identity" : "appsonair-ios-core",
      "requirement" : {
        "range" : [
          {
            "lower_bound" : "1.2.3",
            "upper_bound" : "2.0.0"
          }
        ]
      },
      "type" : "sourceControl",
      "url" : "https://github.com/apps-on-air/AppsOnAir-iOS-Core.git"
    }
  ],
  "manifest_display_name" : "AppsOnAir-AppPush",
  "name" : "AppsOnAir-AppPush",
  "path" : "/Users/admin/builder/spi-builder-workspace",
  "platforms" : [
    {
      "name" : "ios",
      "version" : "15.0"
    }
  ],
  "products" : [
    {
      "name" : "AppsOnAir-AppPush",
      "targets" : [
        "AppsOnAir-AppPush"
      ],
      "type" : {
        "library" : [
          "automatic"
        ]
      }
    },
    {
      "name" : "AppsOnAir-AppPush-ServiceExt",
      "targets" : [
        "AppsOnAir-AppPush-ServiceExt"
      ],
      "type" : {
        "library" : [
          "automatic"
        ]
      }
    },
    {
      "name" : "AppsOnAir-AppPush-ContentExt",
      "targets" : [
        "AppsOnAir-AppPush-ContentExt"
      ],
      "type" : {
        "library" : [
          "automatic"
        ]
      }
    }
  ],
  "targets" : [
    {
      "c99name" : "AppsOnAir_AppPush_Tests",
      "module_type" : "SwiftTarget",
      "name" : "AppsOnAir-AppPush-Tests",
      "path" : "Tests/AppsOnAir-AppPush-Tests",
      "sources" : [
        "AppsOnAirPushTests.swift"
      ],
      "target_dependencies" : [
        "AppsOnAir-AppPush"
      ],
      "type" : "test"
    },
    {
      "c99name" : "AppsOnAir_AppPush_Shared",
      "module_type" : "SwiftTarget",
      "name" : "AppsOnAir-AppPush-Shared",
      "path" : "Sources/AppsOnAirPushShared",
      "product_memberships" : [
        "AppsOnAir-AppPush",
        "AppsOnAir-AppPush-ServiceExt"
      ],
      "sources" : [
        "AppsOnAirStorageKeys.swift",
        "EnvironmentConfig.swift"
      ],
      "type" : "library"
    },
    {
      "c99name" : "AppsOnAir_AppPush_ServiceExt",
      "module_type" : "SwiftTarget",
      "name" : "AppsOnAir-AppPush-ServiceExt",
      "path" : "Sources/AppsOnAirPushServiceExt",
      "product_memberships" : [
        "AppsOnAir-AppPush-ServiceExt"
      ],
      "sources" : [
        "AppsOnAirNotificationServiceExtension.swift",
        "ObjC/AOAPushExtension.swift"
      ],
      "target_dependencies" : [
        "AppsOnAir-AppPush-Shared"
      ],
      "type" : "library"
    },
    {
      "c99name" : "AppsOnAir_AppPush_ContentExt",
      "module_type" : "SwiftTarget",
      "name" : "AppsOnAir-AppPush-ContentExt",
      "path" : "Sources/AppsOnAirPushContentExt",
      "product_memberships" : [
        "AppsOnAir-AppPush-ContentExt"
      ],
      "sources" : [
        "AppsOnAirContentViewController.swift",
        "ObjC/AOAContentViewController.swift"
      ],
      "type" : "library"
    },
    {
      "c99name" : "AppsOnAir_AppPush",
      "module_type" : "SwiftTarget",
      "name" : "AppsOnAir-AppPush",
      "path" : "Sources/AppsOnAirPush",
      "product_dependencies" : [
        "AppsOnAir-Core"
      ],
      "product_memberships" : [
        "AppsOnAir-AppPush"
      ],
      "sources" : [
        "AppPushService.swift",
        "AppsOnAirIntegration/AppsOnAirBackgroundSync.swift",
        "AppsOnAirIntegration/PushAppDelegateSwizzler.swift",
        "AppsOnAirIntegration/PushNotificationCenterSwizzler.swift",
        "AppsOnAirInternal/AppsOnAirDeviceInfo.swift",
        "AppsOnAirInternal/AppsOnAirEventQueue.swift",
        "AppsOnAirInternal/AppsOnAirSessionManager.swift",
        "AppsOnAirInternal/AppsOnAirSyncReason.swift",
        "AppsOnAirInternal/PushStorage.swift",
        "AppsOnAirNetworking/AppsOnAirEventsAPI.swift",
        "AppsOnAirNetworking/AppsOnAirNetworkMonitor.swift",
        "AppsOnAirNetworking/AppsOnAirSessionAPI.swift",
        "AppsOnAirNetworking/AppsOnAirSubscriptionAPI.swift",
        "AppsOnAirPublicAPI/AppsOnAirDebug.swift",
        "AppsOnAirPublicAPI/AppsOnAirModels/PushModels.swift",
        "AppsOnAirPublicAPI/AppsOnAirNotificationsNS.swift",
        "AppsOnAirPublicAPI/AppsOnAirUser.swift",
        "ObjC/AOABridging.swift",
        "ObjC/AOAEnums.swift",
        "ObjC/AOAModels.swift",
        "ObjC/AOAProtocols.swift",
        "ObjC/AOAPush.swift",
        "ObjC/AOAPushBackgroundSync.swift",
        "ObjC/AOAPushDebug.swift",
        "ObjC/AOAPushNotifications.swift",
        "ObjC/AOAPushUser.swift"
      ],
      "target_dependencies" : [
        "AppsOnAir-AppPush-Shared"
      ],
      "type" : "library"
    }
  ],
  "tools_version" : "6.2"
}
{
  "workspace" : {
    "name" : "spi-builder-workspace",
    "schemes" : [
      "AppsOnAir-AppPush",
      "AppsOnAir-AppPush-ContentExt",
      "AppsOnAir-AppPush-Package",
      "AppsOnAir-AppPush-ServiceExt"
    ]
  }
}
2026-10-25 01:44:14.709 xcodebuild[844:5335] [MT] IDERunDestination: Supported platforms for the buildables in the current scheme is empty.
Running build ...
env DEVELOPER_DIR=/Applications/Xcode-26.3.0.app xcrun xcodebuild -IDEClonedSourcePackagesDirPathOverride=$PWD/.dependencies -skipMacroValidation -skipPackagePluginValidation -derivedDataPath $PWD/.derivedData build -scheme AppsOnAir-AppPush-Package -destination generic/platform=watchOS
Command line invocation:
    /Applications/Xcode-26.3.0.app/Contents/Developer/usr/bin/xcodebuild -IDEClonedSourcePackagesDirPathOverride=/Users/admin/builder/spi-builder-workspace/.dependencies -skipMacroValidation -skipPackagePluginValidation -derivedDataPath /Users/admin/builder/spi-builder-workspace/.derivedData build -scheme AppsOnAir-AppPush-Package -destination generic/platform=watchOS
Resolve Package Graph
Resolved source packages:
  Reachability: https://github.com/ashleymills/Reachability.swift.git @ 5.2.4
  AppsOnAir-AppPush: /Users/admin/builder/spi-builder-workspace
  AppsOnAir-Core: https://github.com/apps-on-air/AppsOnAir-iOS-Core.git @ 1.2.3
ComputePackagePrebuildTargetDependencyGraph
Prepare packages
CreateBuildRequest
SendProjectDescription
CreateBuildOperation
ComputeTargetDependencyGraph
note: Building targets in dependency order
note: Target dependency graph (14 targets)
    Target 'AppsOnAir-AppPush-ServiceExt' in project 'AppsOnAir-AppPush'
        ➜ Explicit dependency on target 'AppsOnAir-AppPush-ServiceExt' in project 'AppsOnAir-AppPush'
        ➜ Explicit dependency on target 'AppsOnAir-AppPush-Shared' in project 'AppsOnAir-AppPush'
    Target 'AppsOnAir-AppPush-ServiceExt' in project 'AppsOnAir-AppPush'
        ➜ Explicit dependency on target 'AppsOnAir-AppPush-Shared' in project 'AppsOnAir-AppPush'
    Target 'AppsOnAir-AppPush-ContentExt' in project 'AppsOnAir-AppPush'
        ➜ Explicit dependency on target 'AppsOnAir-AppPush-ContentExt' in project 'AppsOnAir-AppPush'
    Target 'AppsOnAir-AppPush-ContentExt' in project 'AppsOnAir-AppPush' (no dependencies)
    Target 'AppsOnAir-AppPush' in project 'AppsOnAir-AppPush'
        ➜ Explicit dependency on target 'AppsOnAir-AppPush' in project 'AppsOnAir-AppPush'
        ➜ Explicit dependency on target 'AppsOnAir-AppPush-Shared' in project 'AppsOnAir-AppPush'
        ➜ Explicit dependency on target 'AppsOnAir-Core' in project 'AppsOnAir-Core'
    Target 'AppsOnAir-AppPush' in project 'AppsOnAir-AppPush'
        ➜ Explicit dependency on target 'AppsOnAir-AppPush-Shared' in project 'AppsOnAir-AppPush'
        ➜ Explicit dependency on target 'AppsOnAir-Core' in project 'AppsOnAir-Core'
    Target 'AppsOnAir-Core' in project 'AppsOnAir-Core'
        ➜ Explicit dependency on target 'AppsOnAir-Core' in project 'AppsOnAir-Core'
        ➜ Explicit dependency on target 'AppsOnAir-Core-ObjC' in project 'AppsOnAir-Core'
        ➜ Explicit dependency on target 'AppsOnAir-Core_AppsOnAir-Core' in project 'AppsOnAir-Core'
        ➜ Explicit dependency on target 'Reachability' in project 'Reachability'
    Target 'AppsOnAir-Core-ObjC' in project 'AppsOnAir-Core'
        ➜ Explicit dependency on target 'AppsOnAir-Core' in project 'AppsOnAir-Core'
        ➜ Explicit dependency on target 'Reachability' in project 'Reachability'
    Target 'AppsOnAir-Core' in project 'AppsOnAir-Core'
        ➜ Explicit dependency on target 'AppsOnAir-Core_AppsOnAir-Core' in project 'AppsOnAir-Core'
        ➜ Explicit dependency on target 'Reachability' in project 'Reachability'
    Target 'Reachability' in project 'Reachability'
        ➜ Explicit dependency on target 'Reachability' in project 'Reachability'
        ➜ Explicit dependency on target 'Reachability_Reachability' in project 'Reachability'
    Target 'Reachability' in project 'Reachability'
        ➜ Explicit dependency on target 'Reachability_Reachability' in project 'Reachability'
    Target 'Reachability_Reachability' in project 'Reachability' (no dependencies)
    Target 'AppsOnAir-Core_AppsOnAir-Core' in project 'AppsOnAir-Core' (no dependencies)
    Target 'AppsOnAir-AppPush-Shared' in project 'AppsOnAir-AppPush' (no dependencies)
GatherProvisioningInputs
CreateBuildDescription
ClangStatCache /Applications/Xcode-26.3.0.app/Contents/Developer/Toolchains/XcodeDefault.xctoolchain/usr/bin/clang-stat-cache /Applications/Xcode-26.3.0.app/Contents/Developer/Platforms/WatchOS.platform/Developer/SDKs/WatchOS26.2.sdk /Users/admin/builder/spi-builder-workspace/.derivedData/SDKStatCaches.noindex/watchos26.2-23S303-dc75598d0054f22ec865fa860f139d721753b489057de6bda919edfa1c59a62b.sdkstatcache
    cd /Users/admin/builder/spi-builder-workspace/.swiftpm/xcode
    /Applications/Xcode-26.3.0.app/Contents/Developer/Toolchains/XcodeDefault.xctoolchain/usr/bin/clang-stat-cache /Applications/Xcode-26.3.0.app/Contents/Developer/Platforms/WatchOS.platform/Developer/SDKs/WatchOS26.2.sdk -o /Users/admin/builder/spi-builder-workspace/.derivedData/SDKStatCaches.noindex/watchos26.2-23S303-dc75598d0054f22ec865fa860f139d721753b489057de6bda919edfa1c59a62b.sdkstatcache
SwiftDriver Reachability normal arm64_32 com.apple.xcode.tools.swift.compiler (in target 'Reachability' from project 'Reachability')
    cd /Users/admin/builder/spi-builder-workspace/.swiftpm/xcode
    builtin-SwiftDriver -- /Applications/Xcode-26.3.0.app/Contents/Developer/Toolchains/XcodeDefault.xctoolchain/usr/bin/swiftc -module-name Reachability -Onone -enforce-exclusivity\=checked @/Users/admin/builder/spi-builder-workspace/.derivedData/Build/Intermediates.noindex/Reachability.build/Debug-watchos/Reachability.build/Objects-normal/arm64_32/Reachability.SwiftFileList -DSWIFT_PACKAGE -DDEBUG -DSWIFT_MODULE_RESOURCE_BUNDLE_AVAILABLE -DXcode -plugin-path /Applications/Xcode-26.3.0.app/Contents/Developer/Toolchains/XcodeDefault.xctoolchain/usr/lib/swift/host/plugins/testing -enable-experimental-feature DebugDescriptionMacro -sdk /Applications/Xcode-26.3.0.app/Contents/Developer/Platforms/WatchOS.platform/Developer/SDKs/WatchOS26.2.sdk -target arm64_32-apple-watchos5.0 -g -module-cache-path /Users/admin/builder/spi-builder-workspace/.derivedData/ModuleCache.noindex -Xfrontend -serialize-debugging-options -profile-coverage-mapping -profile-generate -enable-testing -suppress-warnings -index-store-path /Users/admin/builder/spi-builder-workspace/.derivedData/Index.noindex/DataStore -Xcc -D_LIBCPP_HARDENING_MODE\=_LIBCPP_HARDENING_MODE_DEBUG -swift-version 5 -I /Users/admin/builder/spi-builder-workspace/.derivedData/Build/Products/Debug-watchos -Isystem /Applications/Xcode-26.3.0.app/Contents/Developer/Platforms/WatchOS.platform/Developer/usr/lib -F /Users/admin/builder/spi-builder-workspace/.derivedData/Build/Products/Debug-watchos -F /Applications/Xcode-26.3.0.app/Contents/Developer/Platforms/WatchOS.platform/Developer/Library/Frameworks -F /Applications/Xcode-26.3.0.app/Contents/Developer/Platforms/WatchOS.platform/Developer/SDKs/WatchOS26.2.sdk/Developer/Library/Frameworks -c -j10 -enable-batch-mode -incremental -Xcc -ivfsstatcache -Xcc /Users/admin/builder/spi-builder-workspace/.derivedData/SDKStatCaches.noindex/watchos26.2-23S303-dc75598d0054f22ec865fa860f139d721753b489057de6bda919edfa1c59a62b.sdkstatcache -output-file-map /Users/admin/builder/spi-builder-workspace/.derivedData/Build/Intermediates.noindex/Reachability.build/Debug-watchos/Reachability.build/Objects-normal/arm64_32/Reachability-OutputFileMap.json -use-frontend-parseable-output -save-temps -no-color-diagnostics -explicit-module-build -module-cache-path /Users/admin/builder/spi-builder-workspace/.derivedData/Build/Intermediates.noindex/SwiftExplicitPrecompiledModules -clang-scanner-module-cache-path /Users/admin/builder/spi-builder-workspace/.derivedData/ModuleCache.noindex -sdk-module-cache-path /Users/admin/builder/spi-builder-workspace/.derivedData/ModuleCache.noindex -serialize-diagnostics -emit-dependencies -emit-module -emit-module-path /Users/admin/builder/spi-builder-workspace/.derivedData/Build/Intermediates.noindex/Reachability.build/Debug-watchos/Reachability.build/Objects-normal/arm64_32/Reachability.swiftmodule -validate-clang-modules-once -clang-build-session-file /Users/admin/builder/spi-builder-workspace/.derivedData/ModuleCache.noindex/Session.modulevalidation -Xcc -I/Users/admin/builder/spi-builder-workspace/.derivedData/Build/Intermediates.noindex/Reachability.build/Debug-watchos/Reachability.build/swift-overrides.hmap -emit-const-values -Xfrontend -const-gather-protocols-file -Xfrontend /Users/admin/builder/spi-builder-workspace/.derivedData/Build/Intermediates.noindex/Reachability.build/Debug-watchos/Reachability.build/Objects-normal/arm64_32/Reachability_const_extract_protocols.json -Xcc -I/Users/admin/builder/spi-builder-workspace/.derivedData/Build/Products/Debug-watchos/include -Xcc -I/Users/admin/builder/spi-builder-workspace/.derivedData/Build/Intermediates.noindex/Reachability.build/Debug-watchos/Reachability.build/DerivedSources-normal/arm64_32 -Xcc -I/Users/admin/builder/spi-builder-workspace/.derivedData/Build/Intermediates.noindex/Reachability.build/Debug-watchos/Reachability.build/DerivedSources/arm64_32 -Xcc -I/Users/admin/builder/spi-builder-workspace/.derivedData/Build/Intermediates.noindex/Reachability.build/Debug-watchos/Reachability.build/DerivedSources -Xcc -DSWIFT_PACKAGE -Xcc -DDEBUG\=1 -emit-objc-header -emit-objc-header-path /Users/admin/builder/spi-builder-workspace/.derivedData/Build/Intermediates.noindex/Reachability.build/Debug-watchos/Reachability.build/Objects-normal/arm64_32/Reachability-Swift.h -working-directory /Users/admin/builder/spi-builder-workspace/.swiftpm/xcode -experimental-emit-module-separately -disable-cmo
/Users/admin/builder/spi-builder-workspace/.dependencies/checkouts/Reachability.swift/Sources/Reachability.swift:28:8: error: Unable to find module dependency: 'SystemConfiguration'
import SystemConfiguration
       ^ (in target 'Reachability' from project 'Reachability')
/Users/admin/builder/spi-builder-workspace/.dependencies/checkouts/Reachability.swift/Sources/Reachability.swift:28:8: note: A dependency of main module 'Reachability'
import SystemConfiguration
       ^ (in target 'Reachability' from project 'Reachability')
SwiftDriver Reachability normal armv7k com.apple.xcode.tools.swift.compiler (in target 'Reachability' from project 'Reachability')
    cd /Users/admin/builder/spi-builder-workspace/.swiftpm/xcode
    builtin-SwiftDriver -- /Applications/Xcode-26.3.0.app/Contents/Developer/Toolchains/XcodeDefault.xctoolchain/usr/bin/swiftc -module-name Reachability -Onone -enforce-exclusivity\=checked @/Users/admin/builder/spi-builder-workspace/.derivedData/Build/Intermediates.noindex/Reachability.build/Debug-watchos/Reachability.build/Objects-normal/armv7k/Reachability.SwiftFileList -DSWIFT_PACKAGE -DDEBUG -DSWIFT_MODULE_RESOURCE_BUNDLE_AVAILABLE -DXcode -plugin-path /Applications/Xcode-26.3.0.app/Contents/Developer/Toolchains/XcodeDefault.xctoolchain/usr/lib/swift/host/plugins/testing -enable-experimental-feature DebugDescriptionMacro -sdk /Applications/Xcode-26.3.0.app/Contents/Developer/Platforms/WatchOS.platform/Developer/SDKs/WatchOS26.2.sdk -target armv7k-apple-watchos5.0 -g -module-cache-path /Users/admin/builder/spi-builder-workspace/.derivedData/ModuleCache.noindex -Xfrontend -serialize-debugging-options -profile-coverage-mapping -profile-generate -enable-testing -suppress-warnings -index-store-path /Users/admin/builder/spi-builder-workspace/.derivedData/Index.noindex/DataStore -Xcc -D_LIBCPP_HARDENING_MODE\=_LIBCPP_HARDENING_MODE_DEBUG -swift-version 5 -I /Users/admin/builder/spi-builder-workspace/.derivedData/Build/Products/Debug-watchos -Isystem /Applications/Xcode-26.3.0.app/Contents/Developer/Platforms/WatchOS.platform/Developer/usr/lib -F /Users/admin/builder/spi-builder-workspace/.derivedData/Build/Products/Debug-watchos -F /Applications/Xcode-26.3.0.app/Contents/Developer/Platforms/WatchOS.platform/Developer/Library/Frameworks -F /Applications/Xcode-26.3.0.app/Contents/Developer/Platforms/WatchOS.platform/Developer/SDKs/WatchOS26.2.sdk/Developer/Library/Frameworks -c -j10 -enable-batch-mode -incremental -Xcc -ivfsstatcache -Xcc /Users/admin/builder/spi-builder-workspace/.derivedData/SDKStatCaches.noindex/watchos26.2-23S303-dc75598d0054f22ec865fa860f139d721753b489057de6bda919edfa1c59a62b.sdkstatcache -output-file-map /Users/admin/builder/spi-builder-workspace/.derivedData/Build/Intermediates.noindex/Reachability.build/Debug-watchos/Reachability.build/Objects-normal/armv7k/Reachability-OutputFileMap.json -use-frontend-parseable-output -save-temps -no-color-diagnostics -explicit-module-build -module-cache-path /Users/admin/builder/spi-builder-workspace/.derivedData/Build/Intermediates.noindex/SwiftExplicitPrecompiledModules -clang-scanner-module-cache-path /Users/admin/builder/spi-builder-workspace/.derivedData/ModuleCache.noindex -sdk-module-cache-path /Users/admin/builder/spi-builder-workspace/.derivedData/ModuleCache.noindex -serialize-diagnostics -emit-dependencies -emit-module -emit-module-path /Users/admin/builder/spi-builder-workspace/.derivedData/Build/Intermediates.noindex/Reachability.build/Debug-watchos/Reachability.build/Objects-normal/armv7k/Reachability.swiftmodule -validate-clang-modules-once -clang-build-session-file /Users/admin/builder/spi-builder-workspace/.derivedData/ModuleCache.noindex/Session.modulevalidation -Xcc -I/Users/admin/builder/spi-builder-workspace/.derivedData/Build/Intermediates.noindex/Reachability.build/Debug-watchos/Reachability.build/swift-overrides.hmap -emit-const-values -Xfrontend -const-gather-protocols-file -Xfrontend /Users/admin/builder/spi-builder-workspace/.derivedData/Build/Intermediates.noindex/Reachability.build/Debug-watchos/Reachability.build/Objects-normal/armv7k/Reachability_const_extract_protocols.json -Xcc -I/Users/admin/builder/spi-builder-workspace/.derivedData/Build/Products/Debug-watchos/include -Xcc -I/Users/admin/builder/spi-builder-workspace/.derivedData/Build/Intermediates.noindex/Reachability.build/Debug-watchos/Reachability.build/DerivedSources-normal/armv7k -Xcc -I/Users/admin/builder/spi-builder-workspace/.derivedData/Build/Intermediates.noindex/Reachability.build/Debug-watchos/Reachability.build/DerivedSources/armv7k -Xcc -I/Users/admin/builder/spi-builder-workspace/.derivedData/Build/Intermediates.noindex/Reachability.build/Debug-watchos/Reachability.build/DerivedSources -Xcc -DSWIFT_PACKAGE -Xcc -DDEBUG\=1 -emit-objc-header -emit-objc-header-path /Users/admin/builder/spi-builder-workspace/.derivedData/Build/Intermediates.noindex/Reachability.build/Debug-watchos/Reachability.build/Objects-normal/armv7k/Reachability-Swift.h -working-directory /Users/admin/builder/spi-builder-workspace/.swiftpm/xcode -experimental-emit-module-separately -disable-cmo
/Users/admin/builder/spi-builder-workspace/.dependencies/checkouts/Reachability.swift/Sources/Reachability.swift:28:8: error: Unable to find module dependency: 'SystemConfiguration'
import SystemConfiguration
       ^ (in target 'Reachability' from project 'Reachability')
/Users/admin/builder/spi-builder-workspace/.dependencies/checkouts/Reachability.swift/Sources/Reachability.swift:28:8: note: A dependency of main module 'Reachability'
import SystemConfiguration
       ^ (in target 'Reachability' from project 'Reachability')
SwiftDriver AppsOnAir-AppPush-Shared normal arm64_32 com.apple.xcode.tools.swift.compiler (in target 'AppsOnAir-AppPush-Shared' from project 'AppsOnAir-AppPush')
    cd /Users/admin/builder/spi-builder-workspace/.swiftpm/xcode
    builtin-SwiftDriver -- /Applications/Xcode-26.3.0.app/Contents/Developer/Toolchains/XcodeDefault.xctoolchain/usr/bin/swiftc -module-name AppsOnAir_AppPush_Shared -Onone -enforce-exclusivity\=checked @/Users/admin/builder/spi-builder-workspace/.derivedData/Build/Intermediates.noindex/AppsOnAir-AppPush.build/Debug-watchos/AppsOnAir-AppPush-Shared.build/Objects-normal/arm64_32/AppsOnAir-AppPush-Shared.SwiftFileList -DSWIFT_PACKAGE -DDEBUG -DSWIFT_MODULE_RESOURCE_BUNDLE_UNAVAILABLE -DXcode -plugin-path /Applications/Xcode-26.3.0.app/Contents/Developer/Toolchains/XcodeDefault.xctoolchain/usr/lib/swift/host/plugins/testing -enable-experimental-feature DebugDescriptionMacro -sdk /Applications/Xcode-26.3.0.app/Contents/Developer/Platforms/WatchOS.platform/Developer/SDKs/WatchOS26.2.sdk -target arm64_32-apple-watchos8.0 -g -module-cache-path /Users/admin/builder/spi-builder-workspace/.derivedData/ModuleCache.noindex -Xfrontend -serialize-debugging-options -profile-coverage-mapping -profile-generate -enable-testing -index-store-path /Users/admin/builder/spi-builder-workspace/.derivedData/Index.noindex/DataStore -Xcc -D_LIBCPP_HARDENING_MODE\=_LIBCPP_HARDENING_MODE_DEBUG -swift-version 6 -I /Users/admin/builder/spi-builder-workspace/.derivedData/Build/Products/Debug-watchos -Isystem /Applications/Xcode-26.3.0.app/Contents/Developer/Platforms/WatchOS.platform/Developer/usr/lib -F /Users/admin/builder/spi-builder-workspace/.derivedData/Build/Products/Debug-watchos -F /Applications/Xcode-26.3.0.app/Contents/Developer/Platforms/WatchOS.platform/Developer/Library/Frameworks -F /Applications/Xcode-26.3.0.app/Contents/Developer/Platforms/WatchOS.platform/Developer/SDKs/WatchOS26.2.sdk/Developer/Library/Frameworks -c -j10 -enable-batch-mode -incremental -Xcc -ivfsstatcache -Xcc /Users/admin/builder/spi-builder-workspace/.derivedData/SDKStatCaches.noindex/watchos26.2-23S303-dc75598d0054f22ec865fa860f139d721753b489057de6bda919edfa1c59a62b.sdkstatcache -output-file-map /Users/admin/builder/spi-builder-workspace/.derivedData/Build/Intermediates.noindex/AppsOnAir-AppPush.build/Debug-watchos/AppsOnAir-AppPush-Shared.build/Objects-normal/arm64_32/AppsOnAir-AppPush-Shared-OutputFileMap.json -use-frontend-parseable-output -save-temps -no-color-diagnostics -explicit-module-build -module-cache-path /Users/admin/builder/spi-builder-workspace/.derivedData/Build/Intermediates.noindex/SwiftExplicitPrecompiledModules -clang-scanner-module-cache-path /Users/admin/builder/spi-builder-workspace/.derivedData/ModuleCache.noindex -sdk-module-cache-path /Users/admin/builder/spi-builder-workspace/.derivedData/ModuleCache.noindex -serialize-diagnostics -emit-dependencies -emit-module -emit-module-path /Users/admin/builder/spi-builder-workspace/.derivedData/Build/Intermediates.noindex/AppsOnAir-AppPush.build/Debug-watchos/AppsOnAir-AppPush-Shared.build/Objects-normal/arm64_32/AppsOnAir_AppPush_Shared.swiftmodule -validate-clang-modules-once -clang-build-session-file /Users/admin/builder/spi-builder-workspace/.derivedData/ModuleCache.noindex/Session.modulevalidation -package-name spi_builder_workspace -Xcc -I/Users/admin/builder/spi-builder-workspace/.derivedData/Build/Intermediates.noindex/AppsOnAir-AppPush.build/Debug-watchos/AppsOnAir-AppPush-Shared.build/swift-overrides.hmap -emit-const-values -Xfrontend -const-gather-protocols-file -Xfrontend /Users/admin/builder/spi-builder-workspace/.derivedData/Build/Intermediates.noindex/AppsOnAir-AppPush.build/Debug-watchos/AppsOnAir-AppPush-Shared.build/Objects-normal/arm64_32/AppsOnAir-AppPush-Shared_const_extract_protocols.json -Xcc -I/Users/admin/builder/spi-builder-workspace/.derivedData/Build/Products/Debug-watchos/include -Xcc -I/Users/admin/builder/spi-builder-workspace/.derivedData/Build/Intermediates.noindex/AppsOnAir-AppPush.build/Debug-watchos/AppsOnAir-AppPush-Shared.build/DerivedSources-normal/arm64_32 -Xcc -I/Users/admin/builder/spi-builder-workspace/.derivedData/Build/Intermediates.noindex/AppsOnAir-AppPush.build/Debug-watchos/AppsOnAir-AppPush-Shared.build/DerivedSources/arm64_32 -Xcc -I/Users/admin/builder/spi-builder-workspace/.derivedData/Build/Intermediates.noindex/AppsOnAir-AppPush.build/Debug-watchos/AppsOnAir-AppPush-Shared.build/DerivedSources -Xcc -DSWIFT_PACKAGE -Xcc -DDEBUG\=1 -emit-objc-header -emit-objc-header-path /Users/admin/builder/spi-builder-workspace/.derivedData/Build/Intermediates.noindex/AppsOnAir-AppPush.build/Debug-watchos/AppsOnAir-AppPush-Shared.build/Objects-normal/arm64_32/AppsOnAir-AppPush-Shared-Swift.h -working-directory /Users/admin/builder/spi-builder-workspace/.swiftpm/xcode -experimental-emit-module-separately -disable-cmo
SwiftDriver AppsOnAir-AppPush-Shared normal armv7k com.apple.xcode.tools.swift.compiler (in target 'AppsOnAir-AppPush-Shared' from project 'AppsOnAir-AppPush')
    cd /Users/admin/builder/spi-builder-workspace/.swiftpm/xcode
    builtin-SwiftDriver -- /Applications/Xcode-26.3.0.app/Contents/Developer/Toolchains/XcodeDefault.xctoolchain/usr/bin/swiftc -module-name AppsOnAir_AppPush_Shared -Onone -enforce-exclusivity\=checked @/Users/admin/builder/spi-builder-workspace/.derivedData/Build/Intermediates.noindex/AppsOnAir-AppPush.build/Debug-watchos/AppsOnAir-AppPush-Shared.build/Objects-normal/armv7k/AppsOnAir-AppPush-Shared.SwiftFileList -DSWIFT_PACKAGE -DDEBUG -DSWIFT_MODULE_RESOURCE_BUNDLE_UNAVAILABLE -DXcode -plugin-path /Applications/Xcode-26.3.0.app/Contents/Developer/Toolchains/XcodeDefault.xctoolchain/usr/lib/swift/host/plugins/testing -enable-experimental-feature DebugDescriptionMacro -sdk /Applications/Xcode-26.3.0.app/Contents/Developer/Platforms/WatchOS.platform/Developer/SDKs/WatchOS26.2.sdk -target armv7k-apple-watchos8.0 -g -module-cache-path /Users/admin/builder/spi-builder-workspace/.derivedData/ModuleCache.noindex -Xfrontend -serialize-debugging-options -profile-coverage-mapping -profile-generate -enable-testing -index-store-path /Users/admin/builder/spi-builder-workspace/.derivedData/Index.noindex/DataStore -Xcc -D_LIBCPP_HARDENING_MODE\=_LIBCPP_HARDENING_MODE_DEBUG -swift-version 6 -I /Users/admin/builder/spi-builder-workspace/.derivedData/Build/Products/Debug-watchos -Isystem /Applications/Xcode-26.3.0.app/Contents/Developer/Platforms/WatchOS.platform/Developer/usr/lib -F /Users/admin/builder/spi-builder-workspace/.derivedData/Build/Products/Debug-watchos -F /Applications/Xcode-26.3.0.app/Contents/Developer/Platforms/WatchOS.platform/Developer/Library/Frameworks -F /Applications/Xcode-26.3.0.app/Contents/Developer/Platforms/WatchOS.platform/Developer/SDKs/WatchOS26.2.sdk/Developer/Library/Frameworks -c -j10 -enable-batch-mode -incremental -Xcc -ivfsstatcache -Xcc /Users/admin/builder/spi-builder-workspace/.derivedData/SDKStatCaches.noindex/watchos26.2-23S303-dc75598d0054f22ec865fa860f139d721753b489057de6bda919edfa1c59a62b.sdkstatcache -output-file-map /Users/admin/builder/spi-builder-workspace/.derivedData/Build/Intermediates.noindex/AppsOnAir-AppPush.build/Debug-watchos/AppsOnAir-AppPush-Shared.build/Objects-normal/armv7k/AppsOnAir-AppPush-Shared-OutputFileMap.json -use-frontend-parseable-output -save-temps -no-color-diagnostics -explicit-module-build -module-cache-path /Users/admin/builder/spi-builder-workspace/.derivedData/Build/Intermediates.noindex/SwiftExplicitPrecompiledModules -clang-scanner-module-cache-path /Users/admin/builder/spi-builder-workspace/.derivedData/ModuleCache.noindex -sdk-module-cache-path /Users/admin/builder/spi-builder-workspace/.derivedData/ModuleCache.noindex -serialize-diagnostics -emit-dependencies -emit-module -emit-module-path /Users/admin/builder/spi-builder-workspace/.derivedData/Build/Intermediates.noindex/AppsOnAir-AppPush.build/Debug-watchos/AppsOnAir-AppPush-Shared.build/Objects-normal/armv7k/AppsOnAir_AppPush_Shared.swiftmodule -validate-clang-modules-once -clang-build-session-file /Users/admin/builder/spi-builder-workspace/.derivedData/ModuleCache.noindex/Session.modulevalidation -package-name spi_builder_workspace -Xcc -I/Users/admin/builder/spi-builder-workspace/.derivedData/Build/Intermediates.noindex/AppsOnAir-AppPush.build/Debug-watchos/AppsOnAir-AppPush-Shared.build/swift-overrides.hmap -emit-const-values -Xfrontend -const-gather-protocols-file -Xfrontend /Users/admin/builder/spi-builder-workspace/.derivedData/Build/Intermediates.noindex/AppsOnAir-AppPush.build/Debug-watchos/AppsOnAir-AppPush-Shared.build/Objects-normal/armv7k/AppsOnAir-AppPush-Shared_const_extract_protocols.json -Xcc -I/Users/admin/builder/spi-builder-workspace/.derivedData/Build/Products/Debug-watchos/include -Xcc -I/Users/admin/builder/spi-builder-workspace/.derivedData/Build/Intermediates.noindex/AppsOnAir-AppPush.build/Debug-watchos/AppsOnAir-AppPush-Shared.build/DerivedSources-normal/armv7k -Xcc -I/Users/admin/builder/spi-builder-workspace/.derivedData/Build/Intermediates.noindex/AppsOnAir-AppPush.build/Debug-watchos/AppsOnAir-AppPush-Shared.build/DerivedSources/armv7k -Xcc -I/Users/admin/builder/spi-builder-workspace/.derivedData/Build/Intermediates.noindex/AppsOnAir-AppPush.build/Debug-watchos/AppsOnAir-AppPush-Shared.build/DerivedSources -Xcc -DSWIFT_PACKAGE -Xcc -DDEBUG\=1 -emit-objc-header -emit-objc-header-path /Users/admin/builder/spi-builder-workspace/.derivedData/Build/Intermediates.noindex/AppsOnAir-AppPush.build/Debug-watchos/AppsOnAir-AppPush-Shared.build/Objects-normal/armv7k/AppsOnAir-AppPush-Shared-Swift.h -working-directory /Users/admin/builder/spi-builder-workspace/.swiftpm/xcode -experimental-emit-module-separately -disable-cmo
SwiftDriver Reachability normal arm64 com.apple.xcode.tools.swift.compiler (in target 'Reachability' from project 'Reachability')
    cd /Users/admin/builder/spi-builder-workspace/.swiftpm/xcode
    builtin-SwiftDriver -- /Applications/Xcode-26.3.0.app/Contents/Developer/Toolchains/XcodeDefault.xctoolchain/usr/bin/swiftc -module-name Reachability -Onone -enforce-exclusivity\=checked @/Users/admin/builder/spi-builder-workspace/.derivedData/Build/Intermediates.noindex/Reachability.build/Debug-watchos/Reachability.build/Objects-normal/arm64/Reachability.SwiftFileList -DSWIFT_PACKAGE -DDEBUG -DSWIFT_MODULE_RESOURCE_BUNDLE_AVAILABLE -DXcode -plugin-path /Applications/Xcode-26.3.0.app/Contents/Developer/Toolchains/XcodeDefault.xctoolchain/usr/lib/swift/host/plugins/testing -enable-experimental-feature DebugDescriptionMacro -sdk /Applications/Xcode-26.3.0.app/Contents/Developer/Platforms/WatchOS.platform/Developer/SDKs/WatchOS26.2.sdk -target arm64-apple-watchos5.0 -g -module-cache-path /Users/admin/builder/spi-builder-workspace/.derivedData/ModuleCache.noindex -Xfrontend -serialize-debugging-options -profile-coverage-mapping -profile-generate -enable-testing -suppress-warnings -index-store-path /Users/admin/builder/spi-builder-workspace/.derivedData/Index.noindex/DataStore -Xcc -D_LIBCPP_HARDENING_MODE\=_LIBCPP_HARDENING_MODE_DEBUG -swift-version 5 -I /Users/admin/builder/spi-builder-workspace/.derivedData/Build/Products/Debug-watchos -Isystem /Applications/Xcode-26.3.0.app/Contents/Developer/Platforms/WatchOS.platform/Developer/usr/lib -F /Users/admin/builder/spi-builder-workspace/.derivedData/Build/Products/Debug-watchos -F /Applications/Xcode-26.3.0.app/Contents/Developer/Platforms/WatchOS.platform/Developer/Library/Frameworks -F /Applications/Xcode-26.3.0.app/Contents/Developer/Platforms/WatchOS.platform/Developer/SDKs/WatchOS26.2.sdk/Developer/Library/Frameworks -c -j10 -enable-batch-mode -incremental -Xcc -ivfsstatcache -Xcc /Users/admin/builder/spi-builder-workspace/.derivedData/SDKStatCaches.noindex/watchos26.2-23S303-dc75598d0054f22ec865fa860f139d721753b489057de6bda919edfa1c59a62b.sdkstatcache -output-file-map /Users/admin/builder/spi-builder-workspace/.derivedData/Build/Intermediates.noindex/Reachability.build/Debug-watchos/Reachability.build/Objects-normal/arm64/Reachability-OutputFileMap.json -use-frontend-parseable-output -save-temps -no-color-diagnostics -explicit-module-build -module-cache-path /Users/admin/builder/spi-builder-workspace/.derivedData/Build/Intermediates.noindex/SwiftExplicitPrecompiledModules -clang-scanner-module-cache-path /Users/admin/builder/spi-builder-workspace/.derivedData/ModuleCache.noindex -sdk-module-cache-path /Users/admin/builder/spi-builder-workspace/.derivedData/ModuleCache.noindex -serialize-diagnostics -emit-dependencies -emit-module -emit-module-path /Users/admin/builder/spi-builder-workspace/.derivedData/Build/Intermediates.noindex/Reachability.build/Debug-watchos/Reachability.build/Objects-normal/arm64/Reachability.swiftmodule -validate-clang-modules-once -clang-build-session-file /Users/admin/builder/spi-builder-workspace/.derivedData/ModuleCache.noindex/Session.modulevalidation -Xcc -I/Users/admin/builder/spi-builder-workspace/.derivedData/Build/Intermediates.noindex/Reachability.build/Debug-watchos/Reachability.build/swift-overrides.hmap -emit-const-values -Xfrontend -const-gather-protocols-file -Xfrontend /Users/admin/builder/spi-builder-workspace/.derivedData/Build/Intermediates.noindex/Reachability.build/Debug-watchos/Reachability.build/Objects-normal/arm64/Reachability_const_extract_protocols.json -Xcc -I/Users/admin/builder/spi-builder-workspace/.derivedData/Build/Products/Debug-watchos/include -Xcc -I/Users/admin/builder/spi-builder-workspace/.derivedData/Build/Intermediates.noindex/Reachability.build/Debug-watchos/Reachability.build/DerivedSources-normal/arm64 -Xcc -I/Users/admin/builder/spi-builder-workspace/.derivedData/Build/Intermediates.noindex/Reachability.build/Debug-watchos/Reachability.build/DerivedSources/arm64 -Xcc -I/Users/admin/builder/spi-builder-workspace/.derivedData/Build/Intermediates.noindex/Reachability.build/Debug-watchos/Reachability.build/DerivedSources -Xcc -DSWIFT_PACKAGE -Xcc -DDEBUG\=1 -emit-objc-header -emit-objc-header-path /Users/admin/builder/spi-builder-workspace/.derivedData/Build/Intermediates.noindex/Reachability.build/Debug-watchos/Reachability.build/Objects-normal/arm64/Reachability-Swift.h -working-directory /Users/admin/builder/spi-builder-workspace/.swiftpm/xcode -experimental-emit-module-separately -disable-cmo
/Users/admin/builder/spi-builder-workspace/.dependencies/checkouts/Reachability.swift/Sources/Reachability.swift:28:8: error: Unable to find module dependency: 'SystemConfiguration'
import SystemConfiguration
       ^ (in target 'Reachability' from project 'Reachability')
/Users/admin/builder/spi-builder-workspace/.dependencies/checkouts/Reachability.swift/Sources/Reachability.swift:28:8: note: A dependency of main module 'Reachability'
import SystemConfiguration
       ^ (in target 'Reachability' from project 'Reachability')
SwiftDriver AppsOnAir-AppPush-Shared normal arm64 com.apple.xcode.tools.swift.compiler (in target 'AppsOnAir-AppPush-Shared' from project 'AppsOnAir-AppPush')
    cd /Users/admin/builder/spi-builder-workspace/.swiftpm/xcode
    builtin-SwiftDriver -- /Applications/Xcode-26.3.0.app/Contents/Developer/Toolchains/XcodeDefault.xctoolchain/usr/bin/swiftc -module-name AppsOnAir_AppPush_Shared -Onone -enforce-exclusivity\=checked @/Users/admin/builder/spi-builder-workspace/.derivedData/Build/Intermediates.noindex/AppsOnAir-AppPush.build/Debug-watchos/AppsOnAir-AppPush-Shared.build/Objects-normal/arm64/AppsOnAir-AppPush-Shared.SwiftFileList -DSWIFT_PACKAGE -DDEBUG -DSWIFT_MODULE_RESOURCE_BUNDLE_UNAVAILABLE -DXcode -plugin-path /Applications/Xcode-26.3.0.app/Contents/Developer/Toolchains/XcodeDefault.xctoolchain/usr/lib/swift/host/plugins/testing -enable-experimental-feature DebugDescriptionMacro -sdk /Applications/Xcode-26.3.0.app/Contents/Developer/Platforms/WatchOS.platform/Developer/SDKs/WatchOS26.2.sdk -target arm64-apple-watchos8.0 -g -module-cache-path /Users/admin/builder/spi-builder-workspace/.derivedData/ModuleCache.noindex -Xfrontend -serialize-debugging-options -profile-coverage-mapping -profile-generate -enable-testing -index-store-path /Users/admin/builder/spi-builder-workspace/.derivedData/Index.noindex/DataStore -Xcc -D_LIBCPP_HARDENING_MODE\=_LIBCPP_HARDENING_MODE_DEBUG -swift-version 6 -I /Users/admin/builder/spi-builder-workspace/.derivedData/Build/Products/Debug-watchos -Isystem /Applications/Xcode-26.3.0.app/Contents/Developer/Platforms/WatchOS.platform/Developer/usr/lib -F /Users/admin/builder/spi-builder-workspace/.derivedData/Build/Products/Debug-watchos -F /Applications/Xcode-26.3.0.app/Contents/Developer/Platforms/WatchOS.platform/Developer/Library/Frameworks -F /Applications/Xcode-26.3.0.app/Contents/Developer/Platforms/WatchOS.platform/Developer/SDKs/WatchOS26.2.sdk/Developer/Library/Frameworks -c -j10 -enable-batch-mode -incremental -Xcc -ivfsstatcache -Xcc /Users/admin/builder/spi-builder-workspace/.derivedData/SDKStatCaches.noindex/watchos26.2-23S303-dc75598d0054f22ec865fa860f139d721753b489057de6bda919edfa1c59a62b.sdkstatcache -output-file-map /Users/admin/builder/spi-builder-workspace/.derivedData/Build/Intermediates.noindex/AppsOnAir-AppPush.build/Debug-watchos/AppsOnAir-AppPush-Shared.build/Objects-normal/arm64/AppsOnAir-AppPush-Shared-OutputFileMap.json -use-frontend-parseable-output -save-temps -no-color-diagnostics -explicit-module-build -module-cache-path /Users/admin/builder/spi-builder-workspace/.derivedData/Build/Intermediates.noindex/SwiftExplicitPrecompiledModules -clang-scanner-module-cache-path /Users/admin/builder/spi-builder-workspace/.derivedData/ModuleCache.noindex -sdk-module-cache-path /Users/admin/builder/spi-builder-workspace/.derivedData/ModuleCache.noindex -serialize-diagnostics -emit-dependencies -emit-module -emit-module-path /Users/admin/builder/spi-builder-workspace/.derivedData/Build/Intermediates.noindex/AppsOnAir-AppPush.build/Debug-watchos/AppsOnAir-AppPush-Shared.build/Objects-normal/arm64/AppsOnAir_AppPush_Shared.swiftmodule -validate-clang-modules-once -clang-build-session-file /Users/admin/builder/spi-builder-workspace/.derivedData/ModuleCache.noindex/Session.modulevalidation -package-name spi_builder_workspace -Xcc -I/Users/admin/builder/spi-builder-workspace/.derivedData/Build/Intermediates.noindex/AppsOnAir-AppPush.build/Debug-watchos/AppsOnAir-AppPush-Shared.build/swift-overrides.hmap -emit-const-values -Xfrontend -const-gather-protocols-file -Xfrontend /Users/admin/builder/spi-builder-workspace/.derivedData/Build/Intermediates.noindex/AppsOnAir-AppPush.build/Debug-watchos/AppsOnAir-AppPush-Shared.build/Objects-normal/arm64/AppsOnAir-AppPush-Shared_const_extract_protocols.json -Xcc -I/Users/admin/builder/spi-builder-workspace/.derivedData/Build/Products/Debug-watchos/include -Xcc -I/Users/admin/builder/spi-builder-workspace/.derivedData/Build/Intermediates.noindex/AppsOnAir-AppPush.build/Debug-watchos/AppsOnAir-AppPush-Shared.build/DerivedSources-normal/arm64 -Xcc -I/Users/admin/builder/spi-builder-workspace/.derivedData/Build/Intermediates.noindex/AppsOnAir-AppPush.build/Debug-watchos/AppsOnAir-AppPush-Shared.build/DerivedSources/arm64 -Xcc -I/Users/admin/builder/spi-builder-workspace/.derivedData/Build/Intermediates.noindex/AppsOnAir-AppPush.build/Debug-watchos/AppsOnAir-AppPush-Shared.build/DerivedSources -Xcc -DSWIFT_PACKAGE -Xcc -DDEBUG\=1 -emit-objc-header -emit-objc-header-path /Users/admin/builder/spi-builder-workspace/.derivedData/Build/Intermediates.noindex/AppsOnAir-AppPush.build/Debug-watchos/AppsOnAir-AppPush-Shared.build/Objects-normal/arm64/AppsOnAir-AppPush-Shared-Swift.h -working-directory /Users/admin/builder/spi-builder-workspace/.swiftpm/xcode -experimental-emit-module-separately -disable-cmo
SwiftDriver AppsOnAir-AppPush-ContentExt normal armv7k com.apple.xcode.tools.swift.compiler (in target 'AppsOnAir-AppPush-ContentExt' from project 'AppsOnAir-AppPush')
    cd /Users/admin/builder/spi-builder-workspace/.swiftpm/xcode
    builtin-SwiftDriver -- /Applications/Xcode-26.3.0.app/Contents/Developer/Toolchains/XcodeDefault.xctoolchain/usr/bin/swiftc -module-name AppsOnAir_AppPush_ContentExt -Onone -enforce-exclusivity\=checked @/Users/admin/builder/spi-builder-workspace/.derivedData/Build/Intermediates.noindex/AppsOnAir-AppPush.build/Debug-watchos/AppsOnAir-AppPush-ContentExt.build/Objects-normal/armv7k/AppsOnAir-AppPush-ContentExt.SwiftFileList -DSWIFT_PACKAGE -DDEBUG -DSWIFT_MODULE_RESOURCE_BUNDLE_UNAVAILABLE -DXcode -plugin-path /Applications/Xcode-26.3.0.app/Contents/Developer/Toolchains/XcodeDefault.xctoolchain/usr/lib/swift/host/plugins/testing -enable-experimental-feature DebugDescriptionMacro -sdk /Applications/Xcode-26.3.0.app/Contents/Developer/Platforms/WatchOS.platform/Developer/SDKs/WatchOS26.2.sdk -target armv7k-apple-watchos8.0 -g -module-cache-path /Users/admin/builder/spi-builder-workspace/.derivedData/ModuleCache.noindex -Xfrontend -serialize-debugging-options -profile-coverage-mapping -profile-generate -enable-testing -index-store-path /Users/admin/builder/spi-builder-workspace/.derivedData/Index.noindex/DataStore -Xcc -D_LIBCPP_HARDENING_MODE\=_LIBCPP_HARDENING_MODE_DEBUG -swift-version 6 -I /Users/admin/builder/spi-builder-workspace/.derivedData/Build/Products/Debug-watchos -Isystem /Applications/Xcode-26.3.0.app/Contents/Developer/Platforms/WatchOS.platform/Developer/usr/lib -F /Users/admin/builder/spi-builder-workspace/.derivedData/Build/Products/Debug-watchos -F /Applications/Xcode-26.3.0.app/Contents/Developer/Platforms/WatchOS.platform/Developer/Library/Frameworks -F /Applications/Xcode-26.3.0.app/Contents/Developer/Platforms/WatchOS.platform/Developer/SDKs/WatchOS26.2.sdk/Developer/Library/Frameworks -c -j10 -enable-batch-mode -incremental -Xcc -ivfsstatcache -Xcc /Users/admin/builder/spi-builder-workspace/.derivedData/SDKStatCaches.noindex/watchos26.2-23S303-dc75598d0054f22ec865fa860f139d721753b489057de6bda919edfa1c59a62b.sdkstatcache -output-file-map /Users/admin/builder/spi-builder-workspace/.derivedData/Build/Intermediates.noindex/AppsOnAir-AppPush.build/Debug-watchos/AppsOnAir-AppPush-ContentExt.build/Objects-normal/armv7k/AppsOnAir-AppPush-ContentExt-OutputFileMap.json -use-frontend-parseable-output -save-temps -no-color-diagnostics -explicit-module-build -module-cache-path /Users/admin/builder/spi-builder-workspace/.derivedData/Build/Intermediates.noindex/SwiftExplicitPrecompiledModules -clang-scanner-module-cache-path /Users/admin/builder/spi-builder-workspace/.derivedData/ModuleCache.noindex -sdk-module-cache-path /Users/admin/builder/spi-builder-workspace/.derivedData/ModuleCache.noindex -serialize-diagnostics -emit-dependencies -emit-module -emit-module-path /Users/admin/builder/spi-builder-workspace/.derivedData/Build/Intermediates.noindex/AppsOnAir-AppPush.build/Debug-watchos/AppsOnAir-AppPush-ContentExt.build/Objects-normal/armv7k/AppsOnAir_AppPush_ContentExt.swiftmodule -validate-clang-modules-once -clang-build-session-file /Users/admin/builder/spi-builder-workspace/.derivedData/ModuleCache.noindex/Session.modulevalidation -package-name spi_builder_workspace -Xcc -I/Users/admin/builder/spi-builder-workspace/.derivedData/Build/Intermediates.noindex/AppsOnAir-AppPush.build/Debug-watchos/AppsOnAir-AppPush-ContentExt.build/swift-overrides.hmap -emit-const-values -Xfrontend -const-gather-protocols-file -Xfrontend /Users/admin/builder/spi-builder-workspace/.derivedData/Build/Intermediates.noindex/AppsOnAir-AppPush.build/Debug-watchos/AppsOnAir-AppPush-ContentExt.build/Objects-normal/armv7k/AppsOnAir-AppPush-ContentExt_const_extract_protocols.json -Xcc -I/Users/admin/builder/spi-builder-workspace/.derivedData/Build/Products/Debug-watchos/include -Xcc -I/Users/admin/builder/spi-builder-workspace/.derivedData/Build/Intermediates.noindex/AppsOnAir-AppPush.build/Debug-watchos/AppsOnAir-AppPush-ContentExt.build/DerivedSources-normal/armv7k -Xcc -I/Users/admin/builder/spi-builder-workspace/.derivedData/Build/Intermediates.noindex/AppsOnAir-AppPush.build/Debug-watchos/AppsOnAir-AppPush-ContentExt.build/DerivedSources/armv7k -Xcc -I/Users/admin/builder/spi-builder-workspace/.derivedData/Build/Intermediates.noindex/AppsOnAir-AppPush.build/Debug-watchos/AppsOnAir-AppPush-ContentExt.build/DerivedSources -Xcc -DSWIFT_PACKAGE -Xcc -DDEBUG\=1 -emit-objc-header -emit-objc-header-path /Users/admin/builder/spi-builder-workspace/.derivedData/Build/Intermediates.noindex/AppsOnAir-AppPush.build/Debug-watchos/AppsOnAir-AppPush-ContentExt.build/Objects-normal/armv7k/AppsOnAir-AppPush-ContentExt-Swift.h -working-directory /Users/admin/builder/spi-builder-workspace/.swiftpm/xcode -experimental-emit-module-separately -disable-cmo
SwiftDriver AppsOnAir-AppPush-ContentExt normal arm64_32 com.apple.xcode.tools.swift.compiler (in target 'AppsOnAir-AppPush-ContentExt' from project 'AppsOnAir-AppPush')
    cd /Users/admin/builder/spi-builder-workspace/.swiftpm/xcode
    builtin-SwiftDriver -- /Applications/Xcode-26.3.0.app/Contents/Developer/Toolchains/XcodeDefault.xctoolchain/usr/bin/swiftc -module-name AppsOnAir_AppPush_ContentExt -Onone -enforce-exclusivity\=checked @/Users/admin/builder/spi-builder-workspace/.derivedData/Build/Intermediates.noindex/AppsOnAir-AppPush.build/Debug-watchos/AppsOnAir-AppPush-ContentExt.build/Objects-normal/arm64_32/AppsOnAir-AppPush-ContentExt.SwiftFileList -DSWIFT_PACKAGE -DDEBUG -DSWIFT_MODULE_RESOURCE_BUNDLE_UNAVAILABLE -DXcode -plugin-path /Applications/Xcode-26.3.0.app/Contents/Developer/Toolchains/XcodeDefault.xctoolchain/usr/lib/swift/host/plugins/testing -enable-experimental-feature DebugDescriptionMacro -sdk /Applications/Xcode-26.3.0.app/Contents/Developer/Platforms/WatchOS.platform/Developer/SDKs/WatchOS26.2.sdk -target arm64_32-apple-watchos8.0 -g -module-cache-path /Users/admin/builder/spi-builder-workspace/.derivedData/ModuleCache.noindex -Xfrontend -serialize-debugging-options -profile-coverage-mapping -profile-generate -enable-testing -index-store-path /Users/admin/builder/spi-builder-workspace/.derivedData/Index.noindex/DataStore -Xcc -D_LIBCPP_HARDENING_MODE\=_LIBCPP_HARDENING_MODE_DEBUG -swift-version 6 -I /Users/admin/builder/spi-builder-workspace/.derivedData/Build/Products/Debug-watchos -Isystem /Applications/Xcode-26.3.0.app/Contents/Developer/Platforms/WatchOS.platform/Developer/usr/lib -F /Users/admin/builder/spi-builder-workspace/.derivedData/Build/Products/Debug-watchos -F /Applications/Xcode-26.3.0.app/Contents/Developer/Platforms/WatchOS.platform/Developer/Library/Frameworks -F /Applications/Xcode-26.3.0.app/Contents/Developer/Platforms/WatchOS.platform/Developer/SDKs/WatchOS26.2.sdk/Developer/Library/Frameworks -c -j10 -enable-batch-mode -incremental -Xcc -ivfsstatcache -Xcc /Users/admin/builder/spi-builder-workspace/.derivedData/SDKStatCaches.noindex/watchos26.2-23S303-dc75598d0054f22ec865fa860f139d721753b489057de6bda919edfa1c59a62b.sdkstatcache -output-file-map /Users/admin/builder/spi-builder-workspace/.derivedData/Build/Intermediates.noindex/AppsOnAir-AppPush.build/Debug-watchos/AppsOnAir-AppPush-ContentExt.build/Objects-normal/arm64_32/AppsOnAir-AppPush-ContentExt-OutputFileMap.json -use-frontend-parseable-output -save-temps -no-color-diagnostics -explicit-module-build -module-cache-path /Users/admin/builder/spi-builder-workspace/.derivedData/Build/Intermediates.noindex/SwiftExplicitPrecompiledModules -clang-scanner-module-cache-path /Users/admin/builder/spi-builder-workspace/.derivedData/ModuleCache.noindex -sdk-module-cache-path /Users/admin/builder/spi-builder-workspace/.derivedData/ModuleCache.noindex -serialize-diagnostics -emit-dependencies -emit-module -emit-module-path /Users/admin/builder/spi-builder-workspace/.derivedData/Build/Intermediates.noindex/AppsOnAir-AppPush.build/Debug-watchos/AppsOnAir-AppPush-ContentExt.build/Objects-normal/arm64_32/AppsOnAir_AppPush_ContentExt.swiftmodule -validate-clang-modules-once -clang-build-session-file /Users/admin/builder/spi-builder-workspace/.derivedData/ModuleCache.noindex/Session.modulevalidation -package-name spi_builder_workspace -Xcc -I/Users/admin/builder/spi-builder-workspace/.derivedData/Build/Intermediates.noindex/AppsOnAir-AppPush.build/Debug-watchos/AppsOnAir-AppPush-ContentExt.build/swift-overrides.hmap -emit-const-values -Xfrontend -const-gather-protocols-file -Xfrontend /Users/admin/builder/spi-builder-workspace/.derivedData/Build/Intermediates.noindex/AppsOnAir-AppPush.build/Debug-watchos/AppsOnAir-AppPush-ContentExt.build/Objects-normal/arm64_32/AppsOnAir-AppPush-ContentExt_const_extract_protocols.json -Xcc -I/Users/admin/builder/spi-builder-workspace/.derivedData/Build/Products/Debug-watchos/include -Xcc -I/Users/admin/builder/spi-builder-workspace/.derivedData/Build/Intermediates.noindex/AppsOnAir-AppPush.build/Debug-watchos/AppsOnAir-AppPush-ContentExt.build/DerivedSources-normal/arm64_32 -Xcc -I/Users/admin/builder/spi-builder-workspace/.derivedData/Build/Intermediates.noindex/AppsOnAir-AppPush.build/Debug-watchos/AppsOnAir-AppPush-ContentExt.build/DerivedSources/arm64_32 -Xcc -I/Users/admin/builder/spi-builder-workspace/.derivedData/Build/Intermediates.noindex/AppsOnAir-AppPush.build/Debug-watchos/AppsOnAir-AppPush-ContentExt.build/DerivedSources -Xcc -DSWIFT_PACKAGE -Xcc -DDEBUG\=1 -emit-objc-header -emit-objc-header-path /Users/admin/builder/spi-builder-workspace/.derivedData/Build/Intermediates.noindex/AppsOnAir-AppPush.build/Debug-watchos/AppsOnAir-AppPush-ContentExt.build/Objects-normal/arm64_32/AppsOnAir-AppPush-ContentExt-Swift.h -working-directory /Users/admin/builder/spi-builder-workspace/.swiftpm/xcode -experimental-emit-module-separately -disable-cmo
SwiftDriver AppsOnAir-AppPush-ContentExt normal arm64 com.apple.xcode.tools.swift.compiler (in target 'AppsOnAir-AppPush-ContentExt' from project 'AppsOnAir-AppPush')
    cd /Users/admin/builder/spi-builder-workspace/.swiftpm/xcode
    builtin-SwiftDriver -- /Applications/Xcode-26.3.0.app/Contents/Developer/Toolchains/XcodeDefault.xctoolchain/usr/bin/swiftc -module-name AppsOnAir_AppPush_ContentExt -Onone -enforce-exclusivity\=checked @/Users/admin/builder/spi-builder-workspace/.derivedData/Build/Intermediates.noindex/AppsOnAir-AppPush.build/Debug-watchos/AppsOnAir-AppPush-ContentExt.build/Objects-normal/arm64/AppsOnAir-AppPush-ContentExt.SwiftFileList -DSWIFT_PACKAGE -DDEBUG -DSWIFT_MODULE_RESOURCE_BUNDLE_UNAVAILABLE -DXcode -plugin-path /Applications/Xcode-26.3.0.app/Contents/Developer/Toolchains/XcodeDefault.xctoolchain/usr/lib/swift/host/plugins/testing -enable-experimental-feature DebugDescriptionMacro -sdk /Applications/Xcode-26.3.0.app/Contents/Developer/Platforms/WatchOS.platform/Developer/SDKs/WatchOS26.2.sdk -target arm64-apple-watchos8.0 -g -module-cache-path /Users/admin/builder/spi-builder-workspace/.derivedData/ModuleCache.noindex -Xfrontend -serialize-debugging-options -profile-coverage-mapping -profile-generate -enable-testing -index-store-path /Users/admin/builder/spi-builder-workspace/.derivedData/Index.noindex/DataStore -Xcc -D_LIBCPP_HARDENING_MODE\=_LIBCPP_HARDENING_MODE_DEBUG -swift-version 6 -I /Users/admin/builder/spi-builder-workspace/.derivedData/Build/Products/Debug-watchos -Isystem /Applications/Xcode-26.3.0.app/Contents/Developer/Platforms/WatchOS.platform/Developer/usr/lib -F /Users/admin/builder/spi-builder-workspace/.derivedData/Build/Products/Debug-watchos -F /Applications/Xcode-26.3.0.app/Contents/Developer/Platforms/WatchOS.platform/Developer/Library/Frameworks -F /Applications/Xcode-26.3.0.app/Contents/Developer/Platforms/WatchOS.platform/Developer/SDKs/WatchOS26.2.sdk/Developer/Library/Frameworks -c -j10 -enable-batch-mode -incremental -Xcc -ivfsstatcache -Xcc /Users/admin/builder/spi-builder-workspace/.derivedData/SDKStatCaches.noindex/watchos26.2-23S303-dc75598d0054f22ec865fa860f139d721753b489057de6bda919edfa1c59a62b.sdkstatcache -output-file-map /Users/admin/builder/spi-builder-workspace/.derivedData/Build/Intermediates.noindex/AppsOnAir-AppPush.build/Debug-watchos/AppsOnAir-AppPush-ContentExt.build/Objects-normal/arm64/AppsOnAir-AppPush-ContentExt-OutputFileMap.json -use-frontend-parseable-output -save-temps -no-color-diagnostics -explicit-module-build -module-cache-path /Users/admin/builder/spi-builder-workspace/.derivedData/Build/Intermediates.noindex/SwiftExplicitPrecompiledModules -clang-scanner-module-cache-path /Users/admin/builder/spi-builder-workspace/.derivedData/ModuleCache.noindex -sdk-module-cache-path /Users/admin/builder/spi-builder-workspace/.derivedData/ModuleCache.noindex -serialize-diagnostics -emit-dependencies -emit-module -emit-module-path /Users/admin/builder/spi-builder-workspace/.derivedData/Build/Intermediates.noindex/AppsOnAir-AppPush.build/Debug-watchos/AppsOnAir-AppPush-ContentExt.build/Objects-normal/arm64/AppsOnAir_AppPush_ContentExt.swiftmodule -validate-clang-modules-once -clang-build-session-file /Users/admin/builder/spi-builder-workspace/.derivedData/ModuleCache.noindex/Session.modulevalidation -package-name spi_builder_workspace -Xcc -I/Users/admin/builder/spi-builder-workspace/.derivedData/Build/Intermediates.noindex/AppsOnAir-AppPush.build/Debug-watchos/AppsOnAir-AppPush-ContentExt.build/swift-overrides.hmap -emit-const-values -Xfrontend -const-gather-protocols-file -Xfrontend /Users/admin/builder/spi-builder-workspace/.derivedData/Build/Intermediates.noindex/AppsOnAir-AppPush.build/Debug-watchos/AppsOnAir-AppPush-ContentExt.build/Objects-normal/arm64/AppsOnAir-AppPush-ContentExt_const_extract_protocols.json -Xcc -I/Users/admin/builder/spi-builder-workspace/.derivedData/Build/Products/Debug-watchos/include -Xcc -I/Users/admin/builder/spi-builder-workspace/.derivedData/Build/Intermediates.noindex/AppsOnAir-AppPush.build/Debug-watchos/AppsOnAir-AppPush-ContentExt.build/DerivedSources-normal/arm64 -Xcc -I/Users/admin/builder/spi-builder-workspace/.derivedData/Build/Intermediates.noindex/AppsOnAir-AppPush.build/Debug-watchos/AppsOnAir-AppPush-ContentExt.build/DerivedSources/arm64 -Xcc -I/Users/admin/builder/spi-builder-workspace/.derivedData/Build/Intermediates.noindex/AppsOnAir-AppPush.build/Debug-watchos/AppsOnAir-AppPush-ContentExt.build/DerivedSources -Xcc -DSWIFT_PACKAGE -Xcc -DDEBUG\=1 -emit-objc-header -emit-objc-header-path /Users/admin/builder/spi-builder-workspace/.derivedData/Build/Intermediates.noindex/AppsOnAir-AppPush.build/Debug-watchos/AppsOnAir-AppPush-ContentExt.build/Objects-normal/arm64/AppsOnAir-AppPush-ContentExt-Swift.h -working-directory /Users/admin/builder/spi-builder-workspace/.swiftpm/xcode -experimental-emit-module-separately -disable-cmo
SwiftEmitModule normal arm64 Emitting\ module\ for\ AppsOnAir_AppPush_Shared (in target 'AppsOnAir-AppPush-Shared' from project 'AppsOnAir-AppPush')
EmitSwiftModule normal arm64 (in target 'AppsOnAir-AppPush-Shared' from project 'AppsOnAir-AppPush')
    cd /Users/admin/builder/spi-builder-workspace/.swiftpm/xcode

SwiftCompile normal arm64 Compiling\ AppsOnAirStorageKeys.swift /Users/admin/builder/spi-builder-workspace/Sources/AppsOnAirPushShared/AppsOnAirStorageKeys.swift (in target 'AppsOnAir-AppPush-Shared' from project 'AppsOnAir-AppPush')
SwiftCompile normal arm64 /Users/admin/builder/spi-builder-workspace/Sources/AppsOnAirPushShared/AppsOnAirStorageKeys.swift (in target 'AppsOnAir-AppPush-Shared' from project 'AppsOnAir-AppPush')
    cd /Users/admin/builder/spi-builder-workspace/.swiftpm/xcode

SwiftCompile normal arm64 Compiling\ EnvironmentConfig.swift /Users/admin/builder/spi-builder-workspace/Sources/AppsOnAirPushShared/EnvironmentConfig.swift (in target 'AppsOnAir-AppPush-Shared' from project 'AppsOnAir-AppPush')
SwiftCompile normal arm64 /Users/admin/builder/spi-builder-workspace/Sources/AppsOnAirPushShared/EnvironmentConfig.swift (in target 'AppsOnAir-AppPush-Shared' from project 'AppsOnAir-AppPush')
    cd /Users/admin/builder/spi-builder-workspace/.swiftpm/xcode

SwiftEmitModule normal arm64_32 Emitting\ module\ for\ AppsOnAir_AppPush_Shared (in target 'AppsOnAir-AppPush-Shared' from project 'AppsOnAir-AppPush')
SwiftEmitModule normal armv7k Emitting\ module\ for\ AppsOnAir_AppPush_Shared (in target 'AppsOnAir-AppPush-Shared' from project 'AppsOnAir-AppPush')
2026-10-25 01:44:15.666 xcodebuild[852:5384] [MT] IDERunDestination: Supported platforms for the buildables in the current scheme is empty.
/Users/admin/builder/spi-builder-workspace/.dependencies/checkouts/Reachability.swift/Sources/Reachability.swift:28:8: error: Unable to find module dependency: 'SystemConfiguration'
import SystemConfiguration
       ^
/Users/admin/builder/spi-builder-workspace/.dependencies/checkouts/Reachability.swift/Sources/Reachability.swift:28:8: note: a dependency of main module 'Reachability'
import SystemConfiguration
       ^
/Users/admin/builder/spi-builder-workspace/.dependencies/checkouts/Reachability.swift/Sources/Reachability.swift:28:8: error: Unable to find module dependency: 'SystemConfiguration'
import SystemConfiguration
       ^
/Users/admin/builder/spi-builder-workspace/.dependencies/checkouts/Reachability.swift/Sources/Reachability.swift:28:8: note: a dependency of main module 'Reachability'
import SystemConfiguration
       ^
/Users/admin/builder/spi-builder-workspace/.dependencies/checkouts/Reachability.swift/Sources/Reachability.swift:28:8: error: Unable to find module dependency: 'SystemConfiguration'
import SystemConfiguration
       ^
/Users/admin/builder/spi-builder-workspace/.dependencies/checkouts/Reachability.swift/Sources/Reachability.swift:28:8: note: a dependency of main module 'Reachability'
import SystemConfiguration
       ^
** BUILD FAILED **
The following build commands failed:
	SwiftDriver Reachability normal arm64_32 com.apple.xcode.tools.swift.compiler (in target 'Reachability' from project 'Reachability')
	SwiftDriver Reachability normal armv7k com.apple.xcode.tools.swift.compiler (in target 'Reachability' from project 'Reachability')
	SwiftDriver Reachability normal arm64 com.apple.xcode.tools.swift.compiler (in target 'Reachability' from project 'Reachability')
	Building workspace spi-builder-workspace with scheme AppsOnAir-AppPush-Package
(4 failures)
BUILD FAILURE 6.2 watchOS