The Swift Package Index logo.Swift Package Index

Build Information

Failed to build ETBinding, reference master (92500a), with Swift 6.4 for Linux on 15 Sep 2026 19:05:20 UTC.

Build Command

bash -c docker run --pull=always --rm -v "checkouts-53886770-1":/host -w "$PWD" -e JAVA_HOME="/root/.sdkman/candidates/java/current" -e SPI_BUILD="1" -e SPI_PROCESSING="1" registry.gitlab.com/saguaro1/spi-images:basic-6.4-latest swift build --triple x86_64-unknown-linux-gnu 2>&1

Build Log

========================================
RunAll
========================================
Builder version: 5.1.0
Interrupt handler set up.
========================================
Checkout
========================================
Clone URL: https://github.com/EtneteraMobile/ETBinding.git
Reference: master
Initialized empty Git repository in /host/spi-builder-workspace/.git/
hint: Using 'master' as the name for the initial branch. This default branch name
hint: is subject to change. To configure the initial branch name to use in all
hint: of your new repositories, which will suppress this warning, call:
hint:
hint: 	git config --global init.defaultBranch <name>
hint:
hint: Names commonly chosen instead of 'master' are 'main', 'trunk' and
hint: 'development'. The just-created branch can be renamed via this command:
hint:
hint: 	git branch -m <name>
From https://github.com/EtneteraMobile/ETBinding
 * branch            master     -> FETCH_HEAD
 * [new branch]      master     -> origin/master
HEAD is now at 92500ab Merge pull request #19 from EtneteraMobile/target_version_bump
Cloned https://github.com/EtneteraMobile/ETBinding.git
Revision (git rev-parse @):
92500ab3b5d972fe8282478273b2cec0cb828d0a
SUCCESS checkout https://github.com/EtneteraMobile/ETBinding.git at master
========================================
Build
========================================
Selected platform:         linux
Swift version:             6.4
Building package at path:  $PWD
https://github.com/EtneteraMobile/ETBinding.git
Running build ...
bash -c docker run --pull=always --rm -v "checkouts-53886770-1":/host -w "$PWD" -e JAVA_HOME="/root/.sdkman/candidates/java/current" -e SPI_BUILD="1" -e SPI_PROCESSING="1" registry.gitlab.com/saguaro1/spi-images:basic-6.4-latest swift build --triple x86_64-unknown-linux-gnu 2>&1
basic-6.4-latest: Pulling from saguaro1/spi-images
Digest: sha256:c77fcce225e223ac0fafed844619173fc6de8d62dd560eeb28db3182af6a282b
Status: Image is up to date for registry.gitlab.com/saguaro1/spi-images:basic-6.4-latest
Building for debugging...
[Planning deferred tasks]
[28 / 36] ETBinding
[33 / 36] ETBinding
error: SwiftCompile normal x86_64 /host/spi-builder-workspace/Sources/ETBinding/Helpers/DeallocTracker.swift failed with a nonzero exit code. Command line:     cd /host
    builtin-SwiftPerFileCompile DeallocTracker.swift
/host/spi-builder-workspace/Sources/ETBinding/Helpers/DeallocTracker.swift:31:56: error: cannot find 'arc4random' in scope
29 |     while true {
30 |         // Generates random key for association and checks that it wasn't used already
31 |         if let key = UnsafeRawPointer(bitPattern: UInt(arc4random())), objc_getAssociatedObject(owner, key) == nil {
   |                                                        `- error: cannot find 'arc4random' in scope
32 |             let tracker = DeallocTracker(onDealloc: closure)
33 |             objc_setAssociatedObject(owner, key, tracker, .OBJC_ASSOCIATION_RETAIN)
/host/spi-builder-workspace/Sources/ETBinding/Helpers/DeallocTracker.swift:31:72: error: cannot find 'objc_getAssociatedObject' in scope
29 |     while true {
30 |         // Generates random key for association and checks that it wasn't used already
31 |         if let key = UnsafeRawPointer(bitPattern: UInt(arc4random())), objc_getAssociatedObject(owner, key) == nil {
   |                                                                        `- error: cannot find 'objc_getAssociatedObject' in scope
32 |             let tracker = DeallocTracker(onDealloc: closure)
33 |             objc_setAssociatedObject(owner, key, tracker, .OBJC_ASSOCIATION_RETAIN)
/host/spi-builder-workspace/Sources/ETBinding/Helpers/DeallocTracker.swift:33:13: error: cannot find 'objc_setAssociatedObject' in scope
31 |         if let key = UnsafeRawPointer(bitPattern: UInt(arc4random())), objc_getAssociatedObject(owner, key) == nil {
32 |             let tracker = DeallocTracker(onDealloc: closure)
33 |             objc_setAssociatedObject(owner, key, tracker, .OBJC_ASSOCIATION_RETAIN)
   |             `- error: cannot find 'objc_setAssociatedObject' in scope
34 |             break
35 |         }
Failed frontend command:
/usr/bin/swift-frontend -frontend -c /host/spi-builder-workspace/Sources/ETBinding/Constants.swift /host/spi-builder-workspace/Sources/ETBinding/FutureEvent/FutureEvent.swift -primary-file /host/spi-builder-workspace/Sources/ETBinding/Helpers/DeallocTracker.swift -primary-file /host/spi-builder-workspace/Sources/ETBinding/LiveData/LiveData.swift /host/spi-builder-workspace/Sources/ETBinding/LiveData/LiveOptionalData.swift /host/spi-builder-workspace/Sources/ETBinding/LiveData/LiveOptionalStateData.swift /host/spi-builder-workspace/Sources/ETBinding/LiveData/LiveStateData.swift /host/spi-builder-workspace/Sources/ETBinding/LiveData/StateValue.swift /host/spi-builder-workspace/Sources/ETBinding/Observable/LifecycleBoundObserver.swift /host/spi-builder-workspace/Sources/ETBinding/Observable/LifecycleState.swift /host/spi-builder-workspace/Sources/ETBinding/Observable/Observable.swift /host/spi-builder-workspace/Sources/ETBinding/Observable/Observer.swift -emit-dependencies-path /host/spi-builder-workspace/.build/out/Intermediates.noindex/ETBinding.build/Debug-linux-x86_64/ETBinding-t.build/Objects-normal/x86_64/DeallocTracker.d -emit-const-values-path /host/spi-builder-workspace/.build/out/Intermediates.noindex/ETBinding.build/Debug-linux-x86_64/ETBinding-t.build/Objects-normal/x86_64/DeallocTracker.swiftconstvalues -emit-reference-dependencies-path /host/spi-builder-workspace/.build/out/Intermediates.noindex/ETBinding.build/Debug-linux-x86_64/ETBinding-t.build/Objects-normal/x86_64/DeallocTracker.swiftdeps -serialize-diagnostics-path /host/spi-builder-workspace/.build/out/Intermediates.noindex/ETBinding.build/Debug-linux-x86_64/ETBinding-t.build/Objects-normal/x86_64/DeallocTracker.dia -emit-dependencies-path /host/spi-builder-workspace/.build/out/Intermediates.noindex/ETBinding.build/Debug-linux-x86_64/ETBinding-t.build/Objects-normal/x86_64/LiveData.d -emit-const-values-path /host/spi-builder-workspace/.build/out/Intermediates.noindex/ETBinding.build/Debug-linux-x86_64/ETBinding-t.build/Objects-normal/x86_64/LiveData.swiftconstvalues -emit-reference-dependencies-path /host/spi-builder-workspace/.build/out/Intermediates.noindex/ETBinding.build/Debug-linux-x86_64/ETBinding-t.build/Objects-normal/x86_64/LiveData.swiftdeps -serialize-diagnostics-path /host/spi-builder-workspace/.build/out/Intermediates.noindex/ETBinding.build/Debug-linux-x86_64/ETBinding-t.build/Objects-normal/x86_64/LiveData.dia -target x86_64-unknown-linux-gnu -disable-objc-interop -I /host/spi-builder-workspace/.build/out/Products/Debug-linux-x86_64 -module-cache-path /host/spi-builder-workspace/.build/out/ModuleCache.noindex -color-diagnostics -Xcc -fcolor-diagnostics -enable-testing -g -debug-info-format\=dwarf -dwarf-version\=4 -swift-version 4 -Onone -D SWIFT_PACKAGE -D DEBUG -D SWIFT_MODULE_RESOURCE_BUNDLE_UNAVAILABLE -D Xcode -serialize-debugging-options -enable-experimental-feature DebugDescriptionMacro -empty-abi-descriptor -external-plugin-path /usr/lib/swift/host/plugins/testing\#/usr/bin/swift-plugin-server -validate-clang-modules-once -clang-build-session-file /host/spi-builder-workspace/.build/out/ModuleCache.noindex/Session.modulevalidation -Xcc -working-directory -Xcc /host -enable-anonymous-context-mangled-names -file-compilation-dir /host -Xcc -fno-omit-frame-pointer -Xcc -D_LIBCPP_HARDENING_MODE\=_LIBCPP_HARDENING_MODE_DEBUG -Xcc -fmodules-prune-interval\=86400 -Xcc -fmodules-prune-after\=345600 -Xcc -I/host/spi-builder-workspace/.build/out/Products/Debug-linux-x86_64/include -Xcc -I/host/spi-builder-workspace/.build/out/Intermediates.noindex/ETBinding.build/Debug-linux-x86_64/ETBinding-t.build/DerivedSources-normal/x86_64 -Xcc -I/host/spi-builder-workspace/.build/out/Intermediates.noindex/ETBinding.build/Debug-linux-x86_64/ETBinding-t.build/DerivedSources/x86_64 -Xcc -I/host/spi-builder-workspace/.build/out/Intermediates.noindex/ETBinding.build/Debug-linux-x86_64/ETBinding-t.build/DerivedSources -Xcc -DSWIFT_PACKAGE -Xcc -DDEBUG\=1 -no-auto-bridging-header-chaining -module-name ETBinding -const-gather-protocols-file /host/spi-builder-workspace/.build/out/Intermediates.noindex/ETBinding.build/Debug-linux-x86_64/ETBinding-t.build/Objects-normal/x86_64/ETBinding_const_extract_protocols.json -in-process-plugin-server-path /usr/lib/swift/host/libSwiftInProcPluginServer.so -plugin-path /usr/lib/swift/host/plugins -plugin-path /usr/local/lib/swift/host/plugins -parse-as-library -o /host/spi-builder-workspace/.build/out/Intermediates.noindex/ETBinding.build/Debug-linux-x86_64/ETBinding-t.build/Objects-normal/x86_64/DeallocTracker.o -o /host/spi-builder-workspace/.build/out/Intermediates.noindex/ETBinding.build/Debug-linux-x86_64/ETBinding-t.build/Objects-normal/x86_64/LiveData.o -index-unit-output-path /ETBinding.build/Debug-linux-x86_64/ETBinding-t.build/Objects-normal/x86_64/DeallocTracker.o -index-unit-output-path /ETBinding.build/Debug-linux-x86_64/ETBinding-t.build/Objects-normal/x86_64/LiveData.o -index-store-path /host/spi-builder-workspace/.build/out -index-system-modules
error: Build failed
BUILD FAILURE 6.4 linux