The Swift Package Index logo.Swift Package Index

Build Information

Failed to build SwiftySCADKit, reference master (e1c308), with Swift 6.4 for tvOS using Xcode 27.0 on 16 Sep 2026 22:53:55 UTC.

Build Command

env DEVELOPER_DIR=/Applications/Xcode-27.0.0-Release.Candidate.app xcrun xcodebuild -IDEClonedSourcePackagesDirPathOverride=$PWD/.dependencies -skipMacroValidation -skipPackagePluginValidation -derivedDataPath $PWD/.derivedData build -scheme SwiftySCADKit -destination generic/platform=tvOS

Build Log

========================================
RunAll
========================================
Builder version: 5.1.0
Interrupt handler set up.
========================================
Checkout
========================================
Clone URL: https://github.com/Samasaur1/SwiftySCADKit.git
Reference: master
Initialized empty Git repository in /Users/admin/builder/spi-builder-workspace/.git/
From https://github.com/Samasaur1/SwiftySCADKit
 * branch            master     -> FETCH_HEAD
 * [new branch]      master     -> origin/master
HEAD is now at e1c3080 Add import statement/function
Cloned https://github.com/Samasaur1/SwiftySCADKit.git
Revision (git rev-parse @):
e1c30803a2399ebf1d184191417fd3dd2a7bd0f7
SUCCESS checkout https://github.com/Samasaur1/SwiftySCADKit.git at master
========================================
Build
========================================
Selected platform:         tvOS
Swift version:             6.4
Building package at path:  $PWD
https://github.com/Samasaur1/SwiftySCADKit.git
Command line invocation:
    /Applications/Xcode-27.0.0-Release.Candidate.app/Contents/Developer/usr/bin/xcodebuild -IDEClonedSourcePackagesDirPathOverride=/Users/admin/builder/spi-builder-workspace/.dependencies -resolvePackageDependencies
Resolve Package Graph
Resolve Package Graph
Resolved source packages:
  SwiftySCADKit: /Users/admin/builder/spi-builder-workspace
resolved source packages: SwiftySCADKit
2026-09-16 18:53:05.219 xcodebuild[529:3036] [MT] IDERunDestination: Supported platforms for the buildables in the current scheme is empty.
{
  "dependencies" : [
  ],
  "manifest_display_name" : "SwiftySCADKit",
  "name" : "SwiftySCADKit",
  "path" : "/Users/admin/builder/spi-builder-workspace",
  "platforms" : [
  ],
  "products" : [
    {
      "name" : "SwiftySCADKit",
      "targets" : [
        "SwiftySCADKit"
      ],
      "type" : {
        "library" : [
          "automatic"
        ]
      }
    }
  ],
  "targets" : [
    {
      "c99name" : "SwiftySCADKitTests",
      "module_type" : "SwiftTarget",
      "name" : "SwiftySCADKitTests",
      "path" : "Tests/SwiftySCADKitTests",
      "sources" : [
        "SwiftySCADKitTests.swift",
        "XCTestManifests.swift"
      ],
      "target_dependencies" : [
        "SwiftySCADKit"
      ],
      "type" : "test"
    },
    {
      "c99name" : "SwiftySCADKit",
      "module_type" : "SwiftTarget",
      "name" : "SwiftySCADKit",
      "path" : "Sources/SwiftySCADKit",
      "product_memberships" : [
        "SwiftySCADKit"
      ],
      "sources" : [
        "BasicShapes.swift",
        "BooleanOperators.swift",
        "Import.swift",
        "OpenSCAD.swift",
        "Transformations.swift"
      ],
      "type" : "library"
    }
  ],
  "tools_version" : "4.2"
}
{
  "workspace" : {
    "name" : "SwiftySCADKit",
    "schemes" : [
      "SwiftySCADKit"
    ]
  }
}
2026-09-16 18:53:46.066 xcodebuild[647:4156] [MT] IDERunDestination: Supported platforms for the buildables in the current scheme is empty.
Running build ...
env DEVELOPER_DIR=/Applications/Xcode-27.0.0-Release.Candidate.app xcrun xcodebuild -IDEClonedSourcePackagesDirPathOverride=$PWD/.dependencies -skipMacroValidation -skipPackagePluginValidation -derivedDataPath $PWD/.derivedData build -scheme SwiftySCADKit -destination generic/platform=tvOS
Command line invocation:
    /Applications/Xcode-27.0.0-Release.Candidate.app/Contents/Developer/usr/bin/xcodebuild -IDEClonedSourcePackagesDirPathOverride=/Users/admin/builder/spi-builder-workspace/.dependencies -skipMacroValidation -skipPackagePluginValidation -derivedDataPath /Users/admin/builder/spi-builder-workspace/.derivedData build -scheme SwiftySCADKit -destination generic/platform=tvOS
Resolve Package Graph
Resolved source packages:
  SwiftySCADKit: /Users/admin/builder/spi-builder-workspace
ComputePackagePrebuildTargetDependencyGraph
Prepare packages
CreateBuildRequest
SendProjectDescription
CreateBuildOperation
ComputeTargetDependencyGraph
note: Building targets in dependency order
note: Target dependency graph (2 targets)
    Target 'SwiftySCADKit-product' in project 'SwiftySCADKit'
        ➜ Explicit dependency on target 'SwiftySCADKit' in project 'SwiftySCADKit'
    Target 'SwiftySCADKit' in project 'SwiftySCADKit' (no dependencies)
GatherProvisioningInputs
CreateBuildDescription
ExecuteExternalTool /Applications/Xcode-27.0.0-Release.Candidate.app/Contents/Developer/Toolchains/XcodeDefault.xctoolchain/usr/bin/clang -v -E -dM -isysroot /Applications/Xcode-27.0.0-Release.Candidate.app/Contents/Developer/Platforms/AppleTVOS.platform/Developer/SDKs/AppleTVOS27.0.sdk -x c -c /dev/null
ExecuteExternalTool /Applications/Xcode-27.0.0-Release.Candidate.app/Contents/Developer/Toolchains/XcodeDefault.xctoolchain/usr/bin/swiftc --version
ExecuteExternalTool /Applications/Xcode-27.0.0-Release.Candidate.app/Contents/Developer/Toolchains/XcodeDefault.xctoolchain/usr/bin/ld -version_details
Build description signature: f6bba8c281a9a1c96902c7eef9dcd528
Build description path: /Users/admin/builder/spi-builder-workspace/.derivedData/Build/Intermediates.noindex/XCBuildData/f6bba8c281a9a1c96902c7eef9dcd528.xcbuilddata
CreateBuildDirectory /Users/admin/builder/spi-builder-workspace/.derivedData/ModuleCache.noindex
    cd /Users/admin/builder/spi-builder-workspace/.swiftpm/xcode
    builtin-create-build-directory /Users/admin/builder/spi-builder-workspace/.derivedData/ModuleCache.noindex
CreateBuildDirectory /Users/admin/builder/spi-builder-workspace/.derivedData/SDKExplicitPrecompiledModules
    cd /Users/admin/builder/spi-builder-workspace/.swiftpm/xcode
    builtin-create-build-directory /Users/admin/builder/spi-builder-workspace/.derivedData/SDKExplicitPrecompiledModules
CreateBuildDirectory /Users/admin/builder/spi-builder-workspace/.derivedData/CompilationCache.noindex
    cd /Users/admin/builder/spi-builder-workspace/.swiftpm/xcode
    builtin-create-build-directory /Users/admin/builder/spi-builder-workspace/.derivedData/CompilationCache.noindex
CreateBuildDirectory /Users/admin/builder/spi-builder-workspace/.derivedData/Build/Products
    cd /Users/admin/builder/spi-builder-workspace/.swiftpm/xcode
    builtin-create-build-directory /Users/admin/builder/spi-builder-workspace/.derivedData/Build/Products
CreateBuildDirectory /Users/admin/builder/spi-builder-workspace/.derivedData/Build/Intermediates.noindex
    cd /Users/admin/builder/spi-builder-workspace/.swiftpm/xcode
    builtin-create-build-directory /Users/admin/builder/spi-builder-workspace/.derivedData/Build/Intermediates.noindex
ClangStatCache /Applications/Xcode-27.0.0-Release.Candidate.app/Contents/Developer/Toolchains/XcodeDefault.xctoolchain/usr/bin/clang-stat-cache /Applications/Xcode-27.0.0-Release.Candidate.app/Contents/Developer/Platforms/AppleTVOS.platform/Developer/SDKs/AppleTVOS27.0.sdk /Users/admin/builder/spi-builder-workspace/.derivedData/SDKStatCaches.noindex/appletvos27.0-24J360-e829b21a6f8c9b70876ba0858053c044b32bfd8d43560033f8d89884cdb90028.sdkstatcache
    cd /Users/admin/builder/spi-builder-workspace/.swiftpm/xcode
    /Applications/Xcode-27.0.0-Release.Candidate.app/Contents/Developer/Toolchains/XcodeDefault.xctoolchain/usr/bin/clang-stat-cache /Applications/Xcode-27.0.0-Release.Candidate.app/Contents/Developer/Platforms/AppleTVOS.platform/Developer/SDKs/AppleTVOS27.0.sdk -o /Users/admin/builder/spi-builder-workspace/.derivedData/SDKStatCaches.noindex/appletvos27.0-24J360-e829b21a6f8c9b70876ba0858053c044b32bfd8d43560033f8d89884cdb90028.sdkstatcache
CreateBuildDirectory /Users/admin/builder/spi-builder-workspace/.derivedData/Build/Intermediates.noindex/PrecompiledHeaders
    cd /Users/admin/builder/spi-builder-workspace/.swiftpm/xcode
    builtin-create-build-directory /Users/admin/builder/spi-builder-workspace/.derivedData/Build/Intermediates.noindex/PrecompiledHeaders
CreateBuildDirectory /Users/admin/builder/spi-builder-workspace/.derivedData/Build/Intermediates.noindex/ExplicitPrecompiledModules
    cd /Users/admin/builder/spi-builder-workspace/.swiftpm/xcode
    builtin-create-build-directory /Users/admin/builder/spi-builder-workspace/.derivedData/Build/Intermediates.noindex/ExplicitPrecompiledModules
CreateBuildDirectory /Users/admin/builder/spi-builder-workspace/.derivedData/Build/Intermediates.noindex/SwiftExplicitPrecompiledModules
    cd /Users/admin/builder/spi-builder-workspace/.swiftpm/xcode
    builtin-create-build-directory /Users/admin/builder/spi-builder-workspace/.derivedData/Build/Intermediates.noindex/SwiftExplicitPrecompiledModules
CreateBuildDirectory /Users/admin/builder/spi-builder-workspace/.derivedData/Build/Intermediates.noindex/EagerLinkingTBDs/Debug-appletvos
    cd /Users/admin/builder/spi-builder-workspace/.swiftpm/xcode
    builtin-create-build-directory /Users/admin/builder/spi-builder-workspace/.derivedData/Build/Intermediates.noindex/EagerLinkingTBDs/Debug-appletvos
CreateBuildDirectory /Users/admin/builder/spi-builder-workspace/.derivedData/Build/Products/Debug-appletvos
    cd /Users/admin/builder/spi-builder-workspace/.swiftpm/xcode
    builtin-create-build-directory /Users/admin/builder/spi-builder-workspace/.derivedData/Build/Products/Debug-appletvos
CreateBuildDirectory /Users/admin/builder/spi-builder-workspace/.derivedData/Build/Products/Debug-appletvos/PackageFrameworks
    cd /Users/admin/builder/spi-builder-workspace/.swiftpm/xcode
    builtin-create-build-directory /Users/admin/builder/spi-builder-workspace/.derivedData/Build/Products/Debug-appletvos/PackageFrameworks
WriteAuxiliaryFile /Users/admin/builder/spi-builder-workspace/.derivedData/Build/Intermediates.noindex/SwiftySCADKit.build/Debug-appletvos/SwiftySCADKit-t.build/SwiftySCADKit.DependencyMetadataFileList (in target 'SwiftySCADKit' from project 'SwiftySCADKit')
    cd /Users/admin/builder/spi-builder-workspace
    write-file /Users/admin/builder/spi-builder-workspace/.derivedData/Build/Intermediates.noindex/SwiftySCADKit.build/Debug-appletvos/SwiftySCADKit-t.build/SwiftySCADKit.DependencyMetadataFileList
WriteAuxiliaryFile /Users/admin/builder/spi-builder-workspace/.derivedData/Build/Intermediates.noindex/SwiftySCADKit.build/Debug-appletvos/SwiftySCADKit-t.build/SwiftySCADKit.DependencyStaticMetadataFileList (in target 'SwiftySCADKit' from project 'SwiftySCADKit')
    cd /Users/admin/builder/spi-builder-workspace
    write-file /Users/admin/builder/spi-builder-workspace/.derivedData/Build/Intermediates.noindex/SwiftySCADKit.build/Debug-appletvos/SwiftySCADKit-t.build/SwiftySCADKit.DependencyStaticMetadataFileList
WriteAuxiliaryFile /Users/admin/builder/spi-builder-workspace/.derivedData/Build/Intermediates.noindex/SwiftySCADKit.build/Debug-appletvos/SwiftySCADKit-t.build/SwiftySCADKit.modulemap (in target 'SwiftySCADKit' from project 'SwiftySCADKit')
    cd /Users/admin/builder/spi-builder-workspace
    write-file /Users/admin/builder/spi-builder-workspace/.derivedData/Build/Intermediates.noindex/SwiftySCADKit.build/Debug-appletvos/SwiftySCADKit-t.build/SwiftySCADKit.modulemap
WriteAuxiliaryFile /Users/admin/builder/spi-builder-workspace/.derivedData/Build/Intermediates.noindex/SwiftySCADKit.build/Debug-appletvos/SwiftySCADKit-t.build/Objects-normal/arm64/SwiftySCADKit.LinkFileList (in target 'SwiftySCADKit' from project 'SwiftySCADKit')
    cd /Users/admin/builder/spi-builder-workspace
    write-file /Users/admin/builder/spi-builder-workspace/.derivedData/Build/Intermediates.noindex/SwiftySCADKit.build/Debug-appletvos/SwiftySCADKit-t.build/Objects-normal/arm64/SwiftySCADKit.LinkFileList
WriteAuxiliaryFile /Users/admin/builder/spi-builder-workspace/.derivedData/Build/Intermediates.noindex/SwiftySCADKit.build/Debug-appletvos/SwiftySCADKit-t.build/Objects-normal/arm64/SwiftySCADKit_const_extract_protocols.json (in target 'SwiftySCADKit' from project 'SwiftySCADKit')
    cd /Users/admin/builder/spi-builder-workspace
    write-file /Users/admin/builder/spi-builder-workspace/.derivedData/Build/Intermediates.noindex/SwiftySCADKit.build/Debug-appletvos/SwiftySCADKit-t.build/Objects-normal/arm64/SwiftySCADKit_const_extract_protocols.json
WriteAuxiliaryFile /Users/admin/builder/spi-builder-workspace/.derivedData/Build/Intermediates.noindex/SwiftySCADKit.build/Debug-appletvos/SwiftySCADKit-t.build/Objects-normal/arm64/SwiftySCADKit.SwiftConstValuesFileList (in target 'SwiftySCADKit' from project 'SwiftySCADKit')
    cd /Users/admin/builder/spi-builder-workspace
    write-file /Users/admin/builder/spi-builder-workspace/.derivedData/Build/Intermediates.noindex/SwiftySCADKit.build/Debug-appletvos/SwiftySCADKit-t.build/Objects-normal/arm64/SwiftySCADKit.SwiftConstValuesFileList
WriteAuxiliaryFile /Users/admin/builder/spi-builder-workspace/.derivedData/Build/Intermediates.noindex/SwiftySCADKit.build/Debug-appletvos/SwiftySCADKit-t.build/Objects-normal/arm64/SwiftySCADKit-OutputFileMap.json (in target 'SwiftySCADKit' from project 'SwiftySCADKit')
    cd /Users/admin/builder/spi-builder-workspace
    write-file /Users/admin/builder/spi-builder-workspace/.derivedData/Build/Intermediates.noindex/SwiftySCADKit.build/Debug-appletvos/SwiftySCADKit-t.build/Objects-normal/arm64/SwiftySCADKit-OutputFileMap.json
WriteAuxiliaryFile /Users/admin/builder/spi-builder-workspace/.derivedData/Build/Intermediates.noindex/SwiftySCADKit.build/Debug-appletvos/SwiftySCADKit-t.build/Objects-normal/arm64/SwiftySCADKit.SwiftFileList (in target 'SwiftySCADKit' from project 'SwiftySCADKit')
    cd /Users/admin/builder/spi-builder-workspace
    write-file /Users/admin/builder/spi-builder-workspace/.derivedData/Build/Intermediates.noindex/SwiftySCADKit.build/Debug-appletvos/SwiftySCADKit-t.build/Objects-normal/arm64/SwiftySCADKit.SwiftFileList
Copy /Users/admin/builder/spi-builder-workspace/.derivedData/Build/Intermediates.noindex/GeneratedModuleMaps-appletvos/SwiftySCADKit.modulemap /Users/admin/builder/spi-builder-workspace/.derivedData/Build/Intermediates.noindex/SwiftySCADKit.build/Debug-appletvos/SwiftySCADKit-t.build/SwiftySCADKit.modulemap (in target 'SwiftySCADKit' from project 'SwiftySCADKit')
    cd /Users/admin/builder/spi-builder-workspace
    builtin-copy -exclude .DS_Store -exclude CVS -exclude .svn -exclude .git -exclude .hg -resolve-src-symlinks /Users/admin/builder/spi-builder-workspace/.derivedData/Build/Intermediates.noindex/SwiftySCADKit.build/Debug-appletvos/SwiftySCADKit-t.build/SwiftySCADKit.modulemap /Users/admin/builder/spi-builder-workspace/.derivedData/Build/Intermediates.noindex/GeneratedModuleMaps-appletvos
SwiftDriver SwiftySCADKit normal arm64 com.apple.xcode.tools.swift.compiler (in target 'SwiftySCADKit' from project 'SwiftySCADKit')
    cd /Users/admin/builder/spi-builder-workspace/.swiftpm/xcode
    builtin-SwiftDriver -- /Applications/Xcode-27.0.0-Release.Candidate.app/Contents/Developer/Toolchains/XcodeDefault.xctoolchain/usr/bin/swiftc -parse-as-library -module-name SwiftySCADKit -Onone @/Users/admin/builder/spi-builder-workspace/.derivedData/Build/Intermediates.noindex/SwiftySCADKit.build/Debug-appletvos/SwiftySCADKit-t.build/Objects-normal/arm64/SwiftySCADKit.SwiftFileList -DSWIFT_PACKAGE -DDEBUG -DSWIFT_MODULE_RESOURCE_BUNDLE_UNAVAILABLE -DXcode -plugin-path /Applications/Xcode-27.0.0-Release.Candidate.app/Contents/Developer/Toolchains/XcodeDefault.xctoolchain/usr/lib/swift/host/plugins/testing -enable-experimental-feature DebugDescriptionMacro -sdk /Applications/Xcode-27.0.0-Release.Candidate.app/Contents/Developer/Platforms/AppleTVOS.platform/Developer/SDKs/AppleTVOS27.0.sdk -target arm64-apple-tvos15.0 -g -module-cache-path /Users/admin/builder/spi-builder-workspace/.derivedData/ModuleCache.noindex -Xfrontend -serialize-debugging-options -profile-coverage-mapping -profile-generate -enable-testing -index-store-path /Users/admin/builder/spi-builder-workspace/.derivedData/Index.noindex/DataStore -Xcc -D_LIBCPP_HARDENING_MODE\=_LIBCPP_HARDENING_MODE_DEBUG -swift-version 4.2 -I /Users/admin/builder/spi-builder-workspace/.derivedData/Build/Products/Debug-appletvos -Isystem /Applications/Xcode-27.0.0-Release.Candidate.app/Contents/Developer/Platforms/AppleTVOS.platform/Developer/usr/lib -F /Users/admin/builder/spi-builder-workspace/.derivedData/Build/Products/Debug-appletvos -F /Applications/Xcode-27.0.0-Release.Candidate.app/Contents/Developer/Platforms/AppleTVOS.platform/Developer/Library/Frameworks -F /Applications/Xcode-27.0.0-Release.Candidate.app/Contents/Developer/Platforms/AppleTVOS.platform/Developer/SDKs/AppleTVOS27.0.sdk/Developer/Library/Frameworks -c -j10 -enable-batch-mode -incremental -Xcc -ivfsstatcache -Xcc /Users/admin/builder/spi-builder-workspace/.derivedData/SDKStatCaches.noindex/appletvos27.0-24J360-e829b21a6f8c9b70876ba0858053c044b32bfd8d43560033f8d89884cdb90028.sdkstatcache -output-file-map /Users/admin/builder/spi-builder-workspace/.derivedData/Build/Intermediates.noindex/SwiftySCADKit.build/Debug-appletvos/SwiftySCADKit-t.build/Objects-normal/arm64/SwiftySCADKit-OutputFileMap.json -save-temps -no-color-diagnostics -emit-dependencies -emit-module -emit-module-path /Users/admin/builder/spi-builder-workspace/.derivedData/Build/Intermediates.noindex/SwiftySCADKit.build/Debug-appletvos/SwiftySCADKit-t.build/Objects-normal/arm64/SwiftySCADKit.swiftmodule -serialize-diagnostics -validate-clang-modules-once -clang-build-session-file /Users/admin/builder/spi-builder-workspace/.derivedData/ModuleCache.noindex/Session.modulevalidation -Xcc -fmodules-prune-interval\=86400 -Xcc -fmodules-prune-after\=345600 -emit-const-values -const-gather-protocols-list /Users/admin/builder/spi-builder-workspace/.derivedData/Build/Intermediates.noindex/SwiftySCADKit.build/Debug-appletvos/SwiftySCADKit-t.build/Objects-normal/arm64/SwiftySCADKit_const_extract_protocols.json -Xcc -I/Users/admin/builder/spi-builder-workspace/.derivedData/Build/Products/Debug-appletvos/include -Xcc -I/Users/admin/builder/spi-builder-workspace/.derivedData/Build/Intermediates.noindex/SwiftySCADKit.build/Debug-appletvos/SwiftySCADKit-t.build/DerivedSources-normal/arm64 -Xcc -I/Users/admin/builder/spi-builder-workspace/.derivedData/Build/Intermediates.noindex/SwiftySCADKit.build/Debug-appletvos/SwiftySCADKit-t.build/DerivedSources/arm64 -Xcc -I/Users/admin/builder/spi-builder-workspace/.derivedData/Build/Intermediates.noindex/SwiftySCADKit.build/Debug-appletvos/SwiftySCADKit-t.build/DerivedSources -Xcc -DSWIFT_PACKAGE -Xcc -DDEBUG\=1 -emit-objc-header -emit-objc-header-path /Users/admin/builder/spi-builder-workspace/.derivedData/Build/Intermediates.noindex/SwiftySCADKit.build/Debug-appletvos/SwiftySCADKit-t.build/Objects-normal/arm64/SwiftySCADKit-Swift.h -working-directory /Users/admin/builder/spi-builder-workspace/.swiftpm/xcode -experimental-emit-module-separately -disable-cmo
SwiftCompile normal arm64 Compiling\ BooleanOperators.swift /Users/admin/builder/spi-builder-workspace/Sources/SwiftySCADKit/BooleanOperators.swift (in target 'SwiftySCADKit' from project 'SwiftySCADKit')
SwiftCompile normal arm64 /Users/admin/builder/spi-builder-workspace/Sources/SwiftySCADKit/BooleanOperators.swift (in target 'SwiftySCADKit' from project 'SwiftySCADKit')
    cd /Users/admin/builder/spi-builder-workspace/.swiftpm/xcode
    builtin-SwiftPerFileCompile BooleanOperators.swift
/Users/admin/builder/spi-builder-workspace/Sources/SwiftySCADKit/BooleanOperators.swift:19:5: warning: 'public' modifier is redundant for static method declared in a public extension
 17 |     ///   - children: Any other objects in the union.
 18 |     /// - Returns: A union of all passed OpenSCAD objects.
 19 |     public static func union(_ parent: OpenSCAD, _ children: OpenSCAD...) -> OpenSCAD {
    |     `- warning: 'public' modifier is redundant for static method declared in a public extension
 20 |         return union(parent, children)
 21 |     }
/Users/admin/builder/spi-builder-workspace/Sources/SwiftySCADKit/BooleanOperators.swift:48:5: warning: 'public' modifier is redundant for operator function declared in a public extension
 46 |     ///   - rhs: The other object in the union.
 47 |     /// - Returns: A union of the two OpenSCAD objects.
 48 |     public static func + (lhs: OpenSCAD, rhs: OpenSCAD) -> OpenSCAD {
    |     `- warning: 'public' modifier is redundant for operator function declared in a public extension
 49 |         return union(lhs, rhs)
 50 |     }
/Users/admin/builder/spi-builder-workspace/Sources/SwiftySCADKit/BooleanOperators.swift:56:5: warning: 'public' modifier is redundant for instance method declared in a public extension
 54 |     /// - Parameter subjects: The objects to be unioned with.
 55 |     /// - Returns: A union of the caller and all passed objects.
 56 |     public func unioned(with subjects: OpenSCAD...) -> OpenSCAD {
    |     `- warning: 'public' modifier is redundant for instance method declared in a public extension
 57 |         return unioned(with: subjects)
 58 |     }
/Users/admin/builder/spi-builder-workspace/Sources/SwiftySCADKit/BooleanOperators.swift:62:5: warning: 'public' modifier is redundant for instance method declared in a public extension
 60 |     ///
 61 |     /// - Parameter subjects: The objects to union with.
 62 |     public mutating func union(with subjects: OpenSCAD...) {
    |     `- warning: 'public' modifier is redundant for instance method declared in a public extension
 63 |         self = self.unioned(with: subjects)
 64 |     }
/Users/admin/builder/spi-builder-workspace/Sources/SwiftySCADKit/BooleanOperators.swift:95:5: warning: 'public' modifier is redundant for static method declared in a public extension
 93 |     ///   - children: The objects to subtract from the parent.
 94 |     /// - Returns: A difference made by subtracting the children from the parents.
 95 |     public static func difference(_ parent: OpenSCAD, _ children: OpenSCAD...) -> OpenSCAD {
    |     `- warning: 'public' modifier is redundant for static method declared in a public extension
 96 |         return difference(parent, children)
 97 |     }
/Users/admin/builder/spi-builder-workspace/Sources/SwiftySCADKit/BooleanOperators.swift:124:5: warning: 'public' modifier is redundant for operator function declared in a public extension
122 |     ///   - rhs: The object to subtract from the base.
123 |     /// - Returns: A difference made by subtracting the right object from the left.
124 |     public static func - (lhs: OpenSCAD, rhs: OpenSCAD) -> OpenSCAD {
    |     `- warning: 'public' modifier is redundant for operator function declared in a public extension
125 |         return difference(lhs, rhs)
126 |     }
/Users/admin/builder/spi-builder-workspace/Sources/SwiftySCADKit/BooleanOperators.swift:132:5: warning: 'public' modifier is redundant for instance method declared in a public extension
130 |     /// - Parameter subjects: The object to be subtracted.
131 |     /// - Returns: A difference formed by subtracting the subject from the caller.
132 |     public func differenced(from subject: OpenSCAD) -> OpenSCAD {
    |     `- warning: 'public' modifier is redundant for instance method declared in a public extension
133 |         return OpenSCAD.difference(subject, [self])
134 |     }
/Users/admin/builder/spi-builder-workspace/Sources/SwiftySCADKit/BooleanOperators.swift:138:5: warning: 'public' modifier is redundant for instance method declared in a public extension
136 |     ///
137 |     /// - Parameter subject: The object to subtract from the caller.
138 |     public mutating func difference(from subject: OpenSCAD) {
    |     `- warning: 'public' modifier is redundant for instance method declared in a public extension
139 |         self = self.differenced(from: subject)
140 |     }
/Users/admin/builder/spi-builder-workspace/Sources/SwiftySCADKit/BooleanOperators.swift:145:5: warning: 'public' modifier is redundant for instance method declared in a public extension
143 |     /// - Parameter subjects: The object to be subtracted.
144 |     /// - Returns: A difference formed by subtracting the subject from the caller.
145 |     public func subtracted(from subject: OpenSCAD) -> OpenSCAD {
    |     `- warning: 'public' modifier is redundant for instance method declared in a public extension
146 |         return differenced(from: subject)
147 |     }
/Users/admin/builder/spi-builder-workspace/Sources/SwiftySCADKit/BooleanOperators.swift:151:5: warning: 'public' modifier is redundant for instance method declared in a public extension
149 |     ///
150 |     /// - Parameter subject: The object to subtract from the caller.
151 |     public mutating func subtract(from subject: OpenSCAD) {
    |     `- warning: 'public' modifier is redundant for instance method declared in a public extension
152 |         difference(from: subject)
153 |     }
/Users/admin/builder/spi-builder-workspace/Sources/SwiftySCADKit/BooleanOperators.swift:177:5: warning: 'public' modifier is redundant for static method declared in a public extension
175 |     ///   - children: Any other objects in the intersection.
176 |     /// - Returns: A union of all passed OpenSCAD objects.
177 |     public static func intersection(_ parent: OpenSCAD, _ children: OpenSCAD...) -> OpenSCAD {
    |     `- warning: 'public' modifier is redundant for static method declared in a public extension
178 |         return intersection(parent, children)
179 |     }
/Users/admin/builder/spi-builder-workspace/Sources/SwiftySCADKit/BooleanOperators.swift:204:5: warning: 'public' modifier is redundant for instance method declared in a public extension
202 |     /// - Parameter subjects: The objects to be intersected with.
203 |     /// - Returns: An intersection of the caller and all passed objects.
204 |     public func intersectioned(with subjects: OpenSCAD...) -> OpenSCAD {
    |     `- warning: 'public' modifier is redundant for instance method declared in a public extension
205 |         return intersectioned(with: subjects)
206 |     }
SwiftCompile normal arm64 Compiling\ OpenSCAD.swift /Users/admin/builder/spi-builder-workspace/Sources/SwiftySCADKit/OpenSCAD.swift (in target 'SwiftySCADKit' from project 'SwiftySCADKit')
/Users/admin/builder/spi-builder-workspace/Sources/SwiftySCADKit/OpenSCAD.swift:38:16: error: cannot find 'Process' in scope
36 | public func OPENSCAD_copyToClipboard(_ scad: OpenSCAD) {
37 |     let pipe = Pipe()
38 |     let echo = Process()
   |                `- error: cannot find 'Process' in scope
39 |     echo.launchPath = "/bin/echo"
40 |     echo.arguments = ["-n", "\(scad.SCADValue)"]
/Users/admin/builder/spi-builder-workspace/Sources/SwiftySCADKit/OpenSCAD.swift:43:18: error: cannot find 'Process' in scope
41 |     echo.standardOutput = pipe
42 |     echo.launch()
43 |     let pbcopy = Process()
   |                  `- error: cannot find 'Process' in scope
44 |     pbcopy.launchPath = "/usr/bin/pbcopy"
45 |     pbcopy.standardInput = pipe
Failed frontend command:
/Applications/Xcode-27.0.0-Release.Candidate.app/Contents/Developer/Toolchains/XcodeDefault.xctoolchain/usr/bin/swift-frontend -frontend -c /Users/admin/builder/spi-builder-workspace/Sources/SwiftySCADKit/BasicShapes.swift /Users/admin/builder/spi-builder-workspace/Sources/SwiftySCADKit/BooleanOperators.swift /Users/admin/builder/spi-builder-workspace/Sources/SwiftySCADKit/Import.swift -primary-file /Users/admin/builder/spi-builder-workspace/Sources/SwiftySCADKit/OpenSCAD.swift /Users/admin/builder/spi-builder-workspace/Sources/SwiftySCADKit/Transformations.swift -emit-dependencies-path /Users/admin/builder/spi-builder-workspace/.derivedData/Build/Intermediates.noindex/SwiftySCADKit.build/Debug-appletvos/SwiftySCADKit-t.build/Objects-normal/arm64/OpenSCAD.d -emit-const-values-path /Users/admin/builder/spi-builder-workspace/.derivedData/Build/Intermediates.noindex/SwiftySCADKit.build/Debug-appletvos/SwiftySCADKit-t.build/Objects-normal/arm64/OpenSCAD.swiftconstvalues -emit-reference-dependencies-path /Users/admin/builder/spi-builder-workspace/.derivedData/Build/Intermediates.noindex/SwiftySCADKit.build/Debug-appletvos/SwiftySCADKit-t.build/Objects-normal/arm64/OpenSCAD.swiftdeps -serialize-diagnostics-path /Users/admin/builder/spi-builder-workspace/.derivedData/Build/Intermediates.noindex/SwiftySCADKit.build/Debug-appletvos/SwiftySCADKit-t.build/Objects-normal/arm64/OpenSCAD.dia -target arm64-apple-tvos15.0 -Xllvm -aarch64-use-tbi -enable-objc-interop -stack-check -sdk /Applications/Xcode-27.0.0-Release.Candidate.app/Contents/Developer/Platforms/AppleTVOS.platform/Developer/SDKs/AppleTVOS27.0.sdk -I /Users/admin/builder/spi-builder-workspace/.derivedData/Build/Products/Debug-appletvos -Isystem /Applications/Xcode-27.0.0-Release.Candidate.app/Contents/Developer/Platforms/AppleTVOS.platform/Developer/usr/lib -F /Users/admin/builder/spi-builder-workspace/.derivedData/Build/Products/Debug-appletvos -F /Applications/Xcode-27.0.0-Release.Candidate.app/Contents/Developer/Platforms/AppleTVOS.platform/Developer/Library/Frameworks -F /Applications/Xcode-27.0.0-Release.Candidate.app/Contents/Developer/Platforms/AppleTVOS.platform/Developer/SDKs/AppleTVOS27.0.sdk/Developer/Library/Frameworks -module-cache-path /Users/admin/builder/spi-builder-workspace/.derivedData/ModuleCache.noindex -no-color-diagnostics -Xcc -fno-color-diagnostics -enable-testing -g -debug-info-format\=dwarf -dwarf-version\=4 -profile-generate -profile-coverage-mapping -swift-version 4.2 -Onone -D SWIFT_PACKAGE -D DEBUG -D SWIFT_MODULE_RESOURCE_BUNDLE_UNAVAILABLE -D Xcode -serialize-debugging-options -enable-experimental-feature DebugDescriptionMacro -empty-abi-descriptor -plugin-path /Applications/Xcode-27.0.0-Release.Candidate.app/Contents/Developer/Toolchains/XcodeDefault.xctoolchain/usr/lib/swift/host/plugins/testing -validate-clang-modules-once -clang-build-session-file /Users/admin/builder/spi-builder-workspace/.derivedData/ModuleCache.noindex/Session.modulevalidation -Xcc -working-directory -Xcc /Users/admin/builder/spi-builder-workspace/.swiftpm/xcode -enable-anonymous-context-mangled-names -file-compilation-dir /Users/admin/builder/spi-builder-workspace/.swiftpm/xcode -Xcc -D_LIBCPP_HARDENING_MODE\=_LIBCPP_HARDENING_MODE_DEBUG -Xcc -ivfsstatcache -Xcc /Users/admin/builder/spi-builder-workspace/.derivedData/SDKStatCaches.noindex/appletvos27.0-24J360-e829b21a6f8c9b70876ba0858053c044b32bfd8d43560033f8d89884cdb90028.sdkstatcache -Xcc -fmodules-prune-interval\=86400 -Xcc -fmodules-prune-after\=345600 -Xcc -I/Users/admin/builder/spi-builder-workspace/.derivedData/Build/Products/Debug-appletvos/include -Xcc -I/Users/admin/builder/spi-builder-workspace/.derivedData/Build/Intermediates.noindex/SwiftySCADKit.build/Debug-appletvos/SwiftySCADKit-t.build/DerivedSources-normal/arm64 -Xcc -I/Users/admin/builder/spi-builder-workspace/.derivedData/Build/Intermediates.noindex/SwiftySCADKit.build/Debug-appletvos/SwiftySCADKit-t.build/DerivedSources/arm64 -Xcc -I/Users/admin/builder/spi-builder-workspace/.derivedData/Build/Intermediates.noindex/SwiftySCADKit.build/Debug-appletvos/SwiftySCADKit-t.build/DerivedSources -Xcc -DSWIFT_PACKAGE -Xcc -DDEBUG\=1 -no-auto-bridging-header-chaining -module-name SwiftySCADKit -const-gather-protocols-file /Users/admin/builder/spi-builder-workspace/.derivedData/Build/Intermediates.noindex/SwiftySCADKit.build/Debug-appletvos/SwiftySCADKit-t.build/Objects-normal/arm64/SwiftySCADKit_const_extract_protocols.json -disable-clang-spi -target-sdk-version 27.0 -target-sdk-name appletvos27.0 -external-plugin-path /Applications/Xcode-27.0.0-Release.Candidate.app/Contents/Developer/Platforms/AppleTVOS.platform/Developer/usr/lib/swift/host/plugins\#/Applications/Xcode-27.0.0-Release.Candidate.app/Contents/Developer/Platforms/AppleTVOS.platform/Developer/usr/bin/swift-plugin-server -external-plugin-path /Applications/Xcode-27.0.0-Release.Candidate.app/Contents/Developer/Platforms/AppleTVOS.platform/Developer/usr/local/lib/swift/host/plugins\#/Applications/Xcode-27.0.0-Release.Candidate.app/Contents/Developer/Platforms/AppleTVOS.platform/Developer/usr/bin/swift-plugin-server -in-process-plugin-server-path /Applications/Xcode-27.0.0-Release.Candidate.app/Contents/Developer/Toolchains/XcodeDefault.xctoolchain/usr/lib/swift/host/libSwiftInProcPluginServer.dylib -plugin-path /Applications/Xcode-27.0.0-Release.Candidate.app/Contents/Developer/Toolchains/XcodeDefault.xctoolchain/usr/lib/swift/host/plugins -plugin-path /Applications/Xcode-27.0.0-Release.Candidate.app/Contents/Developer/Toolchains/XcodeDefault.xctoolchain/usr/local/lib/swift/host/plugins -parse-as-library -o /Users/admin/builder/spi-builder-workspace/.derivedData/Build/Intermediates.noindex/SwiftySCADKit.build/Debug-appletvos/SwiftySCADKit-t.build/Objects-normal/arm64/OpenSCAD.o -index-unit-output-path /SwiftySCADKit.build/Debug-appletvos/SwiftySCADKit-t.build/Objects-normal/arm64/OpenSCAD.o -index-store-path /Users/admin/builder/spi-builder-workspace/.derivedData/Index.noindex/DataStore -index-system-modules
SwiftCompile normal arm64 /Users/admin/builder/spi-builder-workspace/Sources/SwiftySCADKit/OpenSCAD.swift (in target 'SwiftySCADKit' from project 'SwiftySCADKit')
    cd /Users/admin/builder/spi-builder-workspace/.swiftpm/xcode
    builtin-SwiftPerFileCompile OpenSCAD.swift
SwiftCompile normal arm64 Compiling\ Import.swift /Users/admin/builder/spi-builder-workspace/Sources/SwiftySCADKit/Import.swift (in target 'SwiftySCADKit' from project 'SwiftySCADKit')
SwiftCompile normal arm64 /Users/admin/builder/spi-builder-workspace/Sources/SwiftySCADKit/Import.swift (in target 'SwiftySCADKit' from project 'SwiftySCADKit')
    cd /Users/admin/builder/spi-builder-workspace/.swiftpm/xcode
    builtin-SwiftPerFileCompile Import.swift
SwiftCompile normal arm64 Compiling\ BasicShapes.swift /Users/admin/builder/spi-builder-workspace/Sources/SwiftySCADKit/BasicShapes.swift (in target 'SwiftySCADKit' from project 'SwiftySCADKit')
/Users/admin/builder/spi-builder-workspace/Sources/SwiftySCADKit/BasicShapes.swift:19:5: warning: 'public' modifier is redundant for static method declared in a public extension
 17 |     ///   - centered: Whether or not the cube should be centered on the origin.
 18 |     /// - Returns: A cube with the specified side length.
 19 |     public static func cube(withSideLength sideLength: Double, centered: Bool) -> OpenSCAD {
    |     `- warning: 'public' modifier is redundant for static method declared in a public extension
 20 |         return OpenSCAD("cube([\(sideLength), \(sideLength), \(sideLength)], \(centered));")
 21 |     }
/Users/admin/builder/spi-builder-workspace/Sources/SwiftySCADKit/BasicShapes.swift:30:5: warning: 'public' modifier is redundant for static method declared in a public extension
 28 |     ///   - centered: Whether or not this object should be centered on the origin.
 29 |     /// - Returns: A 'cube' (rectangular prism) with the specified dimensions.
 30 |     public static func cube(height: Double, width: Double, depth: Double, centered: Bool) -> OpenSCAD {
    |     `- warning: 'public' modifier is redundant for static method declared in a public extension
 31 |         return OpenSCAD("cube([\(width), \(depth), \(height)], \(centered));")
 32 |     }
/Users/admin/builder/spi-builder-workspace/Sources/SwiftySCADKit/BasicShapes.swift:41:5: warning: 'public' modifier is redundant for static method declared in a public extension
 39 |     ///   - centered: Whether or not this object should be centered on the origin.
 40 |     /// - Returns: A rectangular prism with the specified dimensions.
 41 |     public static func rectangularPrism(height: Double, width: Double, depth: Double, centered: Bool) -> OpenSCAD {
    |     `- warning: 'public' modifier is redundant for static method declared in a public extension
 42 |         return cube(height:height, width:width, depth: depth, centered: centered)
 43 |     }
/Users/admin/builder/spi-builder-workspace/Sources/SwiftySCADKit/BasicShapes.swift:91:5: warning: 'public' modifier is redundant for static method declared in a public extension
 89 |     /// - Parameter radius: The radius of the sphere.
 90 |     /// - Returns: A sphere with the specified radius.
 91 |     public static func sphere(_ radius: Double) -> OpenSCAD {
    |     `- warning: 'public' modifier is redundant for static method declared in a public extension
 92 |         return OpenSCAD("sphere(\(radius), $fn=\(OPENSCAD_CONFIG.SPHERE_RESOLUTION));")
 93 |     }
/Users/admin/builder/spi-builder-workspace/Sources/SwiftySCADKit/BasicShapes.swift:124:5: warning: 'public' modifier is redundant for static method declared in a public extension
122 |     ///   - centered: Whether of not the cylinder is centered on the origin.
123 |     /// - Returns: A cylinder with the specified dimensions.
124 |     public static func cylinder(height: Double, topRadius: Double, bottomRadius: Double, centered: Bool) -> OpenSCAD {
    |     `- warning: 'public' modifier is redundant for static method declared in a public extension
125 |         return OpenSCAD("cylinder($fn = \(OPENSCAD_CONFIG.SPHERE_RESOLUTION), \(height), \(bottomRadius), \(topRadius), \(centered));")
126 |     }
/Users/admin/builder/spi-builder-workspace/Sources/SwiftySCADKit/BasicShapes.swift:153:5: warning: 'public' modifier is redundant for struct declared in a public extension
151 | public extension OpenSCAD {
152 |     /// A representation of a point in 3D space.
153 |     public struct Point: Hashable {
    |     `- warning: 'public' modifier is redundant for struct declared in a public extension
154 |         /// The x value of the point.
155 |         public var x: Double
/Users/admin/builder/spi-builder-workspace/Sources/SwiftySCADKit/BasicShapes.swift:182:5: warning: 'public' modifier is redundant for struct declared in a public extension
180 |     }
181 |     /// A representation of a face of a polyhedron.
182 |     public struct Face: Hashable {
    |     `- warning: 'public' modifier is redundant for struct declared in a public extension
183 |         public var points: [Point]
184 |         public init(points: [Point]) {
/Users/admin/builder/spi-builder-workspace/Sources/SwiftySCADKit/BasicShapes.swift:195:5: warning: 'public' modifier is redundant for static method declared in a public extension
193 |     /// - Parameter faces: The faces of the polyhedron.
194 |     /// - Returns: A polyhedron with the given faces.
195 |     public static func polyhedron(faces: [Face]) -> OpenSCAD {
    |     `- warning: 'public' modifier is redundant for static method declared in a public extension
196 |         var points: [Point] = []
197 |         for face in faces {
/Users/admin/builder/spi-builder-workspace/Sources/SwiftySCADKit/BasicShapes.swift:228:5: warning: 'public' modifier is redundant for static method declared in a public extension
226 |     /// - Parameter faces: The faces of the polyhedron.
227 |     /// - Returns: A polyhedron with the given faces.
228 |     public static func polyhedron(faces: Face...) -> OpenSCAD {
    |     `- warning: 'public' modifier is redundant for static method declared in a public extension
229 |         return polyhedron(faces: faces)
230 |     }
/Users/admin/builder/spi-builder-workspace/Sources/SwiftySCADKit/BasicShapes.swift:265:5: warning: 'public' modifier is redundant for static method declared in a public extension
263 |     ///   - top: The top three points.
264 |     /// - Returns: A triangular prism created from the given points.
265 |     public static func triangularPrism(bottom: (a: Point, b: Point, c: Point), top: (a: Point, b: Point, c: Point)) -> OpenSCAD {
    |     `- warning: 'public' modifier is redundant for static method declared in a public extension
266 |         return polyhedron(faces: Face(points: [bottom.a, bottom.c, bottom.b]), Face(points: [top.a, top.b, top.c]), Face(points: [top.b, top.a, bottom.a, bottom.b]), Face(points: [top.a, top.c, bottom.c, bottom.a]), Face(points: [top.c, top.b, bottom.b, bottom.c]))
267 |     }
/Users/admin/builder/spi-builder-workspace/Sources/SwiftySCADKit/BasicShapes.swift:297:5: warning: 'public' modifier is redundant for static method declared in a public extension
295 |     ///   - top: The top four points.
296 |     /// - Returns: A hexahedron created from the given points.
297 |     public static func hexahedron(bottom: (a: Point, b: Point, c: Point, d: Point), top: (a: Point, b: Point, c: Point, d: Point)) -> OpenSCAD {
    |     `- warning: 'public' modifier is redundant for static method declared in a public extension
298 |         return polyhedron(faces: Face(points: top.a, top.b, top.c, top.d), Face(points: top.a, top.d, bottom.d, bottom.a), Face(points: top.b, top.a, bottom.a, bottom.b), Face(points: top.c, top.b, bottom.b, bottom.c), Face(points: top.d, top.c, bottom.c, bottom.d), Face(points: bottom.a, bottom.d, bottom.c, bottom.b))
299 |     }
/Users/admin/builder/spi-builder-workspace/Sources/SwiftySCADKit/BasicShapes.swift:305:5: warning: 'internal' modifier is redundant for instance method declared in an internal extension
303 |
304 | internal extension Array where Element: Equatable {
305 |     internal func removingDuplicates() -> [Element] {
    |     `- warning: 'internal' modifier is redundant for instance method declared in an internal extension
306 |         var buffer: [Iterator.Element] = []
307 |
/Users/admin/builder/spi-builder-workspace/Sources/SwiftySCADKit/BasicShapes.swift:316:5: warning: 'internal' modifier is redundant for instance method declared in an internal extension
314 |         return buffer
315 |     }
316 |     internal mutating func removeDuplicates() {
    |     `- warning: 'internal' modifier is redundant for instance method declared in an internal extension
317 |         self = removingDuplicates()
318 |     }
/Users/admin/builder/spi-builder-workspace/Sources/SwiftySCADKit/BasicShapes.swift:321:5: warning: 'internal' modifier is redundant for instance method declared in an internal extension
319 | }
320 | internal extension Array where Element: Hashable {
321 |     internal func removingDuplicates() -> [Element] {
    |     `- warning: 'internal' modifier is redundant for instance method declared in an internal extension
322 |         var buffer: [Iterator.Element] = []
323 |         var lookup = Set<Iterator.Element>()
SwiftCompile normal arm64 /Users/admin/builder/spi-builder-workspace/Sources/SwiftySCADKit/BasicShapes.swift (in target 'SwiftySCADKit' from project 'SwiftySCADKit')
    cd /Users/admin/builder/spi-builder-workspace/.swiftpm/xcode
    builtin-SwiftPerFileCompile BasicShapes.swift
SwiftEmitModule normal arm64 Emitting\ module\ for\ SwiftySCADKit (in target 'SwiftySCADKit' from project 'SwiftySCADKit')
/Users/admin/builder/spi-builder-workspace/Sources/SwiftySCADKit/BasicShapes.swift:19:5: warning: 'public' modifier is redundant for static method declared in a public extension
 17 |     ///   - centered: Whether or not the cube should be centered on the origin.
 18 |     /// - Returns: A cube with the specified side length.
 19 |     public static func cube(withSideLength sideLength: Double, centered: Bool) -> OpenSCAD {
    |     `- warning: 'public' modifier is redundant for static method declared in a public extension
 20 |         return OpenSCAD("cube([\(sideLength), \(sideLength), \(sideLength)], \(centered));")
 21 |     }
/Users/admin/builder/spi-builder-workspace/Sources/SwiftySCADKit/BasicShapes.swift:30:5: warning: 'public' modifier is redundant for static method declared in a public extension
 28 |     ///   - centered: Whether or not this object should be centered on the origin.
 29 |     /// - Returns: A 'cube' (rectangular prism) with the specified dimensions.
 30 |     public static func cube(height: Double, width: Double, depth: Double, centered: Bool) -> OpenSCAD {
    |     `- warning: 'public' modifier is redundant for static method declared in a public extension
 31 |         return OpenSCAD("cube([\(width), \(depth), \(height)], \(centered));")
 32 |     }
/Users/admin/builder/spi-builder-workspace/Sources/SwiftySCADKit/BasicShapes.swift:41:5: warning: 'public' modifier is redundant for static method declared in a public extension
 39 |     ///   - centered: Whether or not this object should be centered on the origin.
 40 |     /// - Returns: A rectangular prism with the specified dimensions.
 41 |     public static func rectangularPrism(height: Double, width: Double, depth: Double, centered: Bool) -> OpenSCAD {
    |     `- warning: 'public' modifier is redundant for static method declared in a public extension
 42 |         return cube(height:height, width:width, depth: depth, centered: centered)
 43 |     }
/Users/admin/builder/spi-builder-workspace/Sources/SwiftySCADKit/BasicShapes.swift:91:5: warning: 'public' modifier is redundant for static method declared in a public extension
 89 |     /// - Parameter radius: The radius of the sphere.
 90 |     /// - Returns: A sphere with the specified radius.
 91 |     public static func sphere(_ radius: Double) -> OpenSCAD {
    |     `- warning: 'public' modifier is redundant for static method declared in a public extension
 92 |         return OpenSCAD("sphere(\(radius), $fn=\(OPENSCAD_CONFIG.SPHERE_RESOLUTION));")
 93 |     }
/Users/admin/builder/spi-builder-workspace/Sources/SwiftySCADKit/BasicShapes.swift:124:5: warning: 'public' modifier is redundant for static method declared in a public extension
122 |     ///   - centered: Whether of not the cylinder is centered on the origin.
123 |     /// - Returns: A cylinder with the specified dimensions.
124 |     public static func cylinder(height: Double, topRadius: Double, bottomRadius: Double, centered: Bool) -> OpenSCAD {
    |     `- warning: 'public' modifier is redundant for static method declared in a public extension
125 |         return OpenSCAD("cylinder($fn = \(OPENSCAD_CONFIG.SPHERE_RESOLUTION), \(height), \(bottomRadius), \(topRadius), \(centered));")
126 |     }
/Users/admin/builder/spi-builder-workspace/Sources/SwiftySCADKit/BasicShapes.swift:153:5: warning: 'public' modifier is redundant for struct declared in a public extension
151 | public extension OpenSCAD {
152 |     /// A representation of a point in 3D space.
153 |     public struct Point: Hashable {
    |     `- warning: 'public' modifier is redundant for struct declared in a public extension
154 |         /// The x value of the point.
155 |         public var x: Double
/Users/admin/builder/spi-builder-workspace/Sources/SwiftySCADKit/BasicShapes.swift:182:5: warning: 'public' modifier is redundant for struct declared in a public extension
180 |     }
181 |     /// A representation of a face of a polyhedron.
182 |     public struct Face: Hashable {
    |     `- warning: 'public' modifier is redundant for struct declared in a public extension
183 |         public var points: [Point]
184 |         public init(points: [Point]) {
/Users/admin/builder/spi-builder-workspace/Sources/SwiftySCADKit/BasicShapes.swift:195:5: warning: 'public' modifier is redundant for static method declared in a public extension
193 |     /// - Parameter faces: The faces of the polyhedron.
194 |     /// - Returns: A polyhedron with the given faces.
195 |     public static func polyhedron(faces: [Face]) -> OpenSCAD {
    |     `- warning: 'public' modifier is redundant for static method declared in a public extension
196 |         var points: [Point] = []
197 |         for face in faces {
/Users/admin/builder/spi-builder-workspace/Sources/SwiftySCADKit/BasicShapes.swift:228:5: warning: 'public' modifier is redundant for static method declared in a public extension
226 |     /// - Parameter faces: The faces of the polyhedron.
227 |     /// - Returns: A polyhedron with the given faces.
228 |     public static func polyhedron(faces: Face...) -> OpenSCAD {
    |     `- warning: 'public' modifier is redundant for static method declared in a public extension
229 |         return polyhedron(faces: faces)
230 |     }
/Users/admin/builder/spi-builder-workspace/Sources/SwiftySCADKit/BasicShapes.swift:265:5: warning: 'public' modifier is redundant for static method declared in a public extension
263 |     ///   - top: The top three points.
264 |     /// - Returns: A triangular prism created from the given points.
265 |     public static func triangularPrism(bottom: (a: Point, b: Point, c: Point), top: (a: Point, b: Point, c: Point)) -> OpenSCAD {
    |     `- warning: 'public' modifier is redundant for static method declared in a public extension
266 |         return polyhedron(faces: Face(points: [bottom.a, bottom.c, bottom.b]), Face(points: [top.a, top.b, top.c]), Face(points: [top.b, top.a, bottom.a, bottom.b]), Face(points: [top.a, top.c, bottom.c, bottom.a]), Face(points: [top.c, top.b, bottom.b, bottom.c]))
267 |     }
/Users/admin/builder/spi-builder-workspace/Sources/SwiftySCADKit/BasicShapes.swift:297:5: warning: 'public' modifier is redundant for static method declared in a public extension
295 |     ///   - top: The top four points.
296 |     /// - Returns: A hexahedron created from the given points.
297 |     public static func hexahedron(bottom: (a: Point, b: Point, c: Point, d: Point), top: (a: Point, b: Point, c: Point, d: Point)) -> OpenSCAD {
    |     `- warning: 'public' modifier is redundant for static method declared in a public extension
298 |         return polyhedron(faces: Face(points: top.a, top.b, top.c, top.d), Face(points: top.a, top.d, bottom.d, bottom.a), Face(points: top.b, top.a, bottom.a, bottom.b), Face(points: top.c, top.b, bottom.b, bottom.c), Face(points: top.d, top.c, bottom.c, bottom.d), Face(points: bottom.a, bottom.d, bottom.c, bottom.b))
299 |     }
/Users/admin/builder/spi-builder-workspace/Sources/SwiftySCADKit/BasicShapes.swift:305:5: warning: 'internal' modifier is redundant for instance method declared in an internal extension
303 |
304 | internal extension Array where Element: Equatable {
305 |     internal func removingDuplicates() -> [Element] {
    |     `- warning: 'internal' modifier is redundant for instance method declared in an internal extension
306 |         var buffer: [Iterator.Element] = []
307 |
/Users/admin/builder/spi-builder-workspace/Sources/SwiftySCADKit/BasicShapes.swift:316:5: warning: 'internal' modifier is redundant for instance method declared in an internal extension
314 |         return buffer
315 |     }
316 |     internal mutating func removeDuplicates() {
    |     `- warning: 'internal' modifier is redundant for instance method declared in an internal extension
317 |         self = removingDuplicates()
318 |     }
/Users/admin/builder/spi-builder-workspace/Sources/SwiftySCADKit/BasicShapes.swift:321:5: warning: 'internal' modifier is redundant for instance method declared in an internal extension
319 | }
320 | internal extension Array where Element: Hashable {
321 |     internal func removingDuplicates() -> [Element] {
    |     `- warning: 'internal' modifier is redundant for instance method declared in an internal extension
322 |         var buffer: [Iterator.Element] = []
323 |         var lookup = Set<Iterator.Element>()
/Users/admin/builder/spi-builder-workspace/Sources/SwiftySCADKit/BasicShapes.swift:334:5: warning: 'internal' modifier is redundant for instance method declared in an internal extension
332 |         return buffer
333 |     }
334 |     internal mutating func removeDuplicates() {
    |     `- warning: 'internal' modifier is redundant for instance method declared in an internal extension
335 |         self = removingDuplicates()
336 |     }
/Users/admin/builder/spi-builder-workspace/Sources/SwiftySCADKit/BooleanOperators.swift:19:5: warning: 'public' modifier is redundant for static method declared in a public extension
 17 |     ///   - children: Any other objects in the union.
 18 |     /// - Returns: A union of all passed OpenSCAD objects.
 19 |     public static func union(_ parent: OpenSCAD, _ children: OpenSCAD...) -> OpenSCAD {
    |     `- warning: 'public' modifier is redundant for static method declared in a public extension
 20 |         return union(parent, children)
 21 |     }
/Users/admin/builder/spi-builder-workspace/Sources/SwiftySCADKit/BooleanOperators.swift:48:5: warning: 'public' modifier is redundant for operator function declared in a public extension
 46 |     ///   - rhs: The other object in the union.
 47 |     /// - Returns: A union of the two OpenSCAD objects.
 48 |     public static func + (lhs: OpenSCAD, rhs: OpenSCAD) -> OpenSCAD {
    |     `- warning: 'public' modifier is redundant for operator function declared in a public extension
 49 |         return union(lhs, rhs)
 50 |     }
/Users/admin/builder/spi-builder-workspace/Sources/SwiftySCADKit/BooleanOperators.swift:56:5: warning: 'public' modifier is redundant for instance method declared in a public extension
 54 |     /// - Parameter subjects: The objects to be unioned with.
 55 |     /// - Returns: A union of the caller and all passed objects.
 56 |     public func unioned(with subjects: OpenSCAD...) -> OpenSCAD {
    |     `- warning: 'public' modifier is redundant for instance method declared in a public extension
 57 |         return unioned(with: subjects)
 58 |     }
/Users/admin/builder/spi-builder-workspace/Sources/SwiftySCADKit/BooleanOperators.swift:62:5: warning: 'public' modifier is redundant for instance method declared in a public extension
 60 |     ///
 61 |     /// - Parameter subjects: The objects to union with.
 62 |     public mutating func union(with subjects: OpenSCAD...) {
    |     `- warning: 'public' modifier is redundant for instance method declared in a public extension
 63 |         self = self.unioned(with: subjects)
 64 |     }
/Users/admin/builder/spi-builder-workspace/Sources/SwiftySCADKit/BooleanOperators.swift:95:5: warning: 'public' modifier is redundant for static method declared in a public extension
 93 |     ///   - children: The objects to subtract from the parent.
 94 |     /// - Returns: A difference made by subtracting the children from the parents.
 95 |     public static func difference(_ parent: OpenSCAD, _ children: OpenSCAD...) -> OpenSCAD {
    |     `- warning: 'public' modifier is redundant for static method declared in a public extension
 96 |         return difference(parent, children)
 97 |     }
/Users/admin/builder/spi-builder-workspace/Sources/SwiftySCADKit/BooleanOperators.swift:124:5: warning: 'public' modifier is redundant for operator function declared in a public extension
122 |     ///   - rhs: The object to subtract from the base.
123 |     /// - Returns: A difference made by subtracting the right object from the left.
124 |     public static func - (lhs: OpenSCAD, rhs: OpenSCAD) -> OpenSCAD {
    |     `- warning: 'public' modifier is redundant for operator function declared in a public extension
125 |         return difference(lhs, rhs)
126 |     }
/Users/admin/builder/spi-builder-workspace/Sources/SwiftySCADKit/BooleanOperators.swift:132:5: warning: 'public' modifier is redundant for instance method declared in a public extension
130 |     /// - Parameter subjects: The object to be subtracted.
131 |     /// - Returns: A difference formed by subtracting the subject from the caller.
132 |     public func differenced(from subject: OpenSCAD) -> OpenSCAD {
    |     `- warning: 'public' modifier is redundant for instance method declared in a public extension
133 |         return OpenSCAD.difference(subject, [self])
134 |     }
/Users/admin/builder/spi-builder-workspace/Sources/SwiftySCADKit/BooleanOperators.swift:138:5: warning: 'public' modifier is redundant for instance method declared in a public extension
136 |     ///
137 |     /// - Parameter subject: The object to subtract from the caller.
138 |     public mutating func difference(from subject: OpenSCAD) {
    |     `- warning: 'public' modifier is redundant for instance method declared in a public extension
139 |         self = self.differenced(from: subject)
140 |     }
/Users/admin/builder/spi-builder-workspace/Sources/SwiftySCADKit/BooleanOperators.swift:145:5: warning: 'public' modifier is redundant for instance method declared in a public extension
143 |     /// - Parameter subjects: The object to be subtracted.
144 |     /// - Returns: A difference formed by subtracting the subject from the caller.
145 |     public func subtracted(from subject: OpenSCAD) -> OpenSCAD {
    |     `- warning: 'public' modifier is redundant for instance method declared in a public extension
146 |         return differenced(from: subject)
147 |     }
/Users/admin/builder/spi-builder-workspace/Sources/SwiftySCADKit/BooleanOperators.swift:151:5: warning: 'public' modifier is redundant for instance method declared in a public extension
149 |     ///
150 |     /// - Parameter subject: The object to subtract from the caller.
151 |     public mutating func subtract(from subject: OpenSCAD) {
    |     `- warning: 'public' modifier is redundant for instance method declared in a public extension
152 |         difference(from: subject)
153 |     }
/Users/admin/builder/spi-builder-workspace/Sources/SwiftySCADKit/BooleanOperators.swift:177:5: warning: 'public' modifier is redundant for static method declared in a public extension
175 |     ///   - children: Any other objects in the intersection.
176 |     /// - Returns: A union of all passed OpenSCAD objects.
177 |     public static func intersection(_ parent: OpenSCAD, _ children: OpenSCAD...) -> OpenSCAD {
    |     `- warning: 'public' modifier is redundant for static method declared in a public extension
178 |         return intersection(parent, children)
179 |     }
/Users/admin/builder/spi-builder-workspace/Sources/SwiftySCADKit/BooleanOperators.swift:204:5: warning: 'public' modifier is redundant for instance method declared in a public extension
202 |     /// - Parameter subjects: The objects to be intersected with.
203 |     /// - Returns: An intersection of the caller and all passed objects.
204 |     public func intersectioned(with subjects: OpenSCAD...) -> OpenSCAD {
    |     `- warning: 'public' modifier is redundant for instance method declared in a public extension
205 |         return intersectioned(with: subjects)
206 |     }
/Users/admin/builder/spi-builder-workspace/Sources/SwiftySCADKit/BooleanOperators.swift:210:5: warning: 'public' modifier is redundant for instance method declared in a public extension
208 |     ///
209 |     /// - Parameter subjects: The objects to intersect with.
210 |     public mutating func intersection(with subjects: OpenSCAD...) {
    |     `- warning: 'public' modifier is redundant for instance method declared in a public extension
211 |         self = self.intersectioned(with: subjects)
212 |     }
/Users/admin/builder/spi-builder-workspace/Sources/SwiftySCADKit/Transformations.swift:21:5: warning: 'public' modifier is redundant for static method declared in a public extension
 19 |     ///   - subjects: The subjects to scale.
 20 |     /// - Returns: A scaled version of the given subjects.
 21 |     public static func scale(_ dx: Double, _ dy: Double, _ dz: Double, subjects: OpenSCAD...) -> OpenSCAD {
    |     `- warning: 'public' modifier is redundant for static method declared in a public extension
 22 |         return scale(dx, dy, dz, subjects: subjects)
 23 |     }
/Users/admin/builder/spi-builder-workspace/Sources/SwiftySCADKit/Transformations.swift:32:5: warning: 'public' modifier is redundant for static method declared in a public extension
 30 |     ///   - dz: The `z` value to scale by.
 31 |     /// - Returns: A scaled version of the given subjects.
 32 |     public static func scale(_ subjects: OpenSCAD..., to dx: Double, _ dy: Double, _ dz: Double) -> OpenSCAD {
    |     `- warning: 'public' modifier is redundant for static method declared in a public extension
 33 |         return scale(dx, dy, dz, subjects: subjects)
 34 |     }
/Users/admin/builder/spi-builder-workspace/Sources/SwiftySCADKit/Transformations.swift:63:5: warning: 'public' modifier is redundant for instance method declared in a public extension
 61 |     ///   - dz: The `z` value to scale by.
 62 |     /// - Returns: A scaled version of the caller.
 63 |     public func scaled(to dx: Double, _ dy: Double, _ dz: Double) -> OpenSCAD {
    |     `- warning: 'public' modifier is redundant for instance method declared in a public extension
 64 |         return OpenSCAD.scale(dx, dy, dz, subjects: [self])
 65 |     }
/Users/admin/builder/spi-builder-workspace/Sources/SwiftySCADKit/Transformations.swift:72:5: warning: 'public' modifier is redundant for instance method declared in a public extension
 70 |     ///   - dy: The `y` value to scale by.
 71 |     ///   - dz: The `z` value to scale by.
 72 |     public mutating func scale(to dx: Double, _ dy: Double, _ dz: Double) {
    |     `- warning: 'public' modifier is redundant for instance method declared in a public extension
 73 |         self = self.scaled(to: dx, dy, dz)
 74 |     }
/Users/admin/builder/spi-builder-workspace/Sources/SwiftySCADKit/Transformations.swift:115:5: warning: 'public' modifier is redundant for static method declared in a public extension
113 |     ///   - subjects: The subjects to resize.
114 |     /// - Returns: A resized version of the given subjects.
115 |     public static func resize(_ newx: Double, _ newy: Double, _ newz: Double, subjects: OpenSCAD...) -> OpenSCAD {
    |     `- warning: 'public' modifier is redundant for static method declared in a public extension
116 |         return resize(newx, newy, newz, subjects: subjects)
117 |     }
/Users/admin/builder/spi-builder-workspace/Sources/SwiftySCADKit/Transformations.swift:126:5: warning: 'public' modifier is redundant for static method declared in a public extension
124 |     ///   - newz: The new `z` length.
125 |     /// - Returns: A resized version of the given subjects.
126 |     public static func resize(_ subjects: OpenSCAD..., to newx: Double, _ newy: Double, _ newz: Double) -> OpenSCAD {
    |     `- warning: 'public' modifier is redundant for static method declared in a public extension
127 |         return resize(newx, newy, newz, subjects: subjects)
128 |     }
/Users/admin/builder/spi-builder-workspace/Sources/SwiftySCADKit/Transformations.swift:157:5: warning: 'public' modifier is redundant for instance method declared in a public extension
155 |     ///   - newz: The new `z` length.
156 |     /// - Returns: A resized version of the caller.
157 |     public func resized(to newx: Double, _ newy: Double, _ newz: Double) -> OpenSCAD {
    |     `- warning: 'public' modifier is redundant for instance method declared in a public extension
158 |         return OpenSCAD.resize(newx, newy, newz, subjects: [self])
159 |     }
/Users/admin/builder/spi-builder-workspace/Sources/SwiftySCADKit/Transformations.swift:166:5: warning: 'public' modifier is redundant for instance method declared in a public extension
164 |     ///   - newy: The new `y` length.
165 |     ///   - newz: The new `z` length.
166 |     public mutating func resize(to newx: Double, _ newy: Double, _ newz: Double) {
    |     `- warning: 'public' modifier is redundant for instance method declared in a public extension
167 |         self = self.resized(to: newx, newy, newz)
168 |     }
/Users/admin/builder/spi-builder-workspace/Sources/SwiftySCADKit/Transformations.swift:209:5: warning: 'public' modifier is redundant for static method declared in a public extension
207 |     ///   - subjects: The objects to rotate.
208 |     /// - Returns: A rotated version of the given subjects.
209 |     public static func rotate(_ dx: Double, _ dy: Double, _ dz: Double, subjects: OpenSCAD...) -> OpenSCAD {
    |     `- warning: 'public' modifier is redundant for static method declared in a public extension
210 |         return rotate(dx, dy, dz, subjects: subjects)
211 |     }
/Users/admin/builder/spi-builder-workspace/Sources/SwiftySCADKit/Transformations.swift:220:5: warning: 'public' modifier is redundant for static method declared in a public extension
218 |     ///   - dz: The degrees to rotate around the `z` axis.
219 |     /// - Returns: A rotated version of the given subjects.
220 |     public static func rotate(_ subjects: OpenSCAD..., by dx: Double, _ dy: Double, _ dz: Double) -> OpenSCAD {
    |     `- warning: 'public' modifier is redundant for static method declared in a public extension
221 |         return rotate(dx, dy, dz, subjects: subjects)
222 |     }
/Users/admin/builder/spi-builder-workspace/Sources/SwiftySCADKit/Transformations.swift:251:5: warning: 'public' modifier is redundant for instance method declared in a public extension
249 |     ///   - dz: The degrees to rotate around the `z` axis.
250 |     /// - Returns: A rotated version of the caller.
251 |     public func rotated(by dx: Double, _ dy: Double, _ dz: Double) -> OpenSCAD {
    |     `- warning: 'public' modifier is redundant for instance method declared in a public extension
252 |         return OpenSCAD.rotate(dx, dy, dz, subjects: [self])
253 |     }
/Users/admin/builder/spi-builder-workspace/Sources/SwiftySCADKit/Transformations.swift:260:5: warning: 'public' modifier is redundant for instance method declared in a public extension
258 |     ///   - dy: The degrees to rotate around the `y` axis.
259 |     ///   - dz: The degrees to rotate around the `z` axis.
260 |     public mutating func rotate(by dx: Double, _ dy: Double, _ dz: Double) {
    |     `- warning: 'public' modifier is redundant for instance method declared in a public extension
261 |         self = self.rotated(by: dx, dy, dz)
262 |     }
/Users/admin/builder/spi-builder-workspace/Sources/SwiftySCADKit/Transformations.swift:303:5: warning: 'public' modifier is redundant for static method declared in a public extension
301 |     ///   - subjects: The objects to translate.
302 |     /// - Returns: A translated version of the given subjects.
303 |     public static func translate(_ dx: Double, _ dy: Double, _ dz: Double, subjects: OpenSCAD...) -> OpenSCAD {
    |     `- warning: 'public' modifier is redundant for static method declared in a public extension
304 |         return translate(dx, dy, dz, subjects: subjects)
305 |     }
/Users/admin/builder/spi-builder-workspace/Sources/SwiftySCADKit/Transformations.swift:314:5: warning: 'public' modifier is redundant for static method declared in a public extension
312 |     ///   - dz: The amount to move along the `z` axis.
313 |     /// - Returns: A translated version of the given subjects.
314 |     public static func translate(_ subjects: OpenSCAD..., by dx: Double, _ dy: Double, _ dz: Double) -> OpenSCAD {
    |     `- warning: 'public' modifier is redundant for static method declared in a public extension
315 |         return translate(dx, dy, dz, subjects: subjects)
316 |     }
/Users/admin/builder/spi-builder-workspace/Sources/SwiftySCADKit/Transformations.swift:345:5: warning: 'public' modifier is redundant for instance method declared in a public extension
343 |     ///   - dz: The amount to move along the `z` axis.
344 |     /// - Returns: A translated version of the caller.
345 |     public func translated(by dx: Double, _ dy: Double, _ dz: Double) -> OpenSCAD {
    |     `- warning: 'public' modifier is redundant for instance method declared in a public extension
346 |         return OpenSCAD.translate(dx, dy, dz, subjects: [self])
347 |     }
/Users/admin/builder/spi-builder-workspace/Sources/SwiftySCADKit/Transformations.swift:354:5: warning: 'public' modifier is redundant for instance method declared in a public extension
352 |     ///   - dy: The amount to move along the `y` axis.
353 |     ///   - dz: The amount to move along the `z` axis.
354 |     public mutating func translate(by dx: Double, _ dy: Double, _ dz: Double) {
    |     `- warning: 'public' modifier is redundant for instance method declared in a public extension
355 |         self = self.translated(by: dx, dy, dz)
356 |     }
/Users/admin/builder/spi-builder-workspace/Sources/SwiftySCADKit/Transformations.swift:397:5: warning: 'public' modifier is redundant for static method declared in a public extension
395 |     ///   - subjects: The objects to mirror.
396 |     /// - Returns: A mirrored version of the given objects.
397 |     public static func mirror(_ dx: Double, _ dy: Double, _ dz: Double, subjects: OpenSCAD...) -> OpenSCAD {
    |     `- warning: 'public' modifier is redundant for static method declared in a public extension
398 |         return mirror(dx, dy, dz, subjects: subjects)
399 |     }
/Users/admin/builder/spi-builder-workspace/Sources/SwiftySCADKit/Transformations.swift:408:5: warning: 'public' modifier is redundant for static method declared in a public extension
406 |     ///   - dz: The z component of the normal vector of the plane to mirror across.
407 |     /// - Returns: A mirrored version of the given objects.
408 |     public static func mirror(_ subjects: OpenSCAD..., across dx: Double, _ dy: Double, _ dz: Double) -> OpenSCAD {
    |     `- warning: 'public' modifier is redundant for static method declared in a public extension
409 |         return mirror(dx, dy, dz, subjects: subjects)
410 |     }
/Users/admin/builder/spi-builder-workspace/Sources/SwiftySCADKit/Transformations.swift:439:5: warning: 'public' modifier is redundant for instance method declared in a public extension
437 |     ///   - dz: The z component of the normal vector of the plane to mirror across.
438 |     /// - Returns: A mirrored version of the caller.
439 |     public func mirrored(across dx: Double, _ dy: Double, _ dz: Double) -> OpenSCAD {
    |     `- warning: 'public' modifier is redundant for instance method declared in a public extension
440 |         return OpenSCAD.mirror(dx, dy, dz, subjects: [self])
441 |     }
/Users/admin/builder/spi-builder-workspace/Sources/SwiftySCADKit/Transformations.swift:448:5: warning: 'public' modifier is redundant for instance method declared in a public extension
446 |     ///   - dy: The y component of the normal vector of the plane to mirror across.
447 |     ///   - dz: The z component of the normal vector of the plane to mirror across.
448 |     public mutating func mirror(across dx: Double, _ dy: Double, _ dz: Double) {
    |     `- warning: 'public' modifier is redundant for instance method declared in a public extension
449 |         self = self.mirrored(across: dx, dy, dz)
450 |     }
/Users/admin/builder/spi-builder-workspace/Sources/SwiftySCADKit/Transformations.swift:492:5: warning: 'public' modifier is redundant for static method declared in a public extension
490 |     ///   - subjects: The objects to color
491 |     /// - Returns: A colored version of the given objects.
492 |     public static func color(_ r: Double, _ g: Double, _ b: Double, _ a: Double, subjects: OpenSCAD...) -> OpenSCAD {
    |     `- warning: 'public' modifier is redundant for static method declared in a public extension
493 |         return color(r, g, b, a, subjects: subjects)
494 |     }
/Users/admin/builder/spi-builder-workspace/Sources/SwiftySCADKit/Transformations.swift:504:5: warning: 'public' modifier is redundant for static method declared in a public extension
502 |     ///   - a: The alpha component of the color.
503 |     /// - Returns: A colored version of the given objects.
504 |     public static func color(_ subjects: OpenSCAD..., to r: Double, _ g: Double, _ b: Double, _ a: Double) -> OpenSCAD {
    |     `- warning: 'public' modifier is redundant for static method declared in a public extension
505 |         return color(r, g, b, a, subjects: subjects)
506 |     }
/Users/admin/builder/spi-builder-workspace/Sources/SwiftySCADKit/Transformations.swift:537:5: warning: 'public' modifier is redundant for instance method declared in a public extension
535 |     ///   - a: The alpha component of the color.
536 |     /// - Returns: A colored version of the caller.
537 |     public func colored(to r: Double, _ g: Double, _ b: Double, _ a: Double) -> OpenSCAD {
    |     `- warning: 'public' modifier is redundant for instance method declared in a public extension
538 |         return OpenSCAD.color(r, g, b, a, subjects: [self])
539 |     }
/Users/admin/builder/spi-builder-workspace/Sources/SwiftySCADKit/Transformations.swift:547:5: warning: 'public' modifier is redundant for instance method declared in a public extension
545 |     ///   - b: The blue component of the color.
546 |     ///   - a: The alpha component of the color.
547 |     public mutating func color(to r: Double, _ g: Double, _ b: Double, _ a: Double) {
    |     `- warning: 'public' modifier is redundant for instance method declared in a public extension
548 |         self = self.colored(to: r, g, b, a)
549 |     }
SwiftCompile normal arm64 (in target 'SwiftySCADKit' from project 'SwiftySCADKit')
    cd /Users/admin/builder/spi-builder-workspace/.swiftpm/xcode

SwiftCompile normal arm64 Compiling\ Transformations.swift /Users/admin/builder/spi-builder-workspace/Sources/SwiftySCADKit/Transformations.swift (in target 'SwiftySCADKit' from project 'SwiftySCADKit')
/Users/admin/builder/spi-builder-workspace/Sources/SwiftySCADKit/Transformations.swift:21:5: warning: 'public' modifier is redundant for static method declared in a public extension
 19 |     ///   - subjects: The subjects to scale.
 20 |     /// - Returns: A scaled version of the given subjects.
 21 |     public static func scale(_ dx: Double, _ dy: Double, _ dz: Double, subjects: OpenSCAD...) -> OpenSCAD {
    |     `- warning: 'public' modifier is redundant for static method declared in a public extension
 22 |         return scale(dx, dy, dz, subjects: subjects)
 23 |     }
/Users/admin/builder/spi-builder-workspace/Sources/SwiftySCADKit/Transformations.swift:32:5: warning: 'public' modifier is redundant for static method declared in a public extension
 30 |     ///   - dz: The `z` value to scale by.
 31 |     /// - Returns: A scaled version of the given subjects.
 32 |     public static func scale(_ subjects: OpenSCAD..., to dx: Double, _ dy: Double, _ dz: Double) -> OpenSCAD {
    |     `- warning: 'public' modifier is redundant for static method declared in a public extension
 33 |         return scale(dx, dy, dz, subjects: subjects)
 34 |     }
/Users/admin/builder/spi-builder-workspace/Sources/SwiftySCADKit/Transformations.swift:63:5: warning: 'public' modifier is redundant for instance method declared in a public extension
 61 |     ///   - dz: The `z` value to scale by.
 62 |     /// - Returns: A scaled version of the caller.
 63 |     public func scaled(to dx: Double, _ dy: Double, _ dz: Double) -> OpenSCAD {
    |     `- warning: 'public' modifier is redundant for instance method declared in a public extension
 64 |         return OpenSCAD.scale(dx, dy, dz, subjects: [self])
 65 |     }
/Users/admin/builder/spi-builder-workspace/Sources/SwiftySCADKit/Transformations.swift:72:5: warning: 'public' modifier is redundant for instance method declared in a public extension
 70 |     ///   - dy: The `y` value to scale by.
 71 |     ///   - dz: The `z` value to scale by.
 72 |     public mutating func scale(to dx: Double, _ dy: Double, _ dz: Double) {
    |     `- warning: 'public' modifier is redundant for instance method declared in a public extension
 73 |         self = self.scaled(to: dx, dy, dz)
 74 |     }
/Users/admin/builder/spi-builder-workspace/Sources/SwiftySCADKit/Transformations.swift:115:5: warning: 'public' modifier is redundant for static method declared in a public extension
113 |     ///   - subjects: The subjects to resize.
114 |     /// - Returns: A resized version of the given subjects.
115 |     public static func resize(_ newx: Double, _ newy: Double, _ newz: Double, subjects: OpenSCAD...) -> OpenSCAD {
    |     `- warning: 'public' modifier is redundant for static method declared in a public extension
116 |         return resize(newx, newy, newz, subjects: subjects)
117 |     }
/Users/admin/builder/spi-builder-workspace/Sources/SwiftySCADKit/Transformations.swift:126:5: warning: 'public' modifier is redundant for static method declared in a public extension
124 |     ///   - newz: The new `z` length.
125 |     /// - Returns: A resized version of the given subjects.
126 |     public static func resize(_ subjects: OpenSCAD..., to newx: Double, _ newy: Double, _ newz: Double) -> OpenSCAD {
    |     `- warning: 'public' modifier is redundant for static method declared in a public extension
127 |         return resize(newx, newy, newz, subjects: subjects)
128 |     }
/Users/admin/builder/spi-builder-workspace/Sources/SwiftySCADKit/Transformations.swift:157:5: warning: 'public' modifier is redundant for instance method declared in a public extension
155 |     ///   - newz: The new `z` length.
156 |     /// - Returns: A resized version of the caller.
157 |     public func resized(to newx: Double, _ newy: Double, _ newz: Double) -> OpenSCAD {
    |     `- warning: 'public' modifier is redundant for instance method declared in a public extension
158 |         return OpenSCAD.resize(newx, newy, newz, subjects: [self])
159 |     }
/Users/admin/builder/spi-builder-workspace/Sources/SwiftySCADKit/Transformations.swift:166:5: warning: 'public' modifier is redundant for instance method declared in a public extension
164 |     ///   - newy: The new `y` length.
165 |     ///   - newz: The new `z` length.
166 |     public mutating func resize(to newx: Double, _ newy: Double, _ newz: Double) {
    |     `- warning: 'public' modifier is redundant for instance method declared in a public extension
167 |         self = self.resized(to: newx, newy, newz)
168 |     }
/Users/admin/builder/spi-builder-workspace/Sources/SwiftySCADKit/Transformations.swift:209:5: warning: 'public' modifier is redundant for static method declared in a public extension
207 |     ///   - subjects: The objects to rotate.
208 |     /// - Returns: A rotated version of the given subjects.
209 |     public static func rotate(_ dx: Double, _ dy: Double, _ dz: Double, subjects: OpenSCAD...) -> OpenSCAD {
    |     `- warning: 'public' modifier is redundant for static method declared in a public extension
210 |         return rotate(dx, dy, dz, subjects: subjects)
211 |     }
/Users/admin/builder/spi-builder-workspace/Sources/SwiftySCADKit/Transformations.swift:220:5: warning: 'public' modifier is redundant for static method declared in a public extension
218 |     ///   - dz: The degrees to rotate around the `z` axis.
219 |     /// - Returns: A rotated version of the given subjects.
220 |     public static func rotate(_ subjects: OpenSCAD..., by dx: Double, _ dy: Double, _ dz: Double) -> OpenSCAD {
    |     `- warning: 'public' modifier is redundant for static method declared in a public extension
221 |         return rotate(dx, dy, dz, subjects: subjects)
222 |     }
/Users/admin/builder/spi-builder-workspace/Sources/SwiftySCADKit/Transformations.swift:251:5: warning: 'public' modifier is redundant for instance method declared in a public extension
249 |     ///   - dz: The degrees to rotate around the `z` axis.
250 |     /// - Returns: A rotated version of the caller.
251 |     public func rotated(by dx: Double, _ dy: Double, _ dz: Double) -> OpenSCAD {
    |     `- warning: 'public' modifier is redundant for instance method declared in a public extension
252 |         return OpenSCAD.rotate(dx, dy, dz, subjects: [self])
253 |     }
/Users/admin/builder/spi-builder-workspace/Sources/SwiftySCADKit/Transformations.swift:260:5: warning: 'public' modifier is redundant for instance method declared in a public extension
258 |     ///   - dy: The degrees to rotate around the `y` axis.
259 |     ///   - dz: The degrees to rotate around the `z` axis.
260 |     public mutating func rotate(by dx: Double, _ dy: Double, _ dz: Double) {
    |     `- warning: 'public' modifier is redundant for instance method declared in a public extension
261 |         self = self.rotated(by: dx, dy, dz)
262 |     }
/Users/admin/builder/spi-builder-workspace/Sources/SwiftySCADKit/Transformations.swift:303:5: warning: 'public' modifier is redundant for static method declared in a public extension
301 |     ///   - subjects: The objects to translate.
302 |     /// - Returns: A translated version of the given subjects.
303 |     public static func translate(_ dx: Double, _ dy: Double, _ dz: Double, subjects: OpenSCAD...) -> OpenSCAD {
    |     `- warning: 'public' modifier is redundant for static method declared in a public extension
304 |         return translate(dx, dy, dz, subjects: subjects)
305 |     }
/Users/admin/builder/spi-builder-workspace/Sources/SwiftySCADKit/Transformations.swift:314:5: warning: 'public' modifier is redundant for static method declared in a public extension
312 |     ///   - dz: The amount to move along the `z` axis.
313 |     /// - Returns: A translated version of the given subjects.
314 |     public static func translate(_ subjects: OpenSCAD..., by dx: Double, _ dy: Double, _ dz: Double) -> OpenSCAD {
    |     `- warning: 'public' modifier is redundant for static method declared in a public extension
315 |         return translate(dx, dy, dz, subjects: subjects)
316 |     }
/Users/admin/builder/spi-builder-workspace/Sources/SwiftySCADKit/Transformations.swift:345:5: warning: 'public' modifier is redundant for instance method declared in a public extension
343 |     ///   - dz: The amount to move along the `z` axis.
344 |     /// - Returns: A translated version of the caller.
345 |     public func translated(by dx: Double, _ dy: Double, _ dz: Double) -> OpenSCAD {
    |     `- warning: 'public' modifier is redundant for instance method declared in a public extension
346 |         return OpenSCAD.translate(dx, dy, dz, subjects: [self])
347 |     }
/Users/admin/builder/spi-builder-workspace/Sources/SwiftySCADKit/Transformations.swift:354:5: warning: 'public' modifier is redundant for instance method declared in a public extension
352 |     ///   - dy: The amount to move along the `y` axis.
353 |     ///   - dz: The amount to move along the `z` axis.
354 |     public mutating func translate(by dx: Double, _ dy: Double, _ dz: Double) {
    |     `- warning: 'public' modifier is redundant for instance method declared in a public extension
355 |         self = self.translated(by: dx, dy, dz)
356 |     }
/Users/admin/builder/spi-builder-workspace/Sources/SwiftySCADKit/Transformations.swift:397:5: warning: 'public' modifier is redundant for static method declared in a public extension
395 |     ///   - subjects: The objects to mirror.
396 |     /// - Returns: A mirrored version of the given objects.
397 |     public static func mirror(_ dx: Double, _ dy: Double, _ dz: Double, subjects: OpenSCAD...) -> OpenSCAD {
    |     `- warning: 'public' modifier is redundant for static method declared in a public extension
398 |         return mirror(dx, dy, dz, subjects: subjects)
399 |     }
/Users/admin/builder/spi-builder-workspace/Sources/SwiftySCADKit/Transformations.swift:408:5: warning: 'public' modifier is redundant for static method declared in a public extension
406 |     ///   - dz: The z component of the normal vector of the plane to mirror across.
407 |     /// - Returns: A mirrored version of the given objects.
408 |     public static func mirror(_ subjects: OpenSCAD..., across dx: Double, _ dy: Double, _ dz: Double) -> OpenSCAD {
    |     `- warning: 'public' modifier is redundant for static method declared in a public extension
409 |         return mirror(dx, dy, dz, subjects: subjects)
410 |     }
/Users/admin/builder/spi-builder-workspace/Sources/SwiftySCADKit/Transformations.swift:439:5: warning: 'public' modifier is redundant for instance method declared in a public extension
437 |     ///   - dz: The z component of the normal vector of the plane to mirror across.
438 |     /// - Returns: A mirrored version of the caller.
439 |     public func mirrored(across dx: Double, _ dy: Double, _ dz: Double) -> OpenSCAD {
    |     `- warning: 'public' modifier is redundant for instance method declared in a public extension
440 |         return OpenSCAD.mirror(dx, dy, dz, subjects: [self])
441 |     }
/Users/admin/builder/spi-builder-workspace/Sources/SwiftySCADKit/Transformations.swift:448:5: warning: 'public' modifier is redundant for instance method declared in a public extension
446 |     ///   - dy: The y component of the normal vector of the plane to mirror across.
447 |     ///   - dz: The z component of the normal vector of the plane to mirror across.
448 |     public mutating func mirror(across dx: Double, _ dy: Double, _ dz: Double) {
    |     `- warning: 'public' modifier is redundant for instance method declared in a public extension
449 |         self = self.mirrored(across: dx, dy, dz)
450 |     }
/Users/admin/builder/spi-builder-workspace/Sources/SwiftySCADKit/Transformations.swift:492:5: warning: 'public' modifier is redundant for static method declared in a public extension
490 |     ///   - subjects: The objects to color
491 |     /// - Returns: A colored version of the given objects.
492 |     public static func color(_ r: Double, _ g: Double, _ b: Double, _ a: Double, subjects: OpenSCAD...) -> OpenSCAD {
    |     `- warning: 'public' modifier is redundant for static method declared in a public extension
493 |         return color(r, g, b, a, subjects: subjects)
494 |     }
/Users/admin/builder/spi-builder-workspace/Sources/SwiftySCADKit/Transformations.swift:504:5: warning: 'public' modifier is redundant for static method declared in a public extension
502 |     ///   - a: The alpha component of the color.
503 |     /// - Returns: A colored version of the given objects.
504 |     public static func color(_ subjects: OpenSCAD..., to r: Double, _ g: Double, _ b: Double, _ a: Double) -> OpenSCAD {
    |     `- warning: 'public' modifier is redundant for static method declared in a public extension
505 |         return color(r, g, b, a, subjects: subjects)
506 |     }
/Users/admin/builder/spi-builder-workspace/Sources/SwiftySCADKit/Transformations.swift:537:5: warning: 'public' modifier is redundant for instance method declared in a public extension
535 |     ///   - a: The alpha component of the color.
536 |     /// - Returns: A colored version of the caller.
537 |     public func colored(to r: Double, _ g: Double, _ b: Double, _ a: Double) -> OpenSCAD {
    |     `- warning: 'public' modifier is redundant for instance method declared in a public extension
538 |         return OpenSCAD.color(r, g, b, a, subjects: [self])
539 |     }
SwiftCompile normal arm64 /Users/admin/builder/spi-builder-workspace/Sources/SwiftySCADKit/Transformations.swift (in target 'SwiftySCADKit' from project 'SwiftySCADKit')
    cd /Users/admin/builder/spi-builder-workspace/.swiftpm/xcode
    builtin-SwiftPerFileCompile Transformations.swift
SwiftDriverJobDiscovery normal arm64 Emitting module for SwiftySCADKit (in target 'SwiftySCADKit' from project 'SwiftySCADKit')
SwiftDriver\ Compilation\ Requirements SwiftySCADKit normal arm64 com.apple.xcode.tools.swift.compiler (in target 'SwiftySCADKit' from project 'SwiftySCADKit')
    cd /Users/admin/builder/spi-builder-workspace/.swiftpm/xcode
    builtin-Swift-Compilation-Requirements -- /Applications/Xcode-27.0.0-Release.Candidate.app/Contents/Developer/Toolchains/XcodeDefault.xctoolchain/usr/bin/swiftc -parse-as-library -module-name SwiftySCADKit -Onone @/Users/admin/builder/spi-builder-workspace/.derivedData/Build/Intermediates.noindex/SwiftySCADKit.build/Debug-appletvos/SwiftySCADKit-t.build/Objects-normal/arm64/SwiftySCADKit.SwiftFileList -DSWIFT_PACKAGE -DDEBUG -DSWIFT_MODULE_RESOURCE_BUNDLE_UNAVAILABLE -DXcode -plugin-path /Applications/Xcode-27.0.0-Release.Candidate.app/Contents/Developer/Toolchains/XcodeDefault.xctoolchain/usr/lib/swift/host/plugins/testing -enable-experimental-feature DebugDescriptionMacro -sdk /Applications/Xcode-27.0.0-Release.Candidate.app/Contents/Developer/Platforms/AppleTVOS.platform/Developer/SDKs/AppleTVOS27.0.sdk -target arm64-apple-tvos15.0 -g -module-cache-path /Users/admin/builder/spi-builder-workspace/.derivedData/ModuleCache.noindex -Xfrontend -serialize-debugging-options -profile-coverage-mapping -profile-generate -enable-testing -index-store-path /Users/admin/builder/spi-builder-workspace/.derivedData/Index.noindex/DataStore -Xcc -D_LIBCPP_HARDENING_MODE\=_LIBCPP_HARDENING_MODE_DEBUG -swift-version 4.2 -I /Users/admin/builder/spi-builder-workspace/.derivedData/Build/Products/Debug-appletvos -Isystem /Applications/Xcode-27.0.0-Release.Candidate.app/Contents/Developer/Platforms/AppleTVOS.platform/Developer/usr/lib -F /Users/admin/builder/spi-builder-workspace/.derivedData/Build/Products/Debug-appletvos -F /Applications/Xcode-27.0.0-Release.Candidate.app/Contents/Developer/Platforms/AppleTVOS.platform/Developer/Library/Frameworks -F /Applications/Xcode-27.0.0-Release.Candidate.app/Contents/Developer/Platforms/AppleTVOS.platform/Developer/SDKs/AppleTVOS27.0.sdk/Developer/Library/Frameworks -c -j10 -enable-batch-mode -incremental -Xcc -ivfsstatcache -Xcc /Users/admin/builder/spi-builder-workspace/.derivedData/SDKStatCaches.noindex/appletvos27.0-24J360-e829b21a6f8c9b70876ba0858053c044b32bfd8d43560033f8d89884cdb90028.sdkstatcache -output-file-map /Users/admin/builder/spi-builder-workspace/.derivedData/Build/Intermediates.noindex/SwiftySCADKit.build/Debug-appletvos/SwiftySCADKit-t.build/Objects-normal/arm64/SwiftySCADKit-OutputFileMap.json -save-temps -no-color-diagnostics -emit-dependencies -emit-module -emit-module-path /Users/admin/builder/spi-builder-workspace/.derivedData/Build/Intermediates.noindex/SwiftySCADKit.build/Debug-appletvos/SwiftySCADKit-t.build/Objects-normal/arm64/SwiftySCADKit.swiftmodule -serialize-diagnostics -validate-clang-modules-once -clang-build-session-file /Users/admin/builder/spi-builder-workspace/.derivedData/ModuleCache.noindex/Session.modulevalidation -Xcc -fmodules-prune-interval\=86400 -Xcc -fmodules-prune-after\=345600 -emit-const-values -const-gather-protocols-list /Users/admin/builder/spi-builder-workspace/.derivedData/Build/Intermediates.noindex/SwiftySCADKit.build/Debug-appletvos/SwiftySCADKit-t.build/Objects-normal/arm64/SwiftySCADKit_const_extract_protocols.json -Xcc -I/Users/admin/builder/spi-builder-workspace/.derivedData/Build/Products/Debug-appletvos/include -Xcc -I/Users/admin/builder/spi-builder-workspace/.derivedData/Build/Intermediates.noindex/SwiftySCADKit.build/Debug-appletvos/SwiftySCADKit-t.build/DerivedSources-normal/arm64 -Xcc -I/Users/admin/builder/spi-builder-workspace/.derivedData/Build/Intermediates.noindex/SwiftySCADKit.build/Debug-appletvos/SwiftySCADKit-t.build/DerivedSources/arm64 -Xcc -I/Users/admin/builder/spi-builder-workspace/.derivedData/Build/Intermediates.noindex/SwiftySCADKit.build/Debug-appletvos/SwiftySCADKit-t.build/DerivedSources -Xcc -DSWIFT_PACKAGE -Xcc -DDEBUG\=1 -emit-objc-header -emit-objc-header-path /Users/admin/builder/spi-builder-workspace/.derivedData/Build/Intermediates.noindex/SwiftySCADKit.build/Debug-appletvos/SwiftySCADKit-t.build/Objects-normal/arm64/SwiftySCADKit-Swift.h -working-directory /Users/admin/builder/spi-builder-workspace/.swiftpm/xcode -experimental-emit-module-separately -disable-cmo
SwiftMergeGeneratedHeaders /Users/admin/builder/spi-builder-workspace/.derivedData/Build/Intermediates.noindex/GeneratedModuleMaps-appletvos/SwiftySCADKit-Swift.h /Users/admin/builder/spi-builder-workspace/.derivedData/Build/Intermediates.noindex/SwiftySCADKit.build/Debug-appletvos/SwiftySCADKit-t.build/Objects-normal/arm64/SwiftySCADKit-Swift.h (in target 'SwiftySCADKit' from project 'SwiftySCADKit')
    cd /Users/admin/builder/spi-builder-workspace
    builtin-swiftHeaderTool -arch arm64 /Users/admin/builder/spi-builder-workspace/.derivedData/Build/Intermediates.noindex/SwiftySCADKit.build/Debug-appletvos/SwiftySCADKit-t.build/Objects-normal/arm64/SwiftySCADKit-Swift.h -o /Users/admin/builder/spi-builder-workspace/.derivedData/Build/Intermediates.noindex/GeneratedModuleMaps-appletvos/SwiftySCADKit-Swift.h
Copy /Users/admin/builder/spi-builder-workspace/.derivedData/Build/Products/Debug-appletvos/SwiftySCADKit.swiftmodule/arm64-apple-tvos.swiftmodule /Users/admin/builder/spi-builder-workspace/.derivedData/Build/Intermediates.noindex/SwiftySCADKit.build/Debug-appletvos/SwiftySCADKit-t.build/Objects-normal/arm64/SwiftySCADKit.swiftmodule (in target 'SwiftySCADKit' from project 'SwiftySCADKit')
    cd /Users/admin/builder/spi-builder-workspace
    builtin-copy -exclude .DS_Store -exclude CVS -exclude .svn -exclude .git -exclude .hg -resolve-src-symlinks -rename /Users/admin/builder/spi-builder-workspace/.derivedData/Build/Intermediates.noindex/SwiftySCADKit.build/Debug-appletvos/SwiftySCADKit-t.build/Objects-normal/arm64/SwiftySCADKit.swiftmodule /Users/admin/builder/spi-builder-workspace/.derivedData/Build/Products/Debug-appletvos/SwiftySCADKit.swiftmodule/arm64-apple-tvos.swiftmodule
Copy /Users/admin/builder/spi-builder-workspace/.derivedData/Build/Products/Debug-appletvos/SwiftySCADKit.swiftmodule/arm64-apple-tvos.swiftdoc /Users/admin/builder/spi-builder-workspace/.derivedData/Build/Intermediates.noindex/SwiftySCADKit.build/Debug-appletvos/SwiftySCADKit-t.build/Objects-normal/arm64/SwiftySCADKit.swiftdoc (in target 'SwiftySCADKit' from project 'SwiftySCADKit')
    cd /Users/admin/builder/spi-builder-workspace
    builtin-copy -exclude .DS_Store -exclude CVS -exclude .svn -exclude .git -exclude .hg -resolve-src-symlinks -rename /Users/admin/builder/spi-builder-workspace/.derivedData/Build/Intermediates.noindex/SwiftySCADKit.build/Debug-appletvos/SwiftySCADKit-t.build/Objects-normal/arm64/SwiftySCADKit.swiftdoc /Users/admin/builder/spi-builder-workspace/.derivedData/Build/Products/Debug-appletvos/SwiftySCADKit.swiftmodule/arm64-apple-tvos.swiftdoc
Copy /Users/admin/builder/spi-builder-workspace/.derivedData/Build/Products/Debug-appletvos/SwiftySCADKit.swiftmodule/arm64-apple-tvos.abi.json /Users/admin/builder/spi-builder-workspace/.derivedData/Build/Intermediates.noindex/SwiftySCADKit.build/Debug-appletvos/SwiftySCADKit-t.build/Objects-normal/arm64/SwiftySCADKit.abi.json (in target 'SwiftySCADKit' from project 'SwiftySCADKit')
    cd /Users/admin/builder/spi-builder-workspace
    builtin-copy -exclude .DS_Store -exclude CVS -exclude .svn -exclude .git -exclude .hg -resolve-src-symlinks -rename /Users/admin/builder/spi-builder-workspace/.derivedData/Build/Intermediates.noindex/SwiftySCADKit.build/Debug-appletvos/SwiftySCADKit-t.build/Objects-normal/arm64/SwiftySCADKit.abi.json /Users/admin/builder/spi-builder-workspace/.derivedData/Build/Products/Debug-appletvos/SwiftySCADKit.swiftmodule/arm64-apple-tvos.abi.json
Copy /Users/admin/builder/spi-builder-workspace/.derivedData/Build/Products/Debug-appletvos/SwiftySCADKit.swiftmodule/Project/arm64-apple-tvos.swiftsourceinfo /Users/admin/builder/spi-builder-workspace/.derivedData/Build/Intermediates.noindex/SwiftySCADKit.build/Debug-appletvos/SwiftySCADKit-t.build/Objects-normal/arm64/SwiftySCADKit.swiftsourceinfo (in target 'SwiftySCADKit' from project 'SwiftySCADKit')
    cd /Users/admin/builder/spi-builder-workspace
    builtin-copy -exclude .DS_Store -exclude CVS -exclude .svn -exclude .git -exclude .hg -resolve-src-symlinks -rename /Users/admin/builder/spi-builder-workspace/.derivedData/Build/Intermediates.noindex/SwiftySCADKit.build/Debug-appletvos/SwiftySCADKit-t.build/Objects-normal/arm64/SwiftySCADKit.swiftsourceinfo /Users/admin/builder/spi-builder-workspace/.derivedData/Build/Products/Debug-appletvos/SwiftySCADKit.swiftmodule/Project/arm64-apple-tvos.swiftsourceinfo
PruneExplicitPrecompiledModules /Users/admin/builder/spi-builder-workspace/.derivedData/Build/Intermediates.noindex/SwiftExplicitPrecompiledModules
PruneExplicitPrecompiledModules /Users/admin/builder/spi-builder-workspace/.derivedData/SDKExplicitPrecompiledModules
PruneExplicitPrecompiledModules /Users/admin/builder/spi-builder-workspace/.derivedData/Build/Intermediates.noindex/ExplicitPrecompiledModules
2026-09-16 18:53:47.592 xcodebuild[648:4199] [MT] IDERunDestination: Supported platforms for the buildables in the current scheme is empty.
** BUILD FAILED **
The following build commands failed:
	SwiftCompile normal arm64 Compiling\ OpenSCAD.swift /Users/admin/builder/spi-builder-workspace/Sources/SwiftySCADKit/OpenSCAD.swift (in target 'SwiftySCADKit' from project 'SwiftySCADKit')
	SwiftCompile normal arm64 /Users/admin/builder/spi-builder-workspace/Sources/SwiftySCADKit/OpenSCAD.swift (in target 'SwiftySCADKit' from project 'SwiftySCADKit')
	Building workspace SwiftySCADKit with scheme SwiftySCADKit
(3 failures)
Command line invocation:
    /Applications/Xcode-27.0.0-Release.Candidate.app/Contents/Developer/usr/bin/xcodebuild -IDEClonedSourcePackagesDirPathOverride=/Users/admin/builder/spi-builder-workspace/.dependencies -resolvePackageDependencies
Resolve Package Graph
Resolved source packages:
  SwiftySCADKit: /Users/admin/builder/spi-builder-workspace
resolved source packages: SwiftySCADKit
2026-09-16 18:53:52.388 xcodebuild[669:4360] [MT] IDERunDestination: Supported platforms for the buildables in the current scheme is empty.
{
  "dependencies" : [
  ],
  "manifest_display_name" : "SwiftySCADKit",
  "name" : "SwiftySCADKit",
  "path" : "/Users/admin/builder/spi-builder-workspace",
  "platforms" : [
  ],
  "products" : [
    {
      "name" : "SwiftySCADKit",
      "targets" : [
        "SwiftySCADKit"
      ],
      "type" : {
        "library" : [
          "automatic"
        ]
      }
    }
  ],
  "targets" : [
    {
      "c99name" : "SwiftySCADKitTests",
      "module_type" : "SwiftTarget",
      "name" : "SwiftySCADKitTests",
      "path" : "Tests/SwiftySCADKitTests",
      "sources" : [
        "SwiftySCADKitTests.swift",
        "XCTestManifests.swift"
      ],
      "target_dependencies" : [
        "SwiftySCADKit"
      ],
      "type" : "test"
    },
    {
      "c99name" : "SwiftySCADKit",
      "module_type" : "SwiftTarget",
      "name" : "SwiftySCADKit",
      "path" : "Sources/SwiftySCADKit",
      "product_memberships" : [
        "SwiftySCADKit"
      ],
      "sources" : [
        "BasicShapes.swift",
        "BooleanOperators.swift",
        "Import.swift",
        "OpenSCAD.swift",
        "Transformations.swift"
      ],
      "type" : "library"
    }
  ],
  "tools_version" : "4.2"
}
{
  "workspace" : {
    "name" : "SwiftySCADKit",
    "schemes" : [
      "SwiftySCADKit"
    ]
  }
}
2026-09-16 18:53:53.568 xcodebuild[677:4433] [MT] IDERunDestination: Supported platforms for the buildables in the current scheme is empty.
Running build ...
env DEVELOPER_DIR=/Applications/Xcode-27.0.0-Release.Candidate.app xcrun xcodebuild -IDEClonedSourcePackagesDirPathOverride=$PWD/.dependencies -skipMacroValidation -skipPackagePluginValidation -derivedDataPath $PWD/.derivedData build -scheme SwiftySCADKit -destination generic/platform=tvOS
Command line invocation:
    /Applications/Xcode-27.0.0-Release.Candidate.app/Contents/Developer/usr/bin/xcodebuild -IDEClonedSourcePackagesDirPathOverride=/Users/admin/builder/spi-builder-workspace/.dependencies -skipMacroValidation -skipPackagePluginValidation -derivedDataPath /Users/admin/builder/spi-builder-workspace/.derivedData build -scheme SwiftySCADKit -destination generic/platform=tvOS
Resolve Package Graph
Resolved source packages:
  SwiftySCADKit: /Users/admin/builder/spi-builder-workspace
ComputePackagePrebuildTargetDependencyGraph
Prepare packages
CreateBuildRequest
SendProjectDescription
CreateBuildOperation
ComputeTargetDependencyGraph
note: Building targets in dependency order
note: Target dependency graph (2 targets)
    Target 'SwiftySCADKit-product' in project 'SwiftySCADKit'
        ➜ Explicit dependency on target 'SwiftySCADKit' in project 'SwiftySCADKit'
    Target 'SwiftySCADKit' in project 'SwiftySCADKit' (no dependencies)
GatherProvisioningInputs
CreateBuildDescription
ClangStatCache /Applications/Xcode-27.0.0-Release.Candidate.app/Contents/Developer/Toolchains/XcodeDefault.xctoolchain/usr/bin/clang-stat-cache /Applications/Xcode-27.0.0-Release.Candidate.app/Contents/Developer/Platforms/AppleTVOS.platform/Developer/SDKs/AppleTVOS27.0.sdk /Users/admin/builder/spi-builder-workspace/.derivedData/SDKStatCaches.noindex/appletvos27.0-24J360-e829b21a6f8c9b70876ba0858053c044b32bfd8d43560033f8d89884cdb90028.sdkstatcache
    cd /Users/admin/builder/spi-builder-workspace/.swiftpm/xcode
    /Applications/Xcode-27.0.0-Release.Candidate.app/Contents/Developer/Toolchains/XcodeDefault.xctoolchain/usr/bin/clang-stat-cache /Applications/Xcode-27.0.0-Release.Candidate.app/Contents/Developer/Platforms/AppleTVOS.platform/Developer/SDKs/AppleTVOS27.0.sdk -o /Users/admin/builder/spi-builder-workspace/.derivedData/SDKStatCaches.noindex/appletvos27.0-24J360-e829b21a6f8c9b70876ba0858053c044b32bfd8d43560033f8d89884cdb90028.sdkstatcache
SwiftDriver SwiftySCADKit normal arm64 com.apple.xcode.tools.swift.compiler (in target 'SwiftySCADKit' from project 'SwiftySCADKit')
    cd /Users/admin/builder/spi-builder-workspace/.swiftpm/xcode
    builtin-SwiftDriver -- /Applications/Xcode-27.0.0-Release.Candidate.app/Contents/Developer/Toolchains/XcodeDefault.xctoolchain/usr/bin/swiftc -parse-as-library -module-name SwiftySCADKit -Onone @/Users/admin/builder/spi-builder-workspace/.derivedData/Build/Intermediates.noindex/SwiftySCADKit.build/Debug-appletvos/SwiftySCADKit-t.build/Objects-normal/arm64/SwiftySCADKit.SwiftFileList -DSWIFT_PACKAGE -DDEBUG -DSWIFT_MODULE_RESOURCE_BUNDLE_UNAVAILABLE -DXcode -plugin-path /Applications/Xcode-27.0.0-Release.Candidate.app/Contents/Developer/Toolchains/XcodeDefault.xctoolchain/usr/lib/swift/host/plugins/testing -enable-experimental-feature DebugDescriptionMacro -sdk /Applications/Xcode-27.0.0-Release.Candidate.app/Contents/Developer/Platforms/AppleTVOS.platform/Developer/SDKs/AppleTVOS27.0.sdk -target arm64-apple-tvos15.0 -g -module-cache-path /Users/admin/builder/spi-builder-workspace/.derivedData/ModuleCache.noindex -Xfrontend -serialize-debugging-options -profile-coverage-mapping -profile-generate -enable-testing -index-store-path /Users/admin/builder/spi-builder-workspace/.derivedData/Index.noindex/DataStore -Xcc -D_LIBCPP_HARDENING_MODE\=_LIBCPP_HARDENING_MODE_DEBUG -swift-version 4.2 -I /Users/admin/builder/spi-builder-workspace/.derivedData/Build/Products/Debug-appletvos -Isystem /Applications/Xcode-27.0.0-Release.Candidate.app/Contents/Developer/Platforms/AppleTVOS.platform/Developer/usr/lib -F /Users/admin/builder/spi-builder-workspace/.derivedData/Build/Products/Debug-appletvos -F /Applications/Xcode-27.0.0-Release.Candidate.app/Contents/Developer/Platforms/AppleTVOS.platform/Developer/Library/Frameworks -F /Applications/Xcode-27.0.0-Release.Candidate.app/Contents/Developer/Platforms/AppleTVOS.platform/Developer/SDKs/AppleTVOS27.0.sdk/Developer/Library/Frameworks -c -j10 -enable-batch-mode -incremental -Xcc -ivfsstatcache -Xcc /Users/admin/builder/spi-builder-workspace/.derivedData/SDKStatCaches.noindex/appletvos27.0-24J360-e829b21a6f8c9b70876ba0858053c044b32bfd8d43560033f8d89884cdb90028.sdkstatcache -output-file-map /Users/admin/builder/spi-builder-workspace/.derivedData/Build/Intermediates.noindex/SwiftySCADKit.build/Debug-appletvos/SwiftySCADKit-t.build/Objects-normal/arm64/SwiftySCADKit-OutputFileMap.json -save-temps -no-color-diagnostics -emit-dependencies -emit-module -emit-module-path /Users/admin/builder/spi-builder-workspace/.derivedData/Build/Intermediates.noindex/SwiftySCADKit.build/Debug-appletvos/SwiftySCADKit-t.build/Objects-normal/arm64/SwiftySCADKit.swiftmodule -serialize-diagnostics -validate-clang-modules-once -clang-build-session-file /Users/admin/builder/spi-builder-workspace/.derivedData/ModuleCache.noindex/Session.modulevalidation -Xcc -fmodules-prune-interval\=86400 -Xcc -fmodules-prune-after\=345600 -emit-const-values -const-gather-protocols-list /Users/admin/builder/spi-builder-workspace/.derivedData/Build/Intermediates.noindex/SwiftySCADKit.build/Debug-appletvos/SwiftySCADKit-t.build/Objects-normal/arm64/SwiftySCADKit_const_extract_protocols.json -Xcc -I/Users/admin/builder/spi-builder-workspace/.derivedData/Build/Products/Debug-appletvos/include -Xcc -I/Users/admin/builder/spi-builder-workspace/.derivedData/Build/Intermediates.noindex/SwiftySCADKit.build/Debug-appletvos/SwiftySCADKit-t.build/DerivedSources-normal/arm64 -Xcc -I/Users/admin/builder/spi-builder-workspace/.derivedData/Build/Intermediates.noindex/SwiftySCADKit.build/Debug-appletvos/SwiftySCADKit-t.build/DerivedSources/arm64 -Xcc -I/Users/admin/builder/spi-builder-workspace/.derivedData/Build/Intermediates.noindex/SwiftySCADKit.build/Debug-appletvos/SwiftySCADKit-t.build/DerivedSources -Xcc -DSWIFT_PACKAGE -Xcc -DDEBUG\=1 -emit-objc-header -emit-objc-header-path /Users/admin/builder/spi-builder-workspace/.derivedData/Build/Intermediates.noindex/SwiftySCADKit.build/Debug-appletvos/SwiftySCADKit-t.build/Objects-normal/arm64/SwiftySCADKit-Swift.h -working-directory /Users/admin/builder/spi-builder-workspace/.swiftpm/xcode -experimental-emit-module-separately -disable-cmo
SwiftCompile normal arm64 Compiling\ BasicShapes.swift /Users/admin/builder/spi-builder-workspace/Sources/SwiftySCADKit/BasicShapes.swift (in target 'SwiftySCADKit' from project 'SwiftySCADKit')
SwiftCompile normal arm64 /Users/admin/builder/spi-builder-workspace/Sources/SwiftySCADKit/BasicShapes.swift (in target 'SwiftySCADKit' from project 'SwiftySCADKit')
    cd /Users/admin/builder/spi-builder-workspace/.swiftpm/xcode
    builtin-SwiftPerFileCompile BasicShapes.swift
/Users/admin/builder/spi-builder-workspace/Sources/SwiftySCADKit/BasicShapes.swift:19:5: warning: 'public' modifier is redundant for static method declared in a public extension
 17 |     ///   - centered: Whether or not the cube should be centered on the origin.
 18 |     /// - Returns: A cube with the specified side length.
 19 |     public static func cube(withSideLength sideLength: Double, centered: Bool) -> OpenSCAD {
    |     `- warning: 'public' modifier is redundant for static method declared in a public extension
 20 |         return OpenSCAD("cube([\(sideLength), \(sideLength), \(sideLength)], \(centered));")
 21 |     }
/Users/admin/builder/spi-builder-workspace/Sources/SwiftySCADKit/BasicShapes.swift:30:5: warning: 'public' modifier is redundant for static method declared in a public extension
 28 |     ///   - centered: Whether or not this object should be centered on the origin.
 29 |     /// - Returns: A 'cube' (rectangular prism) with the specified dimensions.
 30 |     public static func cube(height: Double, width: Double, depth: Double, centered: Bool) -> OpenSCAD {
    |     `- warning: 'public' modifier is redundant for static method declared in a public extension
 31 |         return OpenSCAD("cube([\(width), \(depth), \(height)], \(centered));")
 32 |     }
/Users/admin/builder/spi-builder-workspace/Sources/SwiftySCADKit/BasicShapes.swift:41:5: warning: 'public' modifier is redundant for static method declared in a public extension
 39 |     ///   - centered: Whether or not this object should be centered on the origin.
 40 |     /// - Returns: A rectangular prism with the specified dimensions.
 41 |     public static func rectangularPrism(height: Double, width: Double, depth: Double, centered: Bool) -> OpenSCAD {
    |     `- warning: 'public' modifier is redundant for static method declared in a public extension
 42 |         return cube(height:height, width:width, depth: depth, centered: centered)
 43 |     }
/Users/admin/builder/spi-builder-workspace/Sources/SwiftySCADKit/BasicShapes.swift:91:5: warning: 'public' modifier is redundant for static method declared in a public extension
 89 |     /// - Parameter radius: The radius of the sphere.
 90 |     /// - Returns: A sphere with the specified radius.
 91 |     public static func sphere(_ radius: Double) -> OpenSCAD {
    |     `- warning: 'public' modifier is redundant for static method declared in a public extension
 92 |         return OpenSCAD("sphere(\(radius), $fn=\(OPENSCAD_CONFIG.SPHERE_RESOLUTION));")
 93 |     }
/Users/admin/builder/spi-builder-workspace/Sources/SwiftySCADKit/BasicShapes.swift:124:5: warning: 'public' modifier is redundant for static method declared in a public extension
122 |     ///   - centered: Whether of not the cylinder is centered on the origin.
123 |     /// - Returns: A cylinder with the specified dimensions.
124 |     public static func cylinder(height: Double, topRadius: Double, bottomRadius: Double, centered: Bool) -> OpenSCAD {
    |     `- warning: 'public' modifier is redundant for static method declared in a public extension
125 |         return OpenSCAD("cylinder($fn = \(OPENSCAD_CONFIG.SPHERE_RESOLUTION), \(height), \(bottomRadius), \(topRadius), \(centered));")
126 |     }
/Users/admin/builder/spi-builder-workspace/Sources/SwiftySCADKit/BasicShapes.swift:153:5: warning: 'public' modifier is redundant for struct declared in a public extension
151 | public extension OpenSCAD {
152 |     /// A representation of a point in 3D space.
153 |     public struct Point: Hashable {
    |     `- warning: 'public' modifier is redundant for struct declared in a public extension
154 |         /// The x value of the point.
155 |         public var x: Double
/Users/admin/builder/spi-builder-workspace/Sources/SwiftySCADKit/BasicShapes.swift:182:5: warning: 'public' modifier is redundant for struct declared in a public extension
180 |     }
181 |     /// A representation of a face of a polyhedron.
182 |     public struct Face: Hashable {
    |     `- warning: 'public' modifier is redundant for struct declared in a public extension
183 |         public var points: [Point]
184 |         public init(points: [Point]) {
/Users/admin/builder/spi-builder-workspace/Sources/SwiftySCADKit/BasicShapes.swift:195:5: warning: 'public' modifier is redundant for static method declared in a public extension
193 |     /// - Parameter faces: The faces of the polyhedron.
194 |     /// - Returns: A polyhedron with the given faces.
195 |     public static func polyhedron(faces: [Face]) -> OpenSCAD {
    |     `- warning: 'public' modifier is redundant for static method declared in a public extension
196 |         var points: [Point] = []
197 |         for face in faces {
/Users/admin/builder/spi-builder-workspace/Sources/SwiftySCADKit/BasicShapes.swift:228:5: warning: 'public' modifier is redundant for static method declared in a public extension
226 |     /// - Parameter faces: The faces of the polyhedron.
227 |     /// - Returns: A polyhedron with the given faces.
228 |     public static func polyhedron(faces: Face...) -> OpenSCAD {
    |     `- warning: 'public' modifier is redundant for static method declared in a public extension
229 |         return polyhedron(faces: faces)
230 |     }
/Users/admin/builder/spi-builder-workspace/Sources/SwiftySCADKit/BasicShapes.swift:265:5: warning: 'public' modifier is redundant for static method declared in a public extension
263 |     ///   - top: The top three points.
264 |     /// - Returns: A triangular prism created from the given points.
265 |     public static func triangularPrism(bottom: (a: Point, b: Point, c: Point), top: (a: Point, b: Point, c: Point)) -> OpenSCAD {
    |     `- warning: 'public' modifier is redundant for static method declared in a public extension
266 |         return polyhedron(faces: Face(points: [bottom.a, bottom.c, bottom.b]), Face(points: [top.a, top.b, top.c]), Face(points: [top.b, top.a, bottom.a, bottom.b]), Face(points: [top.a, top.c, bottom.c, bottom.a]), Face(points: [top.c, top.b, bottom.b, bottom.c]))
267 |     }
SwiftEmitModule normal arm64 Emitting\ module\ for\ SwiftySCADKit (in target 'SwiftySCADKit' from project 'SwiftySCADKit')
SwiftCompile normal arm64 (in target 'SwiftySCADKit' from project 'SwiftySCADKit')
    cd /Users/admin/builder/spi-builder-workspace/.swiftpm/xcode

/Users/admin/builder/spi-builder-workspace/Sources/SwiftySCADKit/BasicShapes.swift:19:5: warning: 'public' modifier is redundant for static method declared in a public extension
 17 |     ///   - centered: Whether or not the cube should be centered on the origin.
 18 |     /// - Returns: A cube with the specified side length.
 19 |     public static func cube(withSideLength sideLength: Double, centered: Bool) -> OpenSCAD {
    |     `- warning: 'public' modifier is redundant for static method declared in a public extension
 20 |         return OpenSCAD("cube([\(sideLength), \(sideLength), \(sideLength)], \(centered));")
 21 |     }
/Users/admin/builder/spi-builder-workspace/Sources/SwiftySCADKit/BasicShapes.swift:30:5: warning: 'public' modifier is redundant for static method declared in a public extension
 28 |     ///   - centered: Whether or not this object should be centered on the origin.
 29 |     /// - Returns: A 'cube' (rectangular prism) with the specified dimensions.
 30 |     public static func cube(height: Double, width: Double, depth: Double, centered: Bool) -> OpenSCAD {
    |     `- warning: 'public' modifier is redundant for static method declared in a public extension
 31 |         return OpenSCAD("cube([\(width), \(depth), \(height)], \(centered));")
 32 |     }
/Users/admin/builder/spi-builder-workspace/Sources/SwiftySCADKit/BasicShapes.swift:41:5: warning: 'public' modifier is redundant for static method declared in a public extension
 39 |     ///   - centered: Whether or not this object should be centered on the origin.
 40 |     /// - Returns: A rectangular prism with the specified dimensions.
 41 |     public static func rectangularPrism(height: Double, width: Double, depth: Double, centered: Bool) -> OpenSCAD {
    |     `- warning: 'public' modifier is redundant for static method declared in a public extension
 42 |         return cube(height:height, width:width, depth: depth, centered: centered)
 43 |     }
/Users/admin/builder/spi-builder-workspace/Sources/SwiftySCADKit/BasicShapes.swift:91:5: warning: 'public' modifier is redundant for static method declared in a public extension
 89 |     /// - Parameter radius: The radius of the sphere.
 90 |     /// - Returns: A sphere with the specified radius.
 91 |     public static func sphere(_ radius: Double) -> OpenSCAD {
    |     `- warning: 'public' modifier is redundant for static method declared in a public extension
 92 |         return OpenSCAD("sphere(\(radius), $fn=\(OPENSCAD_CONFIG.SPHERE_RESOLUTION));")
 93 |     }
/Users/admin/builder/spi-builder-workspace/Sources/SwiftySCADKit/BasicShapes.swift:124:5: warning: 'public' modifier is redundant for static method declared in a public extension
122 |     ///   - centered: Whether of not the cylinder is centered on the origin.
123 |     /// - Returns: A cylinder with the specified dimensions.
124 |     public static func cylinder(height: Double, topRadius: Double, bottomRadius: Double, centered: Bool) -> OpenSCAD {
    |     `- warning: 'public' modifier is redundant for static method declared in a public extension
125 |         return OpenSCAD("cylinder($fn = \(OPENSCAD_CONFIG.SPHERE_RESOLUTION), \(height), \(bottomRadius), \(topRadius), \(centered));")
126 |     }
/Users/admin/builder/spi-builder-workspace/Sources/SwiftySCADKit/BasicShapes.swift:153:5: warning: 'public' modifier is redundant for struct declared in a public extension
151 | public extension OpenSCAD {
152 |     /// A representation of a point in 3D space.
153 |     public struct Point: Hashable {
    |     `- warning: 'public' modifier is redundant for struct declared in a public extension
154 |         /// The x value of the point.
155 |         public var x: Double
/Users/admin/builder/spi-builder-workspace/Sources/SwiftySCADKit/BasicShapes.swift:182:5: warning: 'public' modifier is redundant for struct declared in a public extension
180 |     }
181 |     /// A representation of a face of a polyhedron.
182 |     public struct Face: Hashable {
    |     `- warning: 'public' modifier is redundant for struct declared in a public extension
183 |         public var points: [Point]
184 |         public init(points: [Point]) {
/Users/admin/builder/spi-builder-workspace/Sources/SwiftySCADKit/BasicShapes.swift:195:5: warning: 'public' modifier is redundant for static method declared in a public extension
193 |     /// - Parameter faces: The faces of the polyhedron.
194 |     /// - Returns: A polyhedron with the given faces.
195 |     public static func polyhedron(faces: [Face]) -> OpenSCAD {
    |     `- warning: 'public' modifier is redundant for static method declared in a public extension
196 |         var points: [Point] = []
197 |         for face in faces {
/Users/admin/builder/spi-builder-workspace/Sources/SwiftySCADKit/BasicShapes.swift:228:5: warning: 'public' modifier is redundant for static method declared in a public extension
226 |     /// - Parameter faces: The faces of the polyhedron.
227 |     /// - Returns: A polyhedron with the given faces.
228 |     public static func polyhedron(faces: Face...) -> OpenSCAD {
    |     `- warning: 'public' modifier is redundant for static method declared in a public extension
229 |         return polyhedron(faces: faces)
230 |     }
/Users/admin/builder/spi-builder-workspace/Sources/SwiftySCADKit/BasicShapes.swift:265:5: warning: 'public' modifier is redundant for static method declared in a public extension
263 |     ///   - top: The top three points.
264 |     /// - Returns: A triangular prism created from the given points.
265 |     public static func triangularPrism(bottom: (a: Point, b: Point, c: Point), top: (a: Point, b: Point, c: Point)) -> OpenSCAD {
    |     `- warning: 'public' modifier is redundant for static method declared in a public extension
266 |         return polyhedron(faces: Face(points: [bottom.a, bottom.c, bottom.b]), Face(points: [top.a, top.b, top.c]), Face(points: [top.b, top.a, bottom.a, bottom.b]), Face(points: [top.a, top.c, bottom.c, bottom.a]), Face(points: [top.c, top.b, bottom.b, bottom.c]))
267 |     }
SwiftCompile normal arm64 Compiling\ OpenSCAD.swift /Users/admin/builder/spi-builder-workspace/Sources/SwiftySCADKit/OpenSCAD.swift (in target 'SwiftySCADKit' from project 'SwiftySCADKit')
/Users/admin/builder/spi-builder-workspace/Sources/SwiftySCADKit/OpenSCAD.swift:38:16: error: cannot find 'Process' in scope
36 | public func OPENSCAD_copyToClipboard(_ scad: OpenSCAD) {
37 |     let pipe = Pipe()
38 |     let echo = Process()
   |                `- error: cannot find 'Process' in scope
39 |     echo.launchPath = "/bin/echo"
40 |     echo.arguments = ["-n", "\(scad.SCADValue)"]
/Users/admin/builder/spi-builder-workspace/Sources/SwiftySCADKit/OpenSCAD.swift:43:18: error: cannot find 'Process' in scope
41 |     echo.standardOutput = pipe
42 |     echo.launch()
43 |     let pbcopy = Process()
   |                  `- error: cannot find 'Process' in scope
44 |     pbcopy.launchPath = "/usr/bin/pbcopy"
45 |     pbcopy.standardInput = pipe
Failed frontend command:
/Applications/Xcode-27.0.0-Release.Candidate.app/Contents/Developer/Toolchains/XcodeDefault.xctoolchain/usr/bin/swift-frontend -frontend -c /Users/admin/builder/spi-builder-workspace/Sources/SwiftySCADKit/BasicShapes.swift /Users/admin/builder/spi-builder-workspace/Sources/SwiftySCADKit/BooleanOperators.swift /Users/admin/builder/spi-builder-workspace/Sources/SwiftySCADKit/Import.swift -primary-file /Users/admin/builder/spi-builder-workspace/Sources/SwiftySCADKit/OpenSCAD.swift /Users/admin/builder/spi-builder-workspace/Sources/SwiftySCADKit/Transformations.swift -emit-dependencies-path /Users/admin/builder/spi-builder-workspace/.derivedData/Build/Intermediates.noindex/SwiftySCADKit.build/Debug-appletvos/SwiftySCADKit-t.build/Objects-normal/arm64/OpenSCAD.d -emit-const-values-path /Users/admin/builder/spi-builder-workspace/.derivedData/Build/Intermediates.noindex/SwiftySCADKit.build/Debug-appletvos/SwiftySCADKit-t.build/Objects-normal/arm64/OpenSCAD.swiftconstvalues -emit-reference-dependencies-path /Users/admin/builder/spi-builder-workspace/.derivedData/Build/Intermediates.noindex/SwiftySCADKit.build/Debug-appletvos/SwiftySCADKit-t.build/Objects-normal/arm64/OpenSCAD.swiftdeps -serialize-diagnostics-path /Users/admin/builder/spi-builder-workspace/.derivedData/Build/Intermediates.noindex/SwiftySCADKit.build/Debug-appletvos/SwiftySCADKit-t.build/Objects-normal/arm64/OpenSCAD.dia -target arm64-apple-tvos15.0 -Xllvm -aarch64-use-tbi -enable-objc-interop -stack-check -sdk /Applications/Xcode-27.0.0-Release.Candidate.app/Contents/Developer/Platforms/AppleTVOS.platform/Developer/SDKs/AppleTVOS27.0.sdk -I /Users/admin/builder/spi-builder-workspace/.derivedData/Build/Products/Debug-appletvos -Isystem /Applications/Xcode-27.0.0-Release.Candidate.app/Contents/Developer/Platforms/AppleTVOS.platform/Developer/usr/lib -F /Users/admin/builder/spi-builder-workspace/.derivedData/Build/Products/Debug-appletvos -F /Applications/Xcode-27.0.0-Release.Candidate.app/Contents/Developer/Platforms/AppleTVOS.platform/Developer/Library/Frameworks -F /Applications/Xcode-27.0.0-Release.Candidate.app/Contents/Developer/Platforms/AppleTVOS.platform/Developer/SDKs/AppleTVOS27.0.sdk/Developer/Library/Frameworks -module-cache-path /Users/admin/builder/spi-builder-workspace/.derivedData/ModuleCache.noindex -no-color-diagnostics -Xcc -fno-color-diagnostics -enable-testing -g -debug-info-format\=dwarf -dwarf-version\=4 -profile-generate -profile-coverage-mapping -swift-version 4.2 -Onone -D SWIFT_PACKAGE -D DEBUG -D SWIFT_MODULE_RESOURCE_BUNDLE_UNAVAILABLE -D Xcode -serialize-debugging-options -enable-experimental-feature DebugDescriptionMacro -empty-abi-descriptor -plugin-path /Applications/Xcode-27.0.0-Release.Candidate.app/Contents/Developer/Toolchains/XcodeDefault.xctoolchain/usr/lib/swift/host/plugins/testing -validate-clang-modules-once -clang-build-session-file /Users/admin/builder/spi-builder-workspace/.derivedData/ModuleCache.noindex/Session.modulevalidation -Xcc -working-directory -Xcc /Users/admin/builder/spi-builder-workspace/.swiftpm/xcode -enable-anonymous-context-mangled-names -file-compilation-dir /Users/admin/builder/spi-builder-workspace/.swiftpm/xcode -Xcc -D_LIBCPP_HARDENING_MODE\=_LIBCPP_HARDENING_MODE_DEBUG -Xcc -ivfsstatcache -Xcc /Users/admin/builder/spi-builder-workspace/.derivedData/SDKStatCaches.noindex/appletvos27.0-24J360-e829b21a6f8c9b70876ba0858053c044b32bfd8d43560033f8d89884cdb90028.sdkstatcache -Xcc -fmodules-prune-interval\=86400 -Xcc -fmodules-prune-after\=345600 -Xcc -I/Users/admin/builder/spi-builder-workspace/.derivedData/Build/Products/Debug-appletvos/include -Xcc -I/Users/admin/builder/spi-builder-workspace/.derivedData/Build/Intermediates.noindex/SwiftySCADKit.build/Debug-appletvos/SwiftySCADKit-t.build/DerivedSources-normal/arm64 -Xcc -I/Users/admin/builder/spi-builder-workspace/.derivedData/Build/Intermediates.noindex/SwiftySCADKit.build/Debug-appletvos/SwiftySCADKit-t.build/DerivedSources/arm64 -Xcc -I/Users/admin/builder/spi-builder-workspace/.derivedData/Build/Intermediates.noindex/SwiftySCADKit.build/Debug-appletvos/SwiftySCADKit-t.build/DerivedSources -Xcc -DSWIFT_PACKAGE -Xcc -DDEBUG\=1 -no-auto-bridging-header-chaining -module-name SwiftySCADKit -const-gather-protocols-file /Users/admin/builder/spi-builder-workspace/.derivedData/Build/Intermediates.noindex/SwiftySCADKit.build/Debug-appletvos/SwiftySCADKit-t.build/Objects-normal/arm64/SwiftySCADKit_const_extract_protocols.json -disable-clang-spi -target-sdk-version 27.0 -target-sdk-name appletvos27.0 -external-plugin-path /Applications/Xcode-27.0.0-Release.Candidate.app/Contents/Developer/Platforms/AppleTVOS.platform/Developer/usr/lib/swift/host/plugins\#/Applications/Xcode-27.0.0-Release.Candidate.app/Contents/Developer/Platforms/AppleTVOS.platform/Developer/usr/bin/swift-plugin-server -external-plugin-path /Applications/Xcode-27.0.0-Release.Candidate.app/Contents/Developer/Platforms/AppleTVOS.platform/Developer/usr/local/lib/swift/host/plugins\#/Applications/Xcode-27.0.0-Release.Candidate.app/Contents/Developer/Platforms/AppleTVOS.platform/Developer/usr/bin/swift-plugin-server -in-process-plugin-server-path /Applications/Xcode-27.0.0-Release.Candidate.app/Contents/Developer/Toolchains/XcodeDefault.xctoolchain/usr/lib/swift/host/libSwiftInProcPluginServer.dylib -plugin-path /Applications/Xcode-27.0.0-Release.Candidate.app/Contents/Developer/Toolchains/XcodeDefault.xctoolchain/usr/lib/swift/host/plugins -plugin-path /Applications/Xcode-27.0.0-Release.Candidate.app/Contents/Developer/Toolchains/XcodeDefault.xctoolchain/usr/local/lib/swift/host/plugins -parse-as-library -o /Users/admin/builder/spi-builder-workspace/.derivedData/Build/Intermediates.noindex/SwiftySCADKit.build/Debug-appletvos/SwiftySCADKit-t.build/Objects-normal/arm64/OpenSCAD.o -index-unit-output-path /SwiftySCADKit.build/Debug-appletvos/SwiftySCADKit-t.build/Objects-normal/arm64/OpenSCAD.o -index-store-path /Users/admin/builder/spi-builder-workspace/.derivedData/Index.noindex/DataStore -index-system-modules
SwiftCompile normal arm64 /Users/admin/builder/spi-builder-workspace/Sources/SwiftySCADKit/OpenSCAD.swift (in target 'SwiftySCADKit' from project 'SwiftySCADKit')
    cd /Users/admin/builder/spi-builder-workspace/.swiftpm/xcode
    builtin-SwiftPerFileCompile OpenSCAD.swift
SwiftCompile normal arm64 Compiling\ Transformations.swift /Users/admin/builder/spi-builder-workspace/Sources/SwiftySCADKit/Transformations.swift (in target 'SwiftySCADKit' from project 'SwiftySCADKit')
/Users/admin/builder/spi-builder-workspace/Sources/SwiftySCADKit/Transformations.swift:21:5: warning: 'public' modifier is redundant for static method declared in a public extension
 19 |     ///   - subjects: The subjects to scale.
 20 |     /// - Returns: A scaled version of the given subjects.
 21 |     public static func scale(_ dx: Double, _ dy: Double, _ dz: Double, subjects: OpenSCAD...) -> OpenSCAD {
    |     `- warning: 'public' modifier is redundant for static method declared in a public extension
 22 |         return scale(dx, dy, dz, subjects: subjects)
 23 |     }
/Users/admin/builder/spi-builder-workspace/Sources/SwiftySCADKit/Transformations.swift:32:5: warning: 'public' modifier is redundant for static method declared in a public extension
 30 |     ///   - dz: The `z` value to scale by.
 31 |     /// - Returns: A scaled version of the given subjects.
 32 |     public static func scale(_ subjects: OpenSCAD..., to dx: Double, _ dy: Double, _ dz: Double) -> OpenSCAD {
    |     `- warning: 'public' modifier is redundant for static method declared in a public extension
 33 |         return scale(dx, dy, dz, subjects: subjects)
 34 |     }
/Users/admin/builder/spi-builder-workspace/Sources/SwiftySCADKit/Transformations.swift:63:5: warning: 'public' modifier is redundant for instance method declared in a public extension
 61 |     ///   - dz: The `z` value to scale by.
 62 |     /// - Returns: A scaled version of the caller.
 63 |     public func scaled(to dx: Double, _ dy: Double, _ dz: Double) -> OpenSCAD {
    |     `- warning: 'public' modifier is redundant for instance method declared in a public extension
 64 |         return OpenSCAD.scale(dx, dy, dz, subjects: [self])
 65 |     }
/Users/admin/builder/spi-builder-workspace/Sources/SwiftySCADKit/Transformations.swift:72:5: warning: 'public' modifier is redundant for instance method declared in a public extension
 70 |     ///   - dy: The `y` value to scale by.
 71 |     ///   - dz: The `z` value to scale by.
 72 |     public mutating func scale(to dx: Double, _ dy: Double, _ dz: Double) {
    |     `- warning: 'public' modifier is redundant for instance method declared in a public extension
 73 |         self = self.scaled(to: dx, dy, dz)
 74 |     }
/Users/admin/builder/spi-builder-workspace/Sources/SwiftySCADKit/Transformations.swift:115:5: warning: 'public' modifier is redundant for static method declared in a public extension
113 |     ///   - subjects: The subjects to resize.
114 |     /// - Returns: A resized version of the given subjects.
115 |     public static func resize(_ newx: Double, _ newy: Double, _ newz: Double, subjects: OpenSCAD...) -> OpenSCAD {
    |     `- warning: 'public' modifier is redundant for static method declared in a public extension
116 |         return resize(newx, newy, newz, subjects: subjects)
117 |     }
/Users/admin/builder/spi-builder-workspace/Sources/SwiftySCADKit/Transformations.swift:126:5: warning: 'public' modifier is redundant for static method declared in a public extension
124 |     ///   - newz: The new `z` length.
125 |     /// - Returns: A resized version of the given subjects.
126 |     public static func resize(_ subjects: OpenSCAD..., to newx: Double, _ newy: Double, _ newz: Double) -> OpenSCAD {
    |     `- warning: 'public' modifier is redundant for static method declared in a public extension
127 |         return resize(newx, newy, newz, subjects: subjects)
128 |     }
/Users/admin/builder/spi-builder-workspace/Sources/SwiftySCADKit/Transformations.swift:157:5: warning: 'public' modifier is redundant for instance method declared in a public extension
155 |     ///   - newz: The new `z` length.
156 |     /// - Returns: A resized version of the caller.
157 |     public func resized(to newx: Double, _ newy: Double, _ newz: Double) -> OpenSCAD {
    |     `- warning: 'public' modifier is redundant for instance method declared in a public extension
158 |         return OpenSCAD.resize(newx, newy, newz, subjects: [self])
159 |     }
/Users/admin/builder/spi-builder-workspace/Sources/SwiftySCADKit/Transformations.swift:166:5: warning: 'public' modifier is redundant for instance method declared in a public extension
164 |     ///   - newy: The new `y` length.
165 |     ///   - newz: The new `z` length.
166 |     public mutating func resize(to newx: Double, _ newy: Double, _ newz: Double) {
    |     `- warning: 'public' modifier is redundant for instance method declared in a public extension
167 |         self = self.resized(to: newx, newy, newz)
168 |     }
/Users/admin/builder/spi-builder-workspace/Sources/SwiftySCADKit/Transformations.swift:209:5: warning: 'public' modifier is redundant for static method declared in a public extension
207 |     ///   - subjects: The objects to rotate.
208 |     /// - Returns: A rotated version of the given subjects.
209 |     public static func rotate(_ dx: Double, _ dy: Double, _ dz: Double, subjects: OpenSCAD...) -> OpenSCAD {
    |     `- warning: 'public' modifier is redundant for static method declared in a public extension
210 |         return rotate(dx, dy, dz, subjects: subjects)
211 |     }
/Users/admin/builder/spi-builder-workspace/Sources/SwiftySCADKit/Transformations.swift:220:5: warning: 'public' modifier is redundant for static method declared in a public extension
218 |     ///   - dz: The degrees to rotate around the `z` axis.
219 |     /// - Returns: A rotated version of the given subjects.
220 |     public static func rotate(_ subjects: OpenSCAD..., by dx: Double, _ dy: Double, _ dz: Double) -> OpenSCAD {
    |     `- warning: 'public' modifier is redundant for static method declared in a public extension
221 |         return rotate(dx, dy, dz, subjects: subjects)
222 |     }
/Users/admin/builder/spi-builder-workspace/Sources/SwiftySCADKit/Transformations.swift:251:5: warning: 'public' modifier is redundant for instance method declared in a public extension
249 |     ///   - dz: The degrees to rotate around the `z` axis.
250 |     /// - Returns: A rotated version of the caller.
251 |     public func rotated(by dx: Double, _ dy: Double, _ dz: Double) -> OpenSCAD {
    |     `- warning: 'public' modifier is redundant for instance method declared in a public extension
252 |         return OpenSCAD.rotate(dx, dy, dz, subjects: [self])
253 |     }
/Users/admin/builder/spi-builder-workspace/Sources/SwiftySCADKit/Transformations.swift:260:5: warning: 'public' modifier is redundant for instance method declared in a public extension
258 |     ///   - dy: The degrees to rotate around the `y` axis.
259 |     ///   - dz: The degrees to rotate around the `z` axis.
260 |     public mutating func rotate(by dx: Double, _ dy: Double, _ dz: Double) {
    |     `- warning: 'public' modifier is redundant for instance method declared in a public extension
261 |         self = self.rotated(by: dx, dy, dz)
262 |     }
/Users/admin/builder/spi-builder-workspace/Sources/SwiftySCADKit/Transformations.swift:303:5: warning: 'public' modifier is redundant for static method declared in a public extension
301 |     ///   - subjects: The objects to translate.
302 |     /// - Returns: A translated version of the given subjects.
303 |     public static func translate(_ dx: Double, _ dy: Double, _ dz: Double, subjects: OpenSCAD...) -> OpenSCAD {
    |     `- warning: 'public' modifier is redundant for static method declared in a public extension
304 |         return translate(dx, dy, dz, subjects: subjects)
305 |     }
/Users/admin/builder/spi-builder-workspace/Sources/SwiftySCADKit/Transformations.swift:314:5: warning: 'public' modifier is redundant for static method declared in a public extension
312 |     ///   - dz: The amount to move along the `z` axis.
313 |     /// - Returns: A translated version of the given subjects.
314 |     public static func translate(_ subjects: OpenSCAD..., by dx: Double, _ dy: Double, _ dz: Double) -> OpenSCAD {
    |     `- warning: 'public' modifier is redundant for static method declared in a public extension
315 |         return translate(dx, dy, dz, subjects: subjects)
316 |     }
/Users/admin/builder/spi-builder-workspace/Sources/SwiftySCADKit/Transformations.swift:345:5: warning: 'public' modifier is redundant for instance method declared in a public extension
343 |     ///   - dz: The amount to move along the `z` axis.
344 |     /// - Returns: A translated version of the caller.
345 |     public func translated(by dx: Double, _ dy: Double, _ dz: Double) -> OpenSCAD {
    |     `- warning: 'public' modifier is redundant for instance method declared in a public extension
346 |         return OpenSCAD.translate(dx, dy, dz, subjects: [self])
347 |     }
/Users/admin/builder/spi-builder-workspace/Sources/SwiftySCADKit/Transformations.swift:354:5: warning: 'public' modifier is redundant for instance method declared in a public extension
352 |     ///   - dy: The amount to move along the `y` axis.
353 |     ///   - dz: The amount to move along the `z` axis.
354 |     public mutating func translate(by dx: Double, _ dy: Double, _ dz: Double) {
    |     `- warning: 'public' modifier is redundant for instance method declared in a public extension
355 |         self = self.translated(by: dx, dy, dz)
356 |     }
/Users/admin/builder/spi-builder-workspace/Sources/SwiftySCADKit/Transformations.swift:397:5: warning: 'public' modifier is redundant for static method declared in a public extension
395 |     ///   - subjects: The objects to mirror.
396 |     /// - Returns: A mirrored version of the given objects.
397 |     public static func mirror(_ dx: Double, _ dy: Double, _ dz: Double, subjects: OpenSCAD...) -> OpenSCAD {
    |     `- warning: 'public' modifier is redundant for static method declared in a public extension
398 |         return mirror(dx, dy, dz, subjects: subjects)
399 |     }
/Users/admin/builder/spi-builder-workspace/Sources/SwiftySCADKit/Transformations.swift:408:5: warning: 'public' modifier is redundant for static method declared in a public extension
406 |     ///   - dz: The z component of the normal vector of the plane to mirror across.
407 |     /// - Returns: A mirrored version of the given objects.
408 |     public static func mirror(_ subjects: OpenSCAD..., across dx: Double, _ dy: Double, _ dz: Double) -> OpenSCAD {
    |     `- warning: 'public' modifier is redundant for static method declared in a public extension
409 |         return mirror(dx, dy, dz, subjects: subjects)
410 |     }
/Users/admin/builder/spi-builder-workspace/Sources/SwiftySCADKit/Transformations.swift:439:5: warning: 'public' modifier is redundant for instance method declared in a public extension
437 |     ///   - dz: The z component of the normal vector of the plane to mirror across.
438 |     /// - Returns: A mirrored version of the caller.
439 |     public func mirrored(across dx: Double, _ dy: Double, _ dz: Double) -> OpenSCAD {
    |     `- warning: 'public' modifier is redundant for instance method declared in a public extension
440 |         return OpenSCAD.mirror(dx, dy, dz, subjects: [self])
441 |     }
/Users/admin/builder/spi-builder-workspace/Sources/SwiftySCADKit/Transformations.swift:448:5: warning: 'public' modifier is redundant for instance method declared in a public extension
446 |     ///   - dy: The y component of the normal vector of the plane to mirror across.
447 |     ///   - dz: The z component of the normal vector of the plane to mirror across.
448 |     public mutating func mirror(across dx: Double, _ dy: Double, _ dz: Double) {
    |     `- warning: 'public' modifier is redundant for instance method declared in a public extension
449 |         self = self.mirrored(across: dx, dy, dz)
450 |     }
/Users/admin/builder/spi-builder-workspace/Sources/SwiftySCADKit/Transformations.swift:492:5: warning: 'public' modifier is redundant for static method declared in a public extension
490 |     ///   - subjects: The objects to color
491 |     /// - Returns: A colored version of the given objects.
492 |     public static func color(_ r: Double, _ g: Double, _ b: Double, _ a: Double, subjects: OpenSCAD...) -> OpenSCAD {
    |     `- warning: 'public' modifier is redundant for static method declared in a public extension
493 |         return color(r, g, b, a, subjects: subjects)
494 |     }
/Users/admin/builder/spi-builder-workspace/Sources/SwiftySCADKit/Transformations.swift:504:5: warning: 'public' modifier is redundant for static method declared in a public extension
502 |     ///   - a: The alpha component of the color.
503 |     /// - Returns: A colored version of the given objects.
504 |     public static func color(_ subjects: OpenSCAD..., to r: Double, _ g: Double, _ b: Double, _ a: Double) -> OpenSCAD {
    |     `- warning: 'public' modifier is redundant for static method declared in a public extension
505 |         return color(r, g, b, a, subjects: subjects)
506 |     }
/Users/admin/builder/spi-builder-workspace/Sources/SwiftySCADKit/Transformations.swift:537:5: warning: 'public' modifier is redundant for instance method declared in a public extension
535 |     ///   - a: The alpha component of the color.
536 |     /// - Returns: A colored version of the caller.
537 |     public func colored(to r: Double, _ g: Double, _ b: Double, _ a: Double) -> OpenSCAD {
    |     `- warning: 'public' modifier is redundant for instance method declared in a public extension
538 |         return OpenSCAD.color(r, g, b, a, subjects: [self])
539 |     }
SwiftCompile normal arm64 /Users/admin/builder/spi-builder-workspace/Sources/SwiftySCADKit/Transformations.swift (in target 'SwiftySCADKit' from project 'SwiftySCADKit')
    cd /Users/admin/builder/spi-builder-workspace/.swiftpm/xcode
    builtin-SwiftPerFileCompile Transformations.swift
SwiftCompile normal arm64 Compiling\ Import.swift /Users/admin/builder/spi-builder-workspace/Sources/SwiftySCADKit/Import.swift (in target 'SwiftySCADKit' from project 'SwiftySCADKit')
SwiftCompile normal arm64 /Users/admin/builder/spi-builder-workspace/Sources/SwiftySCADKit/Import.swift (in target 'SwiftySCADKit' from project 'SwiftySCADKit')
    cd /Users/admin/builder/spi-builder-workspace/.swiftpm/xcode
    builtin-SwiftPerFileCompile Import.swift
SwiftCompile normal arm64 Compiling\ BooleanOperators.swift /Users/admin/builder/spi-builder-workspace/Sources/SwiftySCADKit/BooleanOperators.swift (in target 'SwiftySCADKit' from project 'SwiftySCADKit')
/Users/admin/builder/spi-builder-workspace/Sources/SwiftySCADKit/BooleanOperators.swift:19:5: warning: 'public' modifier is redundant for static method declared in a public extension
 17 |     ///   - children: Any other objects in the union.
 18 |     /// - Returns: A union of all passed OpenSCAD objects.
 19 |     public static func union(_ parent: OpenSCAD, _ children: OpenSCAD...) -> OpenSCAD {
    |     `- warning: 'public' modifier is redundant for static method declared in a public extension
 20 |         return union(parent, children)
 21 |     }
/Users/admin/builder/spi-builder-workspace/Sources/SwiftySCADKit/BooleanOperators.swift:48:5: warning: 'public' modifier is redundant for operator function declared in a public extension
 46 |     ///   - rhs: The other object in the union.
 47 |     /// - Returns: A union of the two OpenSCAD objects.
 48 |     public static func + (lhs: OpenSCAD, rhs: OpenSCAD) -> OpenSCAD {
    |     `- warning: 'public' modifier is redundant for operator function declared in a public extension
 49 |         return union(lhs, rhs)
 50 |     }
/Users/admin/builder/spi-builder-workspace/Sources/SwiftySCADKit/BooleanOperators.swift:56:5: warning: 'public' modifier is redundant for instance method declared in a public extension
 54 |     /// - Parameter subjects: The objects to be unioned with.
 55 |     /// - Returns: A union of the caller and all passed objects.
 56 |     public func unioned(with subjects: OpenSCAD...) -> OpenSCAD {
    |     `- warning: 'public' modifier is redundant for instance method declared in a public extension
 57 |         return unioned(with: subjects)
 58 |     }
/Users/admin/builder/spi-builder-workspace/Sources/SwiftySCADKit/BooleanOperators.swift:62:5: warning: 'public' modifier is redundant for instance method declared in a public extension
 60 |     ///
 61 |     /// - Parameter subjects: The objects to union with.
 62 |     public mutating func union(with subjects: OpenSCAD...) {
    |     `- warning: 'public' modifier is redundant for instance method declared in a public extension
 63 |         self = self.unioned(with: subjects)
 64 |     }
/Users/admin/builder/spi-builder-workspace/Sources/SwiftySCADKit/BooleanOperators.swift:95:5: warning: 'public' modifier is redundant for static method declared in a public extension
 93 |     ///   - children: The objects to subtract from the parent.
 94 |     /// - Returns: A difference made by subtracting the children from the parents.
 95 |     public static func difference(_ parent: OpenSCAD, _ children: OpenSCAD...) -> OpenSCAD {
    |     `- warning: 'public' modifier is redundant for static method declared in a public extension
 96 |         return difference(parent, children)
 97 |     }
/Users/admin/builder/spi-builder-workspace/Sources/SwiftySCADKit/BooleanOperators.swift:124:5: warning: 'public' modifier is redundant for operator function declared in a public extension
122 |     ///   - rhs: The object to subtract from the base.
123 |     /// - Returns: A difference made by subtracting the right object from the left.
124 |     public static func - (lhs: OpenSCAD, rhs: OpenSCAD) -> OpenSCAD {
    |     `- warning: 'public' modifier is redundant for operator function declared in a public extension
125 |         return difference(lhs, rhs)
126 |     }
/Users/admin/builder/spi-builder-workspace/Sources/SwiftySCADKit/BooleanOperators.swift:132:5: warning: 'public' modifier is redundant for instance method declared in a public extension
130 |     /// - Parameter subjects: The object to be subtracted.
131 |     /// - Returns: A difference formed by subtracting the subject from the caller.
132 |     public func differenced(from subject: OpenSCAD) -> OpenSCAD {
    |     `- warning: 'public' modifier is redundant for instance method declared in a public extension
133 |         return OpenSCAD.difference(subject, [self])
134 |     }
/Users/admin/builder/spi-builder-workspace/Sources/SwiftySCADKit/BooleanOperators.swift:138:5: warning: 'public' modifier is redundant for instance method declared in a public extension
136 |     ///
137 |     /// - Parameter subject: The object to subtract from the caller.
138 |     public mutating func difference(from subject: OpenSCAD) {
    |     `- warning: 'public' modifier is redundant for instance method declared in a public extension
139 |         self = self.differenced(from: subject)
140 |     }
/Users/admin/builder/spi-builder-workspace/Sources/SwiftySCADKit/BooleanOperators.swift:145:5: warning: 'public' modifier is redundant for instance method declared in a public extension
143 |     /// - Parameter subjects: The object to be subtracted.
144 |     /// - Returns: A difference formed by subtracting the subject from the caller.
145 |     public func subtracted(from subject: OpenSCAD) -> OpenSCAD {
    |     `- warning: 'public' modifier is redundant for instance method declared in a public extension
146 |         return differenced(from: subject)
147 |     }
/Users/admin/builder/spi-builder-workspace/Sources/SwiftySCADKit/BooleanOperators.swift:151:5: warning: 'public' modifier is redundant for instance method declared in a public extension
149 |     ///
150 |     /// - Parameter subject: The object to subtract from the caller.
151 |     public mutating func subtract(from subject: OpenSCAD) {
    |     `- warning: 'public' modifier is redundant for instance method declared in a public extension
152 |         difference(from: subject)
153 |     }
/Users/admin/builder/spi-builder-workspace/Sources/SwiftySCADKit/BooleanOperators.swift:177:5: warning: 'public' modifier is redundant for static method declared in a public extension
175 |     ///   - children: Any other objects in the intersection.
176 |     /// - Returns: A union of all passed OpenSCAD objects.
177 |     public static func intersection(_ parent: OpenSCAD, _ children: OpenSCAD...) -> OpenSCAD {
    |     `- warning: 'public' modifier is redundant for static method declared in a public extension
178 |         return intersection(parent, children)
179 |     }
/Users/admin/builder/spi-builder-workspace/Sources/SwiftySCADKit/BooleanOperators.swift:204:5: warning: 'public' modifier is redundant for instance method declared in a public extension
202 |     /// - Parameter subjects: The objects to be intersected with.
203 |     /// - Returns: An intersection of the caller and all passed objects.
204 |     public func intersectioned(with subjects: OpenSCAD...) -> OpenSCAD {
    |     `- warning: 'public' modifier is redundant for instance method declared in a public extension
205 |         return intersectioned(with: subjects)
206 |     }
SwiftCompile normal arm64 /Users/admin/builder/spi-builder-workspace/Sources/SwiftySCADKit/BooleanOperators.swift (in target 'SwiftySCADKit' from project 'SwiftySCADKit')
    cd /Users/admin/builder/spi-builder-workspace/.swiftpm/xcode
    builtin-SwiftPerFileCompile BooleanOperators.swift
PruneExplicitPrecompiledModules /Users/admin/builder/spi-builder-workspace/.derivedData/SDKExplicitPrecompiledModules
PruneExplicitPrecompiledModules /Users/admin/builder/spi-builder-workspace/.derivedData/Build/Intermediates.noindex/ExplicitPrecompiledModules
PruneExplicitPrecompiledModules /Users/admin/builder/spi-builder-workspace/.derivedData/Build/Intermediates.noindex/SwiftExplicitPrecompiledModules
2026-09-16 18:53:54.525 xcodebuild[678:4459] [MT] IDERunDestination: Supported platforms for the buildables in the current scheme is empty.
** BUILD FAILED **
The following build commands failed:
	SwiftCompile normal arm64 Compiling\ OpenSCAD.swift /Users/admin/builder/spi-builder-workspace/Sources/SwiftySCADKit/OpenSCAD.swift (in target 'SwiftySCADKit' from project 'SwiftySCADKit')
	SwiftCompile normal arm64 /Users/admin/builder/spi-builder-workspace/Sources/SwiftySCADKit/OpenSCAD.swift (in target 'SwiftySCADKit' from project 'SwiftySCADKit')
	Building workspace SwiftySCADKit with scheme SwiftySCADKit
(3 failures)
BUILD FAILURE 6.4 tvOS