Build Information
Failed to build Spek, reference master (62d2b7), with Swift 6.4 for watchOS using Xcode 27.0 on 17 Sep 2026 02:21:45 UTC.
Build Command
env DEVELOPER_DIR=/Applications/Xcode-27.0.0-Release.Candidate.app xcrun xcodebuild -IDEClonedSourcePackagesDirPathOverride=$PWD/.dependencies -skipMacroValidation -skipPackagePluginValidation -derivedDataPath $PWD/.derivedData build -scheme Spek-Package -destination generic/platform=watchOSBuild Log
========================================
RunAll
========================================
Builder version: 5.1.0
Interrupt handler set up.
========================================
Checkout
========================================
Clone URL: https://github.com/onmyway133/Spek.git
Reference: master
Initialized empty Git repository in /Users/admin/builder/spi-builder-workspace/.git/
From https://github.com/onmyway133/Spek
* branch master -> FETCH_HEAD
* [new branch] master -> origin/master
HEAD is now at 62d2b74 Update README.md
Cloned https://github.com/onmyway133/Spek.git
Revision (git rev-parse @):
62d2b74f2cadb84af12616712104f16bf6bfb979
SUCCESS checkout https://github.com/onmyway133/Spek.git at master
========================================
Build
========================================
Selected platform: watchOS
Swift version: 6.4
Building package at path: $PWD
https://github.com/onmyway133/Spek.git
Command line invocation:
/Applications/Xcode-27.0.0-Release.Candidate.app/Contents/Developer/usr/bin/xcodebuild -IDEClonedSourcePackagesDirPathOverride=/Users/admin/builder/spi-builder-workspace/.dependencies -resolvePackageDependencies
resolved source packages:
{
"dependencies" : [
],
"manifest_display_name" : "Spek",
"name" : "Spek",
"path" : "/Users/admin/builder/spi-builder-workspace",
"platforms" : [
{
"name" : "macos",
"version" : "10.10"
},
{
"name" : "ios",
"version" : "8.0"
},
{
"name" : "tvos",
"version" : "9.0"
}
],
"products" : [
{
"name" : "Spek",
"targets" : [
"Spek"
],
"type" : {
"library" : [
"automatic"
]
}
}
],
"swift_languages_versions" : [
"5"
],
"targets" : [
{
"c99name" : "SpekTests",
"module_type" : "SwiftTarget",
"name" : "SpekTests",
"path" : "Tests/SpekTests",
"sources" : [
"GenerateTestCaseTests.swift",
"SpekTests.swift",
"XCTestManifests.swift"
],
"target_dependencies" : [
"Spek"
],
"type" : "test"
},
{
"c99name" : "SpekHelper",
"module_type" : "ClangTarget",
"name" : "SpekHelper",
"path" : "Sources/SpekHelper",
"product_memberships" : [
"Spek"
],
"sources" : [
"SpekHelperTestCase.m"
],
"type" : "library"
},
{
"c99name" : "Spek",
"module_type" : "SwiftTarget",
"name" : "Spek",
"path" : "Sources/Spek",
"product_memberships" : [
"Spek"
],
"sources" : [
"Part.swift",
"Spek.swift",
"SpekTestCase.swift",
"XPart.swift"
],
"target_dependencies" : [
"SpekHelper"
],
"type" : "library"
}
],
"tools_version" : "5.1"
}
{
"project" : {
"configurations" : [
"Debug",
"Release"
],
"name" : "Spek",
"schemes" : [
"Spek-Package"
],
"targets" : [
"Spek",
"SpekHelper",
"SpekPackageDescription",
"SpekPackageTests",
"SpekTests"
]
}
}
Running build ...
env DEVELOPER_DIR=/Applications/Xcode-27.0.0-Release.Candidate.app xcrun xcodebuild -IDEClonedSourcePackagesDirPathOverride=$PWD/.dependencies -skipMacroValidation -skipPackagePluginValidation -derivedDataPath $PWD/.derivedData build -scheme Spek-Package -destination generic/platform=watchOS
Command line invocation:
/Applications/Xcode-27.0.0-Release.Candidate.app/Contents/Developer/usr/bin/xcodebuild -IDEClonedSourcePackagesDirPathOverride=/Users/admin/builder/spi-builder-workspace/.dependencies -skipMacroValidation -skipPackagePluginValidation -derivedDataPath /Users/admin/builder/spi-builder-workspace/.derivedData build -scheme Spek-Package -destination generic/platform=watchOS
ComputePackagePrebuildTargetDependencyGraph
Prepare packages
CreateBuildRequest
SendProjectDescription
CreateBuildOperation
ComputeTargetDependencyGraph
note: Building targets in dependency order
note: Target dependency graph (2 targets)
Target 'Spek' in project 'Spek'
➜ Explicit dependency on target 'SpekHelper' in project 'Spek'
Target 'SpekHelper' in project 'Spek' (no dependencies)
GatherProvisioningInputs
CreateBuildDescription
ExecuteExternalTool /Applications/Xcode-27.0.0-Release.Candidate.app/Contents/Developer/Toolchains/XcodeDefault.xctoolchain/usr/bin/clang -v -E -dM -isysroot /Applications/Xcode-27.0.0-Release.Candidate.app/Contents/Developer/Platforms/WatchOS.platform/Developer/SDKs/WatchOS27.0.sdk -x c -c /dev/null
ExecuteExternalTool /Applications/Xcode-27.0.0-Release.Candidate.app/Contents/Developer/Toolchains/XcodeDefault.xctoolchain/usr/bin/clang -v -E -dM -arch arm64 -isysroot /Applications/Xcode-27.0.0-Release.Candidate.app/Contents/Developer/Platforms/WatchOS.platform/Developer/SDKs/WatchOS27.0.sdk -x objective-c -c /dev/null
ExecuteExternalTool /Applications/Xcode-27.0.0-Release.Candidate.app/Contents/Developer/Toolchains/XcodeDefault.xctoolchain/usr/bin/swiftc --version
ExecuteExternalTool /Applications/Xcode-27.0.0-Release.Candidate.app/Contents/Developer/Toolchains/XcodeDefault.xctoolchain/usr/bin/clang -v -E -dM -arch arm64 -isysroot /Applications/Xcode-27.0.0-Release.Candidate.app/Contents/Developer/Platforms/WatchOS.platform/Developer/SDKs/WatchOS27.0.sdk -x c -c /dev/null
ExecuteExternalTool /Applications/Xcode-27.0.0-Release.Candidate.app/Contents/Developer/Toolchains/XcodeDefault.xctoolchain/usr/bin/ld -version_details
ExecuteExternalTool /Applications/Xcode-27.0.0-Release.Candidate.app/Contents/Developer/Toolchains/XcodeDefault.xctoolchain/usr/bin/clang -v -E -dM -arch arm64_32 -isysroot /Applications/Xcode-27.0.0-Release.Candidate.app/Contents/Developer/Platforms/WatchOS.platform/Developer/SDKs/WatchOS27.0.sdk -x objective-c -c /dev/null
ExecuteExternalTool /Applications/Xcode-27.0.0-Release.Candidate.app/Contents/Developer/Toolchains/XcodeDefault.xctoolchain/usr/bin/clang -v -E -dM -arch arm64_32 -isysroot /Applications/Xcode-27.0.0-Release.Candidate.app/Contents/Developer/Platforms/WatchOS.platform/Developer/SDKs/WatchOS27.0.sdk -x c -c /dev/null
Build description signature: 695e89e2e55043b5bb715bcc5f522d79
Build description path: /Users/admin/builder/spi-builder-workspace/.derivedData/Build/Intermediates.noindex/XCBuildData/695e89e2e55043b5bb715bcc5f522d79.xcbuilddata
/Users/admin/builder/spi-builder-workspace/Spek.xcodeproj: error: The watchOS deployment target 'WATCHOS_DEPLOYMENT_TARGET' is set to 2.0, but the range of supported deployment target versions is 9.0 to 27.0.x. (in target 'SpekHelper' from project 'Spek')
error: The armv7k architecture is deprecated. You should update your ARCHS build setting to remove the armv7k architecture. (in target 'SpekHelper' from project 'Spek')
/Users/admin/builder/spi-builder-workspace/Spek.xcodeproj: error: The watchOS deployment target 'WATCHOS_DEPLOYMENT_TARGET' is set to 2.0, but the range of supported deployment target versions is 9.0 to 27.0.x. (in target 'Spek' from project 'Spek')
error: The armv7k architecture is deprecated. You should update your ARCHS build setting to remove the armv7k architecture. (in target 'Spek' from project 'Spek')
** BUILD FAILED **
The following build commands failed:
Building project Spek with scheme Spek-Package
(1 failure)
Command line invocation:
/Applications/Xcode-27.0.0-Release.Candidate.app/Contents/Developer/usr/bin/xcodebuild -IDEClonedSourcePackagesDirPathOverride=/Users/admin/builder/spi-builder-workspace/.dependencies -resolvePackageDependencies
resolved source packages:
{
"dependencies" : [
],
"manifest_display_name" : "Spek",
"name" : "Spek",
"path" : "/Users/admin/builder/spi-builder-workspace",
"platforms" : [
{
"name" : "macos",
"version" : "10.10"
},
{
"name" : "ios",
"version" : "8.0"
},
{
"name" : "tvos",
"version" : "9.0"
}
],
"products" : [
{
"name" : "Spek",
"targets" : [
"Spek"
],
"type" : {
"library" : [
"automatic"
]
}
}
],
"swift_languages_versions" : [
"5"
],
"targets" : [
{
"c99name" : "SpekTests",
"module_type" : "SwiftTarget",
"name" : "SpekTests",
"path" : "Tests/SpekTests",
"sources" : [
"GenerateTestCaseTests.swift",
"SpekTests.swift",
"XCTestManifests.swift"
],
"target_dependencies" : [
"Spek"
],
"type" : "test"
},
{
"c99name" : "SpekHelper",
"module_type" : "ClangTarget",
"name" : "SpekHelper",
"path" : "Sources/SpekHelper",
"product_memberships" : [
"Spek"
],
"sources" : [
"SpekHelperTestCase.m"
],
"type" : "library"
},
{
"c99name" : "Spek",
"module_type" : "SwiftTarget",
"name" : "Spek",
"path" : "Sources/Spek",
"product_memberships" : [
"Spek"
],
"sources" : [
"Part.swift",
"Spek.swift",
"SpekTestCase.swift",
"XPart.swift"
],
"target_dependencies" : [
"SpekHelper"
],
"type" : "library"
}
],
"tools_version" : "5.1"
}
{
"project" : {
"configurations" : [
"Debug",
"Release"
],
"name" : "Spek",
"schemes" : [
"Spek-Package"
],
"targets" : [
"Spek",
"SpekHelper",
"SpekPackageDescription",
"SpekPackageTests",
"SpekTests"
]
}
}
Running build ...
env DEVELOPER_DIR=/Applications/Xcode-27.0.0-Release.Candidate.app xcrun xcodebuild -IDEClonedSourcePackagesDirPathOverride=$PWD/.dependencies -skipMacroValidation -skipPackagePluginValidation -derivedDataPath $PWD/.derivedData build -scheme Spek-Package -destination generic/platform=watchOS
Command line invocation:
/Applications/Xcode-27.0.0-Release.Candidate.app/Contents/Developer/usr/bin/xcodebuild -IDEClonedSourcePackagesDirPathOverride=/Users/admin/builder/spi-builder-workspace/.dependencies -skipMacroValidation -skipPackagePluginValidation -derivedDataPath /Users/admin/builder/spi-builder-workspace/.derivedData build -scheme Spek-Package -destination generic/platform=watchOS
ComputePackagePrebuildTargetDependencyGraph
Prepare packages
CreateBuildRequest
SendProjectDescription
CreateBuildOperation
ComputeTargetDependencyGraph
note: Building targets in dependency order
note: Target dependency graph (2 targets)
Target 'Spek' in project 'Spek'
➜ Explicit dependency on target 'SpekHelper' in project 'Spek'
Target 'SpekHelper' in project 'Spek' (no dependencies)
GatherProvisioningInputs
CreateBuildDescription
error: The armv7k architecture is deprecated. You should update your ARCHS build setting to remove the armv7k architecture. (in target 'SpekHelper' from project 'Spek')
/Users/admin/builder/spi-builder-workspace/Spek.xcodeproj: error: The watchOS deployment target 'WATCHOS_DEPLOYMENT_TARGET' is set to 2.0, but the range of supported deployment target versions is 9.0 to 27.0.x. (in target 'SpekHelper' from project 'Spek')
error: The armv7k architecture is deprecated. You should update your ARCHS build setting to remove the armv7k architecture. (in target 'Spek' from project 'Spek')
/Users/admin/builder/spi-builder-workspace/Spek.xcodeproj: error: The watchOS deployment target 'WATCHOS_DEPLOYMENT_TARGET' is set to 2.0, but the range of supported deployment target versions is 9.0 to 27.0.x. (in target 'Spek' from project 'Spek')
** BUILD FAILED **
The following build commands failed:
Building project Spek with scheme Spek-Package
(1 failure)
BUILD FAILURE 6.4 watchOS