The Swift Package Index logo.Swift Package Index

Build Information

Failed to build asconnect-service, reference main (3aaf5c), with Swift 6.4 for visionOS using Xcode 27.0 on 24 Sep 2026 13:17:21 UTC.

Build Command

env DEVELOPER_DIR=/Applications/Xcode-27.0.0-Release.Candidate.app xcrun xcodebuild -IDEClonedSourcePackagesDirPathOverride=$PWD/.dependencies -skipMacroValidation -skipPackagePluginValidation -derivedDataPath $PWD/.derivedData build -scheme asconnect-service -destination generic/platform=xrOS

Build Log

SwiftDriverJobDiscovery normal arm64 Compiling PlatformChecks.swift, RendererProtocol.swift, TextBasedRenderer.swift, ClientTranslator.swift, translateClientMethod.swift, translateAllAnyOneOf.swift, translateArray.swift, translateCodable.swift, translateObjectStruct.swift (in target '_OpenAPIGeneratorCore' from project 'swift-openapi-generator')
SwiftDriverJobDiscovery normal arm64 Compiling TypeMatcher.swift, TypeName.swift, TypeUsage.swift, isSchemaSupported.swift, TypesFileTranslator.swift, translateAPIProtocol.swift, translateBoxedTypes.swift, translateComponentHeaders.swift, translateComponentParameters.swift (in target '_OpenAPIGeneratorCore' from project 'swift-openapi-generator')
SwiftDriverJobDiscovery normal arm64 Compiling SchemaOverrides.swift, StructBlueprint.swift, CodingStrategy.swift, ContentInspector.swift, ContentType.swift, SchemaContent.swift, FileTranslator+FeatureFlags.swift, FileTranslator.swift, MultipartAdditionalProperties.swift (in target '_OpenAPIGeneratorCore' from project 'swift-openapi-generator')
SwiftDriverJobDiscovery normal x86_64 Compiling translateComponentRequestBodies.swift, translateComponentResponses.swift, translateComponents.swift, translateOperations.swift, translateSchemas.swift, translateServers.swift, translateServersVariables.swift, TypeOverrides.swift, YamlFileDiagnosticsCollector.swift (in target '_OpenAPIGeneratorCore' from project 'swift-openapi-generator')
SwiftDriverJobDiscovery normal arm64 Compiling translateResponseOutcome.swift, ServerTranslator.swift, translateServerMethod.swift, TranslatorProtocol.swift, Builtins.swift, ReferenceStack.swift, SafeNameGenerator.swift, TypeAssigner.swift, TypeLocation.swift (in target '_OpenAPIGeneratorCore' from project 'swift-openapi-generator')
SwiftExplicitDependencyGeneratePcm x86_64 /Users/admin/builder/spi-builder-workspace/.derivedData/SDKExplicitPrecompiledModules/_Builtin_stdatomic-5T75TOGJ0QOLA5HDV8S5OY6V6.pcm
SwiftExplicitDependencyGeneratePcm arm64 /Users/admin/builder/spi-builder-workspace/.derivedData/SDKExplicitPrecompiledModules/_Builtin_stdatomic-8LN7S35C6I48KJOCW7VPXX04X.pcm
SwiftExplicitDependencyGeneratePcm x86_64 /Users/admin/builder/spi-builder-workspace/.derivedData/SDKExplicitPrecompiledModules/os-3R7M3SNHH8COVI8XXHFRDBFSS.pcm
SwiftExplicitDependencyGeneratePcm arm64 /Users/admin/builder/spi-builder-workspace/.derivedData/SDKExplicitPrecompiledModules/os-BYOEVK2GEMB4Q8WWHGZGREA00.pcm
SwiftDriverJobDiscovery normal arm64 Compiling Config.swift, Diagnostics.swift, DiagnosticsCollectorProvider.swift, Errors.swift, Foundation.swift, OpenAPIKit.swift, String.swift, SwiftStandardLibrary.swift, FeatureFlags.swift, GeneratorMode.swift (in target '_OpenAPIGeneratorCore' from project 'swift-openapi-generator')
SwiftEmitModule normal x86_64 Emitting\ module\ for\ swift_openapi_generator (in target 'swift-openapi-generator-product' from project 'swift-openapi-generator')
SwiftCompile normal x86_64 (in target 'swift-openapi-generator-product' from project 'swift-openapi-generator')
    cd /Users/admin/builder/spi-builder-workspace/.swiftpm/xcode

SwiftCompile normal x86_64 Compiling\ GenerateOptions+runGenerator.swift /Users/admin/builder/spi-builder-workspace/.dependencies/checkouts/swift-openapi-generator/Sources/swift-openapi-generator/GenerateOptions+runGenerator.swift (in target 'swift-openapi-generator-product' from project 'swift-openapi-generator')
SwiftCompile normal x86_64 /Users/admin/builder/spi-builder-workspace/.dependencies/checkouts/swift-openapi-generator/Sources/swift-openapi-generator/GenerateOptions+runGenerator.swift (in target 'swift-openapi-generator-product' from project 'swift-openapi-generator')
    cd /Users/admin/builder/spi-builder-workspace/.swiftpm/xcode
    builtin-SwiftPerFileCompile GenerateOptions+runGenerator.swift
SwiftCompile normal x86_64 Compiling\ Extensions.swift /Users/admin/builder/spi-builder-workspace/.dependencies/checkouts/swift-openapi-generator/Sources/swift-openapi-generator/Extensions.swift (in target 'swift-openapi-generator-product' from project 'swift-openapi-generator')
SwiftCompile normal x86_64 /Users/admin/builder/spi-builder-workspace/.dependencies/checkouts/swift-openapi-generator/Sources/swift-openapi-generator/Extensions.swift (in target 'swift-openapi-generator-product' from project 'swift-openapi-generator')
    cd /Users/admin/builder/spi-builder-workspace/.swiftpm/xcode
    builtin-SwiftPerFileCompile Extensions.swift
SwiftCompile normal x86_64 Compiling\ GenerateCommand.swift /Users/admin/builder/spi-builder-workspace/.dependencies/checkouts/swift-openapi-generator/Sources/swift-openapi-generator/GenerateCommand.swift (in target 'swift-openapi-generator-product' from project 'swift-openapi-generator')
SwiftCompile normal x86_64 /Users/admin/builder/spi-builder-workspace/.dependencies/checkouts/swift-openapi-generator/Sources/swift-openapi-generator/GenerateCommand.swift (in target 'swift-openapi-generator-product' from project 'swift-openapi-generator')
    cd /Users/admin/builder/spi-builder-workspace/.swiftpm/xcode
    builtin-SwiftPerFileCompile GenerateCommand.swift
SwiftCompile normal x86_64 Compiling\ Tool.swift /Users/admin/builder/spi-builder-workspace/.dependencies/checkouts/swift-openapi-generator/Sources/swift-openapi-generator/Tool.swift (in target 'swift-openapi-generator-product' from project 'swift-openapi-generator')
SwiftCompile normal x86_64 /Users/admin/builder/spi-builder-workspace/.dependencies/checkouts/swift-openapi-generator/Sources/swift-openapi-generator/Tool.swift (in target 'swift-openapi-generator-product' from project 'swift-openapi-generator')
    cd /Users/admin/builder/spi-builder-workspace/.swiftpm/xcode
    builtin-SwiftPerFileCompile Tool.swift
SwiftCompile normal x86_64 Compiling\ PluginSource.swift /Users/admin/builder/spi-builder-workspace/.dependencies/checkouts/swift-openapi-generator/Sources/swift-openapi-generator/PluginSource.swift (in target 'swift-openapi-generator-product' from project 'swift-openapi-generator')
SwiftCompile normal x86_64 /Users/admin/builder/spi-builder-workspace/.dependencies/checkouts/swift-openapi-generator/Sources/swift-openapi-generator/PluginSource.swift (in target 'swift-openapi-generator-product' from project 'swift-openapi-generator')
    cd /Users/admin/builder/spi-builder-workspace/.swiftpm/xcode
    builtin-SwiftPerFileCompile PluginSource.swift
SwiftCompile normal x86_64 Compiling\ GenerateOptions.swift /Users/admin/builder/spi-builder-workspace/.dependencies/checkouts/swift-openapi-generator/Sources/swift-openapi-generator/GenerateOptions.swift (in target 'swift-openapi-generator-product' from project 'swift-openapi-generator')
SwiftCompile normal x86_64 /Users/admin/builder/spi-builder-workspace/.dependencies/checkouts/swift-openapi-generator/Sources/swift-openapi-generator/GenerateOptions.swift (in target 'swift-openapi-generator-product' from project 'swift-openapi-generator')
    cd /Users/admin/builder/spi-builder-workspace/.swiftpm/xcode
    builtin-SwiftPerFileCompile GenerateOptions.swift
SwiftEmitModule normal arm64 Emitting\ module\ for\ swift_openapi_generator (in target 'swift-openapi-generator-product' from project 'swift-openapi-generator')
SwiftCompile normal arm64 (in target 'swift-openapi-generator-product' from project 'swift-openapi-generator')
    cd /Users/admin/builder/spi-builder-workspace/.swiftpm/xcode

SwiftDriverJobDiscovery normal x86_64 Compiling PluginSource.swift (in target 'swift-openapi-generator-product' from project 'swift-openapi-generator')
SwiftCompile normal arm64 Compiling\ Tool.swift /Users/admin/builder/spi-builder-workspace/.dependencies/checkouts/swift-openapi-generator/Sources/swift-openapi-generator/Tool.swift (in target 'swift-openapi-generator-product' from project 'swift-openapi-generator')
SwiftCompile normal arm64 /Users/admin/builder/spi-builder-workspace/.dependencies/checkouts/swift-openapi-generator/Sources/swift-openapi-generator/Tool.swift (in target 'swift-openapi-generator-product' from project 'swift-openapi-generator')
    cd /Users/admin/builder/spi-builder-workspace/.swiftpm/xcode
    builtin-SwiftPerFileCompile Tool.swift
SwiftDriverJobDiscovery normal x86_64 Compiling Extensions.swift (in target 'swift-openapi-generator-product' from project 'swift-openapi-generator')
SwiftCompile normal arm64 Compiling\ FilterCommand.swift /Users/admin/builder/spi-builder-workspace/.dependencies/checkouts/swift-openapi-generator/Sources/swift-openapi-generator/FilterCommand.swift (in target 'swift-openapi-generator-product' from project 'swift-openapi-generator')
SwiftCompile normal arm64 /Users/admin/builder/spi-builder-workspace/.dependencies/checkouts/swift-openapi-generator/Sources/swift-openapi-generator/FilterCommand.swift (in target 'swift-openapi-generator-product' from project 'swift-openapi-generator')
    cd /Users/admin/builder/spi-builder-workspace/.swiftpm/xcode
    builtin-SwiftPerFileCompile FilterCommand.swift
SwiftDriverJobDiscovery normal x86_64 Compiling Tool.swift (in target 'swift-openapi-generator-product' from project 'swift-openapi-generator')
SwiftCompile normal arm64 Compiling\ PluginSource.swift /Users/admin/builder/spi-builder-workspace/.dependencies/checkouts/swift-openapi-generator/Sources/swift-openapi-generator/PluginSource.swift (in target 'swift-openapi-generator-product' from project 'swift-openapi-generator')
SwiftCompile normal arm64 /Users/admin/builder/spi-builder-workspace/.dependencies/checkouts/swift-openapi-generator/Sources/swift-openapi-generator/PluginSource.swift (in target 'swift-openapi-generator-product' from project 'swift-openapi-generator')
    cd /Users/admin/builder/spi-builder-workspace/.swiftpm/xcode
    builtin-SwiftPerFileCompile PluginSource.swift
SwiftDriverJobDiscovery normal x86_64 Emitting module for swift_openapi_generator (in target 'swift-openapi-generator-product' from project 'swift-openapi-generator')
SwiftDriver\ Compilation\ Requirements swift-openapi-generator normal x86_64 com.apple.xcode.tools.swift.compiler (in target 'swift-openapi-generator-product' from project 'swift-openapi-generator')
    cd /Users/admin/builder/spi-builder-workspace/.swiftpm/xcode
    builtin-Swift-Compilation-Requirements -- /Applications/Xcode-27.0.0-Release.Candidate.app/Contents/Developer/Toolchains/XcodeDefault.xctoolchain/usr/bin/swiftc -parse-as-library -module-name swift_openapi_generator -Onone @/Users/admin/builder/spi-builder-workspace/.derivedData/Build/Intermediates.noindex/swift-openapi-generator.build/Debug/swift-openapi-generator-p.build/Objects-normal/x86_64/swift-openapi-generator.SwiftFileList -DSWIFT_PACKAGE -DDEBUG -Xcc -fmodule-map-file\=/Users/admin/builder/spi-builder-workspace/.dependencies/checkouts/swift-numerics/Sources/_NumericsShims/include/module.modulemap -Xcc -fmodule-map-file\=/Users/admin/builder/spi-builder-workspace/.dependencies/checkouts/Yams/Sources/CYaml/include/module.modulemap -DXcode -enable-upcoming-feature ExistentialAny -enable-experimental-feature StrictConcurrency\=complete -enable-upcoming-feature MemberImportVisibility -plugin-path /Applications/Xcode-27.0.0-Release.Candidate.app/Contents/Developer/Toolchains/XcodeDefault.xctoolchain/usr/lib/swift/host/plugins/testing -enable-experimental-feature DebugDescriptionMacro -sdk /Applications/Xcode-27.0.0-Release.Candidate.app/Contents/Developer/Platforms/MacOSX.platform/Developer/SDKs/MacOSX27.0.sdk -target x86_64-apple-macos12.0 -g -module-cache-path /Users/admin/builder/spi-builder-workspace/.derivedData/ModuleCache.noindex -Xfrontend -serialize-debugging-options -profile-coverage-mapping -profile-generate -enable-testing -suppress-warnings -index-store-path /Users/admin/builder/spi-builder-workspace/.derivedData/Index.noindex/DataStore -Xcc -D_LIBCPP_HARDENING_MODE\=_LIBCPP_HARDENING_MODE_DEBUG -swift-version 5 -I /Users/admin/builder/spi-builder-workspace/.derivedData/Build/Products/Debug -Isystem /Applications/Xcode-27.0.0-Release.Candidate.app/Contents/Developer/Platforms/MacOSX.platform/Developer/usr/lib -F /Users/admin/builder/spi-builder-workspace/.derivedData/Build/Products/Debug/PackageFrameworks -F /Users/admin/builder/spi-builder-workspace/.derivedData/Build/Products/Debug -F /Applications/Xcode-27.0.0-Release.Candidate.app/Contents/Developer/Platforms/MacOSX.platform/Developer/Library/Frameworks -c -j10 -enable-batch-mode -incremental -Xcc -ivfsstatcache -Xcc /Users/admin/builder/spi-builder-workspace/.derivedData/SDKStatCaches.noindex/macosx27.0-26A425-e829b21a6f8c9b70876ba0858053c0446a22442a12e9d48fe1a705f55a1adfc4.sdkstatcache -output-file-map /Users/admin/builder/spi-builder-workspace/.derivedData/Build/Intermediates.noindex/swift-openapi-generator.build/Debug/swift-openapi-generator-p.build/Objects-normal/x86_64/swift-openapi-generator-OutputFileMap.json -save-temps -no-color-diagnostics -explicit-module-build -module-cache-path /Users/admin/builder/spi-builder-workspace/.derivedData/Build/Intermediates.noindex/SwiftExplicitPrecompiledModules -clang-scanner-module-cache-path /Users/admin/builder/spi-builder-workspace/.derivedData/ModuleCache.noindex -sdk-module-cache-path /Users/admin/builder/spi-builder-workspace/.derivedData/SDKExplicitPrecompiledModules -emit-dependencies -emit-module -emit-module-path /Users/admin/builder/spi-builder-workspace/.derivedData/Build/Intermediates.noindex/swift-openapi-generator.build/Debug/swift-openapi-generator-p.build/Objects-normal/x86_64/swift_openapi_generator.swiftmodule -serialize-diagnostics -dependency-scan-serialize-diagnostics-path /Users/admin/builder/spi-builder-workspace/.derivedData/Build/Intermediates.noindex/swift-openapi-generator.build/Debug/swift-openapi-generator-p.build/Objects-normal/x86_64/swift_openapi_generator-dependency-scan.dia -user-module-version 1.11.0 -validate-clang-modules-once -clang-build-session-file /Users/admin/builder/spi-builder-workspace/.derivedData/ModuleCache.noindex/Session.modulevalidation -Xcc -fmodules-prune-interval\=86400 -Xcc -fmodules-prune-after\=345600 -package-name swift_openapi_generator -emit-const-values -const-gather-protocols-list /Users/admin/builder/spi-builder-workspace/.derivedData/Build/Intermediates.noindex/swift-openapi-generator.build/Debug/swift-openapi-generator-p.build/Objects-normal/x86_64/swift-openapi-generator_const_extract_protocols.json -Xcc -I/Users/admin/builder/spi-builder-workspace/.dependencies/checkouts/swift-numerics/Sources/_NumericsShims/include -Xcc -I/Users/admin/builder/spi-builder-workspace/.dependencies/checkouts/Yams/Sources/CYaml/include -Xcc -I/Users/admin/builder/spi-builder-workspace/.derivedData/Build/Products/Debug/include -Xcc -I/Users/admin/builder/spi-builder-workspace/.derivedData/Build/Intermediates.noindex/swift-openapi-generator.build/Debug/swift-openapi-generator-p.build/DerivedSources-normal/x86_64 -Xcc -I/Users/admin/builder/spi-builder-workspace/.derivedData/Build/Intermediates.noindex/swift-openapi-generator.build/Debug/swift-openapi-generator-p.build/DerivedSources/x86_64 -Xcc -I/Users/admin/builder/spi-builder-workspace/.derivedData/Build/Intermediates.noindex/swift-openapi-generator.build/Debug/swift-openapi-generator-p.build/DerivedSources -Xcc -DSWIFT_PACKAGE -Xcc -DDEBUG\=1 -working-directory /Users/admin/builder/spi-builder-workspace/.swiftpm/xcode -experimental-emit-module-separately -disable-cmo
SwiftDriverJobDiscovery normal x86_64 Compiling GenerateOptions+runGenerator.swift (in target 'swift-openapi-generator-product' from project 'swift-openapi-generator')
SwiftCompile normal arm64 Compiling\ Extensions.swift /Users/admin/builder/spi-builder-workspace/.dependencies/checkouts/swift-openapi-generator/Sources/swift-openapi-generator/Extensions.swift (in target 'swift-openapi-generator-product' from project 'swift-openapi-generator')
SwiftCompile normal arm64 /Users/admin/builder/spi-builder-workspace/.dependencies/checkouts/swift-openapi-generator/Sources/swift-openapi-generator/Extensions.swift (in target 'swift-openapi-generator-product' from project 'swift-openapi-generator')
    cd /Users/admin/builder/spi-builder-workspace/.swiftpm/xcode
    builtin-SwiftPerFileCompile Extensions.swift
SwiftCompile normal arm64 Compiling\ runGenerator.swift /Users/admin/builder/spi-builder-workspace/.dependencies/checkouts/swift-openapi-generator/Sources/swift-openapi-generator/runGenerator.swift (in target 'swift-openapi-generator-product' from project 'swift-openapi-generator')
SwiftCompile normal arm64 /Users/admin/builder/spi-builder-workspace/.dependencies/checkouts/swift-openapi-generator/Sources/swift-openapi-generator/runGenerator.swift (in target 'swift-openapi-generator-product' from project 'swift-openapi-generator')
    cd /Users/admin/builder/spi-builder-workspace/.swiftpm/xcode
    builtin-SwiftPerFileCompile runGenerator.swift
SwiftDriverJobDiscovery normal x86_64 Compiling GenerateCommand.swift (in target 'swift-openapi-generator-product' from project 'swift-openapi-generator')
SwiftCompile normal arm64 Compiling\ GenerateCommand.swift /Users/admin/builder/spi-builder-workspace/.dependencies/checkouts/swift-openapi-generator/Sources/swift-openapi-generator/GenerateCommand.swift (in target 'swift-openapi-generator-product' from project 'swift-openapi-generator')
SwiftCompile normal arm64 /Users/admin/builder/spi-builder-workspace/.dependencies/checkouts/swift-openapi-generator/Sources/swift-openapi-generator/GenerateCommand.swift (in target 'swift-openapi-generator-product' from project 'swift-openapi-generator')
    cd /Users/admin/builder/spi-builder-workspace/.swiftpm/xcode
    builtin-SwiftPerFileCompile GenerateCommand.swift
SwiftDriverJobDiscovery normal arm64 Compiling Tool.swift (in target 'swift-openapi-generator-product' from project 'swift-openapi-generator')
SwiftCompile normal arm64 Compiling\ UserConfig.swift /Users/admin/builder/spi-builder-workspace/.dependencies/checkouts/swift-openapi-generator/Sources/swift-openapi-generator/UserConfig.swift (in target 'swift-openapi-generator-product' from project 'swift-openapi-generator')
SwiftCompile normal arm64 /Users/admin/builder/spi-builder-workspace/.dependencies/checkouts/swift-openapi-generator/Sources/swift-openapi-generator/UserConfig.swift (in target 'swift-openapi-generator-product' from project 'swift-openapi-generator')
    cd /Users/admin/builder/spi-builder-workspace/.swiftpm/xcode
    builtin-SwiftPerFileCompile UserConfig.swift
SwiftCompile normal arm64 Compiling\ GenerateOptions+runGenerator.swift /Users/admin/builder/spi-builder-workspace/.dependencies/checkouts/swift-openapi-generator/Sources/swift-openapi-generator/GenerateOptions+runGenerator.swift (in target 'swift-openapi-generator-product' from project 'swift-openapi-generator')
SwiftCompile normal arm64 /Users/admin/builder/spi-builder-workspace/.dependencies/checkouts/swift-openapi-generator/Sources/swift-openapi-generator/GenerateOptions+runGenerator.swift (in target 'swift-openapi-generator-product' from project 'swift-openapi-generator')
    cd /Users/admin/builder/spi-builder-workspace/.swiftpm/xcode
    builtin-SwiftPerFileCompile GenerateOptions+runGenerator.swift
SwiftDriverJobDiscovery normal arm64 Compiling PluginSource.swift (in target 'swift-openapi-generator-product' from project 'swift-openapi-generator')
SwiftDriverJobDiscovery normal arm64 Emitting module for swift_openapi_generator (in target 'swift-openapi-generator-product' from project 'swift-openapi-generator')
SwiftDriver\ Compilation\ Requirements swift-openapi-generator normal arm64 com.apple.xcode.tools.swift.compiler (in target 'swift-openapi-generator-product' from project 'swift-openapi-generator')
    cd /Users/admin/builder/spi-builder-workspace/.swiftpm/xcode
    builtin-Swift-Compilation-Requirements -- /Applications/Xcode-27.0.0-Release.Candidate.app/Contents/Developer/Toolchains/XcodeDefault.xctoolchain/usr/bin/swiftc -parse-as-library -module-name swift_openapi_generator -Onone @/Users/admin/builder/spi-builder-workspace/.derivedData/Build/Intermediates.noindex/swift-openapi-generator.build/Debug/swift-openapi-generator-p.build/Objects-normal/arm64/swift-openapi-generator.SwiftFileList -DSWIFT_PACKAGE -DDEBUG -Xcc -fmodule-map-file\=/Users/admin/builder/spi-builder-workspace/.dependencies/checkouts/swift-numerics/Sources/_NumericsShims/include/module.modulemap -Xcc -fmodule-map-file\=/Users/admin/builder/spi-builder-workspace/.dependencies/checkouts/Yams/Sources/CYaml/include/module.modulemap -DXcode -enable-upcoming-feature ExistentialAny -enable-experimental-feature StrictConcurrency\=complete -enable-upcoming-feature MemberImportVisibility -plugin-path /Applications/Xcode-27.0.0-Release.Candidate.app/Contents/Developer/Toolchains/XcodeDefault.xctoolchain/usr/lib/swift/host/plugins/testing -enable-experimental-feature DebugDescriptionMacro -sdk /Applications/Xcode-27.0.0-Release.Candidate.app/Contents/Developer/Platforms/MacOSX.platform/Developer/SDKs/MacOSX27.0.sdk -target arm64-apple-macos12.0 -g -module-cache-path /Users/admin/builder/spi-builder-workspace/.derivedData/ModuleCache.noindex -Xfrontend -serialize-debugging-options -profile-coverage-mapping -profile-generate -enable-testing -suppress-warnings -index-store-path /Users/admin/builder/spi-builder-workspace/.derivedData/Index.noindex/DataStore -Xcc -D_LIBCPP_HARDENING_MODE\=_LIBCPP_HARDENING_MODE_DEBUG -swift-version 5 -I /Users/admin/builder/spi-builder-workspace/.derivedData/Build/Products/Debug -Isystem /Applications/Xcode-27.0.0-Release.Candidate.app/Contents/Developer/Platforms/MacOSX.platform/Developer/usr/lib -F /Users/admin/builder/spi-builder-workspace/.derivedData/Build/Products/Debug/PackageFrameworks -F /Users/admin/builder/spi-builder-workspace/.derivedData/Build/Products/Debug -F /Applications/Xcode-27.0.0-Release.Candidate.app/Contents/Developer/Platforms/MacOSX.platform/Developer/Library/Frameworks -c -j10 -enable-batch-mode -incremental -Xcc -ivfsstatcache -Xcc /Users/admin/builder/spi-builder-workspace/.derivedData/SDKStatCaches.noindex/macosx27.0-26A425-e829b21a6f8c9b70876ba0858053c0446a22442a12e9d48fe1a705f55a1adfc4.sdkstatcache -output-file-map /Users/admin/builder/spi-builder-workspace/.derivedData/Build/Intermediates.noindex/swift-openapi-generator.build/Debug/swift-openapi-generator-p.build/Objects-normal/arm64/swift-openapi-generator-OutputFileMap.json -save-temps -no-color-diagnostics -explicit-module-build -module-cache-path /Users/admin/builder/spi-builder-workspace/.derivedData/Build/Intermediates.noindex/SwiftExplicitPrecompiledModules -clang-scanner-module-cache-path /Users/admin/builder/spi-builder-workspace/.derivedData/ModuleCache.noindex -sdk-module-cache-path /Users/admin/builder/spi-builder-workspace/.derivedData/SDKExplicitPrecompiledModules -emit-dependencies -emit-module -emit-module-path /Users/admin/builder/spi-builder-workspace/.derivedData/Build/Intermediates.noindex/swift-openapi-generator.build/Debug/swift-openapi-generator-p.build/Objects-normal/arm64/swift_openapi_generator.swiftmodule -serialize-diagnostics -dependency-scan-serialize-diagnostics-path /Users/admin/builder/spi-builder-workspace/.derivedData/Build/Intermediates.noindex/swift-openapi-generator.build/Debug/swift-openapi-generator-p.build/Objects-normal/arm64/swift_openapi_generator-dependency-scan.dia -user-module-version 1.11.0 -validate-clang-modules-once -clang-build-session-file /Users/admin/builder/spi-builder-workspace/.derivedData/ModuleCache.noindex/Session.modulevalidation -Xcc -fmodules-prune-interval\=86400 -Xcc -fmodules-prune-after\=345600 -package-name swift_openapi_generator -emit-const-values -const-gather-protocols-list /Users/admin/builder/spi-builder-workspace/.derivedData/Build/Intermediates.noindex/swift-openapi-generator.build/Debug/swift-openapi-generator-p.build/Objects-normal/arm64/swift-openapi-generator_const_extract_protocols.json -Xcc -I/Users/admin/builder/spi-builder-workspace/.dependencies/checkouts/swift-numerics/Sources/_NumericsShims/include -Xcc -I/Users/admin/builder/spi-builder-workspace/.dependencies/checkouts/Yams/Sources/CYaml/include -Xcc -I/Users/admin/builder/spi-builder-workspace/.derivedData/Build/Products/Debug/include -Xcc -I/Users/admin/builder/spi-builder-workspace/.derivedData/Build/Intermediates.noindex/swift-openapi-generator.build/Debug/swift-openapi-generator-p.build/DerivedSources-normal/arm64 -Xcc -I/Users/admin/builder/spi-builder-workspace/.derivedData/Build/Intermediates.noindex/swift-openapi-generator.build/Debug/swift-openapi-generator-p.build/DerivedSources/arm64 -Xcc -I/Users/admin/builder/spi-builder-workspace/.derivedData/Build/Intermediates.noindex/swift-openapi-generator.build/Debug/swift-openapi-generator-p.build/DerivedSources -Xcc -DSWIFT_PACKAGE -Xcc -DDEBUG\=1 -working-directory /Users/admin/builder/spi-builder-workspace/.swiftpm/xcode -experimental-emit-module-separately -disable-cmo
SwiftDriverJobDiscovery normal x86_64 Compiling GenerateOptions.swift (in target 'swift-openapi-generator-product' from project 'swift-openapi-generator')
SwiftCompile normal arm64 Compiling\ GenerateOptions.swift /Users/admin/builder/spi-builder-workspace/.dependencies/checkouts/swift-openapi-generator/Sources/swift-openapi-generator/GenerateOptions.swift (in target 'swift-openapi-generator-product' from project 'swift-openapi-generator')
SwiftCompile normal arm64 /Users/admin/builder/spi-builder-workspace/.dependencies/checkouts/swift-openapi-generator/Sources/swift-openapi-generator/GenerateOptions.swift (in target 'swift-openapi-generator-product' from project 'swift-openapi-generator')
    cd /Users/admin/builder/spi-builder-workspace/.swiftpm/xcode
    builtin-SwiftPerFileCompile GenerateOptions.swift
SwiftDriverJobDiscovery normal arm64 Compiling Extensions.swift (in target 'swift-openapi-generator-product' from project 'swift-openapi-generator')
SwiftCompile normal x86_64 Compiling\ runGenerator.swift /Users/admin/builder/spi-builder-workspace/.dependencies/checkouts/swift-openapi-generator/Sources/swift-openapi-generator/runGenerator.swift (in target 'swift-openapi-generator-product' from project 'swift-openapi-generator')
SwiftCompile normal x86_64 /Users/admin/builder/spi-builder-workspace/.dependencies/checkouts/swift-openapi-generator/Sources/swift-openapi-generator/runGenerator.swift (in target 'swift-openapi-generator-product' from project 'swift-openapi-generator')
    cd /Users/admin/builder/spi-builder-workspace/.swiftpm/xcode
    builtin-SwiftPerFileCompile runGenerator.swift
SwiftCompile normal x86_64 Compiling\ FilterCommand.swift /Users/admin/builder/spi-builder-workspace/.dependencies/checkouts/swift-openapi-generator/Sources/swift-openapi-generator/FilterCommand.swift (in target 'swift-openapi-generator-product' from project 'swift-openapi-generator')
SwiftCompile normal x86_64 /Users/admin/builder/spi-builder-workspace/.dependencies/checkouts/swift-openapi-generator/Sources/swift-openapi-generator/FilterCommand.swift (in target 'swift-openapi-generator-product' from project 'swift-openapi-generator')
    cd /Users/admin/builder/spi-builder-workspace/.swiftpm/xcode
    builtin-SwiftPerFileCompile FilterCommand.swift
SwiftDriverJobDiscovery normal arm64 Compiling FilterCommand.swift (in target 'swift-openapi-generator-product' from project 'swift-openapi-generator')
SwiftCompile normal x86_64 Compiling\ UserConfig.swift /Users/admin/builder/spi-builder-workspace/.dependencies/checkouts/swift-openapi-generator/Sources/swift-openapi-generator/UserConfig.swift (in target 'swift-openapi-generator-product' from project 'swift-openapi-generator')
SwiftCompile normal x86_64 /Users/admin/builder/spi-builder-workspace/.dependencies/checkouts/swift-openapi-generator/Sources/swift-openapi-generator/UserConfig.swift (in target 'swift-openapi-generator-product' from project 'swift-openapi-generator')
    cd /Users/admin/builder/spi-builder-workspace/.swiftpm/xcode
    builtin-SwiftPerFileCompile UserConfig.swift
SwiftDriverJobDiscovery normal arm64 Compiling runGenerator.swift (in target 'swift-openapi-generator-product' from project 'swift-openapi-generator')
SwiftDriverJobDiscovery normal arm64 Compiling UserConfig.swift (in target 'swift-openapi-generator-product' from project 'swift-openapi-generator')
SwiftDriverJobDiscovery normal arm64 Compiling GenerateCommand.swift (in target 'swift-openapi-generator-product' from project 'swift-openapi-generator')
SwiftDriverJobDiscovery normal arm64 Compiling GenerateOptions+runGenerator.swift (in target 'swift-openapi-generator-product' from project 'swift-openapi-generator')
SwiftDriverJobDiscovery normal x86_64 Compiling runGenerator.swift (in target 'swift-openapi-generator-product' from project 'swift-openapi-generator')
SwiftDriverJobDiscovery normal arm64 Compiling MultipartContent.swift, MultipartContentInspector.swift, translateMultipart.swift, MultiplexTranslator.swift, OperationDescription.swift, TypedParameter.swift, translateParameter.swift, DeclarationRecursionDetector.swift, RecursionDetector.swift (in target '_OpenAPIGeneratorCore' from project 'swift-openapi-generator')
SwiftDriverJobDiscovery normal x86_64 Compiling UserConfig.swift (in target 'swift-openapi-generator-product' from project 'swift-openapi-generator')
SwiftDriverJobDiscovery normal arm64 Compiling GenerateOptions.swift (in target 'swift-openapi-generator-product' from project 'swift-openapi-generator')
SwiftDriver\ Compilation swift-openapi-generator normal arm64 com.apple.xcode.tools.swift.compiler (in target 'swift-openapi-generator-product' from project 'swift-openapi-generator')
    cd /Users/admin/builder/spi-builder-workspace/.swiftpm/xcode
    builtin-Swift-Compilation -- /Applications/Xcode-27.0.0-Release.Candidate.app/Contents/Developer/Toolchains/XcodeDefault.xctoolchain/usr/bin/swiftc -parse-as-library -module-name swift_openapi_generator -Onone @/Users/admin/builder/spi-builder-workspace/.derivedData/Build/Intermediates.noindex/swift-openapi-generator.build/Debug/swift-openapi-generator-p.build/Objects-normal/arm64/swift-openapi-generator.SwiftFileList -DSWIFT_PACKAGE -DDEBUG -Xcc -fmodule-map-file\=/Users/admin/builder/spi-builder-workspace/.dependencies/checkouts/swift-numerics/Sources/_NumericsShims/include/module.modulemap -Xcc -fmodule-map-file\=/Users/admin/builder/spi-builder-workspace/.dependencies/checkouts/Yams/Sources/CYaml/include/module.modulemap -DXcode -enable-upcoming-feature ExistentialAny -enable-experimental-feature StrictConcurrency\=complete -enable-upcoming-feature MemberImportVisibility -plugin-path /Applications/Xcode-27.0.0-Release.Candidate.app/Contents/Developer/Toolchains/XcodeDefault.xctoolchain/usr/lib/swift/host/plugins/testing -enable-experimental-feature DebugDescriptionMacro -sdk /Applications/Xcode-27.0.0-Release.Candidate.app/Contents/Developer/Platforms/MacOSX.platform/Developer/SDKs/MacOSX27.0.sdk -target arm64-apple-macos12.0 -g -module-cache-path /Users/admin/builder/spi-builder-workspace/.derivedData/ModuleCache.noindex -Xfrontend -serialize-debugging-options -profile-coverage-mapping -profile-generate -enable-testing -suppress-warnings -index-store-path /Users/admin/builder/spi-builder-workspace/.derivedData/Index.noindex/DataStore -Xcc -D_LIBCPP_HARDENING_MODE\=_LIBCPP_HARDENING_MODE_DEBUG -swift-version 5 -I /Users/admin/builder/spi-builder-workspace/.derivedData/Build/Products/Debug -Isystem /Applications/Xcode-27.0.0-Release.Candidate.app/Contents/Developer/Platforms/MacOSX.platform/Developer/usr/lib -F /Users/admin/builder/spi-builder-workspace/.derivedData/Build/Products/Debug/PackageFrameworks -F /Users/admin/builder/spi-builder-workspace/.derivedData/Build/Products/Debug -F /Applications/Xcode-27.0.0-Release.Candidate.app/Contents/Developer/Platforms/MacOSX.platform/Developer/Library/Frameworks -c -j10 -enable-batch-mode -incremental -Xcc -ivfsstatcache -Xcc /Users/admin/builder/spi-builder-workspace/.derivedData/SDKStatCaches.noindex/macosx27.0-26A425-e829b21a6f8c9b70876ba0858053c0446a22442a12e9d48fe1a705f55a1adfc4.sdkstatcache -output-file-map /Users/admin/builder/spi-builder-workspace/.derivedData/Build/Intermediates.noindex/swift-openapi-generator.build/Debug/swift-openapi-generator-p.build/Objects-normal/arm64/swift-openapi-generator-OutputFileMap.json -save-temps -no-color-diagnostics -explicit-module-build -module-cache-path /Users/admin/builder/spi-builder-workspace/.derivedData/Build/Intermediates.noindex/SwiftExplicitPrecompiledModules -clang-scanner-module-cache-path /Users/admin/builder/spi-builder-workspace/.derivedData/ModuleCache.noindex -sdk-module-cache-path /Users/admin/builder/spi-builder-workspace/.derivedData/SDKExplicitPrecompiledModules -emit-dependencies -emit-module -emit-module-path /Users/admin/builder/spi-builder-workspace/.derivedData/Build/Intermediates.noindex/swift-openapi-generator.build/Debug/swift-openapi-generator-p.build/Objects-normal/arm64/swift_openapi_generator.swiftmodule -serialize-diagnostics -dependency-scan-serialize-diagnostics-path /Users/admin/builder/spi-builder-workspace/.derivedData/Build/Intermediates.noindex/swift-openapi-generator.build/Debug/swift-openapi-generator-p.build/Objects-normal/arm64/swift_openapi_generator-dependency-scan.dia -user-module-version 1.11.0 -validate-clang-modules-once -clang-build-session-file /Users/admin/builder/spi-builder-workspace/.derivedData/ModuleCache.noindex/Session.modulevalidation -Xcc -fmodules-prune-interval\=86400 -Xcc -fmodules-prune-after\=345600 -package-name swift_openapi_generator -emit-const-values -const-gather-protocols-list /Users/admin/builder/spi-builder-workspace/.derivedData/Build/Intermediates.noindex/swift-openapi-generator.build/Debug/swift-openapi-generator-p.build/Objects-normal/arm64/swift-openapi-generator_const_extract_protocols.json -Xcc -I/Users/admin/builder/spi-builder-workspace/.dependencies/checkouts/swift-numerics/Sources/_NumericsShims/include -Xcc -I/Users/admin/builder/spi-builder-workspace/.dependencies/checkouts/Yams/Sources/CYaml/include -Xcc -I/Users/admin/builder/spi-builder-workspace/.derivedData/Build/Products/Debug/include -Xcc -I/Users/admin/builder/spi-builder-workspace/.derivedData/Build/Intermediates.noindex/swift-openapi-generator.build/Debug/swift-openapi-generator-p.build/DerivedSources-normal/arm64 -Xcc -I/Users/admin/builder/spi-builder-workspace/.derivedData/Build/Intermediates.noindex/swift-openapi-generator.build/Debug/swift-openapi-generator-p.build/DerivedSources/arm64 -Xcc -I/Users/admin/builder/spi-builder-workspace/.derivedData/Build/Intermediates.noindex/swift-openapi-generator.build/Debug/swift-openapi-generator-p.build/DerivedSources -Xcc -DSWIFT_PACKAGE -Xcc -DDEBUG\=1 -working-directory /Users/admin/builder/spi-builder-workspace/.swiftpm/xcode -experimental-emit-module-separately -disable-cmo
SwiftDriverJobDiscovery normal x86_64 Compiling FilterCommand.swift (in target 'swift-openapi-generator-product' from project 'swift-openapi-generator')
SwiftDriver\ Compilation swift-openapi-generator normal x86_64 com.apple.xcode.tools.swift.compiler (in target 'swift-openapi-generator-product' from project 'swift-openapi-generator')
    cd /Users/admin/builder/spi-builder-workspace/.swiftpm/xcode
    builtin-Swift-Compilation -- /Applications/Xcode-27.0.0-Release.Candidate.app/Contents/Developer/Toolchains/XcodeDefault.xctoolchain/usr/bin/swiftc -parse-as-library -module-name swift_openapi_generator -Onone @/Users/admin/builder/spi-builder-workspace/.derivedData/Build/Intermediates.noindex/swift-openapi-generator.build/Debug/swift-openapi-generator-p.build/Objects-normal/x86_64/swift-openapi-generator.SwiftFileList -DSWIFT_PACKAGE -DDEBUG -Xcc -fmodule-map-file\=/Users/admin/builder/spi-builder-workspace/.dependencies/checkouts/swift-numerics/Sources/_NumericsShims/include/module.modulemap -Xcc -fmodule-map-file\=/Users/admin/builder/spi-builder-workspace/.dependencies/checkouts/Yams/Sources/CYaml/include/module.modulemap -DXcode -enable-upcoming-feature ExistentialAny -enable-experimental-feature StrictConcurrency\=complete -enable-upcoming-feature MemberImportVisibility -plugin-path /Applications/Xcode-27.0.0-Release.Candidate.app/Contents/Developer/Toolchains/XcodeDefault.xctoolchain/usr/lib/swift/host/plugins/testing -enable-experimental-feature DebugDescriptionMacro -sdk /Applications/Xcode-27.0.0-Release.Candidate.app/Contents/Developer/Platforms/MacOSX.platform/Developer/SDKs/MacOSX27.0.sdk -target x86_64-apple-macos12.0 -g -module-cache-path /Users/admin/builder/spi-builder-workspace/.derivedData/ModuleCache.noindex -Xfrontend -serialize-debugging-options -profile-coverage-mapping -profile-generate -enable-testing -suppress-warnings -index-store-path /Users/admin/builder/spi-builder-workspace/.derivedData/Index.noindex/DataStore -Xcc -D_LIBCPP_HARDENING_MODE\=_LIBCPP_HARDENING_MODE_DEBUG -swift-version 5 -I /Users/admin/builder/spi-builder-workspace/.derivedData/Build/Products/Debug -Isystem /Applications/Xcode-27.0.0-Release.Candidate.app/Contents/Developer/Platforms/MacOSX.platform/Developer/usr/lib -F /Users/admin/builder/spi-builder-workspace/.derivedData/Build/Products/Debug/PackageFrameworks -F /Users/admin/builder/spi-builder-workspace/.derivedData/Build/Products/Debug -F /Applications/Xcode-27.0.0-Release.Candidate.app/Contents/Developer/Platforms/MacOSX.platform/Developer/Library/Frameworks -c -j10 -enable-batch-mode -incremental -Xcc -ivfsstatcache -Xcc /Users/admin/builder/spi-builder-workspace/.derivedData/SDKStatCaches.noindex/macosx27.0-26A425-e829b21a6f8c9b70876ba0858053c0446a22442a12e9d48fe1a705f55a1adfc4.sdkstatcache -output-file-map /Users/admin/builder/spi-builder-workspace/.derivedData/Build/Intermediates.noindex/swift-openapi-generator.build/Debug/swift-openapi-generator-p.build/Objects-normal/x86_64/swift-openapi-generator-OutputFileMap.json -save-temps -no-color-diagnostics -explicit-module-build -module-cache-path /Users/admin/builder/spi-builder-workspace/.derivedData/Build/Intermediates.noindex/SwiftExplicitPrecompiledModules -clang-scanner-module-cache-path /Users/admin/builder/spi-builder-workspace/.derivedData/ModuleCache.noindex -sdk-module-cache-path /Users/admin/builder/spi-builder-workspace/.derivedData/SDKExplicitPrecompiledModules -emit-dependencies -emit-module -emit-module-path /Users/admin/builder/spi-builder-workspace/.derivedData/Build/Intermediates.noindex/swift-openapi-generator.build/Debug/swift-openapi-generator-p.build/Objects-normal/x86_64/swift_openapi_generator.swiftmodule -serialize-diagnostics -dependency-scan-serialize-diagnostics-path /Users/admin/builder/spi-builder-workspace/.derivedData/Build/Intermediates.noindex/swift-openapi-generator.build/Debug/swift-openapi-generator-p.build/Objects-normal/x86_64/swift_openapi_generator-dependency-scan.dia -user-module-version 1.11.0 -validate-clang-modules-once -clang-build-session-file /Users/admin/builder/spi-builder-workspace/.derivedData/ModuleCache.noindex/Session.modulevalidation -Xcc -fmodules-prune-interval\=86400 -Xcc -fmodules-prune-after\=345600 -package-name swift_openapi_generator -emit-const-values -const-gather-protocols-list /Users/admin/builder/spi-builder-workspace/.derivedData/Build/Intermediates.noindex/swift-openapi-generator.build/Debug/swift-openapi-generator-p.build/Objects-normal/x86_64/swift-openapi-generator_const_extract_protocols.json -Xcc -I/Users/admin/builder/spi-builder-workspace/.dependencies/checkouts/swift-numerics/Sources/_NumericsShims/include -Xcc -I/Users/admin/builder/spi-builder-workspace/.dependencies/checkouts/Yams/Sources/CYaml/include -Xcc -I/Users/admin/builder/spi-builder-workspace/.derivedData/Build/Products/Debug/include -Xcc -I/Users/admin/builder/spi-builder-workspace/.derivedData/Build/Intermediates.noindex/swift-openapi-generator.build/Debug/swift-openapi-generator-p.build/DerivedSources-normal/x86_64 -Xcc -I/Users/admin/builder/spi-builder-workspace/.derivedData/Build/Intermediates.noindex/swift-openapi-generator.build/Debug/swift-openapi-generator-p.build/DerivedSources/x86_64 -Xcc -I/Users/admin/builder/spi-builder-workspace/.derivedData/Build/Intermediates.noindex/swift-openapi-generator.build/Debug/swift-openapi-generator-p.build/DerivedSources -Xcc -DSWIFT_PACKAGE -Xcc -DDEBUG\=1 -working-directory /Users/admin/builder/spi-builder-workspace/.swiftpm/xcode -experimental-emit-module-separately -disable-cmo
SwiftDriverJobDiscovery normal x86_64 Compiling GeneratorPipeline.swift, GeneratorPipelineStage.swift, DocumentFilter.swift, FilteredDocument.swift, ParsedOpenAPIRepresentation.swift, RenderedSwiftRepresentation.swift, StructuredSwiftRepresentation.swift, ParserProtocol.swift, YamsParser.swift, validateDoc.swift (in target '_OpenAPIGeneratorCore' from project 'swift-openapi-generator')
SwiftDriver\ Compilation _OpenAPIGeneratorCore normal x86_64 com.apple.xcode.tools.swift.compiler (in target '_OpenAPIGeneratorCore' from project 'swift-openapi-generator')
    cd /Users/admin/builder/spi-builder-workspace/.swiftpm/xcode
    builtin-Swift-Compilation -- /Applications/Xcode-27.0.0-Release.Candidate.app/Contents/Developer/Toolchains/XcodeDefault.xctoolchain/usr/bin/swiftc -parse-as-library -module-name _OpenAPIGeneratorCore -Onone @/Users/admin/builder/spi-builder-workspace/.derivedData/Build/Intermediates.noindex/swift-openapi-generator.build/Debug/_OpenAPIGeneratorCore-t.build/Objects-normal/x86_64/_OpenAPIGeneratorCore.SwiftFileList -DSWIFT_PACKAGE -DDEBUG -DSWIFT_MODULE_RESOURCE_BUNDLE_UNAVAILABLE -Xcc -fmodule-map-file\=/Users/admin/builder/spi-builder-workspace/.dependencies/checkouts/swift-numerics/Sources/_NumericsShims/include/module.modulemap -Xcc -fmodule-map-file\=/Users/admin/builder/spi-builder-workspace/.dependencies/checkouts/Yams/Sources/CYaml/include/module.modulemap -DXcode -enable-upcoming-feature ExistentialAny -enable-experimental-feature StrictConcurrency\=complete -enable-upcoming-feature MemberImportVisibility -plugin-path /Applications/Xcode-27.0.0-Release.Candidate.app/Contents/Developer/Toolchains/XcodeDefault.xctoolchain/usr/lib/swift/host/plugins/testing -enable-experimental-feature DebugDescriptionMacro -sdk /Applications/Xcode-27.0.0-Release.Candidate.app/Contents/Developer/Platforms/MacOSX.platform/Developer/SDKs/MacOSX27.0.sdk -target x86_64-apple-macos12.0 -g -module-cache-path /Users/admin/builder/spi-builder-workspace/.derivedData/ModuleCache.noindex -Xfrontend -serialize-debugging-options -profile-coverage-mapping -profile-generate -enable-testing -suppress-warnings -index-store-path /Users/admin/builder/spi-builder-workspace/.derivedData/Index.noindex/DataStore -Xcc -D_LIBCPP_HARDENING_MODE\=_LIBCPP_HARDENING_MODE_DEBUG -swift-version 5 -I /Users/admin/builder/spi-builder-workspace/.derivedData/Build/Products/Debug -Isystem /Applications/Xcode-27.0.0-Release.Candidate.app/Contents/Developer/Platforms/MacOSX.platform/Developer/usr/lib -F /Users/admin/builder/spi-builder-workspace/.derivedData/Build/Products/Debug/PackageFrameworks -F /Users/admin/builder/spi-builder-workspace/.derivedData/Build/Products/Debug -F /Applications/Xcode-27.0.0-Release.Candidate.app/Contents/Developer/Platforms/MacOSX.platform/Developer/Library/Frameworks -c -j10 -enable-batch-mode -incremental -Xcc -ivfsstatcache -Xcc /Users/admin/builder/spi-builder-workspace/.derivedData/SDKStatCaches.noindex/macosx27.0-26A425-e829b21a6f8c9b70876ba0858053c0446a22442a12e9d48fe1a705f55a1adfc4.sdkstatcache -output-file-map /Users/admin/builder/spi-builder-workspace/.derivedData/Build/Intermediates.noindex/swift-openapi-generator.build/Debug/_OpenAPIGeneratorCore-t.build/Objects-normal/x86_64/_OpenAPIGeneratorCore-OutputFileMap.json -save-temps -no-color-diagnostics -explicit-module-build -module-cache-path /Users/admin/builder/spi-builder-workspace/.derivedData/Build/Intermediates.noindex/SwiftExplicitPrecompiledModules -clang-scanner-module-cache-path /Users/admin/builder/spi-builder-workspace/.derivedData/ModuleCache.noindex -sdk-module-cache-path /Users/admin/builder/spi-builder-workspace/.derivedData/SDKExplicitPrecompiledModules -emit-dependencies -emit-module -emit-module-path /Users/admin/builder/spi-builder-workspace/.derivedData/Build/Intermediates.noindex/swift-openapi-generator.build/Debug/_OpenAPIGeneratorCore-t.build/Objects-normal/x86_64/_OpenAPIGeneratorCore.swiftmodule -serialize-diagnostics -dependency-scan-serialize-diagnostics-path /Users/admin/builder/spi-builder-workspace/.derivedData/Build/Intermediates.noindex/swift-openapi-generator.build/Debug/_OpenAPIGeneratorCore-t.build/Objects-normal/x86_64/_OpenAPIGeneratorCore-dependency-scan.dia -user-module-version 1.11.0 -validate-clang-modules-once -clang-build-session-file /Users/admin/builder/spi-builder-workspace/.derivedData/ModuleCache.noindex/Session.modulevalidation -Xcc -fmodules-prune-interval\=86400 -Xcc -fmodules-prune-after\=345600 -package-name swift_openapi_generator -emit-const-values -const-gather-protocols-list /Users/admin/builder/spi-builder-workspace/.derivedData/Build/Intermediates.noindex/swift-openapi-generator.build/Debug/_OpenAPIGeneratorCore-t.build/Objects-normal/x86_64/_OpenAPIGeneratorCore_const_extract_protocols.json -Xcc -I/Users/admin/builder/spi-builder-workspace/.dependencies/checkouts/swift-numerics/Sources/_NumericsShims/include -Xcc -I/Users/admin/builder/spi-builder-workspace/.dependencies/checkouts/Yams/Sources/CYaml/include -Xcc -I/Users/admin/builder/spi-builder-workspace/.derivedData/Build/Products/Debug/include -Xcc -I/Users/admin/builder/spi-builder-workspace/.derivedData/Build/Intermediates.noindex/swift-openapi-generator.build/Debug/_OpenAPIGeneratorCore-t.build/DerivedSources-normal/x86_64 -Xcc -I/Users/admin/builder/spi-builder-workspace/.derivedData/Build/Intermediates.noindex/swift-openapi-generator.build/Debug/_OpenAPIGeneratorCore-t.build/DerivedSources/x86_64 -Xcc -I/Users/admin/builder/spi-builder-workspace/.derivedData/Build/Intermediates.noindex/swift-openapi-generator.build/Debug/_OpenAPIGeneratorCore-t.build/DerivedSources -Xcc -DSWIFT_PACKAGE -Xcc -DDEBUG\=1 -emit-objc-header -emit-objc-header-path /Users/admin/builder/spi-builder-workspace/.derivedData/Build/Intermediates.noindex/swift-openapi-generator.build/Debug/_OpenAPIGeneratorCore-t.build/Objects-normal/x86_64/_OpenAPIGeneratorCore-Swift.h -working-directory /Users/admin/builder/spi-builder-workspace/.swiftpm/xcode -experimental-emit-module-separately -disable-cmo
Ld /Users/admin/builder/spi-builder-workspace/.derivedData/Build/Intermediates.noindex/swift-openapi-generator.build/Debug/_OpenAPIGeneratorCore-t.build/Objects-normal/x86_64/Binary/_OpenAPIGeneratorCore.o normal x86_64 (in target '_OpenAPIGeneratorCore' from project 'swift-openapi-generator')
    cd /Users/admin/builder/spi-builder-workspace/.dependencies/checkouts/swift-openapi-generator
    /Applications/Xcode-27.0.0-Release.Candidate.app/Contents/Developer/Toolchains/XcodeDefault.xctoolchain/usr/bin/clang -Xlinker -reproducible -target x86_64-apple-macos12.0 -r -isysroot /Applications/Xcode-27.0.0-Release.Candidate.app/Contents/Developer/Platforms/MacOSX.platform/Developer/SDKs/MacOSX27.0.sdk -O0 -w -Xlinker -no_warn_duplicate_libraries -F/Users/admin/builder/spi-builder-workspace/.derivedData/Build/Intermediates.noindex/EagerLinkingTBDs/Debug -F/Users/admin/builder/spi-builder-workspace/.derivedData/Build/Products/Debug/PackageFrameworks -F/Users/admin/builder/spi-builder-workspace/.derivedData/Build/Products/Debug -iframework /Applications/Xcode-27.0.0-Release.Candidate.app/Contents/Developer/Platforms/MacOSX.platform/Developer/Library/Frameworks -filelist /Users/admin/builder/spi-builder-workspace/.derivedData/Build/Intermediates.noindex/swift-openapi-generator.build/Debug/_OpenAPIGeneratorCore-t.build/Objects-normal/x86_64/_OpenAPIGeneratorCore.LinkFileList -nostdlib -Xlinker -object_path_lto -Xlinker /Users/admin/builder/spi-builder-workspace/.derivedData/Build/Intermediates.noindex/swift-openapi-generator.build/Debug/_OpenAPIGeneratorCore-t.build/Objects-normal/x86_64/_OpenAPIGeneratorCore_lto.o -Xlinker -no_deduplicate -Xlinker -debug_variant -Xlinker -dependency_info -Xlinker /Users/admin/builder/spi-builder-workspace/.derivedData/Build/Intermediates.noindex/swift-openapi-generator.build/Debug/_OpenAPIGeneratorCore-t.build/Objects-normal/x86_64/_OpenAPIGeneratorCore_dependency_info.dat -fobjc-link-runtime -L/Applications/Xcode-27.0.0-Release.Candidate.app/Contents/Developer/Toolchains/XcodeDefault.xctoolchain/usr/lib/swift/macosx -L/usr/lib/swift -Xlinker -add_ast_path -Xlinker /Users/admin/builder/spi-builder-workspace/.derivedData/Build/Intermediates.noindex/swift-openapi-generator.build/Debug/_OpenAPIGeneratorCore-t.build/Objects-normal/x86_64/_OpenAPIGeneratorCore.swiftmodule -o /Users/admin/builder/spi-builder-workspace/.derivedData/Build/Intermediates.noindex/swift-openapi-generator.build/Debug/_OpenAPIGeneratorCore-t.build/Objects-normal/x86_64/Binary/_OpenAPIGeneratorCore.o
SwiftDriverJobDiscovery normal arm64 Compiling GeneratorPipeline.swift, GeneratorPipelineStage.swift, DocumentFilter.swift, FilteredDocument.swift, ParsedOpenAPIRepresentation.swift, RenderedSwiftRepresentation.swift, StructuredSwiftRepresentation.swift, ParserProtocol.swift, YamsParser.swift, validateDoc.swift (in target '_OpenAPIGeneratorCore' from project 'swift-openapi-generator')
SwiftDriver\ Compilation _OpenAPIGeneratorCore normal arm64 com.apple.xcode.tools.swift.compiler (in target '_OpenAPIGeneratorCore' from project 'swift-openapi-generator')
    cd /Users/admin/builder/spi-builder-workspace/.swiftpm/xcode
    builtin-Swift-Compilation -- /Applications/Xcode-27.0.0-Release.Candidate.app/Contents/Developer/Toolchains/XcodeDefault.xctoolchain/usr/bin/swiftc -parse-as-library -module-name _OpenAPIGeneratorCore -Onone @/Users/admin/builder/spi-builder-workspace/.derivedData/Build/Intermediates.noindex/swift-openapi-generator.build/Debug/_OpenAPIGeneratorCore-t.build/Objects-normal/arm64/_OpenAPIGeneratorCore.SwiftFileList -DSWIFT_PACKAGE -DDEBUG -DSWIFT_MODULE_RESOURCE_BUNDLE_UNAVAILABLE -Xcc -fmodule-map-file\=/Users/admin/builder/spi-builder-workspace/.dependencies/checkouts/swift-numerics/Sources/_NumericsShims/include/module.modulemap -Xcc -fmodule-map-file\=/Users/admin/builder/spi-builder-workspace/.dependencies/checkouts/Yams/Sources/CYaml/include/module.modulemap -DXcode -enable-upcoming-feature ExistentialAny -enable-experimental-feature StrictConcurrency\=complete -enable-upcoming-feature MemberImportVisibility -plugin-path /Applications/Xcode-27.0.0-Release.Candidate.app/Contents/Developer/Toolchains/XcodeDefault.xctoolchain/usr/lib/swift/host/plugins/testing -enable-experimental-feature DebugDescriptionMacro -sdk /Applications/Xcode-27.0.0-Release.Candidate.app/Contents/Developer/Platforms/MacOSX.platform/Developer/SDKs/MacOSX27.0.sdk -target arm64-apple-macos12.0 -g -module-cache-path /Users/admin/builder/spi-builder-workspace/.derivedData/ModuleCache.noindex -Xfrontend -serialize-debugging-options -profile-coverage-mapping -profile-generate -enable-testing -suppress-warnings -index-store-path /Users/admin/builder/spi-builder-workspace/.derivedData/Index.noindex/DataStore -Xcc -D_LIBCPP_HARDENING_MODE\=_LIBCPP_HARDENING_MODE_DEBUG -swift-version 5 -I /Users/admin/builder/spi-builder-workspace/.derivedData/Build/Products/Debug -Isystem /Applications/Xcode-27.0.0-Release.Candidate.app/Contents/Developer/Platforms/MacOSX.platform/Developer/usr/lib -F /Users/admin/builder/spi-builder-workspace/.derivedData/Build/Products/Debug/PackageFrameworks -F /Users/admin/builder/spi-builder-workspace/.derivedData/Build/Products/Debug -F /Applications/Xcode-27.0.0-Release.Candidate.app/Contents/Developer/Platforms/MacOSX.platform/Developer/Library/Frameworks -c -j10 -enable-batch-mode -incremental -Xcc -ivfsstatcache -Xcc /Users/admin/builder/spi-builder-workspace/.derivedData/SDKStatCaches.noindex/macosx27.0-26A425-e829b21a6f8c9b70876ba0858053c0446a22442a12e9d48fe1a705f55a1adfc4.sdkstatcache -output-file-map /Users/admin/builder/spi-builder-workspace/.derivedData/Build/Intermediates.noindex/swift-openapi-generator.build/Debug/_OpenAPIGeneratorCore-t.build/Objects-normal/arm64/_OpenAPIGeneratorCore-OutputFileMap.json -save-temps -no-color-diagnostics -explicit-module-build -module-cache-path /Users/admin/builder/spi-builder-workspace/.derivedData/Build/Intermediates.noindex/SwiftExplicitPrecompiledModules -clang-scanner-module-cache-path /Users/admin/builder/spi-builder-workspace/.derivedData/ModuleCache.noindex -sdk-module-cache-path /Users/admin/builder/spi-builder-workspace/.derivedData/SDKExplicitPrecompiledModules -emit-dependencies -emit-module -emit-module-path /Users/admin/builder/spi-builder-workspace/.derivedData/Build/Intermediates.noindex/swift-openapi-generator.build/Debug/_OpenAPIGeneratorCore-t.build/Objects-normal/arm64/_OpenAPIGeneratorCore.swiftmodule -serialize-diagnostics -dependency-scan-serialize-diagnostics-path /Users/admin/builder/spi-builder-workspace/.derivedData/Build/Intermediates.noindex/swift-openapi-generator.build/Debug/_OpenAPIGeneratorCore-t.build/Objects-normal/arm64/_OpenAPIGeneratorCore-dependency-scan.dia -user-module-version 1.11.0 -validate-clang-modules-once -clang-build-session-file /Users/admin/builder/spi-builder-workspace/.derivedData/ModuleCache.noindex/Session.modulevalidation -Xcc -fmodules-prune-interval\=86400 -Xcc -fmodules-prune-after\=345600 -package-name swift_openapi_generator -emit-const-values -const-gather-protocols-list /Users/admin/builder/spi-builder-workspace/.derivedData/Build/Intermediates.noindex/swift-openapi-generator.build/Debug/_OpenAPIGeneratorCore-t.build/Objects-normal/arm64/_OpenAPIGeneratorCore_const_extract_protocols.json -Xcc -I/Users/admin/builder/spi-builder-workspace/.dependencies/checkouts/swift-numerics/Sources/_NumericsShims/include -Xcc -I/Users/admin/builder/spi-builder-workspace/.dependencies/checkouts/Yams/Sources/CYaml/include -Xcc -I/Users/admin/builder/spi-builder-workspace/.derivedData/Build/Products/Debug/include -Xcc -I/Users/admin/builder/spi-builder-workspace/.derivedData/Build/Intermediates.noindex/swift-openapi-generator.build/Debug/_OpenAPIGeneratorCore-t.build/DerivedSources-normal/arm64 -Xcc -I/Users/admin/builder/spi-builder-workspace/.derivedData/Build/Intermediates.noindex/swift-openapi-generator.build/Debug/_OpenAPIGeneratorCore-t.build/DerivedSources/arm64 -Xcc -I/Users/admin/builder/spi-builder-workspace/.derivedData/Build/Intermediates.noindex/swift-openapi-generator.build/Debug/_OpenAPIGeneratorCore-t.build/DerivedSources -Xcc -DSWIFT_PACKAGE -Xcc -DDEBUG\=1 -emit-objc-header -emit-objc-header-path /Users/admin/builder/spi-builder-workspace/.derivedData/Build/Intermediates.noindex/swift-openapi-generator.build/Debug/_OpenAPIGeneratorCore-t.build/Objects-normal/arm64/_OpenAPIGeneratorCore-Swift.h -working-directory /Users/admin/builder/spi-builder-workspace/.swiftpm/xcode -experimental-emit-module-separately -disable-cmo
Ld /Users/admin/builder/spi-builder-workspace/.derivedData/Build/Intermediates.noindex/swift-openapi-generator.build/Debug/_OpenAPIGeneratorCore-t.build/Objects-normal/arm64/Binary/_OpenAPIGeneratorCore.o normal arm64 (in target '_OpenAPIGeneratorCore' from project 'swift-openapi-generator')
    cd /Users/admin/builder/spi-builder-workspace/.dependencies/checkouts/swift-openapi-generator
    /Applications/Xcode-27.0.0-Release.Candidate.app/Contents/Developer/Toolchains/XcodeDefault.xctoolchain/usr/bin/clang -Xlinker -reproducible -target arm64-apple-macos12.0 -r -isysroot /Applications/Xcode-27.0.0-Release.Candidate.app/Contents/Developer/Platforms/MacOSX.platform/Developer/SDKs/MacOSX27.0.sdk -O0 -w -Xlinker -no_warn_duplicate_libraries -F/Users/admin/builder/spi-builder-workspace/.derivedData/Build/Intermediates.noindex/EagerLinkingTBDs/Debug -F/Users/admin/builder/spi-builder-workspace/.derivedData/Build/Products/Debug/PackageFrameworks -F/Users/admin/builder/spi-builder-workspace/.derivedData/Build/Products/Debug -iframework /Applications/Xcode-27.0.0-Release.Candidate.app/Contents/Developer/Platforms/MacOSX.platform/Developer/Library/Frameworks -filelist /Users/admin/builder/spi-builder-workspace/.derivedData/Build/Intermediates.noindex/swift-openapi-generator.build/Debug/_OpenAPIGeneratorCore-t.build/Objects-normal/arm64/_OpenAPIGeneratorCore.LinkFileList -nostdlib -Xlinker -object_path_lto -Xlinker /Users/admin/builder/spi-builder-workspace/.derivedData/Build/Intermediates.noindex/swift-openapi-generator.build/Debug/_OpenAPIGeneratorCore-t.build/Objects-normal/arm64/_OpenAPIGeneratorCore_lto.o -Xlinker -no_deduplicate -Xlinker -debug_variant -Xlinker -dependency_info -Xlinker /Users/admin/builder/spi-builder-workspace/.derivedData/Build/Intermediates.noindex/swift-openapi-generator.build/Debug/_OpenAPIGeneratorCore-t.build/Objects-normal/arm64/_OpenAPIGeneratorCore_dependency_info.dat -fobjc-link-runtime -L/Applications/Xcode-27.0.0-Release.Candidate.app/Contents/Developer/Toolchains/XcodeDefault.xctoolchain/usr/lib/swift/macosx -L/usr/lib/swift -Xlinker -add_ast_path -Xlinker /Users/admin/builder/spi-builder-workspace/.derivedData/Build/Intermediates.noindex/swift-openapi-generator.build/Debug/_OpenAPIGeneratorCore-t.build/Objects-normal/arm64/_OpenAPIGeneratorCore.swiftmodule -o /Users/admin/builder/spi-builder-workspace/.derivedData/Build/Intermediates.noindex/swift-openapi-generator.build/Debug/_OpenAPIGeneratorCore-t.build/Objects-normal/arm64/Binary/_OpenAPIGeneratorCore.o
CreateUniversalBinary /Users/admin/builder/spi-builder-workspace/.derivedData/Build/Products/Debug/_OpenAPIGeneratorCore.o normal arm64\ x86_64 (in target '_OpenAPIGeneratorCore' from project 'swift-openapi-generator')
    cd /Users/admin/builder/spi-builder-workspace/.dependencies/checkouts/swift-openapi-generator
    /Applications/Xcode-27.0.0-Release.Candidate.app/Contents/Developer/Toolchains/XcodeDefault.xctoolchain/usr/bin/lipo -create /Users/admin/builder/spi-builder-workspace/.derivedData/Build/Intermediates.noindex/swift-openapi-generator.build/Debug/_OpenAPIGeneratorCore-t.build/Objects-normal/arm64/Binary/_OpenAPIGeneratorCore.o /Users/admin/builder/spi-builder-workspace/.derivedData/Build/Intermediates.noindex/swift-openapi-generator.build/Debug/_OpenAPIGeneratorCore-t.build/Objects-normal/x86_64/Binary/_OpenAPIGeneratorCore.o -output /Users/admin/builder/spi-builder-workspace/.derivedData/Build/Products/Debug/_OpenAPIGeneratorCore.o
ExtractAppIntentsMetadata (in target '_OpenAPIGeneratorCore' from project 'swift-openapi-generator')
    cd /Users/admin/builder/spi-builder-workspace/.dependencies/checkouts/swift-openapi-generator
    /Applications/Xcode-27.0.0-Release.Candidate.app/Contents/Developer/Toolchains/XcodeDefault.xctoolchain/usr/bin/appintentsmetadataprocessor --toolchain-dir /var/run/com.apple.security.cryptexd/mnt/com.apple.MobileAsset.MetalToolchain-v27.1.266.1.VZCAYj/Metal.xctoolchain --module-name _OpenAPIGeneratorCore --sdk-root /Applications/Xcode-27.0.0-Release.Candidate.app/Contents/Developer/Platforms/MacOSX.platform/Developer/SDKs/MacOSX27.0.sdk --xcode-version 27A266a --platform-family macOS --deployment-target 12.0 --bundle-identifier swift-openapi-generator.-OpenAPIGeneratorCore --output /Users/admin/builder/spi-builder-workspace/.derivedData/Build/Products/Debug/_OpenAPIGeneratorCore.appintents --target-triple arm64-apple-macos12.0 --target-triple x86_64-apple-macos12.0 --binary-file /Users/admin/builder/spi-builder-workspace/.derivedData/Build/Products/Debug/_OpenAPIGeneratorCore.o --dependency-file /Users/admin/builder/spi-builder-workspace/.derivedData/Build/Intermediates.noindex/swift-openapi-generator.build/Debug/_OpenAPIGeneratorCore-t.build/Objects-normal/arm64/_OpenAPIGeneratorCore_dependency_info.dat --dependency-file /Users/admin/builder/spi-builder-workspace/.derivedData/Build/Intermediates.noindex/swift-openapi-generator.build/Debug/_OpenAPIGeneratorCore-t.build/Objects-normal/x86_64/_OpenAPIGeneratorCore_dependency_info.dat --stringsdata-file /Users/admin/builder/spi-builder-workspace/.derivedData/Build/Intermediates.noindex/swift-openapi-generator.build/Debug/_OpenAPIGeneratorCore-t.build/Objects-normal/arm64/ExtractedAppShortcutsMetadata.stringsdata --stringsdata-file /Users/admin/builder/spi-builder-workspace/.derivedData/Build/Intermediates.noindex/swift-openapi-generator.build/Debug/_OpenAPIGeneratorCore-t.build/Objects-normal/x86_64/ExtractedAppShortcutsMetadata.stringsdata --source-file-list /Users/admin/builder/spi-builder-workspace/.derivedData/Build/Intermediates.noindex/swift-openapi-generator.build/Debug/_OpenAPIGeneratorCore-t.build/Objects-normal/arm64/_OpenAPIGeneratorCore.SwiftFileList --source-file-list /Users/admin/builder/spi-builder-workspace/.derivedData/Build/Intermediates.noindex/swift-openapi-generator.build/Debug/_OpenAPIGeneratorCore-t.build/Objects-normal/x86_64/_OpenAPIGeneratorCore.SwiftFileList --metadata-file-list /Users/admin/builder/spi-builder-workspace/.derivedData/Build/Intermediates.noindex/swift-openapi-generator.build/Debug/_OpenAPIGeneratorCore-t.build/_OpenAPIGeneratorCore.DependencyMetadataFileList --static-metadata-file-list /Users/admin/builder/spi-builder-workspace/.derivedData/Build/Intermediates.noindex/swift-openapi-generator.build/Debug/_OpenAPIGeneratorCore-t.build/_OpenAPIGeneratorCore.DependencyStaticMetadataFileList --swift-const-vals-list /Users/admin/builder/spi-builder-workspace/.derivedData/Build/Intermediates.noindex/swift-openapi-generator.build/Debug/_OpenAPIGeneratorCore-t.build/Objects-normal/arm64/_OpenAPIGeneratorCore.SwiftConstValuesFileList --swift-const-vals-list /Users/admin/builder/spi-builder-workspace/.derivedData/Build/Intermediates.noindex/swift-openapi-generator.build/Debug/_OpenAPIGeneratorCore-t.build/Objects-normal/x86_64/_OpenAPIGeneratorCore.SwiftConstValuesFileList --force --compile-time-extraction --deployment-aware-processing --no-app-shortcuts-localization
2026-09-24 09:16:46.681 appintentsmetadataprocessor[2295:12740] Starting appintentsmetadataprocessor export
2026-09-24 09:16:46.742 appintentsmetadataprocessor[2295:12740] Extracted no relevant App Intents symbols, skipping writing output
Ld /Users/admin/builder/spi-builder-workspace/.derivedData/Build/Intermediates.noindex/swift-openapi-generator.build/Debug/swift-openapi-generator-p.build/Objects-normal/x86_64/Binary/swift-openapi-generator normal x86_64 (in target 'swift-openapi-generator-product' from project 'swift-openapi-generator')
    cd /Users/admin/builder/spi-builder-workspace/.dependencies/checkouts/swift-openapi-generator
    /Applications/Xcode-27.0.0-Release.Candidate.app/Contents/Developer/Toolchains/XcodeDefault.xctoolchain/usr/bin/swiftc -Xlinker -reproducible -target x86_64-apple-macos12.0 -emit-executable -sdk /Applications/Xcode-27.0.0-Release.Candidate.app/Contents/Developer/Platforms/MacOSX.platform/Developer/SDKs/MacOSX27.0.sdk -suppress-warnings -Xlinker -no_warn_duplicate_libraries -L/Users/admin/builder/spi-builder-workspace/.derivedData/Build/Intermediates.noindex/EagerLinkingTBDs/Debug -L/Users/admin/builder/spi-builder-workspace/.derivedData/Build/Products/Debug -L/Applications/Xcode-27.0.0-Release.Candidate.app/Contents/Developer/Platforms/MacOSX.platform/Developer/usr/lib -F/Users/admin/builder/spi-builder-workspace/.derivedData/Build/Intermediates.noindex/EagerLinkingTBDs/Debug -F/Users/admin/builder/spi-builder-workspace/.derivedData/Build/Products/Debug/PackageFrameworks -F/Users/admin/builder/spi-builder-workspace/.derivedData/Build/Products/Debug -Fsystem /Applications/Xcode-27.0.0-Release.Candidate.app/Contents/Developer/Platforms/MacOSX.platform/Developer/Library/Frameworks @/Users/admin/builder/spi-builder-workspace/.derivedData/Build/Intermediates.noindex/swift-openapi-generator.build/Debug/swift-openapi-generator-p.build/Objects-normal/x86_64/swift-openapi-generator.LinkFileList -Xlinker -rpath -Xlinker /usr/lib/swift -Xlinker -rpath -Xlinker @loader_path -Xlinker -rpath -Xlinker /Users/admin/builder/spi-builder-workspace/.derivedData/Build/Products/Debug/PackageFrameworks -Xlinker -object_path_lto -Xlinker /Users/admin/builder/spi-builder-workspace/.derivedData/Build/Intermediates.noindex/swift-openapi-generator.build/Debug/swift-openapi-generator-p.build/Objects-normal/x86_64/swift-openapi-generator_lto.o -Xclang-linker -rdynamic -Xlinker -no_deduplicate -Xlinker -debug_variant -Xlinker -dependency_info -Xlinker /Users/admin/builder/spi-builder-workspace/.derivedData/Build/Intermediates.noindex/swift-openapi-generator.build/Debug/swift-openapi-generator-p.build/Objects-normal/x86_64/swift-openapi-generator_dependency_info.dat -link-objc-runtime -profile-generate -L/Applications/Xcode-27.0.0-Release.Candidate.app/Contents/Developer/Toolchains/XcodeDefault.xctoolchain/usr/lib/swift/macosx -L/usr/lib/swift -Xlinker -add_ast_path -Xlinker /Users/admin/builder/spi-builder-workspace/.derivedData/Build/Intermediates.noindex/swift-openapi-generator.build/Debug/swift-openapi-generator-p.build/Objects-normal/x86_64/swift_openapi_generator.swiftmodule -o /Users/admin/builder/spi-builder-workspace/.derivedData/Build/Intermediates.noindex/swift-openapi-generator.build/Debug/swift-openapi-generator-p.build/Objects-normal/x86_64/Binary/swift-openapi-generator -no-stdlib-rpath
Ld /Users/admin/builder/spi-builder-workspace/.derivedData/Build/Intermediates.noindex/swift-openapi-generator.build/Debug/swift-openapi-generator-p.build/Objects-normal/arm64/Binary/swift-openapi-generator normal arm64 (in target 'swift-openapi-generator-product' from project 'swift-openapi-generator')
    cd /Users/admin/builder/spi-builder-workspace/.dependencies/checkouts/swift-openapi-generator
    /Applications/Xcode-27.0.0-Release.Candidate.app/Contents/Developer/Toolchains/XcodeDefault.xctoolchain/usr/bin/swiftc -Xlinker -reproducible -target arm64-apple-macos12.0 -emit-executable -sdk /Applications/Xcode-27.0.0-Release.Candidate.app/Contents/Developer/Platforms/MacOSX.platform/Developer/SDKs/MacOSX27.0.sdk -suppress-warnings -Xlinker -no_warn_duplicate_libraries -L/Users/admin/builder/spi-builder-workspace/.derivedData/Build/Intermediates.noindex/EagerLinkingTBDs/Debug -L/Users/admin/builder/spi-builder-workspace/.derivedData/Build/Products/Debug -L/Applications/Xcode-27.0.0-Release.Candidate.app/Contents/Developer/Platforms/MacOSX.platform/Developer/usr/lib -F/Users/admin/builder/spi-builder-workspace/.derivedData/Build/Intermediates.noindex/EagerLinkingTBDs/Debug -F/Users/admin/builder/spi-builder-workspace/.derivedData/Build/Products/Debug/PackageFrameworks -F/Users/admin/builder/spi-builder-workspace/.derivedData/Build/Products/Debug -Fsystem /Applications/Xcode-27.0.0-Release.Candidate.app/Contents/Developer/Platforms/MacOSX.platform/Developer/Library/Frameworks @/Users/admin/builder/spi-builder-workspace/.derivedData/Build/Intermediates.noindex/swift-openapi-generator.build/Debug/swift-openapi-generator-p.build/Objects-normal/arm64/swift-openapi-generator.LinkFileList -Xlinker -rpath -Xlinker /usr/lib/swift -Xlinker -rpath -Xlinker @loader_path -Xlinker -rpath -Xlinker /Users/admin/builder/spi-builder-workspace/.derivedData/Build/Products/Debug/PackageFrameworks -Xlinker -object_path_lto -Xlinker /Users/admin/builder/spi-builder-workspace/.derivedData/Build/Intermediates.noindex/swift-openapi-generator.build/Debug/swift-openapi-generator-p.build/Objects-normal/arm64/swift-openapi-generator_lto.o -Xclang-linker -rdynamic -Xlinker -no_deduplicate -Xlinker -debug_variant -Xlinker -dependency_info -Xlinker /Users/admin/builder/spi-builder-workspace/.derivedData/Build/Intermediates.noindex/swift-openapi-generator.build/Debug/swift-openapi-generator-p.build/Objects-normal/arm64/swift-openapi-generator_dependency_info.dat -link-objc-runtime -profile-generate -L/Applications/Xcode-27.0.0-Release.Candidate.app/Contents/Developer/Toolchains/XcodeDefault.xctoolchain/usr/lib/swift/macosx -L/usr/lib/swift -Xlinker -add_ast_path -Xlinker /Users/admin/builder/spi-builder-workspace/.derivedData/Build/Intermediates.noindex/swift-openapi-generator.build/Debug/swift-openapi-generator-p.build/Objects-normal/arm64/swift_openapi_generator.swiftmodule -o /Users/admin/builder/spi-builder-workspace/.derivedData/Build/Intermediates.noindex/swift-openapi-generator.build/Debug/swift-openapi-generator-p.build/Objects-normal/arm64/Binary/swift-openapi-generator -no-stdlib-rpath
CreateUniversalBinary /Users/admin/builder/spi-builder-workspace/.derivedData/Build/Products/Debug/swift-openapi-generator normal arm64\ x86_64 (in target 'swift-openapi-generator-product' from project 'swift-openapi-generator')
    cd /Users/admin/builder/spi-builder-workspace/.dependencies/checkouts/swift-openapi-generator
    /Applications/Xcode-27.0.0-Release.Candidate.app/Contents/Developer/Toolchains/XcodeDefault.xctoolchain/usr/bin/lipo -create /Users/admin/builder/spi-builder-workspace/.derivedData/Build/Intermediates.noindex/swift-openapi-generator.build/Debug/swift-openapi-generator-p.build/Objects-normal/arm64/Binary/swift-openapi-generator /Users/admin/builder/spi-builder-workspace/.derivedData/Build/Intermediates.noindex/swift-openapi-generator.build/Debug/swift-openapi-generator-p.build/Objects-normal/x86_64/Binary/swift-openapi-generator -output /Users/admin/builder/spi-builder-workspace/.derivedData/Build/Products/Debug/swift-openapi-generator
RegisterExecutionPolicyException /Users/admin/builder/spi-builder-workspace/.derivedData/Build/Products/Debug/swift-openapi-generator (in target 'swift-openapi-generator-product' from project 'swift-openapi-generator')
    cd /Users/admin/builder/spi-builder-workspace/.dependencies/checkouts/swift-openapi-generator
    builtin-RegisterExecutionPolicyException /Users/admin/builder/spi-builder-workspace/.derivedData/Build/Products/Debug/swift-openapi-generator
WriteAuxiliaryFile /Users/admin/builder/spi-builder-workspace/.derivedData/Build/Intermediates.noindex/swift-openapi-generator.build/Debug/OpenAPIGenerator.build/OpenAPIGenerator.DependencyMetadataFileList (in target 'OpenAPIGenerator' from project 'swift-openapi-generator')
    cd /Users/admin/builder/spi-builder-workspace/.dependencies/checkouts/swift-openapi-generator
    write-file /Users/admin/builder/spi-builder-workspace/.derivedData/Build/Intermediates.noindex/swift-openapi-generator.build/Debug/OpenAPIGenerator.build/OpenAPIGenerator.DependencyMetadataFileList
WriteAuxiliaryFile /Users/admin/builder/spi-builder-workspace/.derivedData/Build/Intermediates.noindex/swift-openapi-generator.build/Debug/OpenAPIGenerator.build/OpenAPIGenerator.DependencyStaticMetadataFileList (in target 'OpenAPIGenerator' from project 'swift-openapi-generator')
    cd /Users/admin/builder/spi-builder-workspace/.dependencies/checkouts/swift-openapi-generator
    write-file /Users/admin/builder/spi-builder-workspace/.derivedData/Build/Intermediates.noindex/swift-openapi-generator.build/Debug/OpenAPIGenerator.build/OpenAPIGenerator.DependencyStaticMetadataFileList
CustomTask Running\ swift-openapi-generator 376a9b80b164f6ac67f5e27990c40a34 (in target 'ASConnectService' from project 'asconnect-service')
    cd /Users/admin/builder/spi-builder-workspace
    export ACTION\=build
    export AD_HOC_CODE_SIGNING_ALLOWED\=NO
    export ALLOW_BUILD_REQUEST_OVERRIDES\=NO
    export ALLOW_TARGET_PLATFORM_SPECIALIZATION\=NO
    export ALTERNATE_GROUP\=staff
    export ALTERNATE_MODE\=u+w,go-w,a+rX
    export ALTERNATE_OWNER\=admin
    export ALTERNATIVE_DISTRIBUTION_WEB\=NO
    export ALWAYS_EMBED_SWIFT_STANDARD_LIBRARIES\=NO
    export ALWAYS_SEARCH_USER_PATHS\=YES
    export ALWAYS_USE_SEPARATE_HEADERMAPS\=NO
    export APPLICATION_EXTENSION_API_ONLY\=NO
    export APPLY_RULES_IN_COPY_FILES\=NO
    export APPLY_RULES_IN_COPY_HEADERS\=NO
    export APP_SHORTCUTS_ENABLE_FLEXIBLE_MATCHING\=YES
    export ARCHS\=arm64
    export ARCHS_BASE\=arm64
    export ARCHS_STANDARD\=arm64
    export ARCHS_STANDARD_32_64_BIT\=arm64
    export ARCHS_STANDARD_64_BIT\=arm64
    export ARCHS_STANDARD_INCLUDING_64_BIT\=arm64
    export ARCHS_UNIVERSAL_IPHONE_OS\=arm64
    export AUTOMATICALLY_MERGE_DEPENDENCIES\=NO
    export AUTOMATION_APPLE_EVENTS\=NO
    export AVAILABLE_PLATFORMS\=android\ appletvos\ appletvsimulator\ driverkit\ freebsd\ iphoneos\ iphonesimulator\ linux\ macosx\ none\ openbsd\ qnx\ staticlinux\ watchos\ watchsimulator\ webassembly\ xros\ xrsimulator
    export BUILD_ACTIVE_RESOURCES_ONLY\=NO
    export BUILD_COMPONENTS\=headers\ build
    export BUILD_DIR\=/Users/admin/builder/spi-builder-workspace/.derivedData/Build/Products
    export BUILD_LIBRARY_FOR_DISTRIBUTION\=NO
    export BUILD_ONLY_KNOWN_LOCALIZATIONS\=NO
    export BUILD_ROOT\=/Users/admin/builder/spi-builder-workspace/.derivedData/Build/Products
    export BUILD_STYLE\=
    export BUILD_VARIANTS\=normal
    export BUILT_PRODUCTS_DIR\=/Users/admin/builder/spi-builder-workspace/.derivedData/Build/Products/Debug-xros
    export BUNDLE_CONTENTS_FOLDER_PATH_deep\=Contents/
    export BUNDLE_EXECUTABLE_FOLDER_NAME_deep\=MacOS
    export BUNDLE_EXTENSIONS_FOLDER_PATH\=Extensions
    export BUNDLE_FORMAT\=shallow
    export BUNDLE_FRAMEWORKS_FOLDER_PATH\=Frameworks
    export BUNDLE_PLUGINS_FOLDER_PATH\=PlugIns
    export BUNDLE_PRIVATE_HEADERS_FOLDER_PATH\=PrivateHeaders
    export BUNDLE_PUBLIC_HEADERS_FOLDER_PATH\=Headers
    export CACHE_ROOT\=/var/folders/xq/y_g06wb113726d38xsyx71_h0000gn/C/com.apple.DeveloperTools/27.0-27A266a/Xcode
    export CCHROOT\=/var/folders/xq/y_g06wb113726d38xsyx71_h0000gn/C/com.apple.DeveloperTools/27.0-27A266a/Xcode
    export CHMOD\=/bin/chmod
    export CHOWN\=chown
    export CLANG_CACHE_FINE_GRAINED_OUTPUTS\=YES
    export CLANG_COVERAGE_MAPPING\=YES
    export CLANG_COVERAGE_MAPPING_LINKER_ARGS\=NO
    export CLANG_ENABLE_EXPLICIT_MODULES\=YES
    export CLANG_ENABLE_MODULES\=YES
    export CLANG_ENABLE_OBJC_ARC\=YES
    export CLANG_MODULES_BUILD_SESSION_FILE\=/Users/admin/builder/spi-builder-workspace/.derivedData/ModuleCache.noindex/Session.modulevalidation
    export CLANG_PROFILE_DATA_DIRECTORY\=/Users/admin/builder/spi-builder-workspace/.derivedData/Build/ProfileData
    export CLASS_FILE_DIR\=/Users/admin/builder/spi-builder-workspace/.derivedData/Build/Intermediates.noindex/asconnect-service.build/Debug-xros/ASConnectService-t.build/JavaClasses
    export CLEAN_PRECOMPS\=YES
    export CLONE_HEADERS\=NO
    export CODESIGNING_FOLDER_PATH\=/Users/admin/builder/spi-builder-workspace/.derivedData/Build/Products/Debug-xros/ASConnectService.o
    export CODE_SIGNING_ALLOWED\=NO
    export CODE_SIGNING_REQUIRED\=NO
    export CODE_SIGN_CONTEXT_CLASS\=XCiPhoneOSCodeSignContext
    export CODE_SIGN_INJECT_BASE_ENTITLEMENTS\=YES
    export COLOR_DIAGNOSTICS\=NO
    export COMBINE_HIDPI_IMAGES\=NO
    export COMPILATION_CACHE_CAS_PATH\=/Users/admin/builder/spi-builder-workspace/.derivedData/CompilationCache.noindex
    export COMPILATION_CACHE_KEEP_CAS_DIRECTORY\=YES
    export COMPILER_INDEX_STORE_ENABLE\=Default
    export COMPILER_WORKING_DIRECTORY\=/Users/admin/builder/spi-builder-workspace/.swiftpm/xcode
    export COMPOSITE_SDK_DIRS\=/Users/admin/builder/spi-builder-workspace/.derivedData/Build/Intermediates.noindex/CompositeSDKs
    export COMPRESS_PNG_FILES\=YES
    export CONFIGURATION\=Debug
    export CONFIGURATION_BUILD_DIR\=/Users/admin/builder/spi-builder-workspace/.derivedData/Build/Products/Debug-xros
    export CONFIGURATION_TEMP_DIR\=/Users/admin/builder/spi-builder-workspace/.derivedData/Build/Intermediates.noindex/asconnect-service.build/Debug-xros
    export COPYING_PRESERVES_HFS_DATA\=NO
    export COPY_HEADERS_RUN_UNIFDEF\=NO
    export COPY_PHASE_STRIP\=NO
    export CORRESPONDING_SIMULATOR_PLATFORM_DIR\=/Applications/Xcode-27.0.0-Release.Candidate.app/Contents/Developer/Platforms/XRSimulator.platform
    export CORRESPONDING_SIMULATOR_PLATFORM_NAME\=xrsimulator
    export CORRESPONDING_SIMULATOR_SDK_DIR\=/Applications/Xcode-27.0.0-Release.Candidate.app/Contents/Developer/Platforms/XRSimulator.platform/Developer/SDKs/XRSimulator27.0.sdk
    export CORRESPONDING_SIMULATOR_SDK_NAME\=xrsimulator27.0
    export CP\=/bin/cp
    export CREATE_INFOPLIST_SECTION_IN_BINARY\=NO
    export CURRENT_ARCH\=undefined_arch
    export CURRENT_VARIANT\=normal
    export DEAD_CODE_STRIPPING\=NO
    export DEBUGGING_SYMBOLS\=YES
    export DEBUG_INFORMATION_FORMAT\=dwarf
    export DEBUG_INFORMATION_VERSION\=compiler-default
    export DEFAULT_COMPILER\=com.apple.compilers.llvm.clang.1_0
    export DEFAULT_DEXT_INSTALL_PATH\=/System/Library/DriverExtensions
    export DEFAULT_KEXT_INSTALL_PATH\=/System/Library/Extensions
    export DEFINES_MODULE\=YES
    export DEPLOYMENT_LOCATION\=NO
    export DEPLOYMENT_POSTPROCESSING\=NO
    export DEPLOYMENT_TARGET_SETTING_NAME\=XROS_DEPLOYMENT_TARGET
    export DEPLOYMENT_TARGET_SUGGESTED_VALUES\=1.0\ 1.1\ 1.2\ 1.3\ 2.0\ 2.1\ 2.2\ 2.3\ 2.4\ 2.5\ 2.6\ 26.0\ 26.2\ 26.3\ 26.4\ 26.5\ 26.6\ 27.0
    export DERIVED_FILES_DIR\=/Users/admin/builder/spi-builder-workspace/.derivedData/Build/Intermediates.noindex/asconnect-service.build/Debug-xros/ASConnectService-t.build/DerivedSources
    export DERIVED_FILE_DIR\=/Users/admin/builder/spi-builder-workspace/.derivedData/Build/Intermediates.noindex/asconnect-service.build/Debug-xros/ASConnectService-t.build/DerivedSources
    export DERIVED_SOURCES_DIR\=/Users/admin/builder/spi-builder-workspace/.derivedData/Build/Intermediates.noindex/asconnect-service.build/Debug-xros/ASConnectService-t.build/DerivedSources
    export DEVELOPER_APPLICATIONS_DIR\=/Applications/Xcode-27.0.0-Release.Candidate.app/Contents/Developer/Applications
    export DEVELOPER_BIN_DIR\=/Applications/Xcode-27.0.0-Release.Candidate.app/Contents/Developer/usr/bin
    export DEVELOPER_DIR\=/Applications/Xcode-27.0.0-Release.Candidate.app/Contents/Developer
    export DEVELOPER_FRAMEWORKS_DIR\=/Applications/Xcode-27.0.0-Release.Candidate.app/Contents/Developer/Library/Frameworks
    export DEVELOPER_FRAMEWORKS_DIR_QUOTED\=/Applications/Xcode-27.0.0-Release.Candidate.app/Contents/Developer/Library/Frameworks
    export DEVELOPER_LIBRARY_DIR\=/Applications/Xcode-27.0.0-Release.Candidate.app/Contents/Developer/Library
    export DEVELOPER_SDK_DIR\=/Applications/Xcode-27.0.0-Release.Candidate.app/Contents/Developer/Platforms/MacOSX.platform/Developer/SDKs
    export DEVELOPER_TOOLS_DIR\=/Applications/Xcode-27.0.0-Release.Candidate.app/Contents/Developer/Tools
    export DEVELOPER_USR_DIR\=/Applications/Xcode-27.0.0-Release.Candidate.app/Contents/Developer/usr
    export DEVELOPMENT_LANGUAGE\=en
    export DIAGNOSE_MISSING_TARGET_DEPENDENCIES\=YES
    export DIFF\=/usr/bin/diff
    export DONT_GENERATE_INFOPLIST_FILE\=NO
    export DSTROOT\=/tmp/asconnect-service.dst
    export DT_TOOLCHAIN_DIR\=/Applications/Xcode-27.0.0-Release.Candidate.app/Contents/Developer/Toolchains/XcodeDefault.xctoolchain
    export DWARF_DSYM_FILE_NAME\=ASConnectService.o.dSYM
    export DWARF_DSYM_FILE_SHOULD_ACCOMPANY_PRODUCT\=NO
    export DWARF_DSYM_FOLDER_PATH\=/Users/admin/builder/spi-builder-workspace/.derivedData/Build/Products/Debug-xros
    export DYLIB_INSTALL_NAME_BASE\=@rpath
    export DYNAMIC_LIBRARY_EXTENSION\=dylib
    export EAGER_COMPILATION_ALLOW_SCRIPTS\=NO
    export EAGER_LINKING\=NO
    export EFFECTIVE_PLATFORM_NAME\=-xros
    export EFFECTIVE_SWIFT_VERSION\=5
    export EMBEDDED_CONTENT_CONTAINS_SWIFT\=NO
    export EMBEDDED_PROFILE_NAME\=embedded.mobileprovision
    export EMBED_ASSET_PACKS_IN_PRODUCT_BUNDLE\=NO
    export ENABLE_APP_SANDBOX\=NO
    export ENABLE_CODE_COVERAGE\=YES
    export ENABLE_COHORT_ARCHS\=YES
    export ENABLE_CPLUSPLUS_BOUNDS_SAFE_BUFFERS\=NO
    export ENABLE_C_BOUNDS_SAFETY\=NO
    export ENABLE_DEFAULT_HEADER_SEARCH_PATHS\=YES
    export ENABLE_DEFAULT_SEARCH_PATHS\=YES
    export ENABLE_ENHANCED_SECURITY\=NO
    export ENABLE_HARDENED_RUNTIME\=NO
    export ENABLE_HARDWARE_CHECKED_POINTER_ARITHMETIC_SLICE\=NO
    export ENABLE_HEADER_DEPENDENCIES\=YES
    export ENABLE_INCOMING_NETWORK_CONNECTIONS\=NO
    export ENABLE_NS_ASSERTIONS\=YES
    export ENABLE_ON_DEMAND_RESOURCES\=NO
    export ENABLE_OUTGOING_NETWORK_CONNECTIONS\=NO
    export ENABLE_POINTER_AUTHENTICATION\=NO
    export ENABLE_PREVIEWS\=NO
    export ENABLE_RESOURCE_ACCESS_AUDIO_INPUT\=NO
    export ENABLE_RESOURCE_ACCESS_BLUETOOTH\=NO
    export ENABLE_RESOURCE_ACCESS_CALENDARS\=NO
    export ENABLE_RESOURCE_ACCESS_CAMERA\=NO
    export ENABLE_RESOURCE_ACCESS_CONTACTS\=NO
    export ENABLE_RESOURCE_ACCESS_LOCATION\=NO
    export ENABLE_RESOURCE_ACCESS_PHOTO_LIBRARY\=NO
    export ENABLE_RESOURCE_ACCESS_PRINTING\=NO
    export ENABLE_RESOURCE_ACCESS_USB\=NO
    export ENABLE_SDK_IMPORTS\=NO
    export ENABLE_SECURITY_COMPILER_WARNINGS\=NO
    export ENABLE_TESTABILITY\=YES
    export ENABLE_TESTING_SEARCH_PATHS\=YES
    export ENABLE_USER_SCRIPT_SANDBOXING\=NO
    export ENABLE_XOJIT_PREVIEWS\=YES
    export ENFORCE_VALID_ARCHS\=YES
    export ENTITLEMENTS_DESTINATION\=Signature
    export ENTITLEMENTS_REQUIRED\=NO
    export EXCLUDED_INSTALLSRC_SUBDIRECTORY_PATTERNS\=.DS_Store\ .svn\ .git\ .hg\ CVS
    export EXCLUDED_RECURSIVE_SEARCH_PATH_SUBDIRECTORIES\=\*.nib\ \*.lproj\ \*.framework\ \*.gch\ \*.xcode\*\ \*.xcassets\ \*.icon\ \(\*\)\ .DS_Store\ CVS\ .svn\ .git\ .hg\ \*.pbproj\ \*.pbxproj
    export EXECUTABLE_EXTENSION\=o
    export EXECUTABLE_NAME\=ASConnectService.o
    export EXECUTABLE_PATH\=ASConnectService.o
    export EXECUTABLE_SUFFIX\=.o
    export FILE_LIST\=/Users/admin/builder/spi-builder-workspace/.derivedData/Build/Intermediates.noindex/asconnect-service.build/Debug-xros/ASConnectService-t.build/Objects/LinkFileList
    export FIXED_FILES_DIR\=/Users/admin/builder/spi-builder-workspace/.derivedData/Build/Intermediates.noindex/asconnect-service.build/Debug-xros/ASConnectService-t.build/FixedFiles
    export FRAMEWORK_FLAG_PREFIX\=-framework
    export FRAMEWORK_SEARCH_PATHS\=/Users/admin/builder/spi-builder-workspace/.derivedData/Build/Products/Debug-xros/PackageFrameworks\ /Users/admin/builder/spi-builder-workspace/.derivedData/Build/Products/Debug-xros/PackageFrameworks\ /Users/admin/builder/spi-builder-workspace/.derivedData/Build/Products/Debug-xros/PackageFrameworks\ /Users/admin/builder/spi-builder-workspace/.derivedData/Build/Products/Debug-xros/PackageFrameworks\ /Users/admin/builder/spi-builder-workspace/.derivedData/Build/Products/Debug-xros/PackageFrameworks\ /Users/admin/builder/spi-builder-workspace/.derivedData/Build/Products/Debug-xros/PackageFrameworks\ /Users/admin/builder/spi-builder-workspace/.derivedData/Build/Products/Debug-xros\
    export FRAMEWORK_VERSION\=A
    export FULL_PRODUCT_NAME\=ASConnectService.o
    export FUSE_BUILD_PHASES\=YES
    export FUSE_BUILD_SCRIPT_PHASES\=NO
    export GCC3_VERSION\=3.3
    export GCC_INLINES_ARE_PRIVATE_EXTERN\=YES
    export GCC_OPTIMIZATION_LEVEL\=0
    export GCC_PFE_FILE_C_DIALECTS\=c\ objective-c\ c++\ objective-c++
    export GCC_PREPROCESSOR_DEFINITIONS\=\ SWIFT_PACKAGE\ DEBUG\=1
    export GCC_SYMBOLS_PRIVATE_EXTERN\=NO
    export GCC_THUMB_SUPPORT\=YES
    export GCC_TREAT_WARNINGS_AS_ERRORS\=NO
    export GCC_VERSION\=com.apple.compilers.llvm.clang.1_0
    export GCC_VERSION_IDENTIFIER\=com_apple_compilers_llvm_clang_1_0
    export GCC_WARN_64_TO_32_BIT_CONVERSION\=NO
    export GENERATED_MODULEMAP_DIR\=/Users/admin/builder/spi-builder-workspace/.derivedData/Build/Intermediates.noindex/GeneratedModuleMaps-xros
    export GENERATE_INFOPLIST_FILE\=NO
    export GENERATE_INTERMEDIATE_TEXT_BASED_STUBS\=YES
    export GENERATE_PKGINFO_FILE\=NO
    export GENERATE_PRELINK_OBJECT_FILE\=NO
    export GENERATE_PROFILING_CODE\=NO
    export GENERATE_TEXT_BASED_STUBS\=NO
    export GID\=20
    export GROUP\=staff
    export HEADERMAP_INCLUDES_FLAT_ENTRIES_FOR_TARGET_BEING_BUILT\=YES
    export HEADERMAP_INCLUDES_FRAMEWORK_ENTRIES_FOR_ALL_PRODUCT_TYPES\=YES
    export HEADERMAP_INCLUDES_FRAMEWORK_ENTRIES_FOR_TARGETS_NOT_BEING_BUILT\=YES
    export HEADERMAP_INCLUDES_NONPUBLIC_NONPRIVATE_HEADERS\=YES
    export HEADERMAP_INCLUDES_PROJECT_HEADERS\=YES
    export HEADERMAP_USES_FRAMEWORK_PREFIX_ENTRIES\=YES
    export HEADERMAP_USES_VFS\=YES
    export HEADER_SEARCH_PATHS\=/Users/admin/builder/spi-builder-workspace/.derivedData/Build/Products/Debug-xros/include\
    export HOME\=/Users/admin
    export HOST_ARCH\=arm64
    export HOST_PLATFORM\=macosx
    export ICONV\=/usr/bin/iconv
    export IMPLICIT_DEPENDENCY_DOMAIN\=default
    export INDEX_ENABLE_DATA_STORE\=YES
    export INDEX_ENABLE_OPTIMIZATION_LEVEL_OVERRIDE\=YES
    export INDEX_STORE_COMPRESS\=NO
    export INDEX_STORE_ONLY_PROJECT_FILES\=NO
    export INFOPLIST_ENABLE_CFBUNDLEICONS_MERGE\=YES
    export INFOPLIST_EXPAND_BUILD_SETTINGS\=YES
    export INFOPLIST_OUTPUT_FORMAT\=binary
    export INFOPLIST_PREPROCESS\=NO
    export INLINE_PRIVATE_FRAMEWORKS\=NO
    export INSTALLAPI_IGNORE_SKIP_INSTALL\=YES
    export INSTALLHDRS_COPY_PHASE\=NO
    export INSTALLHDRS_SCRIPT_PHASE\=NO
    export INSTALL_DIR\=/tmp/asconnect-service.dst/Users/admin/Objects
    export INSTALL_GROUP\=staff
    export INSTALL_MODE_FLAG\=u+w,go-w,a+rX
    export INSTALL_OWNER\=admin
    export INSTALL_PATH\=/Users/admin/Objects
    export INSTALL_ROOT\=/tmp/asconnect-service.dst
    export IS_UNOPTIMIZED_BUILD\=YES
    export JAVAC_DEFAULT_FLAGS\=-J-Xms64m\ -J-XX:NewSize\=4M\ -J-Dfile.encoding\=UTF8
    export JAVA_APP_STUB\=/System/Library/Frameworks/JavaVM.framework/Resources/MacOS/JavaApplicationStub
    export JAVA_ARCHIVE_CLASSES\=YES
    export JAVA_ARCHIVE_TYPE\=JAR
    export JAVA_COMPILER\=/usr/bin/javac
    export JAVA_FRAMEWORK_RESOURCES_DIRS\=Resources
    export JAVA_JAR_FLAGS\=cv
    export JAVA_SOURCE_SUBDIR\=.
    export JAVA_USE_DEPENDENCIES\=YES
    export JAVA_ZIP_FLAGS\=-urg
    export JIKES_DEFAULT_FLAGS\=+E\ +OLDCSO
    export KASAN_CFLAGS_CLASSIC\=-DKASAN\=1\ -DKASAN_CLASSIC\=1\ -fsanitize\=address\ -mllvm\ -asan-globals-live-support\ -mllvm\ -asan-force-dynamic-shadow
    export KASAN_CFLAGS_TBI\=-DKASAN\=1\ -DKASAN_TBI\=1\ -fsanitize\=kernel-hwaddress\ -mllvm\ -hwasan-recover\=0\ -mllvm\ -hwasan-instrument-atomics\=0\ -mllvm\ -hwasan-instrument-stack\=1\ -mllvm\ -hwasan-generate-tags-with-calls\=1\ -mllvm\ -hwasan-instrument-with-calls\=1\ -mllvm\ -hwasan-use-short-granules\=0\ -mllvm\ -hwasan-memory-access-callback-prefix\=__asan_
    export KASAN_DEFAULT_CFLAGS\=-DKASAN\=1\ -DKASAN_CLASSIC\=1\ -fsanitize\=address\ -mllvm\ -asan-globals-live-support\ -mllvm\ -asan-force-dynamic-shadow
    export KEEP_PRIVATE_EXTERNS\=NO
    export LD_DEPENDENCY_INFO_FILE\=/Users/admin/builder/spi-builder-workspace/.derivedData/Build/Intermediates.noindex/asconnect-service.build/Debug-xros/ASConnectService-t.build/Objects-normal/undefined_arch/ASConnectService_dependency_info.dat
    export LD_EXPORT_GLOBAL_SYMBOLS\=NO
    export LD_EXPORT_SYMBOLS\=YES
    export LD_GENERATE_MAP_FILE\=NO
    export LD_MAP_FILE_PATH\=/Users/admin/builder/spi-builder-workspace/.derivedData/Build/Intermediates.noindex/asconnect-service.build/Debug-xros/ASConnectService-t.build/ASConnectService-LinkMap-normal-undefined_arch.txt
    export LD_NO_PIE\=NO
    export LD_QUOTE_LINKER_ARGUMENTS_FOR_COMPILER_DRIVER\=YES
    export LD_RUNPATH_SEARCH_PATHS\=@loader_path\ /Users/admin/builder/spi-builder-workspace/.derivedData/Build/Products/Debug-xros/PackageFrameworks\ @loader_path\ /Users/admin/builder/spi-builder-workspace/.derivedData/Build/Products/Debug-xros/PackageFrameworks\ @loader_path\ /Users/admin/builder/spi-builder-workspace/.derivedData/Build/Products/Debug-xros/PackageFrameworks\ @loader_path\ /Users/admin/builder/spi-builder-workspace/.derivedData/Build/Products/Debug-xros/PackageFrameworks\ @loader_path\ /Users/admin/builder/spi-builder-workspace/.derivedData/Build/Products/Debug-xros/PackageFrameworks\ @loader_path\ /Users/admin/builder/spi-builder-workspace/.derivedData/Build/Products/Debug-xros/PackageFrameworks\
    export LD_SHARED_CACHE_ELIGIBLE\=Automatic
    export LD_WARN_DUPLICATE_LIBRARIES\=NO
    export LD_WARN_UNUSED_DYLIBS\=NO
    export LEGACY_DEVELOPER_DIR\=/Applications/Xcode-27.0.0-Release.Candidate.app/Contents/PlugIns/Xcode3Core.ideplugin/Contents/SharedSupport/Developer
    export LEX\=lex
    export LIBRARY_DEXT_INSTALL_PATH\=/Library/DriverExtensions
    export LIBRARY_FLAG_NOSPACE\=YES
    export LIBRARY_FLAG_PREFIX\=-l
    export LIBRARY_KEXT_INSTALL_PATH\=/Library/Extensions
    export LIBRARY_SEARCH_PATHS\=/Users/admin/builder/spi-builder-workspace/.derivedData/Build/Products/Debug-xros\ \ \ /Applications/Xcode-27.0.0-Release.Candidate.app/Contents/Developer/Platforms/XROS.platform/Developer/usr/lib
    export LIBTOOL_NO_WARNING_FOR_NO_SYMBOLS\=YES
    export LINKER_DISPLAYS_MANGLED_NAMES\=NO
    export LINKER_DRIVER\=auto
    export LINK_FILE_LIST_normal_arm64\=/Users/admin/builder/spi-builder-workspace/.derivedData/Build/Intermediates.noindex/asconnect-service.build/Debug-xros/ASConnectService-t.build/Objects-normal/arm64/ASConnectService.LinkFileList
    export LINK_OBJC_RUNTIME\=YES
    export LINK_WITH_STANDARD_LIBRARIES\=NO
    export LLVM_TARGET_TRIPLE_OS_VERSION\=xros1.0
    export LLVM_TARGET_TRIPLE_VENDOR\=apple
    export LM_AUX_CONST_METADATA_LIST_PATH_normal_arm64\=/Users/admin/builder/spi-builder-workspace/.derivedData/Build/Intermediates.noindex/asconnect-service.build/Debug-xros/ASConnectService-t.build/Objects-normal/arm64/ASConnectService.SwiftConstValuesFileList
    export LOCALIZATION_EXPORT_SUPPORTED\=YES
    export LOCALIZATION_PREFERS_STRING_CATALOGS\=NO
    export LOCALIZED_STRING_CODE_COMMENTS\=NO
    export LOCALIZED_STRING_MACRO_NAMES\=NSLocalizedString\ CFCopyLocalizedString
    export LOCALIZED_STRING_SWIFTUI_SUPPORT\=YES
    export LOCAL_ADMIN_APPS_DIR\=/Applications/Utilities
    export LOCAL_APPS_DIR\=/Applications
    export LOCAL_DEVELOPER_DIR\=/Library/Developer
    export LOCAL_LIBRARY_DIR\=/Library
    export LOCROOT\=/Users/admin/builder/spi-builder-workspace
    export LOCSYMROOT\=/Users/admin/builder/spi-builder-workspace
    export MACH_O_TYPE\=mh_object
    export MAC_OS_X_PRODUCT_BUILD_VERSION\=25G83
    export MAC_OS_X_VERSION_ACTUAL\=260602
    export MAC_OS_X_VERSION_MAJOR\=260000
    export MAC_OS_X_VERSION_MINOR\=260600
    export MAKE_MERGEABLE\=NO
    export MERGEABLE_LIBRARY\=NO
    export MERGED_BINARY_TYPE\=none
    export MERGE_LINKED_LIBRARIES\=NO
    export METAL_LIBRARY_FILE_BASE\=default
    export METAL_LIBRARY_OUTPUT_DIR\=/Users/admin/builder/spi-builder-workspace/.derivedData/Build/Products/Debug-xros/
    export MODULEMAP_FILE_CONTENTS\=module\ ASConnectService\ \{'
'header\ \"ASConnectService-Swift.h\"'
'export\ \*'
'\}
    export MODULEMAP_PATH\=/Users/admin/builder/spi-builder-workspace/.derivedData/Build/Intermediates.noindex/GeneratedModuleMaps-xros/ASConnectService.modulemap
    export MODULE_CACHE_DIR\=/Users/admin/builder/spi-builder-workspace/.derivedData/ModuleCache.noindex
    export NATIVE_ARCH\=arm64
    export NATIVE_ARCH_32_BIT\=arm
    export NATIVE_ARCH_64_BIT\=arm64
    export NATIVE_ARCH_ACTUAL\=arm64
    export NO_COMMON\=YES
    export OBJECT_FILE_DIR\=/Users/admin/builder/spi-builder-workspace/.derivedData/Build/Intermediates.noindex/asconnect-service.build/Debug-xros/ASConnectService-t.build/Objects
    export OBJECT_FILE_DIR_normal\=/Users/admin/builder/spi-builder-workspace/.derivedData/Build/Intermediates.noindex/asconnect-service.build/Debug-xros/ASConnectService-t.build/Objects-normal
    export OBJROOT\=/Users/admin/builder/spi-builder-workspace/.derivedData/Build/Intermediates.noindex
    export ONLY_ACTIVE_ARCH\=NO
    export ONLY_ARCH\=arm64
    export OS\=MACOS
    export OSAC\=/usr/bin/osacompile
    export OTHER_CFLAGS\=-fmodule-map-file\=/Users/admin/builder/spi-builder-workspace/.derivedData/Build/Intermediates.noindex/GeneratedModuleMaps-xros/OpenAPIRuntime.modulemap\ -fmodule-map-file\=/Users/admin/builder/spi-builder-workspace/.derivedData/Build/Intermediates.noindex/GeneratedModuleMaps-xros/SpanPreview.modulemap\ -fmodule-map-file\=/Users/admin/builder/spi-builder-workspace/.derivedData/Build/Intermediates.noindex/GeneratedModuleMaps-xros/InternalCollectionsUtilities.modulemap\ -fmodule-map-file\=/Users/admin/builder/spi-builder-workspace/.derivedData/Build/Intermediates.noindex/GeneratedModuleMaps-xros/DequeModule.modulemap\ -fmodule-map-file\=/Users/admin/builder/spi-builder-workspace/.derivedData/Build/Intermediates.noindex/GeneratedModuleMaps-xros/HTTPTypes.modulemap\ -fmodule-map-file\=/Users/admin/builder/spi-builder-workspace/.derivedData/Build/Intermediates.noindex/GeneratedModuleMaps-xros/OpenAPIURLSession.modulemap\ \ -DXcode
    export OTHER_CPLUSPLUSFLAGS\=-fmodule-map-file\=/Users/admin/builder/spi-builder-workspace/.derivedData/Build/Intermediates.noindex/GeneratedModuleMaps-xros/OpenAPIRuntime.modulemap\ -fmodule-map-file\=/Users/admin/builder/spi-builder-workspace/.derivedData/Build/Intermediates.noindex/GeneratedModuleMaps-xros/SpanPreview.modulemap\ -fmodule-map-file\=/Users/admin/builder/spi-builder-workspace/.derivedData/Build/Intermediates.noindex/GeneratedModuleMaps-xros/InternalCollectionsUtilities.modulemap\ -fmodule-map-file\=/Users/admin/builder/spi-builder-workspace/.derivedData/Build/Intermediates.noindex/GeneratedModuleMaps-xros/DequeModule.modulemap\ -fmodule-map-file\=/Users/admin/builder/spi-builder-workspace/.derivedData/Build/Intermediates.noindex/GeneratedModuleMaps-xros/HTTPTypes.modulemap\ -fmodule-map-file\=/Users/admin/builder/spi-builder-workspace/.derivedData/Build/Intermediates.noindex/GeneratedModuleMaps-xros/OpenAPIURLSession.modulemap\ \ -DXcode
    export OTHER_SWIFT_FLAGS\=\ -DXcode\ -plugin-path\ /Applications/Xcode-27.0.0-Release.Candidate.app/Contents/Developer/Toolchains/XcodeDefault.xctoolchain/usr/lib/swift/host/plugins/testing
    export PACKAGE_RESOURCE_TARGET_KIND\=regular
    export PACKAGE_TYPE\=com.apple.package-type.mach-o-objfile
    export PASCAL_STRINGS\=YES
    export PATH\=/Applications/Xcode-27.0.0-Release.Candidate.app/Contents/SharedFrameworks/SwiftBuild.framework/Versions/A/PlugIns/SWBBuildService.bundle/Contents/PlugIns/SWBUniversalPlatformPlugin.bundle/Contents/Frameworks/SWBUniversalPlatform.framework/Resources:/var/run/com.apple.security.cryptexd/mnt/com.apple.MobileAsset.MetalToolchain-v27.1.266.1.VZCAYj/Metal.xctoolchain/usr/bin:/var/run/com.apple.security.cryptexd/mnt/com.apple.MobileAsset.MetalToolchain-v27.1.266.1.VZCAYj/Metal.xctoolchain/usr/local/bin:/var/run/com.apple.security.cryptexd/mnt/com.apple.MobileAsset.MetalToolchain-v27.1.266.1.VZCAYj/Metal.xctoolchain/usr/libexec:/Applications/Xcode-27.0.0-Release.Candidate.app/Contents/Developer/Toolchains/XcodeDefault.xctoolchain/usr/bin:/Applications/Xcode-27.0.0-Release.Candidate.app/Contents/Developer/Toolchains/XcodeDefault.xctoolchain/usr/local/bin:/Applications/Xcode-27.0.0-Release.Candidate.app/Contents/Developer/Toolchains/XcodeDefault.xctoolchain/usr/libexec:/Applications/Xcode-27.0.0-Release.Candidate.app/Contents/Developer/Platforms/XROS.platform/usr/bin:/Applications/Xcode-27.0.0-Release.Candidate.app/Contents/Developer/Platforms/XROS.platform/usr/local/bin:/Applications/Xcode-27.0.0-Release.Candidate.app/Contents/Developer/Platforms/XROS.platform/Developer/usr/bin:/Applications/Xcode-27.0.0-Release.Candidate.app/Contents/Developer/Platforms/XROS.platform/Developer/usr/local/bin:/Applications/Xcode-27.0.0-Release.Candidate.app/Contents/Developer/usr/bin:/Applications/Xcode-27.0.0-Release.Candidate.app/Contents/Developer/usr/local/bin:/opt/homebrew/bin:/opt/homebrew/sbin:/usr/local/bin:/System/Cryptexes/App/usr/bin:/usr/bin:/bin:/usr/sbin:/sbin:/var/run/com.apple.security.cryptexd/codex.system/bootstrap/usr/local/bin:/var/run/com.apple.security.cryptexd/codex.system/bootstrap/usr/bin:/var/run/com.apple.security.cryptexd/codex.system/bootstrap/usr/appleinternal/bin:/pkg/env/global/bin:/Library/Apple/usr/bin
    export PATH_PREFIXES_EXCLUDED_FROM_HEADER_DEPENDENCIES\=/usr/include\ /usr/local/include\ /System/Library/Frameworks\ /System/Library/PrivateFrameworks\ /Applications/Xcode-27.0.0-Release.Candidate.app/Contents/Developer/Headers\ /Applications/Xcode-27.0.0-Release.Candidate.app/Contents/Developer/SDKs\ /Applications/Xcode-27.0.0-Release.Candidate.app/Contents/Developer/Platforms
    export PER_ARCH_MODULE_FILE_DIR\=/Users/admin/builder/spi-builder-workspace/.derivedData/Build/Intermediates.noindex/asconnect-service.build/Debug-xros/ASConnectService-t.build/Objects-normal/undefined_arch
    export PER_ARCH_OBJECT_FILE_DIR\=/Users/admin/builder/spi-builder-workspace/.derivedData/Build/Intermediates.noindex/asconnect-service.build/Debug-xros/ASConnectService-t.build/Objects-normal/undefined_arch
    export PER_VARIANT_OBJECT_FILE_DIR\=/Users/admin/builder/spi-builder-workspace/.derivedData/Build/Intermediates.noindex/asconnect-service.build/Debug-xros/ASConnectService-t.build/Objects-normal
    export PKGINFO_FILE_PATH\=/Users/admin/builder/spi-builder-workspace/.derivedData/Build/Intermediates.noindex/asconnect-service.build/Debug-xros/ASConnectService-t.build/PkgInfo
    export PLATFORM_DEVELOPER_APPLICATIONS_DIR\=/Applications/Xcode-27.0.0-Release.Candidate.app/Contents/Developer/Platforms/XROS.platform/Developer/Applications
    export PLATFORM_DEVELOPER_BIN_DIR\=/Applications/Xcode-27.0.0-Release.Candidate.app/Contents/Developer/Platforms/XROS.platform/Developer/usr/bin
    export PLATFORM_DEVELOPER_LIBRARY_DIR\=/Applications/Xcode-27.0.0-Release.Candidate.app/Contents/Developer/Platforms/XROS.platform/Developer/Library
    export PLATFORM_DEVELOPER_SDK_DIR\=/Applications/Xcode-27.0.0-Release.Candidate.app/Contents/Developer/Platforms/XROS.platform/Developer/SDKs
    export PLATFORM_DEVELOPER_TOOLS_DIR\=/Applications/Xcode-27.0.0-Release.Candidate.app/Contents/Developer/Platforms/XROS.platform/Developer/Tools
    export PLATFORM_DEVELOPER_USR_DIR\=/Applications/Xcode-27.0.0-Release.Candidate.app/Contents/Developer/Platforms/XROS.platform/Developer/usr
    export PLATFORM_DIR\=/Applications/Xcode-27.0.0-Release.Candidate.app/Contents/Developer/Platforms/XROS.platform
    export PLATFORM_DISPLAY_NAME\=visionOS
    export PLATFORM_FAMILY_NAME\=xrOS
    export PLATFORM_NAME\=xros
    export PLATFORM_PRODUCT_BUILD_VERSION\=24M361
    export PLATFORM_REQUIRES_SWIFT_AUTOLINK_EXTRACT\=NO
    export PLATFORM_REQUIRES_SWIFT_MODULEWRAP\=NO
    export PLATFORM_USES_DSYMS\=YES
    export PLIST_FILE_OUTPUT_FORMAT\=binary
    export PRECOMPS_INCLUDE_HEADERS_FROM_BUILT_PRODUCTS_DIR\=YES
    export PRECOMP_DESTINATION_DIR\=/Users/admin/builder/spi-builder-workspace/.derivedData/Build/Intermediates.noindex/asconnect-service.build/Debug-xros/ASConnectService-t.build/PrefixHeaders
    export PRELINK_DEPENDENCY_INFO_FILE\=/Users/admin/builder/spi-builder-workspace/.derivedData/Build/Intermediates.noindex/asconnect-service.build/Debug-xros/ASConnectService-t.build/Objects-normal/undefined_arch/ASConnectService_prelink_dependency_info.dat
    export PRIVATE_HEADERS_FOLDER_PATH\=/usr/local/include
    export PROCESSED_INFOPLIST_PATH\=/Users/admin/builder/spi-builder-workspace/.derivedData/Build/Intermediates.noindex/asconnect-service.build/Debug-xros/ASConnectService-t.build/Objects-normal/undefined_arch/Processed-Info.plist
    export PRODUCT_BUNDLE_IDENTIFIER\=spi-builder-workspace.ASConnectService
    export PRODUCT_MODULE_NAME\=ASConnectService
    export PRODUCT_NAME\=ASConnectService
    export PRODUCT_SETTINGS_PATH\=
    export PRODUCT_TYPE\=org.swift.product-type.library.static
    export PROFILING_CODE\=NO
    export PROJECT\=asconnect-service
    export PROJECT_DERIVED_FILE_DIR\=/Users/admin/builder/spi-builder-workspace/.derivedData/Build/Intermediates.noindex/asconnect-service.build/DerivedSources
    export PROJECT_DIR\=/Users/admin/builder/spi-builder-workspace
    export PROJECT_FILE_PATH\=/Users/admin/builder/spi-builder-workspace/Package.swift
    export PROJECT_GUID\=PACKAGE:spi-builder-workspace
    export PROJECT_NAME\=asconnect-service
    export PROJECT_TEMP_DIR\=/Users/admin/builder/spi-builder-workspace/.derivedData/Build/Intermediates.noindex/asconnect-service.build
    export PROJECT_TEMP_ROOT\=/Users/admin/builder/spi-builder-workspace/.derivedData/Build/Intermediates.noindex
    export PUBLIC_HEADERS_FOLDER_PATH\=/usr/local/include
    export RECOMMENDED_XROS_DEPLOYMENT_TARGET\=2.0
    export RECURSIVE_SEARCH_PATHS_FOLLOW_SYMLINKS\=YES
    export REMOVE_CVS_FROM_RESOURCES\=YES
    export REMOVE_GIT_FROM_RESOURCES\=YES
    export REMOVE_HEADERS_FROM_EMBEDDED_BUNDLES\=YES
    export REMOVE_HG_FROM_RESOURCES\=YES
    export REMOVE_STATIC_EXECUTABLES_FROM_EMBEDDED_BUNDLES\=YES
    export REMOVE_SVN_FROM_RESOURCES\=YES
    export RESCHEDULE_INDEPENDENT_HEADERS_PHASES\=YES
    export RESOURCES_PLATFORM_NAME\=xros
    export REZ_COLLECTOR_DIR\=/Users/admin/builder/spi-builder-workspace/.derivedData/Build/Intermediates.noindex/asconnect-service.build/Debug-xros/ASConnectService-t.build/ResourceManagerResources
    export REZ_EXECUTABLE\=YES
    export REZ_OBJECTS_DIR\=/Users/admin/builder/spi-builder-workspace/.derivedData/Build/Intermediates.noindex/asconnect-service.build/Debug-xros/ASConnectService-t.build/ResourceManagerResources/Objects
    export REZ_SEARCH_PATHS\=/Users/admin/builder/spi-builder-workspace/.derivedData/Build/Products/Debug-xros\
    export RPATH_ORIGIN\=@loader_path
    export RUNTIME_EXCEPTION_ALLOW_DYLD_ENVIRONMENT_VARIABLES\=NO
    export RUNTIME_EXCEPTION_ALLOW_JIT\=NO
    export RUNTIME_EXCEPTION_ALLOW_UNSIGNED_EXECUTABLE_MEMORY\=NO
    export RUNTIME_EXCEPTION_DEBUGGING_TOOL\=NO
    export RUNTIME_EXCEPTION_DISABLE_EXECUTABLE_PAGE_PROTECTION\=NO
    export RUNTIME_EXCEPTION_DISABLE_LIBRARY_VALIDATION\=NO
    export SCANNING_PCM_KEEP_CACHE_DIRECTORY\=YES
    export SCAN_ALL_SOURCE_FILES_FOR_INCLUDES\=NO
    export SDKROOT\=/Applications/Xcode-27.0.0-Release.Candidate.app/Contents/Developer/Platforms/XROS.platform/Developer/SDKs/XROS27.0.sdk
    export SDK_DIR\=/Applications/Xcode-27.0.0-Release.Candidate.app/Contents/Developer/Platforms/XROS.platform/Developer/SDKs/XROS27.0.sdk
    export SDK_DIR_xros\=/Applications/Xcode-27.0.0-Release.Candidate.app/Contents/Developer/Platforms/XROS.platform/Developer/SDKs/XROS27.0.sdk
    export SDK_DIR_xros27_0\=/Applications/Xcode-27.0.0-Release.Candidate.app/Contents/Developer/Platforms/XROS.platform/Developer/SDKs/XROS27.0.sdk
    export SDK_NAME\=xros27.0
    export SDK_NAMES\=xros27.0
    export SDK_PRODUCT_BUILD_VERSION\=24M361
    export SDK_STAT_CACHE_DIR\=/Users/admin/builder/spi-builder-workspace/.derivedData
    export SDK_STAT_CACHE_ENABLE\=YES
    export SDK_STAT_CACHE_PATH\=/Users/admin/builder/spi-builder-workspace/.derivedData/SDKStatCaches.noindex/xros27.0-24M361-e829b21a6f8c9b70876ba0858053c044735bd543db762f57723cac368afd1ce4.sdkstatcache
    export SDK_VERSION\=27.0
    export SDK_VERSION_ACTUAL\=270000
    export SDK_VERSION_MAJOR\=270000
    export SDK_VERSION_MINOR\=270000
    export SED\=/usr/bin/sed
    export SEPARATE_STRIP\=NO
    export SEPARATE_SYMBOL_EDIT\=NO
    export SET_DIR_MODE_OWNER_GROUP\=YES
    export SET_FILE_MODE_OWNER_GROUP\=NO
    export SHALLOW_BUNDLE\=NO
    export SHARED_DERIVED_FILE_DIR\=/Users/admin/builder/spi-builder-workspace/.derivedData/Build/Products/Debug-xros/DerivedSources
    export SHARED_PRECOMPS_DIR\=/Users/admin/builder/spi-builder-workspace/.derivedData/Build/Intermediates.noindex/PrecompiledHeaders
    export SKIP_COPYING_TEST_FRAMEWORKS\=YES
    export SKIP_INSTALL\=YES
    export SKIP_MERGEABLE_LIBRARY_BUNDLE_HOOK\=NO
    export SOURCE_ROOT\=/Users/admin/builder/spi-builder-workspace
    export SRCROOT\=/Users/admin/builder/spi-builder-workspace
    export STRINGSDATA_DIR\=/Users/admin/builder/spi-builder-workspace/.derivedData/Build/Intermediates.noindex/asconnect-service.build/Debug-xros/ASConnectService-t.build/Objects-normal/undefined_arch
    export STRINGSDATA_ROOT\=/Users/admin/builder/spi-builder-workspace/.derivedData/Build/Intermediates.noindex/asconnect-service.build/Debug-xros/ASConnectService-t.build
    export STRINGS_FILE_INFOPLIST_RENAME\=YES
    export STRINGS_FILE_OUTPUT_ENCODING\=binary
    export STRING_CATALOG_GENERATE_SYMBOLS\=NO
    export STRIP_BITCODE_FROM_COPIED_FILES\=YES
    export STRIP_INSTALLED_PRODUCT\=NO
    export STRIP_STYLE\=debugging
    export STRIP_SWIFT_SYMBOLS\=YES
    export SUPPORTED_DEVICE_FAMILIES\=7
    export SUPPORTED_PLATFORMS\=android\ appletvos\ appletvsimulator\ driverkit\ freebsd\ iphoneos\ iphonesimulator\ linux\ macosx\ none\ openbsd\ qnx\ staticlinux\ watchos\ watchsimulator\ webassembly\ xros\ xrsimulator
    export SUPPORTS_MACCATALYST\=NO
    export SUPPORTS_TEXT_BASED_API\=NO
    export SUPPRESS_WARNINGS\=NO
    export SWIFTC_PASS_SDKROOT\=YES
    export SWIFTC_PASS_SYSROOT\=NO
    export SWIFT_ACTIVE_COMPILATION_CONDITIONS\=\ SWIFT_PACKAGE\ DEBUG\ SWIFT_MODULE_RESOURCE_BUNDLE_UNAVAILABLE
    export SWIFT_COLOR_DIAGNOSTICS\=NO
    export SWIFT_COMPILE_FOR_STATIC_LINKING\=YES
    export SWIFT_DISABLE_PARSE_AS_LIBRARY\=NO
    export SWIFT_EMIT_CONST_VALUE_PROTOCOLS\=AnyResolverProviding\ AppEntity\ AppEnum\ AppExtension\ AppIntent\ AppIntentsPackage\ AppShortcutProviding\ AppShortcutsProvider\ AppUnionValue\ AppUnionValueCasesProviding\ DynamicOptionsProvider\ EntityQuery\ ExtensionPointDefining\ IntentValueQuery\ Resolver\ TransientEntity\ _AssistantIntentsProvider\ _GenerativeFunctionExtractable\ _IntentValueRepresentable
    export SWIFT_EMIT_LOC_STRINGS\=NO
    export SWIFT_ENABLE_BARE_SLASH_REGEX\=NO
    export SWIFT_ENABLE_EXPLICIT_MODULES\=YES
    export SWIFT_ENABLE_TESTABILITY\=YES
    export SWIFT_INSTALL_OBJC_HEADER\=NO
    export SWIFT_LIBRARIES_ONLY\=YES
    export SWIFT_OBJC_INTERFACE_HEADER_DIR\=/Users/admin/builder/spi-builder-workspace/.derivedData/Build/Intermediates.noindex/GeneratedModuleMaps-xros
    export SWIFT_OBJC_INTERFACE_HEADER_NAME\=ASConnectService-Swift.h
    export SWIFT_OPTIMIZATION_LEVEL\=-Onone
    export SWIFT_PACKAGE_NAME\=spi_builder_workspace
    export SWIFT_PLATFORM_TARGET_PREFIX\=xros
    export SWIFT_RESPONSE_FILE_PATH_normal_arm64\=/Users/admin/builder/spi-builder-workspace/.derivedData/Build/Intermediates.noindex/asconnect-service.build/Debug-xros/ASConnectService-t.build/Objects-normal/arm64/ASConnectService.SwiftFileList
    export SWIFT_SYSTEM_INCLUDE_PATHS\=\ \ /Applications/Xcode-27.0.0-Release.Candidate.app/Contents/Developer/Platforms/XROS.platform/Developer/usr/lib
    export SWIFT_VERSION\=5
    export SYMROOT\=/Users/admin/builder/spi-builder-workspace/.derivedData/Build/Products
    export SYSROOT\=/Applications/Xcode-27.0.0-Release.Candidate.app/Contents/Developer/Platforms/XROS.platform/Developer/SDKs/XROS27.0.sdk
    export SYSTEM_ADMIN_APPS_DIR\=/Applications/Utilities
    export SYSTEM_APPS_DIR\=/Applications
    export SYSTEM_CORE_SERVICES_DIR\=/System/Library/CoreServices
    export SYSTEM_DEMOS_DIR\=/Applications/Extras
    export SYSTEM_DEVELOPER_APPS_DIR\=/Applications/Xcode-27.0.0-Release.Candidate.app/Contents/Developer/Applications
    export SYSTEM_DEVELOPER_BIN_DIR\=/Applications/Xcode-27.0.0-Release.Candidate.app/Contents/Developer/usr/bin
    export SYSTEM_DEVELOPER_DEMOS_DIR\=/Applications/Xcode-27.0.0-Release.Candidate.app/Contents/Developer/Applications/Utilities/Built\ Examples
    export SYSTEM_DEVELOPER_DIR\=/Applications/Xcode-27.0.0-Release.Candidate.app/Contents/Developer
    export SYSTEM_DEVELOPER_DOC_DIR\=/Applications/Xcode-27.0.0-Release.Candidate.app/Contents/Developer/ADC\ Reference\ Library
    export SYSTEM_DEVELOPER_GRAPHICS_TOOLS_DIR\=/Applications/Xcode-27.0.0-Release.Candidate.app/Contents/Developer/Applications/Graphics\ Tools
    export SYSTEM_DEVELOPER_JAVA_TOOLS_DIR\=/Applications/Xcode-27.0.0-Release.Candidate.app/Contents/Developer/Applications/Java\ Tools
    export SYSTEM_DEVELOPER_PERFORMANCE_TOOLS_DIR\=/Applications/Xcode-27.0.0-Release.Candidate.app/Contents/Developer/Applications/Performance\ Tools
    export SYSTEM_DEVELOPER_RELEASENOTES_DIR\=/Applications/Xcode-27.0.0-Release.Candidate.app/Contents/Developer/ADC\ Reference\ Library/releasenotes
    export SYSTEM_DEVELOPER_TOOLS\=/Applications/Xcode-27.0.0-Release.Candidate.app/Contents/Developer/Tools
    export SYSTEM_DEVELOPER_TOOLS_DOC_DIR\=/Applications/Xcode-27.0.0-Release.Candidate.app/Contents/Developer/ADC\ Reference\ Library/documentation/DeveloperTools
    export SYSTEM_DEVELOPER_TOOLS_RELEASENOTES_DIR\=/Applications/Xcode-27.0.0-Release.Candidate.app/Contents/Developer/ADC\ Reference\ Library/releasenotes/DeveloperTools
    export SYSTEM_DEVELOPER_USR_DIR\=/Applications/Xcode-27.0.0-Release.Candidate.app/Contents/Developer/usr
    export SYSTEM_DEVELOPER_UTILITIES_DIR\=/Applications/Xcode-27.0.0-Release.Candidate.app/Contents/Developer/Applications/Utilities
    export SYSTEM_DEXT_INSTALL_PATH\=/System/Library/DriverExtensions
    export SYSTEM_DOCUMENTATION_DIR\=/Library/Documentation
    export SYSTEM_FRAMEWORK_SEARCH_PATHS\=\ \ /Applications/Xcode-27.0.0-Release.Candidate.app/Contents/Developer/Platforms/XROS.platform/Developer/Library/Frameworks\ /Applications/Xcode-27.0.0-Release.Candidate.app/Contents/Developer/Platforms/XROS.platform/Developer/SDKs/XROS27.0.sdk/Developer/Library/Frameworks
    export SYSTEM_KEXT_INSTALL_PATH\=/System/Library/Extensions
    export SYSTEM_LIBRARY_DIR\=/System/Library
    export TAPI_DEMANGLE\=YES
    export TAPI_DYLIB_INSTALL_NAME\=ASConnectService
    export TAPI_ENABLE_PROJECT_HEADERS\=NO
    export TAPI_LANGUAGE\=objective-c
    export TAPI_LANGUAGE_STANDARD\=compiler-default
    export TAPI_USE_SRCROOT\=YES
    export TAPI_VERIFY_MODE\=Pedantic
    export TARGETED_DEVICE_FAMILY\=1,2,3,4,6,7
    export TARGETNAME\=ASConnectService
    export TARGET_BUILD_DIR\=/Users/admin/builder/spi-builder-workspace/.derivedData/Build/Products/Debug-xros
    export TARGET_NAME\=ASConnectService
    export TARGET_TEMP_DIR\=/Users/admin/builder/spi-builder-workspace/.derivedData/Build/Intermediates.noindex/asconnect-service.build/Debug-xros/ASConnectService-t.build
    export TARGET_TEMP_DIR_SUFFIX\=-t
    export TEMP_DIR\=/Users/admin/builder/spi-builder-workspace/.derivedData/Build/Intermediates.noindex/asconnect-service.build/Debug-xros/ASConnectService-t.build
    export TEMP_FILES_DIR\=/Users/admin/builder/spi-builder-workspace/.derivedData/Build/Intermediates.noindex/asconnect-service.build/Debug-xros/ASConnectService-t.build
    export TEMP_FILE_DIR\=/Users/admin/builder/spi-builder-workspace/.derivedData/Build/Intermediates.noindex/asconnect-service.build/Debug-xros/ASConnectService-t.build
    export TEMP_ROOT\=/Users/admin/builder/spi-builder-workspace/.derivedData/Build/Intermediates.noindex
    export TEMP_SANDBOX_DIR\=/Users/admin/builder/spi-builder-workspace/.derivedData/Build/Intermediates.noindex/TemporaryTaskSandboxes
    export TEST_FRAMEWORK_SEARCH_PATHS\=\ /Applications/Xcode-27.0.0-Release.Candidate.app/Contents/Developer/Platforms/XROS.platform/Developer/Library/Frameworks\ /Applications/Xcode-27.0.0-Release.Candidate.app/Contents/Developer/Platforms/XROS.platform/Developer/SDKs/XROS27.0.sdk/Developer/Library/Frameworks
    export TEST_LIBRARY_SEARCH_PATHS\=\ /Applications/Xcode-27.0.0-Release.Candidate.app/Contents/Developer/Platforms/XROS.platform/Developer/usr/lib
    export TOOLCHAINS\=com.apple.dt.toolchain.Metal.32023.921.5\ com.apple.dt.toolchain.XcodeDefault
    export TOOLCHAIN_DIR\=/var/run/com.apple.security.cryptexd/mnt/com.apple.MobileAsset.MetalToolchain-v27.1.266.1.VZCAYj/Metal.xctoolchain
    export TOOLCHAIN_VERSION\=32023.921.5
    export TREAT_MISSING_BASELINES_AS_TEST_FAILURES\=NO
    export TREAT_MISSING_SCRIPT_PHASE_OUTPUTS_AS_ERRORS\=NO
    export UID\=501
    export UNINSTALLED_PRODUCTS_DIR\=/Users/admin/builder/spi-builder-workspace/.derivedData/Build/Intermediates.noindex/UninstalledProducts
    export UNSTRIPPED_PRODUCT\=NO
    export USER\=admin
    export USER_APPS_DIR\=/Users/admin/Applications
    export USER_LIBRARY_DIR\=/Users/admin/Library
    export USE_DYNAMIC_NO_PIC\=YES
    export USE_HEADERMAP\=NO
    export USE_HEADER_SYMLINKS\=NO
    export VALIDATE_DEVELOPMENT_ASSET_PATHS\=YES_ERROR
    export VALIDATE_PRODUCT\=NO
    export VALID_ARCHS\=arm64\ arm64e
    export VERBOSE_PBXCP\=NO
    export VERSION_INFO_BUILDER\=admin
    export VERSION_INFO_FILE\=ASConnectService_vers.c
    export VERSION_INFO_STRING\=\"@\(\#\)PROGRAM:ASConnectService\ \ PROJECT:asconnect-service-\"
    export WORKSPACE_DIR\=/Users/admin/builder/spi-builder-workspace/.swiftpm/xcode
    export WRAP_ASSET_PACKS_IN_SEPARATE_DIRECTORIES\=NO
    export XCODE_APP_SUPPORT_DIR\=/Applications/Xcode-27.0.0-Release.Candidate.app/Contents/Developer/Library/Xcode
    export XCODE_PRODUCT_BUILD_VERSION\=27A266a
    export XCODE_VERSION_ACTUAL\=2700
    export XCODE_VERSION_MAJOR\=2700
    export XCODE_VERSION_MINOR\=2700
    export XPCSERVICES_FOLDER_PATH\=/XPCServices
    export XROS_DEPLOYMENT_TARGET\=1.0
    export YACC\=yacc
    export _DISCOVER_COMMAND_LINE_LINKER_INPUTS\=YES
    export _DISCOVER_COMMAND_LINE_LINKER_INPUTS_INCLUDE_WL\=YES
    export _LD_MULTIARCH\=YES
    export _SWIFT_EXPLICIT_MODULES_ALLOW_CXX_INTEROP\=YES
    export __ARCHS__\=arm64
    export __DIAGNOSE_DEPRECATED_ARCHS\=YES
    export __DIAGNOSE_INVALID_DEPLOYMENT_TARGET_AS_ERROR\=YES
    export __ORIGINAL_SDK_DEFINED_LLVM_TARGET_TRIPLE_SYS\=xros
    export arch\=undefined_arch
    export variant\=normal
    /usr/bin/sandbox-exec -p \(version\ 1\)'
'\(deny\ default\)'
'\(import\ \"system.sb\"\)'
'\(allow\ file-read\*\)'
'\(allow\ process\*\)'
'\(allow\ mach-lookup\ \(global-name\ \"com.apple.lsd.mapdb\"\)\)'
'\(allow\ mach-lookup\ \(global-name\ \"com.apple.mobileassetd.v2\"\)\)'
'\(allow\ file-write\*'
'\ \ \ \ \(subpath\ \"/private/tmp\"\)'
'\ \ \ \ \(subpath\ \"/private/var/tmp\"\)'
'\ \ \ \ \(subpath\ \"/private/var/folders/xq/y_g06wb113726d38xsyx71_h0000gn/T\"\)'
'\ \ \ \ \(subpath\ \"/private/var/folders/xq/y_g06wb113726d38xsyx71_h0000gn/C\"\)'
'\)'
'\(deny\ file-write\*'
'\ \ \ \ \(subpath\ \"/Users/admin/builder/spi-builder-workspace\"\)'
'\)'
'\(allow\ file-write\*'
'\ \ \ \ \(subpath\ \"/Users/admin/builder/spi-builder-workspace/.derivedData/Build/Intermediates.noindex/BuildToolPluginIntermediates/spi-builder-workspace.output/ASConnectService/OpenAPIGenerator\"\)'
'\ \ \ \ \(subpath\ \"/private/var/folders/xq/y_g06wb113726d38xsyx71_h0000gn/T/TemporaryItems\"\)'
'\)'
' //Users/admin/builder/spi-builder-workspace/.derivedData/Build/Products/Debug/swift-openapi-generator generate /Users/admin/builder/spi-builder-workspace/Sources/ASConnectService/openapi.json --config /Users/admin/builder/spi-builder-workspace/Sources/ASConnectService/openapi-generator-config.yaml --output-directory /Users/admin/builder/spi-builder-workspace/.derivedData/Build/Intermediates.noindex/BuildToolPluginIntermediates/spi-builder-workspace.output/ASConnectService/OpenAPIGenerator/GeneratedSources --plugin-source build
dyld[2341]: Symbol not found: _swift_initBorrow
  Referenced from: <7E61B505-7854-379B-80DA-0B683CCB926D> /Users/admin/builder/spi-builder-workspace/.derivedData/Build/Products/Debug/swift-openapi-generator
  Expected in:     <83794FB3-DE9B-3D23-AB5E-2C1D5D30F134> /usr/lib/swift/libswiftCore.dylib
Command CustomTask failed with a nonzero exit code
PruneExplicitPrecompiledModules /Users/admin/builder/spi-builder-workspace/.derivedData/Build/Intermediates.noindex/SwiftExplicitPrecompiledModules
PruneExplicitPrecompiledModules /Users/admin/builder/spi-builder-workspace/.derivedData/Build/Intermediates.noindex/ExplicitPrecompiledModules
PruneExplicitPrecompiledModules /Users/admin/builder/spi-builder-workspace/.derivedData/SDKExplicitPrecompiledModules
2026-09-24 09:16:05.619 xcodebuild[1302:7323] [MT] IDERunDestination: Supported platforms for the buildables in the current scheme is empty.
** BUILD FAILED **
The following build commands failed:
	CustomTask Running\ swift-openapi-generator 376a9b80b164f6ac67f5e27990c40a34 (in target 'ASConnectService' from project 'asconnect-service')
	Building workspace asconnect-service with scheme asconnect-service
(2 failures)
Command line invocation:
    /Applications/Xcode-27.0.0-Release.Candidate.app/Contents/Developer/usr/bin/xcodebuild -IDEClonedSourcePackagesDirPathOverride=/Users/admin/builder/spi-builder-workspace/.dependencies -resolvePackageDependencies
Resolve Package Graph
Resolved source packages:
  SwiftDocCPlugin: https://github.com/swiftlang/swift-docc-plugin @ 1.5.0
  swift-http-types: https://github.com/apple/swift-http-types @ 1.8.0
  swift-numerics: https://github.com/apple/swift-numerics.git @ 1.1.1
  swift-openapi-urlsession: https://github.com/apple/swift-openapi-urlsession @ 1.3.1
  swift-collections: https://github.com/apple/swift-collections @ 1.7.0
  Yams: https://github.com/jpsim/Yams @ 6.2.2
  swift-openapi-runtime: https://github.com/apple/swift-openapi-runtime @ 1.12.1
  OpenAPIKit: https://github.com/mattpolzin/OpenAPIKit @ 3.9.0
  asconnect-service: /Users/admin/builder/spi-builder-workspace
  swift-openapi-generator: https://github.com/apple/swift-openapi-generator.git @ 1.11.0
  SymbolKit: https://github.com/swiftlang/swift-docc-symbolkit @ 1.0.0
  swift-argument-parser: https://github.com/apple/swift-argument-parser @ 1.8.2
  swift-algorithms: https://github.com/apple/swift-algorithms @ 1.2.1
resolved source packages: SwiftDocCPlugin, swift-http-types, swift-numerics, swift-openapi-urlsession, swift-collections, Yams, swift-openapi-runtime, OpenAPIKit, asconnect-service, swift-openapi-generator, SymbolKit, swift-argument-parser, swift-algorithms
2026-09-24 09:17:00.002 xcodebuild[2342:12882] [MT] IDERunDestination: Supported platforms for the buildables in the current scheme is empty.
{
  "dependencies" : [
    {
      "identity" : "swift-openapi-generator",
      "requirement" : {
        "exact" : [
          "1.11.0"
        ]
      },
      "type" : "sourceControl",
      "url" : "https://github.com/apple/swift-openapi-generator.git"
    },
    {
      "identity" : "swift-openapi-runtime",
      "requirement" : {
        "range" : [
          {
            "lower_bound" : "1.5.0",
            "upper_bound" : "2.0.0"
          }
        ]
      },
      "type" : "sourceControl",
      "url" : "https://github.com/apple/swift-openapi-runtime"
    },
    {
      "identity" : "swift-openapi-urlsession",
      "requirement" : {
        "range" : [
          {
            "lower_bound" : "1.0.2",
            "upper_bound" : "2.0.0"
          }
        ]
      },
      "type" : "sourceControl",
      "url" : "https://github.com/apple/swift-openapi-urlsession"
    },
    {
      "identity" : "swift-docc-plugin",
      "requirement" : {
        "range" : [
          {
            "lower_bound" : "1.1.0",
            "upper_bound" : "2.0.0"
          }
        ]
      },
      "type" : "sourceControl",
      "url" : "https://github.com/swiftlang/swift-docc-plugin"
    }
  ],
  "manifest_display_name" : "asconnect-service",
  "name" : "asconnect-service",
  "path" : "/Users/admin/builder/spi-builder-workspace",
  "platforms" : [
    {
      "name" : "ios",
      "version" : "13.0"
    },
    {
      "name" : "macos",
      "version" : "10.15"
    },
    {
      "name" : "tvos",
      "version" : "13.0"
    },
    {
      "name" : "visionos",
      "version" : "1.0"
    },
    {
      "name" : "watchos",
      "version" : "6.0"
    }
  ],
  "products" : [
    {
      "name" : "asconnect-service",
      "targets" : [
        "ASConnectService"
      ],
      "type" : {
        "library" : [
          "automatic"
        ]
      }
    }
  ],
  "targets" : [
    {
      "c99name" : "ASConnectServiceTests",
      "module_type" : "SwiftTarget",
      "name" : "ASConnectServiceTests",
      "path" : "Tests/ASConnectService",
      "sources" : [
        "Cases/Public/Middlewares/BearerAuthMiddlewareTests.swift"
      ],
      "target_dependencies" : [
        "ASConnectService"
      ],
      "type" : "test"
    },
    {
      "c99name" : "ASConnectService",
      "module_type" : "SwiftTarget",
      "name" : "ASConnectService",
      "path" : "Sources/ASConnectService",
      "product_dependencies" : [
        "OpenAPIRuntime",
        "OpenAPIURLSession",
        "OpenAPIGenerator"
      ],
      "product_memberships" : [
        "asconnect-service"
      ],
      "sources" : [
        "Sources/Public/Middlewares/BearerAuthMiddleware.swift"
      ],
      "type" : "library"
    }
  ],
  "tools_version" : "5.10"
}
{
  "workspace" : {
    "name" : "asconnect-service",
    "schemes" : [
      "asconnect-service"
    ]
  }
}
2026-09-24 09:17:09.809 xcodebuild[2419:13400] [MT] IDERunDestination: Supported platforms for the buildables in the current scheme is empty.
Running build ...
env DEVELOPER_DIR=/Applications/Xcode-27.0.0-Release.Candidate.app xcrun xcodebuild -IDEClonedSourcePackagesDirPathOverride=$PWD/.dependencies -skipMacroValidation -skipPackagePluginValidation -derivedDataPath $PWD/.derivedData build -scheme asconnect-service -destination generic/platform=xrOS
Command line invocation:
    /Applications/Xcode-27.0.0-Release.Candidate.app/Contents/Developer/usr/bin/xcodebuild -IDEClonedSourcePackagesDirPathOverride=/Users/admin/builder/spi-builder-workspace/.dependencies -skipMacroValidation -skipPackagePluginValidation -derivedDataPath /Users/admin/builder/spi-builder-workspace/.derivedData build -scheme asconnect-service -destination generic/platform=xrOS
Resolve Package Graph
Resolved source packages:
  swift-numerics: https://github.com/apple/swift-numerics.git @ 1.1.1
  swift-http-types: https://github.com/apple/swift-http-types @ 1.8.0
  asconnect-service: /Users/admin/builder/spi-builder-workspace
  SwiftDocCPlugin: https://github.com/swiftlang/swift-docc-plugin @ 1.5.0
  swift-algorithms: https://github.com/apple/swift-algorithms @ 1.2.1
  swift-argument-parser: https://github.com/apple/swift-argument-parser @ 1.8.2
  SymbolKit: https://github.com/swiftlang/swift-docc-symbolkit @ 1.0.0
  swift-openapi-urlsession: https://github.com/apple/swift-openapi-urlsession @ 1.3.1
  swift-openapi-runtime: https://github.com/apple/swift-openapi-runtime @ 1.12.1
  swift-openapi-generator: https://github.com/apple/swift-openapi-generator.git @ 1.11.0
  OpenAPIKit: https://github.com/mattpolzin/OpenAPIKit @ 3.9.0
  Yams: https://github.com/jpsim/Yams @ 6.2.2
  swift-collections: https://github.com/apple/swift-collections @ 1.7.0
ComputePackagePrebuildTargetDependencyGraph
Prepare packages
Compile plug-in “OpenAPIGenerator” in package “swift-openapi-generator”
[debug]: Compiling plugin to executable at /Users/admin/builder/spi-builder-workspace/.derivedData/Build/Products/PluginExecutables/OpenAPIGenerator
[debug]: Using compiler /Applications/Xcode-27.0.0-Release.Candidate.app/Contents/Developer/Toolchains/XcodeDefault.xctoolchain/usr/bin/swiftc
[debug]: Plugin compilation output directory '/Users/admin/builder/spi-builder-workspace/.derivedData/Build/Products/PluginExecutables'
[debug]: Computed hash of plugin compilation inputs: c59a82ed8038c87a4060c04b1f3c31b48c5fe742e54d070326f305a8d1f43cef
/Users/admin/builder/spi-builder-workspace/.dependencies/checkouts/swift-openapi-generator/Plugins/OpenAPIGenerator/PluginsShared/PluginUtils.swift:40:46: warning: 'appending' is deprecated: Use `URL` type instead of `Path`. [#DeprecatedDeclaration]
 38 |     ) throws -> ValidatedInputs {
 39 |         let (config, doc) = try findFiles(inputFiles: sourceFiles, targetName: targetName)
 40 |         let genSourcesDir = workingDirectory.appending("GeneratedSources")
    |                                              `- warning: 'appending' is deprecated: Use `URL` type instead of `Path`. [#DeprecatedDeclaration]
 41 |
 42 |         let arguments = [
/Users/admin/builder/spi-builder-workspace/.dependencies/checkouts/swift-openapi-generator/Plugins/OpenAPIGenerator/PluginsShared/PluginUtils.swift:43:27: warning: 'appendInterpolation' is deprecated: Use `URL` type instead of `Path`. [#DeprecatedDeclaration]
 41 |
 42 |         let arguments = [
 43 |             "generate", "\(doc)", "--config", "\(config)", "--output-directory", "\(genSourcesDir)", "--plugin-source",
    |                           `- warning: 'appendInterpolation' is deprecated: Use `URL` type instead of `Path`. [#DeprecatedDeclaration]
 44 |             "\(pluginSource.rawValue)",
 45 |         ]
/Users/admin/builder/spi-builder-workspace/.dependencies/checkouts/swift-openapi-generator/Plugins/OpenAPIGenerator/PluginsShared/PluginUtils.swift:43:49: warning: 'appendInterpolation' is deprecated: Use `URL` type instead of `Path`. [#DeprecatedDeclaration]
 41 |
 42 |         let arguments = [
 43 |             "generate", "\(doc)", "--config", "\(config)", "--output-directory", "\(genSourcesDir)", "--plugin-source",
    |                                                 `- warning: 'appendInterpolation' is deprecated: Use `URL` type instead of `Path`. [#DeprecatedDeclaration]
 44 |             "\(pluginSource.rawValue)",
 45 |         ]
/Users/admin/builder/spi-builder-workspace/.dependencies/checkouts/swift-openapi-generator/Plugins/OpenAPIGenerator/PluginsShared/PluginUtils.swift:43:84: warning: 'appendInterpolation' is deprecated: Use `URL` type instead of `Path`. [#DeprecatedDeclaration]
 41 |
 42 |         let arguments = [
 43 |             "generate", "\(doc)", "--config", "\(config)", "--output-directory", "\(genSourcesDir)", "--plugin-source",
    |                                                                                    `- warning: 'appendInterpolation' is deprecated: Use `URL` type instead of `Path`. [#DeprecatedDeclaration]
 44 |             "\(pluginSource.rawValue)",
 45 |         ]
/Users/admin/builder/spi-builder-workspace/.dependencies/checkouts/swift-openapi-generator/Plugins/OpenAPIGenerator/PluginsShared/PluginUtils.swift:67:83: warning: 'path' is deprecated: renamed to 'url' [#DeprecatedDeclaration]
 65 |     /// Find the config file.
 66 |     private static func findConfig(inputFiles: FileList, targetName: String) -> Result<Path, FileError> {
 67 |         let matchedConfigs = inputFiles.filter { supportedConfigFiles.contains($0.path.lastComponent_fixed) }
    |                                                                                   |- warning: 'path' is deprecated: renamed to 'url' [#DeprecatedDeclaration]
    |                                                                                   `- note: use 'url' instead
 68 |             .map(\.path)
 69 |         guard matchedConfigs.count > 0 else {
/Users/admin/builder/spi-builder-workspace/.dependencies/checkouts/swift-openapi-generator/Plugins/OpenAPIGenerator/PluginsShared/PluginUtils.swift:67:88: warning: 'lastComponent_fixed' is deprecated: Use `URL` type instead of `Path`. [#DeprecatedDeclaration]
 65 |     /// Find the config file.
 66 |     private static func findConfig(inputFiles: FileList, targetName: String) -> Result<Path, FileError> {
 67 |         let matchedConfigs = inputFiles.filter { supportedConfigFiles.contains($0.path.lastComponent_fixed) }
    |                                                                                        `- warning: 'lastComponent_fixed' is deprecated: Use `URL` type instead of `Path`. [#DeprecatedDeclaration]
 68 |             .map(\.path)
 69 |         guard matchedConfigs.count > 0 else {
/Users/admin/builder/spi-builder-workspace/.dependencies/checkouts/swift-openapi-generator/Plugins/OpenAPIGenerator/PluginsShared/PluginUtils.swift:68:20: warning: 'path' is deprecated: renamed to 'url' [#DeprecatedDeclaration]
 66 |     private static func findConfig(inputFiles: FileList, targetName: String) -> Result<Path, FileError> {
 67 |         let matchedConfigs = inputFiles.filter { supportedConfigFiles.contains($0.path.lastComponent_fixed) }
 68 |             .map(\.path)
    |                    |- warning: 'path' is deprecated: renamed to 'url' [#DeprecatedDeclaration]
    |                    `- note: use 'url' instead
 69 |         guard matchedConfigs.count > 0 else {
 70 |             return .failure(FileError(targetName: targetName, fileKind: .config, issue: .noFilesFound))
/Users/admin/builder/spi-builder-workspace/.dependencies/checkouts/swift-openapi-generator/Plugins/OpenAPIGenerator/PluginsShared/PluginUtils.swift:82:77: warning: 'path' is deprecated: renamed to 'url' [#DeprecatedDeclaration]
 80 |     /// Find the document file.
 81 |     private static func findDocument(inputFiles: FileList, targetName: String) -> Result<Path, FileError> {
 82 |         let matchedDocs = inputFiles.filter { supportedDocFiles.contains($0.path.lastComponent_fixed) }.map(\.path)
    |                                                                             |- warning: 'path' is deprecated: renamed to 'url' [#DeprecatedDeclaration]
    |                                                                             `- note: use 'url' instead
 83 |         guard matchedDocs.count > 0 else {
 84 |             return .failure(FileError(targetName: targetName, fileKind: .document, issue: .noFilesFound))
/Users/admin/builder/spi-builder-workspace/.dependencies/checkouts/swift-openapi-generator/Plugins/OpenAPIGenerator/PluginsShared/PluginUtils.swift:82:82: warning: 'lastComponent_fixed' is deprecated: Use `URL` type instead of `Path`. [#DeprecatedDeclaration]
 80 |     /// Find the document file.
 81 |     private static func findDocument(inputFiles: FileList, targetName: String) -> Result<Path, FileError> {
 82 |         let matchedDocs = inputFiles.filter { supportedDocFiles.contains($0.path.lastComponent_fixed) }.map(\.path)
    |                                                                                  `- warning: 'lastComponent_fixed' is deprecated: Use `URL` type instead of `Path`. [#DeprecatedDeclaration]
 83 |         guard matchedDocs.count > 0 else {
 84 |             return .failure(FileError(targetName: targetName, fileKind: .document, issue: .noFilesFound))
/Users/admin/builder/spi-builder-workspace/.dependencies/checkouts/swift-openapi-generator/Plugins/OpenAPIGenerator/PluginsShared/PluginUtils.swift:82:111: warning: 'path' is deprecated: renamed to 'url' [#DeprecatedDeclaration]
 80 |     /// Find the document file.
 81 |     private static func findDocument(inputFiles: FileList, targetName: String) -> Result<Path, FileError> {
 82 |         let matchedDocs = inputFiles.filter { supportedDocFiles.contains($0.path.lastComponent_fixed) }.map(\.path)
    |                                                                                                               |- warning: 'path' is deprecated: renamed to 'url' [#DeprecatedDeclaration]
    |                                                                                                               `- note: use 'url' instead
 83 |         guard matchedDocs.count > 0 else {
 84 |             return .failure(FileError(targetName: targetName, fileKind: .document, issue: .noFilesFound))
[#DeprecatedDeclaration]: <https://docs.swift.org/compiler/documentation/diagnostics/deprecated-declaration>
/Users/admin/builder/spi-builder-workspace/.dependencies/checkouts/swift-openapi-generator/Plugins/OpenAPIGenerator/plugin.swift:32:85: warning: 'appending' is deprecated: Use `URL` type instead of `Path`. [#DeprecatedDeclaration]
30 |         )
31 |
32 |         let outputFiles: [Path] = GeneratorMode.allCases.map { inputs.genSourcesDir.appending($0.outputFileName) }
   |                                                                                     `- warning: 'appending' is deprecated: Use `URL` type instead of `Path`. [#DeprecatedDeclaration]
33 |         return [
34 |             .buildCommand(
/Users/admin/builder/spi-builder-workspace/.dependencies/checkouts/swift-openapi-generator/Plugins/OpenAPIGenerator/plugin.swift:34:14: warning: 'buildCommand(displayName:executable:arguments:environment:inputFiles:outputFiles:)' is deprecated: Use `URL` type instead of `Path`. [#DeprecatedDeclaration]
32 |         let outputFiles: [Path] = GeneratorMode.allCases.map { inputs.genSourcesDir.appending($0.outputFileName) }
33 |         return [
34 |             .buildCommand(
   |              `- warning: 'buildCommand(displayName:executable:arguments:environment:inputFiles:outputFiles:)' is deprecated: Use `URL` type instead of `Path`. [#DeprecatedDeclaration]
35 |                 displayName: "Running swift-openapi-generator",
36 |                 executable: inputs.tool.path,
/Users/admin/builder/spi-builder-workspace/.dependencies/checkouts/swift-openapi-generator/Plugins/OpenAPIGenerator/plugin.swift:36:41: warning: 'path' is deprecated: renamed to 'url' [#DeprecatedDeclaration]
34 |             .buildCommand(
35 |                 displayName: "Running swift-openapi-generator",
36 |                 executable: inputs.tool.path,
   |                                         |- warning: 'path' is deprecated: renamed to 'url' [#DeprecatedDeclaration]
   |                                         `- note: use 'url' instead
37 |                 arguments: inputs.arguments,
38 |                 environment: [:],
/Users/admin/builder/spi-builder-workspace/.dependencies/checkouts/swift-openapi-generator/Plugins/OpenAPIGenerator/plugin.swift:52:42: warning: 'pluginWorkDirectory' is deprecated: renamed to 'pluginWorkDirectoryURL' [#DeprecatedDeclaration]
50 |         }
51 |         return try createBuildCommands(
52 |             pluginWorkDirectory: context.pluginWorkDirectory,
   |                                          |- warning: 'pluginWorkDirectory' is deprecated: renamed to 'pluginWorkDirectoryURL' [#DeprecatedDeclaration]
   |                                          `- note: use 'pluginWorkDirectoryURL' instead
53 |             tool: context.tool,
54 |             sourceFiles: swiftTarget.sourceFiles,
/Users/admin/builder/spi-builder-workspace/.dependencies/checkouts/swift-openapi-generator/Plugins/OpenAPIGenerator/plugin.swift:66:42: warning: 'pluginWorkDirectory' is deprecated [#DeprecatedDeclaration]
64 |     func createBuildCommands(context: XcodePluginContext, target: XcodeTarget) throws -> [Command] {
65 |         try createBuildCommands(
66 |             pluginWorkDirectory: context.pluginWorkDirectory,
   |                                          `- warning: 'pluginWorkDirectory' is deprecated [#DeprecatedDeclaration]
67 |             tool: context.tool,
68 |             sourceFiles: target.inputFiles,
[#DeprecatedDeclaration]: <https://docs.swift.org/compiler/documentation/diagnostics/deprecated-declaration>
/Users/admin/builder/spi-builder-workspace/.dependencies/checkouts/swift-openapi-generator/Plugins/OpenAPIGenerator/PluginsShared/PluginError.swift:82:104: warning: 'description' is deprecated: Use `URL` type instead of `Path`. [#DeprecatedDeclaration]
 80 |         case multipleFilesFound(files: [String])
 81 |
 82 |         static func multipleFilesFound(files: [Path]) -> Self { .multipleFilesFound(files: files.map(\.description)) }
    |                                                                                                        `- warning: 'description' is deprecated: Use `URL` type instead of `Path`. [#DeprecatedDeclaration]
 83 |
 84 |         /// The error is definitely due to misconfiguration of a target.
[#DeprecatedDeclaration]: <https://docs.swift.org/compiler/documentation/diagnostics/deprecated-declaration>
Apply build tool plug-in “OpenAPIGenerator” to target “ASConnectService” in package “spi-builder-workspace”
Process build tool plug-in results
package: <IDESwiftPackageCore.IDESwiftPackage:0xb1e029500 path:'/Users/admin/builder/spi-builder-workspace'>
    target: ASConnectService
        prebuildCommandOutputPaths: []
        buildCommands: [SwiftPM.SPMCustomBuildCommand(displayName: Optional("Running swift-openapi-generator"), executable: "/${BUILD_DIR}/${CONFIGURATION}/swift-openapi-generator", arguments: ["generate", "/Users/admin/builder/spi-builder-workspace/Sources/ASConnectService/openapi.json", "--config", "/Users/admin/builder/spi-builder-workspace/Sources/ASConnectService/openapi-generator-config.yaml", "--output-directory", "/Users/admin/builder/spi-builder-workspace/.derivedData/Build/Intermediates.noindex/BuildToolPluginIntermediates/spi-builder-workspace.output/ASConnectService/OpenAPIGenerator/GeneratedSources", "--plugin-source", "build"], environment: [:], workingDir: nil, inputPaths: [SwiftPM.SPMAbsolutePath(absolutePath: <AbsolutePath:"/Users/admin/builder/spi-builder-workspace/Sources/ASConnectService/openapi-generator-config.yaml">), SwiftPM.SPMAbsolutePath(absolutePath: <AbsolutePath:"/Users/admin/builder/spi-builder-workspace/Sources/ASConnectService/openapi.json">)], outputPaths: ["/Users/admin/builder/spi-builder-workspace/.derivedData/Build/Intermediates.noindex/BuildToolPluginIntermediates/spi-builder-workspace.output/ASConnectService/OpenAPIGenerator/GeneratedSources/Types.swift", "/Users/admin/builder/spi-builder-workspace/.derivedData/Build/Intermediates.noindex/BuildToolPluginIntermediates/spi-builder-workspace.output/ASConnectService/OpenAPIGenerator/GeneratedSources/Client.swift", "/Users/admin/builder/spi-builder-workspace/.derivedData/Build/Intermediates.noindex/BuildToolPluginIntermediates/spi-builder-workspace.output/ASConnectService/OpenAPIGenerator/GeneratedSources/Server.swift"], pluginOutputDir: SwiftPM.SPMAbsolutePath(absolutePath: <AbsolutePath:"/Users/admin/builder/spi-builder-workspace/.derivedData/Build/Intermediates.noindex/BuildToolPluginIntermediates/spi-builder-workspace.output/ASConnectService/OpenAPIGenerator">), sandboxProfile: Optional(SwiftPM.SPMSandboxProfile(strictness: Basics.Sandbox.Strictness.writableTemporaryDirectory, writableDirectories: [<AbsolutePath:"/Users/admin/builder/spi-builder-workspace/.derivedData/Build/Intermediates.noindex/BuildToolPluginIntermediates/spi-builder-workspace.output/ASConnectService/OpenAPIGenerator">], readOnlyDirectories: [<AbsolutePath:"/Users/admin/builder/spi-builder-workspace">])))]
        allDerivedOutputPaths: [SwiftPM.SPMAbsolutePath(absolutePath: <AbsolutePath:"/Users/admin/builder/spi-builder-workspace/.derivedData/Build/Intermediates.noindex/BuildToolPluginIntermediates/spi-builder-workspace.output/ASConnectService/OpenAPIGenerator/GeneratedSources/Types.swift">), SwiftPM.SPMAbsolutePath(absolutePath: <AbsolutePath:"/Users/admin/builder/spi-builder-workspace/.derivedData/Build/Intermediates.noindex/BuildToolPluginIntermediates/spi-builder-workspace.output/ASConnectService/OpenAPIGenerator/GeneratedSources/Client.swift">), SwiftPM.SPMAbsolutePath(absolutePath: <AbsolutePath:"/Users/admin/builder/spi-builder-workspace/.derivedData/Build/Intermediates.noindex/BuildToolPluginIntermediates/spi-builder-workspace.output/ASConnectService/OpenAPIGenerator/GeneratedSources/Server.swift">)]
CreateBuildRequest
SendProjectDescription
CreateBuildOperation
ComputeTargetDependencyGraph
note: Building targets in dependency order
note: Target dependency graph (37 targets)
    Target 'asconnect-service-product' in project 'asconnect-service'
        ➜ Explicit dependency on target 'ASConnectService' in project 'asconnect-service'
        ➜ Explicit dependency on target 'OpenAPIGenerator-product' in project 'swift-openapi-generator'
        ➜ Explicit dependency on target 'OpenAPIRuntime-product' in project 'swift-openapi-runtime'
        ➜ Explicit dependency on target 'OpenAPIURLSession-product' in project 'swift-openapi-urlsession'
    Target 'ASConnectService' in project 'asconnect-service'
        ➜ Explicit dependency on target 'OpenAPIGenerator-product' in project 'swift-openapi-generator'
        ➜ Explicit dependency on target 'OpenAPIRuntime-product' in project 'swift-openapi-runtime'
        ➜ Explicit dependency on target 'OpenAPIURLSession-product' in project 'swift-openapi-urlsession'
    Target 'OpenAPIURLSession-product' in project 'swift-openapi-urlsession'
        ➜ Explicit dependency on target 'OpenAPIURLSession' in project 'swift-openapi-urlsession'
        ➜ Explicit dependency on target 'DequeModule-product' in project 'swift-collections'
        ➜ Explicit dependency on target 'OpenAPIRuntime-product' in project 'swift-openapi-runtime'
        ➜ Explicit dependency on target 'HTTPTypes-product' in project 'swift-http-types'
    Target 'OpenAPIURLSession' in project 'swift-openapi-urlsession'
        ➜ Explicit dependency on target 'DequeModule-product' in project 'swift-collections'
        ➜ Explicit dependency on target 'OpenAPIRuntime-product' in project 'swift-openapi-runtime'
        ➜ Explicit dependency on target 'HTTPTypes-product' in project 'swift-http-types'
    Target 'DequeModule-product' in project 'swift-collections'
        ➜ Explicit dependency on target 'DequeModule' in project 'swift-collections'
        ➜ Explicit dependency on target 'InternalCollectionsUtilities' in project 'swift-collections'
        ➜ Explicit dependency on target 'SpanPreview' in project 'swift-collections'
    Target 'DequeModule' in project 'swift-collections'
        ➜ Explicit dependency on target 'InternalCollectionsUtilities' in project 'swift-collections'
        ➜ Explicit dependency on target 'SpanPreview' in project 'swift-collections'
    Target 'SpanPreview' in project 'swift-collections'
        ➜ Explicit dependency on target 'InternalCollectionsUtilities' in project 'swift-collections'
    Target 'InternalCollectionsUtilities' in project 'swift-collections' (no dependencies)
    Target 'OpenAPIRuntime-product' in project 'swift-openapi-runtime'
        ➜ Explicit dependency on target 'OpenAPIRuntime' in project 'swift-openapi-runtime'
        ➜ Explicit dependency on target 'HTTPTypes-product' in project 'swift-http-types'
    Target 'OpenAPIRuntime' in project 'swift-openapi-runtime'
        ➜ Explicit dependency on target 'HTTPTypes-product' in project 'swift-http-types'
    Target 'HTTPTypes-product' in project 'swift-http-types'
        ➜ Explicit dependency on target 'HTTPTypes' in project 'swift-http-types'
    Target 'HTTPTypes' in project 'swift-http-types' (no dependencies)
    Target 'OpenAPIGenerator-product' in project 'swift-openapi-generator'
        ➜ Explicit dependency on target 'OpenAPIGenerator' in project 'swift-openapi-generator'
    Target 'OpenAPIGenerator' in project 'swift-openapi-generator'
        ➜ Explicit dependency on target '_OpenAPIGeneratorCore' in project 'swift-openapi-generator'
        ➜ Explicit dependency on target 'swift-openapi-generator-product' in project 'swift-openapi-generator'
        ➜ Explicit dependency on target 'OpenAPIKit-product' in project 'OpenAPIKit'
        ➜ Explicit dependency on target 'OpenAPIKit30-product' in project 'OpenAPIKit'
        ➜ Explicit dependency on target 'OpenAPIKitCompat-product' in project 'OpenAPIKit'
        ➜ Explicit dependency on target 'Algorithms-product' in project 'swift-algorithms'
        ➜ Explicit dependency on target 'OrderedCollections-product' in project 'swift-collections'
        ➜ Explicit dependency on target 'Yams-product' in project 'Yams'
        ➜ Explicit dependency on target 'ArgumentParser-product' in project 'swift-argument-parser'
    Target 'swift-openapi-generator-product' in project 'swift-openapi-generator'
        ➜ Explicit dependency on target '_OpenAPIGeneratorCore' in project 'swift-openapi-generator'
        ➜ Explicit dependency on target 'OpenAPIKit-product' in project 'OpenAPIKit'
        ➜ Explicit dependency on target 'OpenAPIKit30-product' in project 'OpenAPIKit'
        ➜ Explicit dependency on target 'OpenAPIKitCompat-product' in project 'OpenAPIKit'
        ➜ Explicit dependency on target 'Algorithms-product' in project 'swift-algorithms'
        ➜ Explicit dependency on target 'OrderedCollections-product' in project 'swift-collections'
        ➜ Explicit dependency on target 'Yams-product' in project 'Yams'
        ➜ Explicit dependency on target 'ArgumentParser-product' in project 'swift-argument-parser'
    Target 'ArgumentParser-product' in project 'swift-argument-parser'
        ➜ Explicit dependency on target 'ArgumentParser' in project 'swift-argument-parser'
        ➜ Explicit dependency on target 'ArgumentParserToolInfo' in project 'swift-argument-parser'
    Target 'ArgumentParser' in project 'swift-argument-parser'
        ➜ Explicit dependency on target 'ArgumentParserToolInfo' in project 'swift-argument-parser'
    Target 'ArgumentParserToolInfo' in project 'swift-argument-parser' (no dependencies)
    Target '_OpenAPIGeneratorCore' in project 'swift-openapi-generator'
        ➜ Explicit dependency on target 'OpenAPIKit-product' in project 'OpenAPIKit'
        ➜ Explicit dependency on target 'OpenAPIKit30-product' in project 'OpenAPIKit'
        ➜ Explicit dependency on target 'OpenAPIKitCompat-product' in project 'OpenAPIKit'
        ➜ Explicit dependency on target 'Algorithms-product' in project 'swift-algorithms'
        ➜ Explicit dependency on target 'OrderedCollections-product' in project 'swift-collections'
        ➜ Explicit dependency on target 'Yams-product' in project 'Yams'
    Target 'Yams-product' in project 'Yams'
        ➜ Explicit dependency on target 'Yams' in project 'Yams'
        ➜ Explicit dependency on target 'CYaml' in project 'Yams'
    Target 'Yams' in project 'Yams'
        ➜ Explicit dependency on target 'CYaml' in project 'Yams'
    Target 'CYaml' in project 'Yams' (no dependencies)
    Target 'OrderedCollections-product' in project 'swift-collections'
        ➜ Explicit dependency on target 'OrderedCollections' in project 'swift-collections'
        ➜ Explicit dependency on target 'InternalCollectionsUtilities' in project 'swift-collections'
    Target 'OrderedCollections' in project 'swift-collections'
        ➜ Explicit dependency on target 'InternalCollectionsUtilities' in project 'swift-collections'
    Target 'InternalCollectionsUtilities' in project 'swift-collections' (no dependencies)
    Target 'Algorithms-product' in project 'swift-algorithms'
        ➜ Explicit dependency on target 'Algorithms' in project 'swift-algorithms'
        ➜ Explicit dependency on target 'RealModule-product' in project 'swift-numerics'
    Target 'Algorithms' in project 'swift-algorithms'
        ➜ Explicit dependency on target 'RealModule-product' in project 'swift-numerics'
    Target 'RealModule-product' in project 'swift-numerics'
        ➜ Explicit dependency on target 'RealModule' in project 'swift-numerics'
        ➜ Explicit dependency on target '_NumericsShims' in project 'swift-numerics'
    Target 'RealModule' in project 'swift-numerics'
        ➜ Explicit dependency on target '_NumericsShims' in project 'swift-numerics'
    Target '_NumericsShims' in project 'swift-numerics' (no dependencies)
    Target 'OpenAPIKitCompat-product' in project 'OpenAPIKit'
        ➜ Explicit dependency on target 'OpenAPIKitCompat' in project 'OpenAPIKit'
        ➜ Explicit dependency on target 'OpenAPIKitCore' in project 'OpenAPIKit'
        ➜ Explicit dependency on target 'OpenAPIKit30' in project 'OpenAPIKit'
        ➜ Explicit dependency on target 'OpenAPIKit' in project 'OpenAPIKit'
    Target 'OpenAPIKitCompat' in project 'OpenAPIKit'
        ➜ Explicit dependency on target 'OpenAPIKitCore' in project 'OpenAPIKit'
        ➜ Explicit dependency on target 'OpenAPIKit30' in project 'OpenAPIKit'
        ➜ Explicit dependency on target 'OpenAPIKit' in project 'OpenAPIKit'
    Target 'OpenAPIKit30-product' in project 'OpenAPIKit'
        ➜ Explicit dependency on target 'OpenAPIKit30' in project 'OpenAPIKit'
        ➜ Explicit dependency on target 'OpenAPIKitCore' in project 'OpenAPIKit'
    Target 'OpenAPIKit30' in project 'OpenAPIKit'
        ➜ Explicit dependency on target 'OpenAPIKitCore' in project 'OpenAPIKit'
    Target 'OpenAPIKit-product' in project 'OpenAPIKit'
        ➜ Explicit dependency on target 'OpenAPIKit' in project 'OpenAPIKit'
        ➜ Explicit dependency on target 'OpenAPIKitCore' in project 'OpenAPIKit'
    Target 'OpenAPIKit' in project 'OpenAPIKit'
        ➜ Explicit dependency on target 'OpenAPIKitCore' in project 'OpenAPIKit'
    Target 'OpenAPIKitCore' in project 'OpenAPIKit' (no dependencies)
GatherProvisioningInputs
CreateBuildDescription
ClangStatCache /Applications/Xcode-27.0.0-Release.Candidate.app/Contents/Developer/Toolchains/XcodeDefault.xctoolchain/usr/bin/clang-stat-cache /Applications/Xcode-27.0.0-Release.Candidate.app/Contents/Developer/Platforms/XROS.platform/Developer/SDKs/XROS27.0.sdk /Users/admin/builder/spi-builder-workspace/.derivedData/SDKStatCaches.noindex/xros27.0-24M361-e829b21a6f8c9b70876ba0858053c044735bd543db762f57723cac368afd1ce4.sdkstatcache
    cd /Users/admin/builder/spi-builder-workspace/.swiftpm/xcode
    /Applications/Xcode-27.0.0-Release.Candidate.app/Contents/Developer/Toolchains/XcodeDefault.xctoolchain/usr/bin/clang-stat-cache /Applications/Xcode-27.0.0-Release.Candidate.app/Contents/Developer/Platforms/XROS.platform/Developer/SDKs/XROS27.0.sdk -o /Users/admin/builder/spi-builder-workspace/.derivedData/SDKStatCaches.noindex/xros27.0-24M361-e829b21a6f8c9b70876ba0858053c044735bd543db762f57723cac368afd1ce4.sdkstatcache
ClangStatCache /Applications/Xcode-27.0.0-Release.Candidate.app/Contents/Developer/Toolchains/XcodeDefault.xctoolchain/usr/bin/clang-stat-cache /Applications/Xcode-27.0.0-Release.Candidate.app/Contents/Developer/Platforms/MacOSX.platform/Developer/SDKs/MacOSX27.0.sdk /Users/admin/builder/spi-builder-workspace/.derivedData/SDKStatCaches.noindex/macosx27.0-26A425-e829b21a6f8c9b70876ba0858053c0446a22442a12e9d48fe1a705f55a1adfc4.sdkstatcache
    cd /Users/admin/builder/spi-builder-workspace/.swiftpm/xcode
    /Applications/Xcode-27.0.0-Release.Candidate.app/Contents/Developer/Toolchains/XcodeDefault.xctoolchain/usr/bin/clang-stat-cache /Applications/Xcode-27.0.0-Release.Candidate.app/Contents/Developer/Platforms/MacOSX.platform/Developer/SDKs/MacOSX27.0.sdk -o /Users/admin/builder/spi-builder-workspace/.derivedData/SDKStatCaches.noindex/macosx27.0-26A425-e829b21a6f8c9b70876ba0858053c0446a22442a12e9d48fe1a705f55a1adfc4.sdkstatcache
CustomTask Running\ swift-openapi-generator 376a9b80b164f6ac67f5e27990c40a34 (in target 'ASConnectService' from project 'asconnect-service')
    cd /Users/admin/builder/spi-builder-workspace
    export ACTION\=build
    export AD_HOC_CODE_SIGNING_ALLOWED\=NO
    export ALLOW_BUILD_REQUEST_OVERRIDES\=NO
    export ALLOW_TARGET_PLATFORM_SPECIALIZATION\=NO
    export ALTERNATE_GROUP\=staff
    export ALTERNATE_MODE\=u+w,go-w,a+rX
    export ALTERNATE_OWNER\=admin
    export ALTERNATIVE_DISTRIBUTION_WEB\=NO
    export ALWAYS_EMBED_SWIFT_STANDARD_LIBRARIES\=NO
    export ALWAYS_SEARCH_USER_PATHS\=YES
    export ALWAYS_USE_SEPARATE_HEADERMAPS\=NO
    export APPLICATION_EXTENSION_API_ONLY\=NO
    export APPLY_RULES_IN_COPY_FILES\=NO
    export APPLY_RULES_IN_COPY_HEADERS\=NO
    export APP_SHORTCUTS_ENABLE_FLEXIBLE_MATCHING\=YES
    export ARCHS\=arm64
    export ARCHS_BASE\=arm64
    export ARCHS_STANDARD\=arm64
    export ARCHS_STANDARD_32_64_BIT\=arm64
    export ARCHS_STANDARD_64_BIT\=arm64
    export ARCHS_STANDARD_INCLUDING_64_BIT\=arm64
    export ARCHS_UNIVERSAL_IPHONE_OS\=arm64
    export AUTOMATICALLY_MERGE_DEPENDENCIES\=NO
    export AUTOMATION_APPLE_EVENTS\=NO
    export AVAILABLE_PLATFORMS\=android\ appletvos\ appletvsimulator\ driverkit\ freebsd\ iphoneos\ iphonesimulator\ linux\ macosx\ none\ openbsd\ qnx\ staticlinux\ watchos\ watchsimulator\ webassembly\ xros\ xrsimulator
    export BUILD_ACTIVE_RESOURCES_ONLY\=NO
    export BUILD_COMPONENTS\=headers\ build
    export BUILD_DIR\=/Users/admin/builder/spi-builder-workspace/.derivedData/Build/Products
    export BUILD_LIBRARY_FOR_DISTRIBUTION\=NO
    export BUILD_ONLY_KNOWN_LOCALIZATIONS\=NO
    export BUILD_ROOT\=/Users/admin/builder/spi-builder-workspace/.derivedData/Build/Products
    export BUILD_STYLE\=
    export BUILD_VARIANTS\=normal
    export BUILT_PRODUCTS_DIR\=/Users/admin/builder/spi-builder-workspace/.derivedData/Build/Products/Debug-xros
    export BUNDLE_CONTENTS_FOLDER_PATH_deep\=Contents/
    export BUNDLE_EXECUTABLE_FOLDER_NAME_deep\=MacOS
    export BUNDLE_EXTENSIONS_FOLDER_PATH\=Extensions
    export BUNDLE_FORMAT\=shallow
    export BUNDLE_FRAMEWORKS_FOLDER_PATH\=Frameworks
    export BUNDLE_PLUGINS_FOLDER_PATH\=PlugIns
    export BUNDLE_PRIVATE_HEADERS_FOLDER_PATH\=PrivateHeaders
    export BUNDLE_PUBLIC_HEADERS_FOLDER_PATH\=Headers
    export CACHE_ROOT\=/var/folders/xq/y_g06wb113726d38xsyx71_h0000gn/C/com.apple.DeveloperTools/27.0-27A266a/Xcode
    export CCHROOT\=/var/folders/xq/y_g06wb113726d38xsyx71_h0000gn/C/com.apple.DeveloperTools/27.0-27A266a/Xcode
    export CHMOD\=/bin/chmod
    export CHOWN\=chown
    export CLANG_CACHE_FINE_GRAINED_OUTPUTS\=YES
    export CLANG_COVERAGE_MAPPING\=YES
    export CLANG_COVERAGE_MAPPING_LINKER_ARGS\=NO
    export CLANG_ENABLE_EXPLICIT_MODULES\=YES
    export CLANG_ENABLE_MODULES\=YES
    export CLANG_ENABLE_OBJC_ARC\=YES
    export CLANG_MODULES_BUILD_SESSION_FILE\=/Users/admin/builder/spi-builder-workspace/.derivedData/ModuleCache.noindex/Session.modulevalidation
    export CLANG_PROFILE_DATA_DIRECTORY\=/Users/admin/builder/spi-builder-workspace/.derivedData/Build/ProfileData
    export CLASS_FILE_DIR\=/Users/admin/builder/spi-builder-workspace/.derivedData/Build/Intermediates.noindex/asconnect-service.build/Debug-xros/ASConnectService-t.build/JavaClasses
    export CLEAN_PRECOMPS\=YES
    export CLONE_HEADERS\=NO
    export CODESIGNING_FOLDER_PATH\=/Users/admin/builder/spi-builder-workspace/.derivedData/Build/Products/Debug-xros/ASConnectService.o
    export CODE_SIGNING_ALLOWED\=NO
    export CODE_SIGNING_REQUIRED\=NO
    export CODE_SIGN_CONTEXT_CLASS\=XCiPhoneOSCodeSignContext
    export CODE_SIGN_INJECT_BASE_ENTITLEMENTS\=YES
    export COLOR_DIAGNOSTICS\=NO
    export COMBINE_HIDPI_IMAGES\=NO
    export COMPILATION_CACHE_CAS_PATH\=/Users/admin/builder/spi-builder-workspace/.derivedData/CompilationCache.noindex
    export COMPILATION_CACHE_KEEP_CAS_DIRECTORY\=YES
    export COMPILER_INDEX_STORE_ENABLE\=Default
    export COMPILER_WORKING_DIRECTORY\=/Users/admin/builder/spi-builder-workspace/.swiftpm/xcode
    export COMPOSITE_SDK_DIRS\=/Users/admin/builder/spi-builder-workspace/.derivedData/Build/Intermediates.noindex/CompositeSDKs
    export COMPRESS_PNG_FILES\=YES
    export CONFIGURATION\=Debug
    export CONFIGURATION_BUILD_DIR\=/Users/admin/builder/spi-builder-workspace/.derivedData/Build/Products/Debug-xros
    export CONFIGURATION_TEMP_DIR\=/Users/admin/builder/spi-builder-workspace/.derivedData/Build/Intermediates.noindex/asconnect-service.build/Debug-xros
    export COPYING_PRESERVES_HFS_DATA\=NO
    export COPY_HEADERS_RUN_UNIFDEF\=NO
    export COPY_PHASE_STRIP\=NO
    export CORRESPONDING_SIMULATOR_PLATFORM_DIR\=/Applications/Xcode-27.0.0-Release.Candidate.app/Contents/Developer/Platforms/XRSimulator.platform
    export CORRESPONDING_SIMULATOR_PLATFORM_NAME\=xrsimulator
    export CORRESPONDING_SIMULATOR_SDK_DIR\=/Applications/Xcode-27.0.0-Release.Candidate.app/Contents/Developer/Platforms/XRSimulator.platform/Developer/SDKs/XRSimulator27.0.sdk
    export CORRESPONDING_SIMULATOR_SDK_NAME\=xrsimulator27.0
    export CP\=/bin/cp
    export CREATE_INFOPLIST_SECTION_IN_BINARY\=NO
    export CURRENT_ARCH\=undefined_arch
    export CURRENT_VARIANT\=normal
    export DEAD_CODE_STRIPPING\=NO
    export DEBUGGING_SYMBOLS\=YES
    export DEBUG_INFORMATION_FORMAT\=dwarf
    export DEBUG_INFORMATION_VERSION\=compiler-default
    export DEFAULT_COMPILER\=com.apple.compilers.llvm.clang.1_0
    export DEFAULT_DEXT_INSTALL_PATH\=/System/Library/DriverExtensions
    export DEFAULT_KEXT_INSTALL_PATH\=/System/Library/Extensions
    export DEFINES_MODULE\=YES
    export DEPLOYMENT_LOCATION\=NO
    export DEPLOYMENT_POSTPROCESSING\=NO
    export DEPLOYMENT_TARGET_SETTING_NAME\=XROS_DEPLOYMENT_TARGET
    export DEPLOYMENT_TARGET_SUGGESTED_VALUES\=1.0\ 1.1\ 1.2\ 1.3\ 2.0\ 2.1\ 2.2\ 2.3\ 2.4\ 2.5\ 2.6\ 26.0\ 26.2\ 26.3\ 26.4\ 26.5\ 26.6\ 27.0
    export DERIVED_FILES_DIR\=/Users/admin/builder/spi-builder-workspace/.derivedData/Build/Intermediates.noindex/asconnect-service.build/Debug-xros/ASConnectService-t.build/DerivedSources
    export DERIVED_FILE_DIR\=/Users/admin/builder/spi-builder-workspace/.derivedData/Build/Intermediates.noindex/asconnect-service.build/Debug-xros/ASConnectService-t.build/DerivedSources
    export DERIVED_SOURCES_DIR\=/Users/admin/builder/spi-builder-workspace/.derivedData/Build/Intermediates.noindex/asconnect-service.build/Debug-xros/ASConnectService-t.build/DerivedSources
    export DEVELOPER_APPLICATIONS_DIR\=/Applications/Xcode-27.0.0-Release.Candidate.app/Contents/Developer/Applications
    export DEVELOPER_BIN_DIR\=/Applications/Xcode-27.0.0-Release.Candidate.app/Contents/Developer/usr/bin
    export DEVELOPER_DIR\=/Applications/Xcode-27.0.0-Release.Candidate.app/Contents/Developer
    export DEVELOPER_FRAMEWORKS_DIR\=/Applications/Xcode-27.0.0-Release.Candidate.app/Contents/Developer/Library/Frameworks
    export DEVELOPER_FRAMEWORKS_DIR_QUOTED\=/Applications/Xcode-27.0.0-Release.Candidate.app/Contents/Developer/Library/Frameworks
    export DEVELOPER_LIBRARY_DIR\=/Applications/Xcode-27.0.0-Release.Candidate.app/Contents/Developer/Library
    export DEVELOPER_SDK_DIR\=/Applications/Xcode-27.0.0-Release.Candidate.app/Contents/Developer/Platforms/MacOSX.platform/Developer/SDKs
    export DEVELOPER_TOOLS_DIR\=/Applications/Xcode-27.0.0-Release.Candidate.app/Contents/Developer/Tools
    export DEVELOPER_USR_DIR\=/Applications/Xcode-27.0.0-Release.Candidate.app/Contents/Developer/usr
    export DEVELOPMENT_LANGUAGE\=en
    export DIAGNOSE_MISSING_TARGET_DEPENDENCIES\=YES
    export DIFF\=/usr/bin/diff
    export DONT_GENERATE_INFOPLIST_FILE\=NO
    export DSTROOT\=/tmp/asconnect-service.dst
    export DT_TOOLCHAIN_DIR\=/Applications/Xcode-27.0.0-Release.Candidate.app/Contents/Developer/Toolchains/XcodeDefault.xctoolchain
    export DWARF_DSYM_FILE_NAME\=ASConnectService.o.dSYM
    export DWARF_DSYM_FILE_SHOULD_ACCOMPANY_PRODUCT\=NO
    export DWARF_DSYM_FOLDER_PATH\=/Users/admin/builder/spi-builder-workspace/.derivedData/Build/Products/Debug-xros
    export DYLIB_INSTALL_NAME_BASE\=@rpath
    export DYNAMIC_LIBRARY_EXTENSION\=dylib
    export EAGER_COMPILATION_ALLOW_SCRIPTS\=NO
    export EAGER_LINKING\=NO
    export EFFECTIVE_PLATFORM_NAME\=-xros
    export EFFECTIVE_SWIFT_VERSION\=5
    export EMBEDDED_CONTENT_CONTAINS_SWIFT\=NO
    export EMBEDDED_PROFILE_NAME\=embedded.mobileprovision
    export EMBED_ASSET_PACKS_IN_PRODUCT_BUNDLE\=NO
    export ENABLE_APP_SANDBOX\=NO
    export ENABLE_CODE_COVERAGE\=YES
    export ENABLE_COHORT_ARCHS\=YES
    export ENABLE_CPLUSPLUS_BOUNDS_SAFE_BUFFERS\=NO
    export ENABLE_C_BOUNDS_SAFETY\=NO
    export ENABLE_DEFAULT_HEADER_SEARCH_PATHS\=YES
    export ENABLE_DEFAULT_SEARCH_PATHS\=YES
    export ENABLE_ENHANCED_SECURITY\=NO
    export ENABLE_HARDENED_RUNTIME\=NO
    export ENABLE_HARDWARE_CHECKED_POINTER_ARITHMETIC_SLICE\=NO
    export ENABLE_HEADER_DEPENDENCIES\=YES
    export ENABLE_INCOMING_NETWORK_CONNECTIONS\=NO
    export ENABLE_NS_ASSERTIONS\=YES
    export ENABLE_ON_DEMAND_RESOURCES\=NO
    export ENABLE_OUTGOING_NETWORK_CONNECTIONS\=NO
    export ENABLE_POINTER_AUTHENTICATION\=NO
    export ENABLE_PREVIEWS\=NO
    export ENABLE_RESOURCE_ACCESS_AUDIO_INPUT\=NO
    export ENABLE_RESOURCE_ACCESS_BLUETOOTH\=NO
    export ENABLE_RESOURCE_ACCESS_CALENDARS\=NO
    export ENABLE_RESOURCE_ACCESS_CAMERA\=NO
    export ENABLE_RESOURCE_ACCESS_CONTACTS\=NO
    export ENABLE_RESOURCE_ACCESS_LOCATION\=NO
    export ENABLE_RESOURCE_ACCESS_PHOTO_LIBRARY\=NO
    export ENABLE_RESOURCE_ACCESS_PRINTING\=NO
    export ENABLE_RESOURCE_ACCESS_USB\=NO
    export ENABLE_SDK_IMPORTS\=NO
    export ENABLE_SECURITY_COMPILER_WARNINGS\=NO
    export ENABLE_TESTABILITY\=YES
    export ENABLE_TESTING_SEARCH_PATHS\=YES
    export ENABLE_USER_SCRIPT_SANDBOXING\=NO
    export ENABLE_XOJIT_PREVIEWS\=YES
    export ENFORCE_VALID_ARCHS\=YES
    export ENTITLEMENTS_DESTINATION\=Signature
    export ENTITLEMENTS_REQUIRED\=NO
    export EXCLUDED_INSTALLSRC_SUBDIRECTORY_PATTERNS\=.DS_Store\ .svn\ .git\ .hg\ CVS
    export EXCLUDED_RECURSIVE_SEARCH_PATH_SUBDIRECTORIES\=\*.nib\ \*.lproj\ \*.framework\ \*.gch\ \*.xcode\*\ \*.xcassets\ \*.icon\ \(\*\)\ .DS_Store\ CVS\ .svn\ .git\ .hg\ \*.pbproj\ \*.pbxproj
    export EXECUTABLE_EXTENSION\=o
    export EXECUTABLE_NAME\=ASConnectService.o
    export EXECUTABLE_PATH\=ASConnectService.o
    export EXECUTABLE_SUFFIX\=.o
    export FILE_LIST\=/Users/admin/builder/spi-builder-workspace/.derivedData/Build/Intermediates.noindex/asconnect-service.build/Debug-xros/ASConnectService-t.build/Objects/LinkFileList
    export FIXED_FILES_DIR\=/Users/admin/builder/spi-builder-workspace/.derivedData/Build/Intermediates.noindex/asconnect-service.build/Debug-xros/ASConnectService-t.build/FixedFiles
    export FRAMEWORK_FLAG_PREFIX\=-framework
    export FRAMEWORK_SEARCH_PATHS\=/Users/admin/builder/spi-builder-workspace/.derivedData/Build/Products/Debug-xros/PackageFrameworks\ /Users/admin/builder/spi-builder-workspace/.derivedData/Build/Products/Debug-xros/PackageFrameworks\ /Users/admin/builder/spi-builder-workspace/.derivedData/Build/Products/Debug-xros/PackageFrameworks\ /Users/admin/builder/spi-builder-workspace/.derivedData/Build/Products/Debug-xros/PackageFrameworks\ /Users/admin/builder/spi-builder-workspace/.derivedData/Build/Products/Debug-xros/PackageFrameworks\ /Users/admin/builder/spi-builder-workspace/.derivedData/Build/Products/Debug-xros/PackageFrameworks\ /Users/admin/builder/spi-builder-workspace/.derivedData/Build/Products/Debug-xros\
    export FRAMEWORK_VERSION\=A
    export FULL_PRODUCT_NAME\=ASConnectService.o
    export FUSE_BUILD_PHASES\=YES
    export FUSE_BUILD_SCRIPT_PHASES\=NO
    export GCC3_VERSION\=3.3
    export GCC_INLINES_ARE_PRIVATE_EXTERN\=YES
    export GCC_OPTIMIZATION_LEVEL\=0
    export GCC_PFE_FILE_C_DIALECTS\=c\ objective-c\ c++\ objective-c++
    export GCC_PREPROCESSOR_DEFINITIONS\=\ SWIFT_PACKAGE\ DEBUG\=1
    export GCC_SYMBOLS_PRIVATE_EXTERN\=NO
    export GCC_THUMB_SUPPORT\=YES
    export GCC_TREAT_WARNINGS_AS_ERRORS\=NO
    export GCC_VERSION\=com.apple.compilers.llvm.clang.1_0
    export GCC_VERSION_IDENTIFIER\=com_apple_compilers_llvm_clang_1_0
    export GCC_WARN_64_TO_32_BIT_CONVERSION\=NO
    export GENERATED_MODULEMAP_DIR\=/Users/admin/builder/spi-builder-workspace/.derivedData/Build/Intermediates.noindex/GeneratedModuleMaps-xros
    export GENERATE_INFOPLIST_FILE\=NO
    export GENERATE_INTERMEDIATE_TEXT_BASED_STUBS\=YES
    export GENERATE_PKGINFO_FILE\=NO
    export GENERATE_PRELINK_OBJECT_FILE\=NO
    export GENERATE_PROFILING_CODE\=NO
    export GENERATE_TEXT_BASED_STUBS\=NO
    export GID\=20
    export GROUP\=staff
    export HEADERMAP_INCLUDES_FLAT_ENTRIES_FOR_TARGET_BEING_BUILT\=YES
    export HEADERMAP_INCLUDES_FRAMEWORK_ENTRIES_FOR_ALL_PRODUCT_TYPES\=YES
    export HEADERMAP_INCLUDES_FRAMEWORK_ENTRIES_FOR_TARGETS_NOT_BEING_BUILT\=YES
    export HEADERMAP_INCLUDES_NONPUBLIC_NONPRIVATE_HEADERS\=YES
    export HEADERMAP_INCLUDES_PROJECT_HEADERS\=YES
    export HEADERMAP_USES_FRAMEWORK_PREFIX_ENTRIES\=YES
    export HEADERMAP_USES_VFS\=YES
    export HEADER_SEARCH_PATHS\=/Users/admin/builder/spi-builder-workspace/.derivedData/Build/Products/Debug-xros/include\
    export HOME\=/Users/admin
    export HOST_ARCH\=arm64
    export HOST_PLATFORM\=macosx
    export ICONV\=/usr/bin/iconv
    export IMPLICIT_DEPENDENCY_DOMAIN\=default
    export INDEX_ENABLE_DATA_STORE\=YES
    export INDEX_ENABLE_OPTIMIZATION_LEVEL_OVERRIDE\=YES
    export INDEX_STORE_COMPRESS\=NO
    export INDEX_STORE_ONLY_PROJECT_FILES\=NO
    export INFOPLIST_ENABLE_CFBUNDLEICONS_MERGE\=YES
    export INFOPLIST_EXPAND_BUILD_SETTINGS\=YES
    export INFOPLIST_OUTPUT_FORMAT\=binary
    export INFOPLIST_PREPROCESS\=NO
    export INLINE_PRIVATE_FRAMEWORKS\=NO
    export INSTALLAPI_IGNORE_SKIP_INSTALL\=YES
    export INSTALLHDRS_COPY_PHASE\=NO
    export INSTALLHDRS_SCRIPT_PHASE\=NO
    export INSTALL_DIR\=/tmp/asconnect-service.dst/Users/admin/Objects
    export INSTALL_GROUP\=staff
    export INSTALL_MODE_FLAG\=u+w,go-w,a+rX
    export INSTALL_OWNER\=admin
    export INSTALL_PATH\=/Users/admin/Objects
    export INSTALL_ROOT\=/tmp/asconnect-service.dst
    export IS_UNOPTIMIZED_BUILD\=YES
    export JAVAC_DEFAULT_FLAGS\=-J-Xms64m\ -J-XX:NewSize\=4M\ -J-Dfile.encoding\=UTF8
    export JAVA_APP_STUB\=/System/Library/Frameworks/JavaVM.framework/Resources/MacOS/JavaApplicationStub
    export JAVA_ARCHIVE_CLASSES\=YES
    export JAVA_ARCHIVE_TYPE\=JAR
    export JAVA_COMPILER\=/usr/bin/javac
    export JAVA_FRAMEWORK_RESOURCES_DIRS\=Resources
    export JAVA_JAR_FLAGS\=cv
    export JAVA_SOURCE_SUBDIR\=.
    export JAVA_USE_DEPENDENCIES\=YES
    export JAVA_ZIP_FLAGS\=-urg
    export JIKES_DEFAULT_FLAGS\=+E\ +OLDCSO
    export KASAN_CFLAGS_CLASSIC\=-DKASAN\=1\ -DKASAN_CLASSIC\=1\ -fsanitize\=address\ -mllvm\ -asan-globals-live-support\ -mllvm\ -asan-force-dynamic-shadow
    export KASAN_CFLAGS_TBI\=-DKASAN\=1\ -DKASAN_TBI\=1\ -fsanitize\=kernel-hwaddress\ -mllvm\ -hwasan-recover\=0\ -mllvm\ -hwasan-instrument-atomics\=0\ -mllvm\ -hwasan-instrument-stack\=1\ -mllvm\ -hwasan-generate-tags-with-calls\=1\ -mllvm\ -hwasan-instrument-with-calls\=1\ -mllvm\ -hwasan-use-short-granules\=0\ -mllvm\ -hwasan-memory-access-callback-prefix\=__asan_
    export KASAN_DEFAULT_CFLAGS\=-DKASAN\=1\ -DKASAN_CLASSIC\=1\ -fsanitize\=address\ -mllvm\ -asan-globals-live-support\ -mllvm\ -asan-force-dynamic-shadow
    export KEEP_PRIVATE_EXTERNS\=NO
    export LD_DEPENDENCY_INFO_FILE\=/Users/admin/builder/spi-builder-workspace/.derivedData/Build/Intermediates.noindex/asconnect-service.build/Debug-xros/ASConnectService-t.build/Objects-normal/undefined_arch/ASConnectService_dependency_info.dat
    export LD_EXPORT_GLOBAL_SYMBOLS\=NO
    export LD_EXPORT_SYMBOLS\=YES
    export LD_GENERATE_MAP_FILE\=NO
    export LD_MAP_FILE_PATH\=/Users/admin/builder/spi-builder-workspace/.derivedData/Build/Intermediates.noindex/asconnect-service.build/Debug-xros/ASConnectService-t.build/ASConnectService-LinkMap-normal-undefined_arch.txt
    export LD_NO_PIE\=NO
    export LD_QUOTE_LINKER_ARGUMENTS_FOR_COMPILER_DRIVER\=YES
    export LD_RUNPATH_SEARCH_PATHS\=@loader_path\ /Users/admin/builder/spi-builder-workspace/.derivedData/Build/Products/Debug-xros/PackageFrameworks\ @loader_path\ /Users/admin/builder/spi-builder-workspace/.derivedData/Build/Products/Debug-xros/PackageFrameworks\ @loader_path\ /Users/admin/builder/spi-builder-workspace/.derivedData/Build/Products/Debug-xros/PackageFrameworks\ @loader_path\ /Users/admin/builder/spi-builder-workspace/.derivedData/Build/Products/Debug-xros/PackageFrameworks\ @loader_path\ /Users/admin/builder/spi-builder-workspace/.derivedData/Build/Products/Debug-xros/PackageFrameworks\ @loader_path\ /Users/admin/builder/spi-builder-workspace/.derivedData/Build/Products/Debug-xros/PackageFrameworks\
    export LD_SHARED_CACHE_ELIGIBLE\=Automatic
    export LD_WARN_DUPLICATE_LIBRARIES\=NO
    export LD_WARN_UNUSED_DYLIBS\=NO
    export LEGACY_DEVELOPER_DIR\=/Applications/Xcode-27.0.0-Release.Candidate.app/Contents/PlugIns/Xcode3Core.ideplugin/Contents/SharedSupport/Developer
    export LEX\=lex
    export LIBRARY_DEXT_INSTALL_PATH\=/Library/DriverExtensions
    export LIBRARY_FLAG_NOSPACE\=YES
    export LIBRARY_FLAG_PREFIX\=-l
    export LIBRARY_KEXT_INSTALL_PATH\=/Library/Extensions
    export LIBRARY_SEARCH_PATHS\=/Users/admin/builder/spi-builder-workspace/.derivedData/Build/Products/Debug-xros\ \ \ /Applications/Xcode-27.0.0-Release.Candidate.app/Contents/Developer/Platforms/XROS.platform/Developer/usr/lib
    export LIBTOOL_NO_WARNING_FOR_NO_SYMBOLS\=YES
    export LINKER_DISPLAYS_MANGLED_NAMES\=NO
    export LINKER_DRIVER\=auto
    export LINK_FILE_LIST_normal_arm64\=/Users/admin/builder/spi-builder-workspace/.derivedData/Build/Intermediates.noindex/asconnect-service.build/Debug-xros/ASConnectService-t.build/Objects-normal/arm64/ASConnectService.LinkFileList
    export LINK_OBJC_RUNTIME\=YES
    export LINK_WITH_STANDARD_LIBRARIES\=NO
    export LLVM_TARGET_TRIPLE_OS_VERSION\=xros1.0
    export LLVM_TARGET_TRIPLE_VENDOR\=apple
    export LM_AUX_CONST_METADATA_LIST_PATH_normal_arm64\=/Users/admin/builder/spi-builder-workspace/.derivedData/Build/Intermediates.noindex/asconnect-service.build/Debug-xros/ASConnectService-t.build/Objects-normal/arm64/ASConnectService.SwiftConstValuesFileList
    export LOCALIZATION_EXPORT_SUPPORTED\=YES
    export LOCALIZATION_PREFERS_STRING_CATALOGS\=NO
    export LOCALIZED_STRING_CODE_COMMENTS\=NO
    export LOCALIZED_STRING_MACRO_NAMES\=NSLocalizedString\ CFCopyLocalizedString
    export LOCALIZED_STRING_SWIFTUI_SUPPORT\=YES
    export LOCAL_ADMIN_APPS_DIR\=/Applications/Utilities
    export LOCAL_APPS_DIR\=/Applications
    export LOCAL_DEVELOPER_DIR\=/Library/Developer
    export LOCAL_LIBRARY_DIR\=/Library
    export LOCROOT\=/Users/admin/builder/spi-builder-workspace
    export LOCSYMROOT\=/Users/admin/builder/spi-builder-workspace
    export MACH_O_TYPE\=mh_object
    export MAC_OS_X_PRODUCT_BUILD_VERSION\=25G83
    export MAC_OS_X_VERSION_ACTUAL\=260602
    export MAC_OS_X_VERSION_MAJOR\=260000
    export MAC_OS_X_VERSION_MINOR\=260600
    export MAKE_MERGEABLE\=NO
    export MERGEABLE_LIBRARY\=NO
    export MERGED_BINARY_TYPE\=none
    export MERGE_LINKED_LIBRARIES\=NO
    export METAL_LIBRARY_FILE_BASE\=default
    export METAL_LIBRARY_OUTPUT_DIR\=/Users/admin/builder/spi-builder-workspace/.derivedData/Build/Products/Debug-xros/
    export MODULEMAP_FILE_CONTENTS\=module\ ASConnectService\ \{'
'header\ \"ASConnectService-Swift.h\"'
'export\ \*'
'\}
    export MODULEMAP_PATH\=/Users/admin/builder/spi-builder-workspace/.derivedData/Build/Intermediates.noindex/GeneratedModuleMaps-xros/ASConnectService.modulemap
    export MODULE_CACHE_DIR\=/Users/admin/builder/spi-builder-workspace/.derivedData/ModuleCache.noindex
    export NATIVE_ARCH\=arm64
    export NATIVE_ARCH_32_BIT\=arm
    export NATIVE_ARCH_64_BIT\=arm64
    export NATIVE_ARCH_ACTUAL\=arm64
    export NO_COMMON\=YES
    export OBJECT_FILE_DIR\=/Users/admin/builder/spi-builder-workspace/.derivedData/Build/Intermediates.noindex/asconnect-service.build/Debug-xros/ASConnectService-t.build/Objects
    export OBJECT_FILE_DIR_normal\=/Users/admin/builder/spi-builder-workspace/.derivedData/Build/Intermediates.noindex/asconnect-service.build/Debug-xros/ASConnectService-t.build/Objects-normal
    export OBJROOT\=/Users/admin/builder/spi-builder-workspace/.derivedData/Build/Intermediates.noindex
    export ONLY_ACTIVE_ARCH\=NO
    export ONLY_ARCH\=arm64
    export OS\=MACOS
    export OSAC\=/usr/bin/osacompile
    export OTHER_CFLAGS\=-fmodule-map-file\=/Users/admin/builder/spi-builder-workspace/.derivedData/Build/Intermediates.noindex/GeneratedModuleMaps-xros/OpenAPIRuntime.modulemap\ -fmodule-map-file\=/Users/admin/builder/spi-builder-workspace/.derivedData/Build/Intermediates.noindex/GeneratedModuleMaps-xros/SpanPreview.modulemap\ -fmodule-map-file\=/Users/admin/builder/spi-builder-workspace/.derivedData/Build/Intermediates.noindex/GeneratedModuleMaps-xros/InternalCollectionsUtilities.modulemap\ -fmodule-map-file\=/Users/admin/builder/spi-builder-workspace/.derivedData/Build/Intermediates.noindex/GeneratedModuleMaps-xros/DequeModule.modulemap\ -fmodule-map-file\=/Users/admin/builder/spi-builder-workspace/.derivedData/Build/Intermediates.noindex/GeneratedModuleMaps-xros/HTTPTypes.modulemap\ -fmodule-map-file\=/Users/admin/builder/spi-builder-workspace/.derivedData/Build/Intermediates.noindex/GeneratedModuleMaps-xros/OpenAPIURLSession.modulemap\ \ -DXcode
    export OTHER_CPLUSPLUSFLAGS\=-fmodule-map-file\=/Users/admin/builder/spi-builder-workspace/.derivedData/Build/Intermediates.noindex/GeneratedModuleMaps-xros/OpenAPIRuntime.modulemap\ -fmodule-map-file\=/Users/admin/builder/spi-builder-workspace/.derivedData/Build/Intermediates.noindex/GeneratedModuleMaps-xros/SpanPreview.modulemap\ -fmodule-map-file\=/Users/admin/builder/spi-builder-workspace/.derivedData/Build/Intermediates.noindex/GeneratedModuleMaps-xros/InternalCollectionsUtilities.modulemap\ -fmodule-map-file\=/Users/admin/builder/spi-builder-workspace/.derivedData/Build/Intermediates.noindex/GeneratedModuleMaps-xros/DequeModule.modulemap\ -fmodule-map-file\=/Users/admin/builder/spi-builder-workspace/.derivedData/Build/Intermediates.noindex/GeneratedModuleMaps-xros/HTTPTypes.modulemap\ -fmodule-map-file\=/Users/admin/builder/spi-builder-workspace/.derivedData/Build/Intermediates.noindex/GeneratedModuleMaps-xros/OpenAPIURLSession.modulemap\ \ -DXcode
    export OTHER_SWIFT_FLAGS\=\ -DXcode\ -plugin-path\ /Applications/Xcode-27.0.0-Release.Candidate.app/Contents/Developer/Toolchains/XcodeDefault.xctoolchain/usr/lib/swift/host/plugins/testing
    export PACKAGE_RESOURCE_TARGET_KIND\=regular
    export PACKAGE_TYPE\=com.apple.package-type.mach-o-objfile
    export PASCAL_STRINGS\=YES
    export PATH\=/Applications/Xcode-27.0.0-Release.Candidate.app/Contents/SharedFrameworks/SwiftBuild.framework/Versions/A/PlugIns/SWBBuildService.bundle/Contents/PlugIns/SWBUniversalPlatformPlugin.bundle/Contents/Frameworks/SWBUniversalPlatform.framework/Resources:/var/run/com.apple.security.cryptexd/mnt/com.apple.MobileAsset.MetalToolchain-v27.1.266.1.VZCAYj/Metal.xctoolchain/usr/bin:/var/run/com.apple.security.cryptexd/mnt/com.apple.MobileAsset.MetalToolchain-v27.1.266.1.VZCAYj/Metal.xctoolchain/usr/local/bin:/var/run/com.apple.security.cryptexd/mnt/com.apple.MobileAsset.MetalToolchain-v27.1.266.1.VZCAYj/Metal.xctoolchain/usr/libexec:/Applications/Xcode-27.0.0-Release.Candidate.app/Contents/Developer/Toolchains/XcodeDefault.xctoolchain/usr/bin:/Applications/Xcode-27.0.0-Release.Candidate.app/Contents/Developer/Toolchains/XcodeDefault.xctoolchain/usr/local/bin:/Applications/Xcode-27.0.0-Release.Candidate.app/Contents/Developer/Toolchains/XcodeDefault.xctoolchain/usr/libexec:/Applications/Xcode-27.0.0-Release.Candidate.app/Contents/Developer/Platforms/XROS.platform/usr/bin:/Applications/Xcode-27.0.0-Release.Candidate.app/Contents/Developer/Platforms/XROS.platform/usr/local/bin:/Applications/Xcode-27.0.0-Release.Candidate.app/Contents/Developer/Platforms/XROS.platform/Developer/usr/bin:/Applications/Xcode-27.0.0-Release.Candidate.app/Contents/Developer/Platforms/XROS.platform/Developer/usr/local/bin:/Applications/Xcode-27.0.0-Release.Candidate.app/Contents/Developer/usr/bin:/Applications/Xcode-27.0.0-Release.Candidate.app/Contents/Developer/usr/local/bin:/opt/homebrew/bin:/opt/homebrew/sbin:/usr/local/bin:/System/Cryptexes/App/usr/bin:/usr/bin:/bin:/usr/sbin:/sbin:/var/run/com.apple.security.cryptexd/codex.system/bootstrap/usr/local/bin:/var/run/com.apple.security.cryptexd/codex.system/bootstrap/usr/bin:/var/run/com.apple.security.cryptexd/codex.system/bootstrap/usr/appleinternal/bin:/pkg/env/global/bin:/Library/Apple/usr/bin
    export PATH_PREFIXES_EXCLUDED_FROM_HEADER_DEPENDENCIES\=/usr/include\ /usr/local/include\ /System/Library/Frameworks\ /System/Library/PrivateFrameworks\ /Applications/Xcode-27.0.0-Release.Candidate.app/Contents/Developer/Headers\ /Applications/Xcode-27.0.0-Release.Candidate.app/Contents/Developer/SDKs\ /Applications/Xcode-27.0.0-Release.Candidate.app/Contents/Developer/Platforms
    export PER_ARCH_MODULE_FILE_DIR\=/Users/admin/builder/spi-builder-workspace/.derivedData/Build/Intermediates.noindex/asconnect-service.build/Debug-xros/ASConnectService-t.build/Objects-normal/undefined_arch
    export PER_ARCH_OBJECT_FILE_DIR\=/Users/admin/builder/spi-builder-workspace/.derivedData/Build/Intermediates.noindex/asconnect-service.build/Debug-xros/ASConnectService-t.build/Objects-normal/undefined_arch
    export PER_VARIANT_OBJECT_FILE_DIR\=/Users/admin/builder/spi-builder-workspace/.derivedData/Build/Intermediates.noindex/asconnect-service.build/Debug-xros/ASConnectService-t.build/Objects-normal
    export PKGINFO_FILE_PATH\=/Users/admin/builder/spi-builder-workspace/.derivedData/Build/Intermediates.noindex/asconnect-service.build/Debug-xros/ASConnectService-t.build/PkgInfo
    export PLATFORM_DEVELOPER_APPLICATIONS_DIR\=/Applications/Xcode-27.0.0-Release.Candidate.app/Contents/Developer/Platforms/XROS.platform/Developer/Applications
    export PLATFORM_DEVELOPER_BIN_DIR\=/Applications/Xcode-27.0.0-Release.Candidate.app/Contents/Developer/Platforms/XROS.platform/Developer/usr/bin
    export PLATFORM_DEVELOPER_LIBRARY_DIR\=/Applications/Xcode-27.0.0-Release.Candidate.app/Contents/Developer/Platforms/XROS.platform/Developer/Library
    export PLATFORM_DEVELOPER_SDK_DIR\=/Applications/Xcode-27.0.0-Release.Candidate.app/Contents/Developer/Platforms/XROS.platform/Developer/SDKs
    export PLATFORM_DEVELOPER_TOOLS_DIR\=/Applications/Xcode-27.0.0-Release.Candidate.app/Contents/Developer/Platforms/XROS.platform/Developer/Tools
    export PLATFORM_DEVELOPER_USR_DIR\=/Applications/Xcode-27.0.0-Release.Candidate.app/Contents/Developer/Platforms/XROS.platform/Developer/usr
    export PLATFORM_DIR\=/Applications/Xcode-27.0.0-Release.Candidate.app/Contents/Developer/Platforms/XROS.platform
    export PLATFORM_DISPLAY_NAME\=visionOS
    export PLATFORM_FAMILY_NAME\=xrOS
    export PLATFORM_NAME\=xros
    export PLATFORM_PRODUCT_BUILD_VERSION\=24M361
    export PLATFORM_REQUIRES_SWIFT_AUTOLINK_EXTRACT\=NO
    export PLATFORM_REQUIRES_SWIFT_MODULEWRAP\=NO
    export PLATFORM_USES_DSYMS\=YES
    export PLIST_FILE_OUTPUT_FORMAT\=binary
    export PRECOMPS_INCLUDE_HEADERS_FROM_BUILT_PRODUCTS_DIR\=YES
    export PRECOMP_DESTINATION_DIR\=/Users/admin/builder/spi-builder-workspace/.derivedData/Build/Intermediates.noindex/asconnect-service.build/Debug-xros/ASConnectService-t.build/PrefixHeaders
    export PRELINK_DEPENDENCY_INFO_FILE\=/Users/admin/builder/spi-builder-workspace/.derivedData/Build/Intermediates.noindex/asconnect-service.build/Debug-xros/ASConnectService-t.build/Objects-normal/undefined_arch/ASConnectService_prelink_dependency_info.dat
    export PRIVATE_HEADERS_FOLDER_PATH\=/usr/local/include
    export PROCESSED_INFOPLIST_PATH\=/Users/admin/builder/spi-builder-workspace/.derivedData/Build/Intermediates.noindex/asconnect-service.build/Debug-xros/ASConnectService-t.build/Objects-normal/undefined_arch/Processed-Info.plist
    export PRODUCT_BUNDLE_IDENTIFIER\=spi-builder-workspace.ASConnectService
    export PRODUCT_MODULE_NAME\=ASConnectService
    export PRODUCT_NAME\=ASConnectService
    export PRODUCT_SETTINGS_PATH\=
    export PRODUCT_TYPE\=org.swift.product-type.library.static
    export PROFILING_CODE\=NO
    export PROJECT\=asconnect-service
    export PROJECT_DERIVED_FILE_DIR\=/Users/admin/builder/spi-builder-workspace/.derivedData/Build/Intermediates.noindex/asconnect-service.build/DerivedSources
    export PROJECT_DIR\=/Users/admin/builder/spi-builder-workspace
    export PROJECT_FILE_PATH\=/Users/admin/builder/spi-builder-workspace/Package.swift
    export PROJECT_GUID\=PACKAGE:spi-builder-workspace
    export PROJECT_NAME\=asconnect-service
    export PROJECT_TEMP_DIR\=/Users/admin/builder/spi-builder-workspace/.derivedData/Build/Intermediates.noindex/asconnect-service.build
    export PROJECT_TEMP_ROOT\=/Users/admin/builder/spi-builder-workspace/.derivedData/Build/Intermediates.noindex
    export PUBLIC_HEADERS_FOLDER_PATH\=/usr/local/include
    export RECOMMENDED_XROS_DEPLOYMENT_TARGET\=2.0
    export RECURSIVE_SEARCH_PATHS_FOLLOW_SYMLINKS\=YES
    export REMOVE_CVS_FROM_RESOURCES\=YES
    export REMOVE_GIT_FROM_RESOURCES\=YES
    export REMOVE_HEADERS_FROM_EMBEDDED_BUNDLES\=YES
    export REMOVE_HG_FROM_RESOURCES\=YES
    export REMOVE_STATIC_EXECUTABLES_FROM_EMBEDDED_BUNDLES\=YES
    export REMOVE_SVN_FROM_RESOURCES\=YES
    export RESCHEDULE_INDEPENDENT_HEADERS_PHASES\=YES
    export RESOURCES_PLATFORM_NAME\=xros
    export REZ_COLLECTOR_DIR\=/Users/admin/builder/spi-builder-workspace/.derivedData/Build/Intermediates.noindex/asconnect-service.build/Debug-xros/ASConnectService-t.build/ResourceManagerResources
    export REZ_EXECUTABLE\=YES
    export REZ_OBJECTS_DIR\=/Users/admin/builder/spi-builder-workspace/.derivedData/Build/Intermediates.noindex/asconnect-service.build/Debug-xros/ASConnectService-t.build/ResourceManagerResources/Objects
    export REZ_SEARCH_PATHS\=/Users/admin/builder/spi-builder-workspace/.derivedData/Build/Products/Debug-xros\
    export RPATH_ORIGIN\=@loader_path
    export RUNTIME_EXCEPTION_ALLOW_DYLD_ENVIRONMENT_VARIABLES\=NO
    export RUNTIME_EXCEPTION_ALLOW_JIT\=NO
    export RUNTIME_EXCEPTION_ALLOW_UNSIGNED_EXECUTABLE_MEMORY\=NO
    export RUNTIME_EXCEPTION_DEBUGGING_TOOL\=NO
    export RUNTIME_EXCEPTION_DISABLE_EXECUTABLE_PAGE_PROTECTION\=NO
    export RUNTIME_EXCEPTION_DISABLE_LIBRARY_VALIDATION\=NO
    export SCANNING_PCM_KEEP_CACHE_DIRECTORY\=YES
    export SCAN_ALL_SOURCE_FILES_FOR_INCLUDES\=NO
    export SDKROOT\=/Applications/Xcode-27.0.0-Release.Candidate.app/Contents/Developer/Platforms/XROS.platform/Developer/SDKs/XROS27.0.sdk
    export SDK_DIR\=/Applications/Xcode-27.0.0-Release.Candidate.app/Contents/Developer/Platforms/XROS.platform/Developer/SDKs/XROS27.0.sdk
    export SDK_DIR_xros\=/Applications/Xcode-27.0.0-Release.Candidate.app/Contents/Developer/Platforms/XROS.platform/Developer/SDKs/XROS27.0.sdk
    export SDK_DIR_xros27_0\=/Applications/Xcode-27.0.0-Release.Candidate.app/Contents/Developer/Platforms/XROS.platform/Developer/SDKs/XROS27.0.sdk
    export SDK_NAME\=xros27.0
    export SDK_NAMES\=xros27.0
    export SDK_PRODUCT_BUILD_VERSION\=24M361
    export SDK_STAT_CACHE_DIR\=/Users/admin/builder/spi-builder-workspace/.derivedData
    export SDK_STAT_CACHE_ENABLE\=YES
    export SDK_STAT_CACHE_PATH\=/Users/admin/builder/spi-builder-workspace/.derivedData/SDKStatCaches.noindex/xros27.0-24M361-e829b21a6f8c9b70876ba0858053c044735bd543db762f57723cac368afd1ce4.sdkstatcache
    export SDK_VERSION\=27.0
    export SDK_VERSION_ACTUAL\=270000
    export SDK_VERSION_MAJOR\=270000
    export SDK_VERSION_MINOR\=270000
    export SED\=/usr/bin/sed
    export SEPARATE_STRIP\=NO
    export SEPARATE_SYMBOL_EDIT\=NO
    export SET_DIR_MODE_OWNER_GROUP\=YES
    export SET_FILE_MODE_OWNER_GROUP\=NO
    export SHALLOW_BUNDLE\=NO
    export SHARED_DERIVED_FILE_DIR\=/Users/admin/builder/spi-builder-workspace/.derivedData/Build/Products/Debug-xros/DerivedSources
    export SHARED_PRECOMPS_DIR\=/Users/admin/builder/spi-builder-workspace/.derivedData/Build/Intermediates.noindex/PrecompiledHeaders
    export SKIP_COPYING_TEST_FRAMEWORKS\=YES
    export SKIP_INSTALL\=YES
    export SKIP_MERGEABLE_LIBRARY_BUNDLE_HOOK\=NO
    export SOURCE_ROOT\=/Users/admin/builder/spi-builder-workspace
    export SRCROOT\=/Users/admin/builder/spi-builder-workspace
    export STRINGSDATA_DIR\=/Users/admin/builder/spi-builder-workspace/.derivedData/Build/Intermediates.noindex/asconnect-service.build/Debug-xros/ASConnectService-t.build/Objects-normal/undefined_arch
    export STRINGSDATA_ROOT\=/Users/admin/builder/spi-builder-workspace/.derivedData/Build/Intermediates.noindex/asconnect-service.build/Debug-xros/ASConnectService-t.build
    export STRINGS_FILE_INFOPLIST_RENAME\=YES
    export STRINGS_FILE_OUTPUT_ENCODING\=binary
    export STRING_CATALOG_GENERATE_SYMBOLS\=NO
    export STRIP_BITCODE_FROM_COPIED_FILES\=YES
    export STRIP_INSTALLED_PRODUCT\=NO
    export STRIP_STYLE\=debugging
    export STRIP_SWIFT_SYMBOLS\=YES
    export SUPPORTED_DEVICE_FAMILIES\=7
    export SUPPORTED_PLATFORMS\=android\ appletvos\ appletvsimulator\ driverkit\ freebsd\ iphoneos\ iphonesimulator\ linux\ macosx\ none\ openbsd\ qnx\ staticlinux\ watchos\ watchsimulator\ webassembly\ xros\ xrsimulator
    export SUPPORTS_MACCATALYST\=NO
    export SUPPORTS_TEXT_BASED_API\=NO
    export SUPPRESS_WARNINGS\=NO
    export SWIFTC_PASS_SDKROOT\=YES
    export SWIFTC_PASS_SYSROOT\=NO
    export SWIFT_ACTIVE_COMPILATION_CONDITIONS\=\ SWIFT_PACKAGE\ DEBUG\ SWIFT_MODULE_RESOURCE_BUNDLE_UNAVAILABLE
    export SWIFT_COLOR_DIAGNOSTICS\=NO
    export SWIFT_COMPILE_FOR_STATIC_LINKING\=YES
    export SWIFT_DISABLE_PARSE_AS_LIBRARY\=NO
    export SWIFT_EMIT_CONST_VALUE_PROTOCOLS\=AnyResolverProviding\ AppEntity\ AppEnum\ AppExtension\ AppIntent\ AppIntentsPackage\ AppShortcutProviding\ AppShortcutsProvider\ AppUnionValue\ AppUnionValueCasesProviding\ DynamicOptionsProvider\ EntityQuery\ ExtensionPointDefining\ IntentValueQuery\ Resolver\ TransientEntity\ _AssistantIntentsProvider\ _GenerativeFunctionExtractable\ _IntentValueRepresentable
    export SWIFT_EMIT_LOC_STRINGS\=NO
    export SWIFT_ENABLE_BARE_SLASH_REGEX\=NO
    export SWIFT_ENABLE_EXPLICIT_MODULES\=YES
    export SWIFT_ENABLE_TESTABILITY\=YES
    export SWIFT_INSTALL_OBJC_HEADER\=NO
    export SWIFT_LIBRARIES_ONLY\=YES
    export SWIFT_OBJC_INTERFACE_HEADER_DIR\=/Users/admin/builder/spi-builder-workspace/.derivedData/Build/Intermediates.noindex/GeneratedModuleMaps-xros
    export SWIFT_OBJC_INTERFACE_HEADER_NAME\=ASConnectService-Swift.h
    export SWIFT_OPTIMIZATION_LEVEL\=-Onone
    export SWIFT_PACKAGE_NAME\=spi_builder_workspace
    export SWIFT_PLATFORM_TARGET_PREFIX\=xros
    export SWIFT_RESPONSE_FILE_PATH_normal_arm64\=/Users/admin/builder/spi-builder-workspace/.derivedData/Build/Intermediates.noindex/asconnect-service.build/Debug-xros/ASConnectService-t.build/Objects-normal/arm64/ASConnectService.SwiftFileList
    export SWIFT_SYSTEM_INCLUDE_PATHS\=\ \ /Applications/Xcode-27.0.0-Release.Candidate.app/Contents/Developer/Platforms/XROS.platform/Developer/usr/lib
    export SWIFT_VERSION\=5
    export SYMROOT\=/Users/admin/builder/spi-builder-workspace/.derivedData/Build/Products
    export SYSROOT\=/Applications/Xcode-27.0.0-Release.Candidate.app/Contents/Developer/Platforms/XROS.platform/Developer/SDKs/XROS27.0.sdk
    export SYSTEM_ADMIN_APPS_DIR\=/Applications/Utilities
    export SYSTEM_APPS_DIR\=/Applications
    export SYSTEM_CORE_SERVICES_DIR\=/System/Library/CoreServices
    export SYSTEM_DEMOS_DIR\=/Applications/Extras
    export SYSTEM_DEVELOPER_APPS_DIR\=/Applications/Xcode-27.0.0-Release.Candidate.app/Contents/Developer/Applications
    export SYSTEM_DEVELOPER_BIN_DIR\=/Applications/Xcode-27.0.0-Release.Candidate.app/Contents/Developer/usr/bin
    export SYSTEM_DEVELOPER_DEMOS_DIR\=/Applications/Xcode-27.0.0-Release.Candidate.app/Contents/Developer/Applications/Utilities/Built\ Examples
    export SYSTEM_DEVELOPER_DIR\=/Applications/Xcode-27.0.0-Release.Candidate.app/Contents/Developer
    export SYSTEM_DEVELOPER_DOC_DIR\=/Applications/Xcode-27.0.0-Release.Candidate.app/Contents/Developer/ADC\ Reference\ Library
    export SYSTEM_DEVELOPER_GRAPHICS_TOOLS_DIR\=/Applications/Xcode-27.0.0-Release.Candidate.app/Contents/Developer/Applications/Graphics\ Tools
    export SYSTEM_DEVELOPER_JAVA_TOOLS_DIR\=/Applications/Xcode-27.0.0-Release.Candidate.app/Contents/Developer/Applications/Java\ Tools
    export SYSTEM_DEVELOPER_PERFORMANCE_TOOLS_DIR\=/Applications/Xcode-27.0.0-Release.Candidate.app/Contents/Developer/Applications/Performance\ Tools
    export SYSTEM_DEVELOPER_RELEASENOTES_DIR\=/Applications/Xcode-27.0.0-Release.Candidate.app/Contents/Developer/ADC\ Reference\ Library/releasenotes
    export SYSTEM_DEVELOPER_TOOLS\=/Applications/Xcode-27.0.0-Release.Candidate.app/Contents/Developer/Tools
    export SYSTEM_DEVELOPER_TOOLS_DOC_DIR\=/Applications/Xcode-27.0.0-Release.Candidate.app/Contents/Developer/ADC\ Reference\ Library/documentation/DeveloperTools
    export SYSTEM_DEVELOPER_TOOLS_RELEASENOTES_DIR\=/Applications/Xcode-27.0.0-Release.Candidate.app/Contents/Developer/ADC\ Reference\ Library/releasenotes/DeveloperTools
    export SYSTEM_DEVELOPER_USR_DIR\=/Applications/Xcode-27.0.0-Release.Candidate.app/Contents/Developer/usr
    export SYSTEM_DEVELOPER_UTILITIES_DIR\=/Applications/Xcode-27.0.0-Release.Candidate.app/Contents/Developer/Applications/Utilities
    export SYSTEM_DEXT_INSTALL_PATH\=/System/Library/DriverExtensions
    export SYSTEM_DOCUMENTATION_DIR\=/Library/Documentation
    export SYSTEM_FRAMEWORK_SEARCH_PATHS\=\ \ /Applications/Xcode-27.0.0-Release.Candidate.app/Contents/Developer/Platforms/XROS.platform/Developer/Library/Frameworks\ /Applications/Xcode-27.0.0-Release.Candidate.app/Contents/Developer/Platforms/XROS.platform/Developer/SDKs/XROS27.0.sdk/Developer/Library/Frameworks
    export SYSTEM_KEXT_INSTALL_PATH\=/System/Library/Extensions
    export SYSTEM_LIBRARY_DIR\=/System/Library
    export TAPI_DEMANGLE\=YES
    export TAPI_DYLIB_INSTALL_NAME\=ASConnectService
    export TAPI_ENABLE_PROJECT_HEADERS\=NO
    export TAPI_LANGUAGE\=objective-c
    export TAPI_LANGUAGE_STANDARD\=compiler-default
    export TAPI_USE_SRCROOT\=YES
    export TAPI_VERIFY_MODE\=Pedantic
    export TARGETED_DEVICE_FAMILY\=1,2,3,4,6,7
    export TARGETNAME\=ASConnectService
    export TARGET_BUILD_DIR\=/Users/admin/builder/spi-builder-workspace/.derivedData/Build/Products/Debug-xros
    export TARGET_NAME\=ASConnectService
    export TARGET_TEMP_DIR\=/Users/admin/builder/spi-builder-workspace/.derivedData/Build/Intermediates.noindex/asconnect-service.build/Debug-xros/ASConnectService-t.build
    export TARGET_TEMP_DIR_SUFFIX\=-t
    export TEMP_DIR\=/Users/admin/builder/spi-builder-workspace/.derivedData/Build/Intermediates.noindex/asconnect-service.build/Debug-xros/ASConnectService-t.build
    export TEMP_FILES_DIR\=/Users/admin/builder/spi-builder-workspace/.derivedData/Build/Intermediates.noindex/asconnect-service.build/Debug-xros/ASConnectService-t.build
    export TEMP_FILE_DIR\=/Users/admin/builder/spi-builder-workspace/.derivedData/Build/Intermediates.noindex/asconnect-service.build/Debug-xros/ASConnectService-t.build
    export TEMP_ROOT\=/Users/admin/builder/spi-builder-workspace/.derivedData/Build/Intermediates.noindex
    export TEMP_SANDBOX_DIR\=/Users/admin/builder/spi-builder-workspace/.derivedData/Build/Intermediates.noindex/TemporaryTaskSandboxes
    export TEST_FRAMEWORK_SEARCH_PATHS\=\ /Applications/Xcode-27.0.0-Release.Candidate.app/Contents/Developer/Platforms/XROS.platform/Developer/Library/Frameworks\ /Applications/Xcode-27.0.0-Release.Candidate.app/Contents/Developer/Platforms/XROS.platform/Developer/SDKs/XROS27.0.sdk/Developer/Library/Frameworks
    export TEST_LIBRARY_SEARCH_PATHS\=\ /Applications/Xcode-27.0.0-Release.Candidate.app/Contents/Developer/Platforms/XROS.platform/Developer/usr/lib
    export TOOLCHAINS\=com.apple.dt.toolchain.Metal.32023.921.5\ com.apple.dt.toolchain.XcodeDefault
    export TOOLCHAIN_DIR\=/var/run/com.apple.security.cryptexd/mnt/com.apple.MobileAsset.MetalToolchain-v27.1.266.1.VZCAYj/Metal.xctoolchain
    export TOOLCHAIN_VERSION\=32023.921.5
    export TREAT_MISSING_BASELINES_AS_TEST_FAILURES\=NO
    export TREAT_MISSING_SCRIPT_PHASE_OUTPUTS_AS_ERRORS\=NO
    export UID\=501
    export UNINSTALLED_PRODUCTS_DIR\=/Users/admin/builder/spi-builder-workspace/.derivedData/Build/Intermediates.noindex/UninstalledProducts
    export UNSTRIPPED_PRODUCT\=NO
    export USER\=admin
    export USER_APPS_DIR\=/Users/admin/Applications
    export USER_LIBRARY_DIR\=/Users/admin/Library
    export USE_DYNAMIC_NO_PIC\=YES
    export USE_HEADERMAP\=NO
    export USE_HEADER_SYMLINKS\=NO
    export VALIDATE_DEVELOPMENT_ASSET_PATHS\=YES_ERROR
    export VALIDATE_PRODUCT\=NO
    export VALID_ARCHS\=arm64\ arm64e
    export VERBOSE_PBXCP\=NO
    export VERSION_INFO_BUILDER\=admin
    export VERSION_INFO_FILE\=ASConnectService_vers.c
    export VERSION_INFO_STRING\=\"@\(\#\)PROGRAM:ASConnectService\ \ PROJECT:asconnect-service-\"
    export WORKSPACE_DIR\=/Users/admin/builder/spi-builder-workspace/.swiftpm/xcode
    export WRAP_ASSET_PACKS_IN_SEPARATE_DIRECTORIES\=NO
    export XCODE_APP_SUPPORT_DIR\=/Applications/Xcode-27.0.0-Release.Candidate.app/Contents/Developer/Library/Xcode
    export XCODE_PRODUCT_BUILD_VERSION\=27A266a
    export XCODE_VERSION_ACTUAL\=2700
    export XCODE_VERSION_MAJOR\=2700
    export XCODE_VERSION_MINOR\=2700
    export XPCSERVICES_FOLDER_PATH\=/XPCServices
    export XROS_DEPLOYMENT_TARGET\=1.0
    export YACC\=yacc
    export _DISCOVER_COMMAND_LINE_LINKER_INPUTS\=YES
    export _DISCOVER_COMMAND_LINE_LINKER_INPUTS_INCLUDE_WL\=YES
    export _LD_MULTIARCH\=YES
    export _SWIFT_EXPLICIT_MODULES_ALLOW_CXX_INTEROP\=YES
    export __ARCHS__\=arm64
    export __DIAGNOSE_DEPRECATED_ARCHS\=YES
    export __DIAGNOSE_INVALID_DEPLOYMENT_TARGET_AS_ERROR\=YES
    export __ORIGINAL_SDK_DEFINED_LLVM_TARGET_TRIPLE_SYS\=xros
    export arch\=undefined_arch
    export variant\=normal
    /usr/bin/sandbox-exec -p \(version\ 1\)'
'\(deny\ default\)'
'\(import\ \"system.sb\"\)'
'\(allow\ file-read\*\)'
'\(allow\ process\*\)'
'\(allow\ mach-lookup\ \(global-name\ \"com.apple.lsd.mapdb\"\)\)'
'\(allow\ mach-lookup\ \(global-name\ \"com.apple.mobileassetd.v2\"\)\)'
'\(allow\ file-write\*'
'\ \ \ \ \(subpath\ \"/private/tmp\"\)'
'\ \ \ \ \(subpath\ \"/private/var/tmp\"\)'
'\ \ \ \ \(subpath\ \"/private/var/folders/xq/y_g06wb113726d38xsyx71_h0000gn/T\"\)'
'\ \ \ \ \(subpath\ \"/private/var/folders/xq/y_g06wb113726d38xsyx71_h0000gn/C\"\)'
'\)'
'\(deny\ file-write\*'
'\ \ \ \ \(subpath\ \"/Users/admin/builder/spi-builder-workspace\"\)'
'\)'
'\(allow\ file-write\*'
'\ \ \ \ \(subpath\ \"/Users/admin/builder/spi-builder-workspace/.derivedData/Build/Intermediates.noindex/BuildToolPluginIntermediates/spi-builder-workspace.output/ASConnectService/OpenAPIGenerator\"\)'
'\ \ \ \ \(subpath\ \"/private/var/folders/xq/y_g06wb113726d38xsyx71_h0000gn/T/TemporaryItems\"\)'
'\)'
' //Users/admin/builder/spi-builder-workspace/.derivedData/Build/Products/Debug/swift-openapi-generator generate /Users/admin/builder/spi-builder-workspace/Sources/ASConnectService/openapi.json --config /Users/admin/builder/spi-builder-workspace/Sources/ASConnectService/openapi-generator-config.yaml --output-directory /Users/admin/builder/spi-builder-workspace/.derivedData/Build/Intermediates.noindex/BuildToolPluginIntermediates/spi-builder-workspace.output/ASConnectService/OpenAPIGenerator/GeneratedSources --plugin-source build
dyld[2561]: Symbol not found: _swift_initBorrow
  Referenced from: <7E61B505-7854-379B-80DA-0B683CCB926D> /Users/admin/builder/spi-builder-workspace/.derivedData/Build/Products/Debug/swift-openapi-generator
  Expected in:     <83794FB3-DE9B-3D23-AB5E-2C1D5D30F134> /usr/lib/swift/libswiftCore.dylib
Command CustomTask failed with a nonzero exit code
PruneExplicitPrecompiledModules /Users/admin/builder/spi-builder-workspace/.derivedData/Build/Intermediates.noindex/SwiftExplicitPrecompiledModules
PruneExplicitPrecompiledModules /Users/admin/builder/spi-builder-workspace/.derivedData/SDKExplicitPrecompiledModules
PruneExplicitPrecompiledModules /Users/admin/builder/spi-builder-workspace/.derivedData/Build/Intermediates.noindex/ExplicitPrecompiledModules
2026-09-24 09:17:18.766 xcodebuild[2488:13871] [MT] IDERunDestination: Supported platforms for the buildables in the current scheme is empty.
** BUILD FAILED **
The following build commands failed:
	CustomTask Running\ swift-openapi-generator 376a9b80b164f6ac67f5e27990c40a34 (in target 'ASConnectService' from project 'asconnect-service')
	Building workspace asconnect-service with scheme asconnect-service
(2 failures)
BUILD FAILURE 6.4 visionOS