Build Information
Failed to build SwiftBackports, reference main (2fd64a), with Swift 6.1 for Android on 2 Jul 2026 06:55:21 UTC.
Build Command
bash -c docker run --pull=always --rm -v "checkouts-53886770-0":/host -w "$PWD" -e JAVA_HOME="/root/.sdkman/candidates/java/current" -e SPI_BUILD="1" -e SPI_PROCESSING="1" registry.gitlab.com/saguaro1/spi-images:android-6.1-latest swift build --swift-sdk aarch64-unknown-linux-android24 2>&1Build Log
========================================
RunAll
========================================
Builder version: 0e64495ecc1688c3b3e031a5ef1348b5c05091ae
Interrupt handler set up.
========================================
Checkout
========================================
Clone URL: https://github.com/shaps80/SwiftBackports.git
Reference: main
Initialized empty Git repository in /host/spi-builder-workspace/.git/
hint: Using 'master' as the name for the initial branch. This default branch name
hint: is subject to change. To configure the initial branch name to use in all
hint: of your new repositories, which will suppress this warning, call:
hint:
hint: git config --global init.defaultBranch <name>
hint:
hint: Names commonly chosen instead of 'master' are 'main', 'trunk' and
hint: 'development'. The just-created branch can be renamed via this command:
hint:
hint: git branch -m <name>
From https://github.com/shaps80/SwiftBackports
* branch main -> FETCH_HEAD
* [new branch] main -> origin/main
HEAD is now at 2fd64af Removes fully deprecated API
Cloned https://github.com/shaps80/SwiftBackports.git
Revision (git rev-parse @):
2fd64af06ba280d20d93236e99177a8b8f6011ee
SUCCESS checkout https://github.com/shaps80/SwiftBackports.git at main
========================================
Build
========================================
Selected platform: android
Swift version: 6.1
Building package at path: $PWD
https://github.com/shaps80/SwiftBackports.git
https://github.com/shaps80/SwiftBackports.git
WARNING: environment variable SUPPRESS_SWIFT_6_FLAGS is not set
Running build ...
bash -c docker run --pull=always --rm -v "checkouts-53886770-0":/host -w "$PWD" -e JAVA_HOME="/root/.sdkman/candidates/java/current" -e SPI_BUILD="1" -e SPI_PROCESSING="1" registry.gitlab.com/saguaro1/spi-images:android-6.1-latest swift build --swift-sdk aarch64-unknown-linux-android24 -Xswiftc -Xfrontend -Xswiftc -stats-output-dir -Xswiftc -Xfrontend -Xswiftc .stats -Xswiftc -strict-concurrency=complete -Xswiftc -enable-upcoming-feature -Xswiftc StrictConcurrency -Xswiftc -enable-upcoming-feature -Xswiftc DisableOutwardActorInference -Xswiftc -enable-upcoming-feature -Xswiftc GlobalActorIsolatedTypesUsability -Xswiftc -enable-upcoming-feature -Xswiftc InferSendableFromCaptures 2>&1
android-6.1-latest: Pulling from saguaro1/spi-images
Digest: sha256:365d9b14669f92fea0572234887def10439445c91d7e524c78a6579ad7294f11
Status: Image is up to date for registry.gitlab.com/saguaro1/spi-images:android-6.1-latest
Fetching https://github.com/apple/swift-docc-plugin
[1/2325] Fetching swift-docc-plugin
Fetched https://github.com/apple/swift-docc-plugin from cache (0.48s)
Computing version for https://github.com/apple/swift-docc-plugin
Computed https://github.com/apple/swift-docc-plugin at 1.5.0 (1.41s)
Fetching https://github.com/swiftlang/swift-docc-symbolkit
[1/3749] Fetching swift-docc-symbolkit
Fetched https://github.com/swiftlang/swift-docc-symbolkit from cache (0.47s)
Computing version for https://github.com/swiftlang/swift-docc-symbolkit
Computed https://github.com/swiftlang/swift-docc-symbolkit at 1.0.0 (0.74s)
Creating working copy for https://github.com/apple/swift-docc-plugin
Working copy of https://github.com/apple/swift-docc-plugin resolved at 1.5.0
Creating working copy for https://github.com/swiftlang/swift-docc-symbolkit
Working copy of https://github.com/swiftlang/swift-docc-symbolkit resolved at 1.0.0
[1/1] Compiling plugin Swift-DocC Preview
[2/2] Compiling plugin Swift-DocC
Building for debugging...
[2/4] Write sources
[3/4] Write swift-version-24593BA9C3E375BF.txt
[5/10] Compiling SwiftBackports Backport.swift
<unknown>:0: warning: upcoming feature 'InferSendableFromCaptures' is already enabled as of Swift version 6
<unknown>:0: warning: upcoming feature 'GlobalActorIsolatedTypesUsability' is already enabled as of Swift version 6
<unknown>:0: warning: upcoming feature 'DisableOutwardActorInference' is already enabled as of Swift version 6
/host/spi-builder-workspace/Sources/SwiftBackports/UniformTypeIdentifiers/CoreTypes.swift:2:8: error: no such module 'CoreServices'
1 | import Foundation
2 | import CoreServices
| `- error: no such module 'CoreServices'
3 |
4 | @available(iOS, introduced: 11, deprecated: 14, message: "Use UniformTypeIdentifiers.UTType instead")
error: emit-module command failed with exit code 1 (use -v to see invocation)
[6/10] Emitting module SwiftBackports
<unknown>:0: warning: upcoming feature 'InferSendableFromCaptures' is already enabled as of Swift version 6
<unknown>:0: warning: upcoming feature 'GlobalActorIsolatedTypesUsability' is already enabled as of Swift version 6
<unknown>:0: warning: upcoming feature 'DisableOutwardActorInference' is already enabled as of Swift version 6
/host/spi-builder-workspace/Sources/SwiftBackports/UniformTypeIdentifiers/CoreTypes.swift:2:8: error: no such module 'CoreServices'
1 | import Foundation
2 | import CoreServices
| `- error: no such module 'CoreServices'
3 |
4 | @available(iOS, introduced: 11, deprecated: 14, message: "Use UniformTypeIdentifiers.UTType instead")
[7/10] Compiling SwiftBackports URLSession+Async.swift
<unknown>:0: warning: upcoming feature 'InferSendableFromCaptures' is already enabled as of Swift version 6
<unknown>:0: warning: upcoming feature 'GlobalActorIsolatedTypesUsability' is already enabled as of Swift version 6
<unknown>:0: warning: upcoming feature 'DisableOutwardActorInference' is already enabled as of Swift version 6
/host/spi-builder-workspace/Sources/SwiftBackports/UniformTypeIdentifiers/CoreTypes.swift:2:8: error: no such module 'CoreServices'
1 | import Foundation
2 | import CoreServices
| `- error: no such module 'CoreServices'
3 |
4 | @available(iOS, introduced: 11, deprecated: 14, message: "Use UniformTypeIdentifiers.UTType instead")
[8/10] Compiling SwiftBackports UTTagClass.swift
<unknown>:0: warning: upcoming feature 'InferSendableFromCaptures' is already enabled as of Swift version 6
<unknown>:0: warning: upcoming feature 'GlobalActorIsolatedTypesUsability' is already enabled as of Swift version 6
<unknown>:0: warning: upcoming feature 'DisableOutwardActorInference' is already enabled as of Swift version 6
/host/spi-builder-workspace/Sources/SwiftBackports/UniformTypeIdentifiers/CoreTypes.swift:2:8: error: no such module 'CoreServices'
1 | import Foundation
2 | import CoreServices
| `- error: no such module 'CoreServices'
3 |
4 | @available(iOS, introduced: 11, deprecated: 14, message: "Use UniformTypeIdentifiers.UTType instead")
[9/10] Compiling SwiftBackports UTType.swift
<unknown>:0: warning: upcoming feature 'InferSendableFromCaptures' is already enabled as of Swift version 6
<unknown>:0: warning: upcoming feature 'GlobalActorIsolatedTypesUsability' is already enabled as of Swift version 6
<unknown>:0: warning: upcoming feature 'DisableOutwardActorInference' is already enabled as of Swift version 6
/host/spi-builder-workspace/Sources/SwiftBackports/UniformTypeIdentifiers/CoreTypes.swift:2:8: error: no such module 'CoreServices'
1 | import Foundation
2 | import CoreServices
| `- error: no such module 'CoreServices'
3 |
4 | @available(iOS, introduced: 11, deprecated: 14, message: "Use UniformTypeIdentifiers.UTType instead")
[10/10] Compiling SwiftBackports CoreTypes.swift
<unknown>:0: warning: upcoming feature 'InferSendableFromCaptures' is already enabled as of Swift version 6
<unknown>:0: warning: upcoming feature 'GlobalActorIsolatedTypesUsability' is already enabled as of Swift version 6
<unknown>:0: warning: upcoming feature 'DisableOutwardActorInference' is already enabled as of Swift version 6
/host/spi-builder-workspace/Sources/SwiftBackports/UniformTypeIdentifiers/CoreTypes.swift:2:8: error: no such module 'CoreServices'
1 | import Foundation
2 | import CoreServices
| `- error: no such module 'CoreServices'
3 |
4 | @available(iOS, introduced: 11, deprecated: 14, message: "Use UniformTypeIdentifiers.UTType instead")
Running build ...
bash -c docker run --pull=always --rm -v "checkouts-53886770-0":/host -w "$PWD" -e JAVA_HOME="/root/.sdkman/candidates/java/current" -e SPI_BUILD="1" -e SPI_PROCESSING="1" registry.gitlab.com/saguaro1/spi-images:android-6.1-latest swift build --swift-sdk aarch64-unknown-linux-android24 2>&1
android-6.1-latest: Pulling from saguaro1/spi-images
Digest: sha256:365d9b14669f92fea0572234887def10439445c91d7e524c78a6579ad7294f11
Status: Image is up to date for registry.gitlab.com/saguaro1/spi-images:android-6.1-latest
[0/1] Planning build
[1/1] Compiling plugin Swift-DocC Preview
[2/2] Compiling plugin Swift-DocC
Building for debugging...
[2/3] Write swift-version-24593BA9C3E375BF.txt
[4/9] Compiling SwiftBackports URLSession+Async.swift
/host/spi-builder-workspace/Sources/SwiftBackports/UniformTypeIdentifiers/CoreTypes.swift:2:8: error: no such module 'CoreServices'
1 | import Foundation
2 | import CoreServices
| `- error: no such module 'CoreServices'
3 |
4 | @available(iOS, introduced: 11, deprecated: 14, message: "Use UniformTypeIdentifiers.UTType instead")
error: emit-module command failed with exit code 1 (use -v to see invocation)
[5/9] Emitting module SwiftBackports
/host/spi-builder-workspace/Sources/SwiftBackports/UniformTypeIdentifiers/CoreTypes.swift:2:8: error: no such module 'CoreServices'
1 | import Foundation
2 | import CoreServices
| `- error: no such module 'CoreServices'
3 |
4 | @available(iOS, introduced: 11, deprecated: 14, message: "Use UniformTypeIdentifiers.UTType instead")
[6/9] Compiling SwiftBackports UTType.swift
/host/spi-builder-workspace/Sources/SwiftBackports/UniformTypeIdentifiers/CoreTypes.swift:2:8: error: no such module 'CoreServices'
1 | import Foundation
2 | import CoreServices
| `- error: no such module 'CoreServices'
3 |
4 | @available(iOS, introduced: 11, deprecated: 14, message: "Use UniformTypeIdentifiers.UTType instead")
[7/9] Compiling SwiftBackports CoreTypes.swift
/host/spi-builder-workspace/Sources/SwiftBackports/UniformTypeIdentifiers/CoreTypes.swift:2:8: error: no such module 'CoreServices'
1 | import Foundation
2 | import CoreServices
| `- error: no such module 'CoreServices'
3 |
4 | @available(iOS, introduced: 11, deprecated: 14, message: "Use UniformTypeIdentifiers.UTType instead")
[8/9] Compiling SwiftBackports UTTagClass.swift
/host/spi-builder-workspace/Sources/SwiftBackports/UniformTypeIdentifiers/CoreTypes.swift:2:8: error: no such module 'CoreServices'
1 | import Foundation
2 | import CoreServices
| `- error: no such module 'CoreServices'
3 |
4 | @available(iOS, introduced: 11, deprecated: 14, message: "Use UniformTypeIdentifiers.UTType instead")
[9/9] Compiling SwiftBackports Backport.swift
/host/spi-builder-workspace/Sources/SwiftBackports/UniformTypeIdentifiers/CoreTypes.swift:2:8: error: no such module 'CoreServices'
1 | import Foundation
2 | import CoreServices
| `- error: no such module 'CoreServices'
3 |
4 | @available(iOS, introduced: 11, deprecated: 14, message: "Use UniformTypeIdentifiers.UTType instead")
BUILD FAILURE 6.1 android