Build Information
Failed to build SwiftyOLED, reference 1.0.0 (214ec7), with Swift 6.4 for watchOS using Xcode 27.0 on 15 Sep 2026 22:23:34 UTC.
Build Command
env DEVELOPER_DIR=/Applications/Xcode-27.0.0-Release.Candidate.app xcrun xcodebuild -IDEClonedSourcePackagesDirPathOverride=$PWD/.dependencies -skipMacroValidation -skipPackagePluginValidation -derivedDataPath $PWD/.derivedData build -scheme SwiftyOLED-Package -destination generic/platform=watchOSBuild Log
========================================
RunAll
========================================
Builder version: 5.1.0
Interrupt handler set up.
========================================
Checkout
========================================
Clone URL: https://github.com/3qax/swiftyoled.git
Reference: 1.0.0
Initialized empty Git repository in /Users/admin/builder/spi-builder-workspace/.git/
From https://github.com/3qax/swiftyoled
* tag 1.0.0 -> FETCH_HEAD
HEAD is now at 214ec7b First release
Cloned https://github.com/3qax/swiftyoled.git
Revision (git rev-parse @):
214ec7bb8d28631c336514b24be47c444845ed22
SUCCESS checkout https://github.com/3qax/swiftyoled.git at 1.0.0
========================================
Build
========================================
Selected platform: watchOS
Swift version: 6.4
Building package at path: $PWD
https://github.com/3qax/swiftyoled.git
Command line invocation:
/Applications/Xcode-27.0.0-Release.Candidate.app/Contents/Developer/usr/bin/xcodebuild -IDEClonedSourcePackagesDirPathOverride=/Users/admin/builder/spi-builder-workspace/.dependencies -resolvePackageDependencies
resolved source packages:
{
"dependencies" : [
{
"identity" : "swiftygpio",
"requirement" : {
"range" : [
{
"lower_bound" : "1.1.7",
"upper_bound" : "2.0.0"
}
]
},
"type" : "sourceControl",
"url" : "https://github.com/uraimo/SwiftyGPIO.git"
}
],
"manifest_display_name" : "SwiftyOLED",
"name" : "SwiftyOLED",
"path" : "/Users/admin/builder/spi-builder-workspace",
"platforms" : [
],
"products" : [
{
"name" : "SwiftyOLED",
"targets" : [
"SwiftyOLED"
],
"type" : {
"library" : [
"automatic"
]
}
}
],
"targets" : [
{
"c99name" : "SwiftyOLED",
"module_type" : "SwiftTarget",
"name" : "SwiftyOLED",
"path" : "Sources/SwiftyOLED",
"product_dependencies" : [
"SwiftyGPIO"
],
"product_memberships" : [
"SwiftyOLED"
],
"sources" : [
"SwiftyOLED.swift"
],
"type" : "library"
}
],
"tools_version" : "5.0"
}
{
"project" : {
"configurations" : [
"Debug",
"Release"
],
"name" : "SwiftyOLED",
"schemes" : [
"SwiftyGPIO",
"SwiftyGPIOPackageDescription",
"SwiftyOLED-Package",
"SwiftyOLEDPackageDescription"
],
"targets" : [
"SwiftyGPIO",
"SwiftyGPIOPackageDescription",
"SwiftyOLED",
"SwiftyOLEDPackageDescription"
]
}
}
Running build ...
env DEVELOPER_DIR=/Applications/Xcode-27.0.0-Release.Candidate.app xcrun xcodebuild -IDEClonedSourcePackagesDirPathOverride=$PWD/.dependencies -skipMacroValidation -skipPackagePluginValidation -derivedDataPath $PWD/.derivedData build -scheme SwiftyOLED-Package -destination generic/platform=watchOS
Command line invocation:
/Applications/Xcode-27.0.0-Release.Candidate.app/Contents/Developer/usr/bin/xcodebuild -IDEClonedSourcePackagesDirPathOverride=/Users/admin/builder/spi-builder-workspace/.dependencies -skipMacroValidation -skipPackagePluginValidation -derivedDataPath /Users/admin/builder/spi-builder-workspace/.derivedData build -scheme SwiftyOLED-Package -destination generic/platform=watchOS
ComputePackagePrebuildTargetDependencyGraph
Prepare packages
CreateBuildRequest
SendProjectDescription
CreateBuildOperation
ComputeTargetDependencyGraph
note: Building targets in dependency order
note: Target dependency graph (2 targets)
Target 'SwiftyOLED' in project 'SwiftyOLED'
➜ Explicit dependency on target 'SwiftyGPIO' in project 'SwiftyOLED'
Target 'SwiftyGPIO' in project 'SwiftyOLED' (no dependencies)
GatherProvisioningInputs
CreateBuildDescription
ExecuteExternalTool /Applications/Xcode-27.0.0-Release.Candidate.app/Contents/Developer/Toolchains/XcodeDefault.xctoolchain/usr/bin/clang -v -E -dM -isysroot /Applications/Xcode-27.0.0-Release.Candidate.app/Contents/Developer/Platforms/WatchOS.platform/Developer/SDKs/WatchOS27.0.sdk -x c -c /dev/null
ExecuteExternalTool /Applications/Xcode-27.0.0-Release.Candidate.app/Contents/Developer/Toolchains/XcodeDefault.xctoolchain/usr/bin/swiftc --version
ExecuteExternalTool /Applications/Xcode-27.0.0-Release.Candidate.app/Contents/Developer/Toolchains/XcodeDefault.xctoolchain/usr/bin/ld -version_details
Build description signature: 006a9ac369cd46bd07758cffd7713273
Build description path: /Users/admin/builder/spi-builder-workspace/.derivedData/Build/Intermediates.noindex/XCBuildData/006a9ac369cd46bd07758cffd7713273.xcbuilddata
/Users/admin/builder/spi-builder-workspace/SwiftyOLED.xcodeproj: error: The watchOS deployment target 'WATCHOS_DEPLOYMENT_TARGET' is set to 2.0, but the range of supported deployment target versions is 9.0 to 27.0.x. (in target 'SwiftyOLED' from project 'SwiftyOLED')
error: The armv7k architecture is deprecated. You should update your ARCHS build setting to remove the armv7k architecture. (in target 'SwiftyOLED' from project 'SwiftyOLED')
** BUILD FAILED **
The following build commands failed:
Building project SwiftyOLED with scheme SwiftyOLED-Package
(1 failure)
Command line invocation:
/Applications/Xcode-27.0.0-Release.Candidate.app/Contents/Developer/usr/bin/xcodebuild -IDEClonedSourcePackagesDirPathOverride=/Users/admin/builder/spi-builder-workspace/.dependencies -resolvePackageDependencies
resolved source packages:
{
"dependencies" : [
{
"identity" : "swiftygpio",
"requirement" : {
"range" : [
{
"lower_bound" : "1.1.7",
"upper_bound" : "2.0.0"
}
]
},
"type" : "sourceControl",
"url" : "https://github.com/uraimo/SwiftyGPIO.git"
}
],
"manifest_display_name" : "SwiftyOLED",
"name" : "SwiftyOLED",
"path" : "/Users/admin/builder/spi-builder-workspace",
"platforms" : [
],
"products" : [
{
"name" : "SwiftyOLED",
"targets" : [
"SwiftyOLED"
],
"type" : {
"library" : [
"automatic"
]
}
}
],
"targets" : [
{
"c99name" : "SwiftyOLED",
"module_type" : "SwiftTarget",
"name" : "SwiftyOLED",
"path" : "Sources/SwiftyOLED",
"product_dependencies" : [
"SwiftyGPIO"
],
"product_memberships" : [
"SwiftyOLED"
],
"sources" : [
"SwiftyOLED.swift"
],
"type" : "library"
}
],
"tools_version" : "5.0"
}
{
"project" : {
"configurations" : [
"Debug",
"Release"
],
"name" : "SwiftyOLED",
"schemes" : [
"SwiftyGPIO",
"SwiftyGPIOPackageDescription",
"SwiftyOLED-Package",
"SwiftyOLEDPackageDescription"
],
"targets" : [
"SwiftyGPIO",
"SwiftyGPIOPackageDescription",
"SwiftyOLED",
"SwiftyOLEDPackageDescription"
]
}
}
Running build ...
env DEVELOPER_DIR=/Applications/Xcode-27.0.0-Release.Candidate.app xcrun xcodebuild -IDEClonedSourcePackagesDirPathOverride=$PWD/.dependencies -skipMacroValidation -skipPackagePluginValidation -derivedDataPath $PWD/.derivedData build -scheme SwiftyOLED-Package -destination generic/platform=watchOS
Command line invocation:
/Applications/Xcode-27.0.0-Release.Candidate.app/Contents/Developer/usr/bin/xcodebuild -IDEClonedSourcePackagesDirPathOverride=/Users/admin/builder/spi-builder-workspace/.dependencies -skipMacroValidation -skipPackagePluginValidation -derivedDataPath /Users/admin/builder/spi-builder-workspace/.derivedData build -scheme SwiftyOLED-Package -destination generic/platform=watchOS
ComputePackagePrebuildTargetDependencyGraph
Prepare packages
CreateBuildRequest
SendProjectDescription
CreateBuildOperation
ComputeTargetDependencyGraph
note: Building targets in dependency order
note: Target dependency graph (2 targets)
Target 'SwiftyOLED' in project 'SwiftyOLED'
➜ Explicit dependency on target 'SwiftyGPIO' in project 'SwiftyOLED'
Target 'SwiftyGPIO' in project 'SwiftyOLED' (no dependencies)
GatherProvisioningInputs
CreateBuildDescription
error: The armv7k architecture is deprecated. You should update your ARCHS build setting to remove the armv7k architecture. (in target 'SwiftyOLED' from project 'SwiftyOLED')
/Users/admin/builder/spi-builder-workspace/SwiftyOLED.xcodeproj: error: The watchOS deployment target 'WATCHOS_DEPLOYMENT_TARGET' is set to 2.0, but the range of supported deployment target versions is 9.0 to 27.0.x. (in target 'SwiftyOLED' from project 'SwiftyOLED')
** BUILD FAILED **
The following build commands failed:
Building project SwiftyOLED with scheme SwiftyOLED-Package
(1 failure)
BUILD FAILURE 6.4 watchOS