Build Information
Failed to build Atlas, reference 2.0.1 (e321f6), with Swift 6.4 for tvOS using Xcode 27.0 on 16 Sep 2026 05:41:46 UTC.
Build Command
No build command. This typically means the build failed at an early stage where we determine the build command.Build Log
========================================
RunAll
========================================
Builder version: 5.1.0
Interrupt handler set up.
========================================
Checkout
========================================
Clone URL: https://github.com/priteshrnandgaonkar/atlas.git
Reference: 2.0.1
Initialized empty Git repository in /Users/admin/builder/spi-builder-workspace/.git/
From https://github.com/priteshrnandgaonkar/atlas
* tag 2.0.1 -> FETCH_HEAD
HEAD is now at e321f67 Fix syntax issue
Cloned https://github.com/priteshrnandgaonkar/atlas.git
Revision (git rev-parse @):
e321f67a83de8e40182a8de6c497a785b3b6226b
SUCCESS checkout https://github.com/priteshrnandgaonkar/atlas.git at 2.0.1
========================================
Build
========================================
Selected platform: tvOS
Swift version: 6.4
Building package at path: $PWD
https://github.com/priteshrnandgaonkar/atlas.git
Command line invocation:
/Applications/Xcode-27.0.0-Release.Candidate.app/Contents/Developer/usr/bin/xcodebuild -IDEClonedSourcePackagesDirPathOverride=/Users/admin/builder/spi-builder-workspace/.dependencies -resolvePackageDependencies
Resolve Package Graph
Fetching from /Users/admin/builder/someShit
Fetching from /Users/admin/builder/someShit
Resolve Package Graph
Fetching from /Users/admin/builder/someShit
Fetching from /Users/admin/builder/someShit
Resolved source packages:
spi-builder-workspace: (null)
2026-09-16 01:41:45.056 xcodebuild[529:3013] Writing error result bundle to /var/folders/xq/y_g06wb113726d38xsyx71_h0000gn/T/ResultBundle_2026-16-09_01-41-0045.xcresult
xcodebuild: error: Could not resolve package dependencies:
Failed to clone repository /Users/admin/builder/someShit:
fatal: repository '/Users/admin/builder/someShit' does not exist
Command line invocation:
/Applications/Xcode-27.0.0-Release.Candidate.app/Contents/Developer/usr/bin/xcodebuild -IDEClonedSourcePackagesDirPathOverride=/Users/admin/builder/spi-builder-workspace/.dependencies -resolvePackageDependencies
Resolve Package Graph
Fetching from /Users/admin/builder/someShit
Fetching from /Users/admin/builder/someShit
Resolved source packages:
spi-builder-workspace: (null)
2026-09-16 01:41:46.218 xcodebuild[611:3686] Writing error result bundle to /var/folders/xq/y_g06wb113726d38xsyx71_h0000gn/T/ResultBundle_2026-16-09_01-41-0046.xcresult
xcodebuild: error: Could not resolve package dependencies:
Failed to clone repository /Users/admin/builder/someShit:
fatal: repository '/Users/admin/builder/someShit' does not exist
BUILD FAILURE 6.4 tvOS