Build Information
Failed to build WarpShader, reference 1.0.1 (ac2a99), with Swift 6.4 for tvOS using Xcode 27.0 on 21 Sep 2026 21:09:20 UTC.
Build Command
env DEVELOPER_DIR=/Applications/Xcode-27.0.0-Release.Candidate.app xcrun xcodebuild -IDEClonedSourcePackagesDirPathOverride=$PWD/.dependencies -skipMacroValidation -skipPackagePluginValidation -derivedDataPath $PWD/.derivedData build -scheme WarpShader-Package -destination generic/platform=tvOSBuild Log
========================================
RunAll
========================================
Builder version: 5.1.0
Interrupt handler set up.
========================================
Checkout
========================================
Clone URL: https://github.com/mcritz/WarpShader.git
Reference: 1.0.1
Initialized empty Git repository in /Users/admin/builder/spi-builder-workspace/.git/
From https://github.com/mcritz/WarpShader
* tag 1.0.1 -> FETCH_HEAD
HEAD is now at ac2a995 improves README
Cloned https://github.com/mcritz/WarpShader.git
Revision (git rev-parse @):
ac2a9952aeb179a61fe01a635f27f14496752c81
SUCCESS checkout https://github.com/mcritz/WarpShader.git at 1.0.1
========================================
Build
========================================
Selected platform: tvOS
Swift version: 6.4
Building package at path: $PWD
https://github.com/mcritz/WarpShader.git
Command line invocation:
/Applications/Xcode-27.0.0-Release.Candidate.app/Contents/Developer/usr/bin/xcodebuild -IDEClonedSourcePackagesDirPathOverride=/Users/admin/builder/spi-builder-workspace/.dependencies -resolvePackageDependencies
Resolve Package Graph
Resolve Package Graph
Resolved source packages:
WarpShader: /Users/admin/builder/spi-builder-workspace
resolved source packages: WarpShader
2026-09-21 17:08:26.050 xcodebuild[529:3052] [MT] IDERunDestination: Supported platforms for the buildables in the current scheme is empty.
2026-09-21 17:08:26.200 xcodebuild[529:3052] [MT] IDERunDestination: Supported platforms for the buildables in the current scheme is empty.
2026-09-21 17:08:27.890 xcodebuild[529:3052] [MT] IDERunDestination: Supported platforms for the buildables in the current scheme is empty.
{
"dependencies" : [
],
"manifest_display_name" : "WarpShader",
"name" : "WarpShader",
"path" : "/Users/admin/builder/spi-builder-workspace",
"platforms" : [
{
"name" : "macos",
"version" : "14.0"
},
{
"name" : "ios",
"version" : "17.0"
},
{
"name" : "tvos",
"version" : "17.0"
},
{
"name" : "visionos",
"version" : "1.0"
}
],
"products" : [
{
"name" : "WarpShader",
"targets" : [
"WarpShader"
],
"type" : {
"library" : [
"automatic"
]
}
},
{
"name" : "WarpShaderExample",
"targets" : [
"WarpShaderExample"
],
"type" : {
"executable" : null
}
}
],
"targets" : [
{
"c99name" : "WarpShaderExample",
"module_type" : "SwiftTarget",
"name" : "WarpShaderExample",
"path" : "Sources/WarpShaderExample",
"product_memberships" : [
"WarpShaderExample"
],
"sources" : [
"WarpShaderExample/ContentView.swift",
"WarpShaderExample/WarpShaderApp.swift"
],
"target_dependencies" : [
"WarpShader"
],
"type" : "executable"
},
{
"c99name" : "WarpShader",
"module_type" : "SwiftTarget",
"name" : "WarpShader",
"path" : "Sources/WarpShader",
"product_memberships" : [
"WarpShader",
"WarpShaderExample"
],
"resources" : [
{
"path" : "/Users/admin/builder/spi-builder-workspace/Sources/WarpShader/Shaders.metal",
"rule" : {
"process" : {
}
}
}
],
"sources" : [
"ShaderFunction+StarWarp.swift",
"Warp.swift"
],
"type" : "library"
}
],
"tools_version" : "6.0"
}
{
"workspace" : {
"name" : "WarpShader",
"schemes" : [
"WarpShader",
"WarpShader-Package",
"WarpShaderExample"
]
}
}
2026-09-21 17:09:04.549 xcodebuild[627:3871] [MT] IDERunDestination: Supported platforms for the buildables in the current scheme is empty.
Running build ...
env DEVELOPER_DIR=/Applications/Xcode-27.0.0-Release.Candidate.app xcrun xcodebuild -IDEClonedSourcePackagesDirPathOverride=$PWD/.dependencies -skipMacroValidation -skipPackagePluginValidation -derivedDataPath $PWD/.derivedData build -scheme WarpShader-Package -destination generic/platform=tvOS
Command line invocation:
/Applications/Xcode-27.0.0-Release.Candidate.app/Contents/Developer/usr/bin/xcodebuild -IDEClonedSourcePackagesDirPathOverride=/Users/admin/builder/spi-builder-workspace/.dependencies -skipMacroValidation -skipPackagePluginValidation -derivedDataPath /Users/admin/builder/spi-builder-workspace/.derivedData build -scheme WarpShader-Package -destination generic/platform=tvOS
Resolve Package Graph
Resolved source packages:
WarpShader: /Users/admin/builder/spi-builder-workspace
ComputePackagePrebuildTargetDependencyGraph
Prepare packages
CreateBuildRequest
SendProjectDescription
CreateBuildOperation
ComputeTargetDependencyGraph
note: Building targets in dependency order
note: Target dependency graph (5 targets)
Target 'WarpShaderExample-product' in project 'WarpShader'
➜ Explicit dependency on target 'WarpShader_WarpShaderExample' in project 'WarpShader'
➜ Explicit dependency on target 'WarpShader' in project 'WarpShader'
Target 'WarpShader_WarpShaderExample' in project 'WarpShader' (no dependencies)
Target 'WarpShader-product' in project 'WarpShader'
➜ Explicit dependency on target 'WarpShader' in project 'WarpShader'
➜ Explicit dependency on target 'WarpShader_WarpShader' in project 'WarpShader'
Target 'WarpShader' in project 'WarpShader'
➜ Explicit dependency on target 'WarpShader_WarpShader' in project 'WarpShader'
Target 'WarpShader_WarpShader' in project 'WarpShader' (no dependencies)
GatherProvisioningInputs
CreateBuildDescription
ExecuteExternalTool /Applications/Xcode-27.0.0-Release.Candidate.app/Contents/Developer/Toolchains/XcodeDefault.xctoolchain/usr/bin/swiftc --version
ExecuteExternalTool /Applications/Xcode-27.0.0-Release.Candidate.app/Contents/Developer/Toolchains/XcodeDefault.xctoolchain/usr/bin/clang -v -E -dM -isysroot /Applications/Xcode-27.0.0-Release.Candidate.app/Contents/Developer/Platforms/AppleTVOS.platform/Developer/SDKs/AppleTVOS27.0.sdk -x c -c /dev/null
ExecuteExternalTool /Applications/Xcode-27.0.0-Release.Candidate.app/Contents/Developer/usr/bin/actool --version --output-format xml1
ExecuteExternalTool /Applications/Xcode-27.0.0-Release.Candidate.app/Contents/Developer/Toolchains/XcodeDefault.xctoolchain/usr/bin/ld -version_details
Build description signature: e4cdf976023d8da3888de6c40a841f10
Build description path: /Users/admin/builder/spi-builder-workspace/.derivedData/Build/Intermediates.noindex/XCBuildData/e4cdf976023d8da3888de6c40a841f10.xcbuilddata
CreateBuildDirectory /Users/admin/builder/spi-builder-workspace/.derivedData/CompilationCache.noindex
cd /Users/admin/builder/spi-builder-workspace/.swiftpm/xcode
builtin-create-build-directory /Users/admin/builder/spi-builder-workspace/.derivedData/CompilationCache.noindex
CreateBuildDirectory /Users/admin/builder/spi-builder-workspace/.derivedData/SDKExplicitPrecompiledModules
cd /Users/admin/builder/spi-builder-workspace/.swiftpm/xcode
builtin-create-build-directory /Users/admin/builder/spi-builder-workspace/.derivedData/SDKExplicitPrecompiledModules
CreateBuildDirectory /Users/admin/builder/spi-builder-workspace/.derivedData/ModuleCache.noindex
cd /Users/admin/builder/spi-builder-workspace/.swiftpm/xcode
builtin-create-build-directory /Users/admin/builder/spi-builder-workspace/.derivedData/ModuleCache.noindex
CreateBuildDirectory /Users/admin/builder/spi-builder-workspace/.derivedData/Build/Intermediates.noindex
cd /Users/admin/builder/spi-builder-workspace/.swiftpm/xcode
builtin-create-build-directory /Users/admin/builder/spi-builder-workspace/.derivedData/Build/Intermediates.noindex
CreateBuildDirectory /Users/admin/builder/spi-builder-workspace/.derivedData/Build/Products
cd /Users/admin/builder/spi-builder-workspace/.swiftpm/xcode
builtin-create-build-directory /Users/admin/builder/spi-builder-workspace/.derivedData/Build/Products
ClangStatCache /Applications/Xcode-27.0.0-Release.Candidate.app/Contents/Developer/Toolchains/XcodeDefault.xctoolchain/usr/bin/clang-stat-cache /Applications/Xcode-27.0.0-Release.Candidate.app/Contents/Developer/Platforms/AppleTVOS.platform/Developer/SDKs/AppleTVOS27.0.sdk /Users/admin/builder/spi-builder-workspace/.derivedData/SDKStatCaches.noindex/appletvos27.0-24J360-e829b21a6f8c9b70876ba0858053c044b32bfd8d43560033f8d89884cdb90028.sdkstatcache
cd /Users/admin/builder/spi-builder-workspace/.swiftpm/xcode
/Applications/Xcode-27.0.0-Release.Candidate.app/Contents/Developer/Toolchains/XcodeDefault.xctoolchain/usr/bin/clang-stat-cache /Applications/Xcode-27.0.0-Release.Candidate.app/Contents/Developer/Platforms/AppleTVOS.platform/Developer/SDKs/AppleTVOS27.0.sdk -o /Users/admin/builder/spi-builder-workspace/.derivedData/SDKStatCaches.noindex/appletvos27.0-24J360-e829b21a6f8c9b70876ba0858053c044b32bfd8d43560033f8d89884cdb90028.sdkstatcache
CreateBuildDirectory /Users/admin/builder/spi-builder-workspace/.derivedData/Build/Intermediates.noindex/SwiftExplicitPrecompiledModules
cd /Users/admin/builder/spi-builder-workspace/.swiftpm/xcode
builtin-create-build-directory /Users/admin/builder/spi-builder-workspace/.derivedData/Build/Intermediates.noindex/SwiftExplicitPrecompiledModules
CreateBuildDirectory /Users/admin/builder/spi-builder-workspace/.derivedData/Build/Intermediates.noindex/PrecompiledHeaders
cd /Users/admin/builder/spi-builder-workspace/.swiftpm/xcode
builtin-create-build-directory /Users/admin/builder/spi-builder-workspace/.derivedData/Build/Intermediates.noindex/PrecompiledHeaders
CreateBuildDirectory /Users/admin/builder/spi-builder-workspace/.derivedData/Build/Intermediates.noindex/ExplicitPrecompiledModules
cd /Users/admin/builder/spi-builder-workspace/.swiftpm/xcode
builtin-create-build-directory /Users/admin/builder/spi-builder-workspace/.derivedData/Build/Intermediates.noindex/ExplicitPrecompiledModules
CreateBuildDirectory /Users/admin/builder/spi-builder-workspace/.derivedData/Build/Products/Debug-appletvos
cd /Users/admin/builder/spi-builder-workspace/.swiftpm/xcode
builtin-create-build-directory /Users/admin/builder/spi-builder-workspace/.derivedData/Build/Products/Debug-appletvos
CreateBuildDirectory /Users/admin/builder/spi-builder-workspace/.derivedData/Build/Intermediates.noindex/EagerLinkingTBDs/Debug-appletvos
cd /Users/admin/builder/spi-builder-workspace/.swiftpm/xcode
builtin-create-build-directory /Users/admin/builder/spi-builder-workspace/.derivedData/Build/Intermediates.noindex/EagerLinkingTBDs/Debug-appletvos
CreateBuildDirectory /Users/admin/builder/spi-builder-workspace/.derivedData/Build/Products/Debug-appletvos/PackageFrameworks
cd /Users/admin/builder/spi-builder-workspace/.swiftpm/xcode
builtin-create-build-directory /Users/admin/builder/spi-builder-workspace/.derivedData/Build/Products/Debug-appletvos/PackageFrameworks
WriteAuxiliaryFile /Users/admin/builder/spi-builder-workspace/.derivedData/Build/Intermediates.noindex/WarpShader.build/Debug-appletvos/WarpShader_WarpShader-b.build/empty-WarpShader_WarpShader.plist (in target 'WarpShader_WarpShader' from project 'WarpShader')
cd /Users/admin/builder/spi-builder-workspace
write-file /Users/admin/builder/spi-builder-workspace/.derivedData/Build/Intermediates.noindex/WarpShader.build/Debug-appletvos/WarpShader_WarpShader-b.build/empty-WarpShader_WarpShader.plist
WriteAuxiliaryFile /Users/admin/builder/spi-builder-workspace/.derivedData/Build/Intermediates.noindex/WarpShader.build/Debug-appletvos/WarpShader_WarpShader-b.build/WarpShader_WarpShader.DependencyStaticMetadataFileList (in target 'WarpShader_WarpShader' from project 'WarpShader')
cd /Users/admin/builder/spi-builder-workspace
write-file /Users/admin/builder/spi-builder-workspace/.derivedData/Build/Intermediates.noindex/WarpShader.build/Debug-appletvos/WarpShader_WarpShader-b.build/WarpShader_WarpShader.DependencyStaticMetadataFileList
WriteAuxiliaryFile /Users/admin/builder/spi-builder-workspace/.derivedData/Build/Intermediates.noindex/WarpShader.build/Debug-appletvos/WarpShader_WarpShaderExample-b.build/empty-WarpShader_WarpShaderExample.plist (in target 'WarpShader_WarpShaderExample' from project 'WarpShader')
cd /Users/admin/builder/spi-builder-workspace
write-file /Users/admin/builder/spi-builder-workspace/.derivedData/Build/Intermediates.noindex/WarpShader.build/Debug-appletvos/WarpShader_WarpShaderExample-b.build/empty-WarpShader_WarpShaderExample.plist
WriteAuxiliaryFile /Users/admin/builder/spi-builder-workspace/.derivedData/Build/Intermediates.noindex/WarpShader.build/Debug-appletvos/WarpShader_WarpShaderExample-b.build/WarpShader_WarpShaderExample.DependencyStaticMetadataFileList (in target 'WarpShader_WarpShaderExample' from project 'WarpShader')
cd /Users/admin/builder/spi-builder-workspace
write-file /Users/admin/builder/spi-builder-workspace/.derivedData/Build/Intermediates.noindex/WarpShader.build/Debug-appletvos/WarpShader_WarpShaderExample-b.build/WarpShader_WarpShaderExample.DependencyStaticMetadataFileList
WriteAuxiliaryFile /Users/admin/builder/spi-builder-workspace/.derivedData/Build/Intermediates.noindex/WarpShader.build/Debug-appletvos/WarpShader_WarpShaderExample-b.build/WarpShader_WarpShaderExample.DependencyMetadataFileList (in target 'WarpShader_WarpShaderExample' from project 'WarpShader')
cd /Users/admin/builder/spi-builder-workspace
write-file /Users/admin/builder/spi-builder-workspace/.derivedData/Build/Intermediates.noindex/WarpShader.build/Debug-appletvos/WarpShader_WarpShaderExample-b.build/WarpShader_WarpShaderExample.DependencyMetadataFileList
WriteAuxiliaryFile /Users/admin/builder/spi-builder-workspace/.derivedData/Build/Intermediates.noindex/WarpShader.build/Debug-appletvos/WarpShader_WarpShader-b.build/WarpShader_WarpShader.DependencyMetadataFileList (in target 'WarpShader_WarpShader' from project 'WarpShader')
cd /Users/admin/builder/spi-builder-workspace
write-file /Users/admin/builder/spi-builder-workspace/.derivedData/Build/Intermediates.noindex/WarpShader.build/Debug-appletvos/WarpShader_WarpShader-b.build/WarpShader_WarpShader.DependencyMetadataFileList
MkDir /Users/admin/builder/spi-builder-workspace/.derivedData/Build/Products/Debug-appletvos/WarpShader_WarpShaderExample.bundle (in target 'WarpShader_WarpShaderExample' from project 'WarpShader')
cd /Users/admin/builder/spi-builder-workspace
/bin/mkdir -p /Users/admin/builder/spi-builder-workspace/.derivedData/Build/Products/Debug-appletvos/WarpShader_WarpShaderExample.bundle
WriteAuxiliaryFile /Users/admin/builder/spi-builder-workspace/.derivedData/Build/Intermediates.noindex/WarpShader.build/Debug-appletvos/WarpShaderExample-p.build/WarpShaderExample.DependencyStaticMetadataFileList (in target 'WarpShaderExample-product' from project 'WarpShader')
cd /Users/admin/builder/spi-builder-workspace
write-file /Users/admin/builder/spi-builder-workspace/.derivedData/Build/Intermediates.noindex/WarpShader.build/Debug-appletvos/WarpShaderExample-p.build/WarpShaderExample.DependencyStaticMetadataFileList
WriteAuxiliaryFile /Users/admin/builder/spi-builder-workspace/.derivedData/Build/Intermediates.noindex/WarpShader.build/Debug-appletvos/WarpShaderExample-p.build/WarpShaderExample.DependencyMetadataFileList (in target 'WarpShaderExample-product' from project 'WarpShader')
cd /Users/admin/builder/spi-builder-workspace
write-file /Users/admin/builder/spi-builder-workspace/.derivedData/Build/Intermediates.noindex/WarpShader.build/Debug-appletvos/WarpShaderExample-p.build/WarpShaderExample.DependencyMetadataFileList
WriteAuxiliaryFile /Users/admin/builder/spi-builder-workspace/.derivedData/Build/Intermediates.noindex/WarpShader.build/Debug-appletvos/WarpShaderExample-p.build/DerivedSources/resource_bundle_accessor.swift (in target 'WarpShaderExample-product' from project 'WarpShader')
cd /Users/admin/builder/spi-builder-workspace
write-file /Users/admin/builder/spi-builder-workspace/.derivedData/Build/Intermediates.noindex/WarpShader.build/Debug-appletvos/WarpShaderExample-p.build/DerivedSources/resource_bundle_accessor.swift
WriteAuxiliaryFile /Users/admin/builder/spi-builder-workspace/.derivedData/Build/Intermediates.noindex/WarpShader.build/Debug-appletvos/WarpShader-t.build/WarpShader.modulemap (in target 'WarpShader' from project 'WarpShader')
cd /Users/admin/builder/spi-builder-workspace
write-file /Users/admin/builder/spi-builder-workspace/.derivedData/Build/Intermediates.noindex/WarpShader.build/Debug-appletvos/WarpShader-t.build/WarpShader.modulemap
WriteAuxiliaryFile /Users/admin/builder/spi-builder-workspace/.derivedData/Build/Intermediates.noindex/WarpShader.build/Debug-appletvos/WarpShader-t.build/WarpShader.DependencyStaticMetadataFileList (in target 'WarpShader' from project 'WarpShader')
cd /Users/admin/builder/spi-builder-workspace
write-file /Users/admin/builder/spi-builder-workspace/.derivedData/Build/Intermediates.noindex/WarpShader.build/Debug-appletvos/WarpShader-t.build/WarpShader.DependencyStaticMetadataFileList
WriteAuxiliaryFile /Users/admin/builder/spi-builder-workspace/.derivedData/Build/Intermediates.noindex/WarpShader.build/Debug-appletvos/WarpShaderExample-p.build/Objects-normal/arm64/WarpShaderExample.LinkFileList (in target 'WarpShaderExample-product' from project 'WarpShader')
cd /Users/admin/builder/spi-builder-workspace
write-file /Users/admin/builder/spi-builder-workspace/.derivedData/Build/Intermediates.noindex/WarpShader.build/Debug-appletvos/WarpShaderExample-p.build/Objects-normal/arm64/WarpShaderExample.LinkFileList
WriteAuxiliaryFile /Users/admin/builder/spi-builder-workspace/.derivedData/Build/Intermediates.noindex/WarpShader.build/Debug-appletvos/WarpShaderExample-p.build/Objects-normal/arm64/WarpShaderExample.SwiftFileList (in target 'WarpShaderExample-product' from project 'WarpShader')
cd /Users/admin/builder/spi-builder-workspace
write-file /Users/admin/builder/spi-builder-workspace/.derivedData/Build/Intermediates.noindex/WarpShader.build/Debug-appletvos/WarpShaderExample-p.build/Objects-normal/arm64/WarpShaderExample.SwiftFileList
WriteAuxiliaryFile /Users/admin/builder/spi-builder-workspace/.derivedData/Build/Intermediates.noindex/WarpShader.build/Debug-appletvos/WarpShaderExample-p.build/Objects-normal/arm64/WarpShaderExample-OutputFileMap.json (in target 'WarpShaderExample-product' from project 'WarpShader')
cd /Users/admin/builder/spi-builder-workspace
write-file /Users/admin/builder/spi-builder-workspace/.derivedData/Build/Intermediates.noindex/WarpShader.build/Debug-appletvos/WarpShaderExample-p.build/Objects-normal/arm64/WarpShaderExample-OutputFileMap.json
WriteAuxiliaryFile /Users/admin/builder/spi-builder-workspace/.derivedData/Build/Intermediates.noindex/WarpShader.build/Debug-appletvos/WarpShaderExample-p.build/Objects-normal/arm64/WarpShaderExample_const_extract_protocols.json (in target 'WarpShaderExample-product' from project 'WarpShader')
cd /Users/admin/builder/spi-builder-workspace
write-file /Users/admin/builder/spi-builder-workspace/.derivedData/Build/Intermediates.noindex/WarpShader.build/Debug-appletvos/WarpShaderExample-p.build/Objects-normal/arm64/WarpShaderExample_const_extract_protocols.json
WriteAuxiliaryFile /Users/admin/builder/spi-builder-workspace/.derivedData/Build/Intermediates.noindex/WarpShader.build/Debug-appletvos/WarpShader-t.build/WarpShader.DependencyMetadataFileList (in target 'WarpShader' from project 'WarpShader')
cd /Users/admin/builder/spi-builder-workspace
write-file /Users/admin/builder/spi-builder-workspace/.derivedData/Build/Intermediates.noindex/WarpShader.build/Debug-appletvos/WarpShader-t.build/WarpShader.DependencyMetadataFileList
WriteAuxiliaryFile /Users/admin/builder/spi-builder-workspace/.derivedData/Build/Intermediates.noindex/WarpShader.build/Debug-appletvos/WarpShader-t.build/Objects-normal/arm64/WarpShader.SwiftFileList (in target 'WarpShader' from project 'WarpShader')
cd /Users/admin/builder/spi-builder-workspace
write-file /Users/admin/builder/spi-builder-workspace/.derivedData/Build/Intermediates.noindex/WarpShader.build/Debug-appletvos/WarpShader-t.build/Objects-normal/arm64/WarpShader.SwiftFileList
WriteAuxiliaryFile /Users/admin/builder/spi-builder-workspace/.derivedData/Build/Intermediates.noindex/WarpShader.build/Debug-appletvos/WarpShader-t.build/Objects-normal/arm64/WarpShader_const_extract_protocols.json (in target 'WarpShader' from project 'WarpShader')
cd /Users/admin/builder/spi-builder-workspace
write-file /Users/admin/builder/spi-builder-workspace/.derivedData/Build/Intermediates.noindex/WarpShader.build/Debug-appletvos/WarpShader-t.build/Objects-normal/arm64/WarpShader_const_extract_protocols.json
WriteAuxiliaryFile /Users/admin/builder/spi-builder-workspace/.derivedData/Build/Intermediates.noindex/WarpShader.build/Debug-appletvos/WarpShader-t.build/Objects-normal/arm64/WarpShader.SwiftConstValuesFileList (in target 'WarpShader' from project 'WarpShader')
cd /Users/admin/builder/spi-builder-workspace
write-file /Users/admin/builder/spi-builder-workspace/.derivedData/Build/Intermediates.noindex/WarpShader.build/Debug-appletvos/WarpShader-t.build/Objects-normal/arm64/WarpShader.SwiftConstValuesFileList
WriteAuxiliaryFile /Users/admin/builder/spi-builder-workspace/.derivedData/Build/Intermediates.noindex/WarpShader.build/Debug-appletvos/WarpShader-t.build/Objects-normal/arm64/WarpShader.LinkFileList (in target 'WarpShader' from project 'WarpShader')
cd /Users/admin/builder/spi-builder-workspace
write-file /Users/admin/builder/spi-builder-workspace/.derivedData/Build/Intermediates.noindex/WarpShader.build/Debug-appletvos/WarpShader-t.build/Objects-normal/arm64/WarpShader.LinkFileList
WriteAuxiliaryFile /Users/admin/builder/spi-builder-workspace/.derivedData/Build/Intermediates.noindex/WarpShader.build/Debug-appletvos/WarpShader-t.build/Objects-normal/arm64/WarpShader-OutputFileMap.json (in target 'WarpShader' from project 'WarpShader')
cd /Users/admin/builder/spi-builder-workspace
write-file /Users/admin/builder/spi-builder-workspace/.derivedData/Build/Intermediates.noindex/WarpShader.build/Debug-appletvos/WarpShader-t.build/Objects-normal/arm64/WarpShader-OutputFileMap.json
Copy /Users/admin/builder/spi-builder-workspace/.derivedData/Build/Intermediates.noindex/GeneratedModuleMaps-appletvos/WarpShader.modulemap /Users/admin/builder/spi-builder-workspace/.derivedData/Build/Intermediates.noindex/WarpShader.build/Debug-appletvos/WarpShader-t.build/WarpShader.modulemap (in target 'WarpShader' from project 'WarpShader')
cd /Users/admin/builder/spi-builder-workspace
builtin-copy -exclude .DS_Store -exclude CVS -exclude .svn -exclude .git -exclude .hg -resolve-src-symlinks /Users/admin/builder/spi-builder-workspace/.derivedData/Build/Intermediates.noindex/WarpShader.build/Debug-appletvos/WarpShader-t.build/WarpShader.modulemap /Users/admin/builder/spi-builder-workspace/.derivedData/Build/Intermediates.noindex/GeneratedModuleMaps-appletvos
WriteAuxiliaryFile /Users/admin/builder/spi-builder-workspace/.derivedData/Build/Intermediates.noindex/WarpShader.build/Debug-appletvos/WarpShader-t.build/DerivedSources/resource_bundle_accessor.swift (in target 'WarpShader' from project 'WarpShader')
cd /Users/admin/builder/spi-builder-workspace
write-file /Users/admin/builder/spi-builder-workspace/.derivedData/Build/Intermediates.noindex/WarpShader.build/Debug-appletvos/WarpShader-t.build/DerivedSources/resource_bundle_accessor.swift
MkDir /Users/admin/builder/spi-builder-workspace/.derivedData/Build/Products/Debug-appletvos/WarpShader_WarpShader.bundle (in target 'WarpShader_WarpShader' from project 'WarpShader')
cd /Users/admin/builder/spi-builder-workspace
/bin/mkdir -p /Users/admin/builder/spi-builder-workspace/.derivedData/Build/Products/Debug-appletvos/WarpShader_WarpShader.bundle
ProcessInfoPlistFile /Users/admin/builder/spi-builder-workspace/.derivedData/Build/Products/Debug-appletvos/WarpShader_WarpShader.bundle/Info.plist /Users/admin/builder/spi-builder-workspace/.derivedData/Build/Intermediates.noindex/WarpShader.build/Debug-appletvos/WarpShader_WarpShader-b.build/empty-WarpShader_WarpShader.plist (in target 'WarpShader_WarpShader' from project 'WarpShader')
cd /Users/admin/builder/spi-builder-workspace
builtin-infoPlistUtility /Users/admin/builder/spi-builder-workspace/.derivedData/Build/Intermediates.noindex/WarpShader.build/Debug-appletvos/WarpShader_WarpShader-b.build/empty-WarpShader_WarpShader.plist -producttype com.apple.product-type.bundle -expandbuildsettings -format binary -platform appletvos -o /Users/admin/builder/spi-builder-workspace/.derivedData/Build/Products/Debug-appletvos/WarpShader_WarpShader.bundle/Info.plist
MkDir /Users/admin/builder/spi-builder-workspace/.derivedData/Build/Intermediates.noindex/WarpShader.build/Debug-appletvos/WarpShader_WarpShaderExample-b.build/assetcatalog_output/unthinned (in target 'WarpShader_WarpShaderExample' from project 'WarpShader')
cd /Users/admin/builder/spi-builder-workspace
/bin/mkdir -p /Users/admin/builder/spi-builder-workspace/.derivedData/Build/Intermediates.noindex/WarpShader.build/Debug-appletvos/WarpShader_WarpShaderExample-b.build/assetcatalog_output/unthinned
MkDir /Users/admin/builder/spi-builder-workspace/.derivedData/Build/Intermediates.noindex/WarpShader.build/Debug-appletvos/WarpShader_WarpShaderExample-b.build/assetcatalog_output/thinned (in target 'WarpShader_WarpShaderExample' from project 'WarpShader')
cd /Users/admin/builder/spi-builder-workspace
/bin/mkdir -p /Users/admin/builder/spi-builder-workspace/.derivedData/Build/Intermediates.noindex/WarpShader.build/Debug-appletvos/WarpShader_WarpShaderExample-b.build/assetcatalog_output/thinned
CompileMetalFile /Users/admin/builder/spi-builder-workspace/Sources/WarpShader/Shaders.metal (in target 'WarpShader_WarpShader' from project 'WarpShader')
cd /Users/admin/builder/spi-builder-workspace
/var/run/com.apple.security.cryptexd/mnt/com.apple.MobileAsset.MetalToolchain-v27.1.266.1.BVaJ2j/Metal.xctoolchain/usr/bin/metal -c -target air64-apple-tvos17.0 -I/Users/admin/builder/spi-builder-workspace/.derivedData/Build/Products/Debug-appletvos/include -F/Users/admin/builder/spi-builder-workspace/.derivedData/Build/Products/Debug-appletvos -isysroot /Applications/Xcode-27.0.0-Release.Candidate.app/Contents/Developer/Platforms/AppleTVOS.platform/Developer/SDKs/AppleTVOS27.0.sdk -fmetal-math-mode\=fast -fmetal-math-fp32-functions\=fast -serialize-diagnostics /Users/admin/builder/spi-builder-workspace/.derivedData/Build/Intermediates.noindex/WarpShader.build/Debug-appletvos/WarpShader_WarpShader-b.build/Metal/Shaders.dia -o /Users/admin/builder/spi-builder-workspace/.derivedData/Build/Intermediates.noindex/WarpShader.build/Debug-appletvos/WarpShader_WarpShader-b.build/Metal/Shaders.air -MMD -MT dependencies -MF /Users/admin/builder/spi-builder-workspace/.derivedData/Build/Intermediates.noindex/WarpShader.build/Debug-appletvos/WarpShader_WarpShader-b.build/Metal/Shaders.dat /Users/admin/builder/spi-builder-workspace/Sources/WarpShader/Shaders.metal
CompileAssetCatalogVariant thinned /Users/admin/builder/spi-builder-workspace/.derivedData/Build/Products/Debug-appletvos/WarpShader_WarpShaderExample.bundle /Users/admin/builder/spi-builder-workspace/Sources/WarpShaderExample/WarpShaderExample/Assets.xcassets /Users/admin/builder/spi-builder-workspace/Sources/WarpShaderExample/WarpShaderExample/Preview\ Content/Preview\ Assets.xcassets (in target 'WarpShader_WarpShaderExample' from project 'WarpShader')
cd /Users/admin/builder/spi-builder-workspace
/Applications/Xcode-27.0.0-Release.Candidate.app/Contents/Developer/usr/bin/actool /Users/admin/builder/spi-builder-workspace/Sources/WarpShaderExample/WarpShaderExample/Assets.xcassets /Users/admin/builder/spi-builder-workspace/Sources/WarpShaderExample/WarpShaderExample/Preview\ Content/Preview\ Assets.xcassets --compile /Users/admin/builder/spi-builder-workspace/.derivedData/Build/Intermediates.noindex/WarpShader.build/Debug-appletvos/WarpShader_WarpShaderExample-b.build/assetcatalog_output/thinned --output-format human-readable-text --notices --warnings --export-dependency-info /Users/admin/builder/spi-builder-workspace/.derivedData/Build/Intermediates.noindex/WarpShader.build/Debug-appletvos/WarpShader_WarpShaderExample-b.build/assetcatalog_dependencies_thinned --output-partial-info-plist /Users/admin/builder/spi-builder-workspace/.derivedData/Build/Intermediates.noindex/WarpShader.build/Debug-appletvos/WarpShader_WarpShaderExample-b.build/assetcatalog_generated_info.plist_thinned --compress-pngs --enable-on-demand-resources NO --development-region en --leaderboard-identifier-prefix WarpShader_WarpShaderExample.game-center.leaderboard. --leaderboard-set-identifier-prefix WarpShader_WarpShaderExample.game-center.leaderboard-set. --target-device tv --minimum-deployment-target 17.0 --platform appletvos
/* com.apple.actool.compilation-results */
/Users/admin/builder/spi-builder-workspace/.derivedData/Build/Intermediates.noindex/WarpShader.build/Debug-appletvos/WarpShader_WarpShaderExample-b.build/assetcatalog_generated_info.plist_thinned
/Users/admin/builder/spi-builder-workspace/.derivedData/Build/Intermediates.noindex/WarpShader.build/Debug-appletvos/WarpShader_WarpShaderExample-b.build/assetcatalog_output/thinned/Assets.car
LinkAssetCatalog /Users/admin/builder/spi-builder-workspace/Sources/WarpShaderExample/WarpShaderExample/Assets.xcassets /Users/admin/builder/spi-builder-workspace/Sources/WarpShaderExample/WarpShaderExample/Preview\ Content/Preview\ Assets.xcassets (in target 'WarpShader_WarpShaderExample' from project 'WarpShader')
cd /Users/admin/builder/spi-builder-workspace
builtin-linkAssetCatalog --thinned /Users/admin/builder/spi-builder-workspace/.derivedData/Build/Intermediates.noindex/WarpShader.build/Debug-appletvos/WarpShader_WarpShaderExample-b.build/assetcatalog_output/thinned --thinned-dependencies /Users/admin/builder/spi-builder-workspace/.derivedData/Build/Intermediates.noindex/WarpShader.build/Debug-appletvos/WarpShader_WarpShaderExample-b.build/assetcatalog_dependencies_thinned --thinned-info-plist-content /Users/admin/builder/spi-builder-workspace/.derivedData/Build/Intermediates.noindex/WarpShader.build/Debug-appletvos/WarpShader_WarpShaderExample-b.build/assetcatalog_generated_info.plist_thinned --unthinned /Users/admin/builder/spi-builder-workspace/.derivedData/Build/Intermediates.noindex/WarpShader.build/Debug-appletvos/WarpShader_WarpShaderExample-b.build/assetcatalog_output/unthinned --unthinned-dependencies /Users/admin/builder/spi-builder-workspace/.derivedData/Build/Intermediates.noindex/WarpShader.build/Debug-appletvos/WarpShader_WarpShaderExample-b.build/assetcatalog_dependencies_unthinned --unthinned-info-plist-content /Users/admin/builder/spi-builder-workspace/.derivedData/Build/Intermediates.noindex/WarpShader.build/Debug-appletvos/WarpShader_WarpShaderExample-b.build/assetcatalog_generated_info.plist_unthinned --output /Users/admin/builder/spi-builder-workspace/.derivedData/Build/Products/Debug-appletvos/WarpShader_WarpShaderExample.bundle --plist-output /Users/admin/builder/spi-builder-workspace/.derivedData/Build/Intermediates.noindex/WarpShader.build/Debug-appletvos/WarpShader_WarpShaderExample-b.build/assetcatalog_generated_info.plist
note: Emplaced /Users/admin/builder/spi-builder-workspace/.derivedData/Build/Products/Debug-appletvos/WarpShader_WarpShaderExample.bundle/Assets.car (in target 'WarpShader_WarpShaderExample' from project 'WarpShader')
ProcessInfoPlistFile /Users/admin/builder/spi-builder-workspace/.derivedData/Build/Products/Debug-appletvos/WarpShader_WarpShaderExample.bundle/Info.plist /Users/admin/builder/spi-builder-workspace/.derivedData/Build/Intermediates.noindex/WarpShader.build/Debug-appletvos/WarpShader_WarpShaderExample-b.build/empty-WarpShader_WarpShaderExample.plist (in target 'WarpShader_WarpShaderExample' from project 'WarpShader')
cd /Users/admin/builder/spi-builder-workspace
builtin-infoPlistUtility /Users/admin/builder/spi-builder-workspace/.derivedData/Build/Intermediates.noindex/WarpShader.build/Debug-appletvos/WarpShader_WarpShaderExample-b.build/empty-WarpShader_WarpShaderExample.plist -producttype com.apple.product-type.bundle -expandbuildsettings -format binary -platform appletvos -additionalcontentfile /Users/admin/builder/spi-builder-workspace/.derivedData/Build/Intermediates.noindex/WarpShader.build/Debug-appletvos/WarpShader_WarpShaderExample-b.build/assetcatalog_generated_info.plist -o /Users/admin/builder/spi-builder-workspace/.derivedData/Build/Products/Debug-appletvos/WarpShader_WarpShaderExample.bundle/Info.plist
RegisterExecutionPolicyException /Users/admin/builder/spi-builder-workspace/.derivedData/Build/Products/Debug-appletvos/WarpShader_WarpShaderExample.bundle (in target 'WarpShader_WarpShaderExample' from project 'WarpShader')
cd /Users/admin/builder/spi-builder-workspace
builtin-RegisterExecutionPolicyException /Users/admin/builder/spi-builder-workspace/.derivedData/Build/Products/Debug-appletvos/WarpShader_WarpShaderExample.bundle
Touch /Users/admin/builder/spi-builder-workspace/.derivedData/Build/Products/Debug-appletvos/WarpShader_WarpShaderExample.bundle (in target 'WarpShader_WarpShaderExample' from project 'WarpShader')
cd /Users/admin/builder/spi-builder-workspace
/usr/bin/touch -c /Users/admin/builder/spi-builder-workspace/.derivedData/Build/Products/Debug-appletvos/WarpShader_WarpShaderExample.bundle
SwiftDriver WarpShader normal arm64 com.apple.xcode.tools.swift.compiler (in target 'WarpShader' from project 'WarpShader')
cd /Users/admin/builder/spi-builder-workspace/.swiftpm/xcode
builtin-SwiftDriver -- /Applications/Xcode-27.0.0-Release.Candidate.app/Contents/Developer/Toolchains/XcodeDefault.xctoolchain/usr/bin/swiftc -parse-as-library -module-name WarpShader -Onone @/Users/admin/builder/spi-builder-workspace/.derivedData/Build/Intermediates.noindex/WarpShader.build/Debug-appletvos/WarpShader-t.build/Objects-normal/arm64/WarpShader.SwiftFileList -DSWIFT_PACKAGE -DDEBUG -DSWIFT_MODULE_RESOURCE_BUNDLE_AVAILABLE -DXcode -plugin-path /Applications/Xcode-27.0.0-Release.Candidate.app/Contents/Developer/Toolchains/XcodeDefault.xctoolchain/usr/lib/swift/host/plugins/testing -enable-experimental-feature DebugDescriptionMacro -sdk /Applications/Xcode-27.0.0-Release.Candidate.app/Contents/Developer/Platforms/AppleTVOS.platform/Developer/SDKs/AppleTVOS27.0.sdk -target arm64-apple-tvos17.0 -g -module-cache-path /Users/admin/builder/spi-builder-workspace/.derivedData/ModuleCache.noindex -Xfrontend -serialize-debugging-options -enable-testing -index-store-path /Users/admin/builder/spi-builder-workspace/.derivedData/Index.noindex/DataStore -Xcc -D_LIBCPP_HARDENING_MODE\=_LIBCPP_HARDENING_MODE_DEBUG -swift-version 6 -I /Users/admin/builder/spi-builder-workspace/.derivedData/Build/Products/Debug-appletvos -Isystem /Applications/Xcode-27.0.0-Release.Candidate.app/Contents/Developer/Platforms/AppleTVOS.platform/Developer/usr/lib -F /Users/admin/builder/spi-builder-workspace/.derivedData/Build/Products/Debug-appletvos -F /Applications/Xcode-27.0.0-Release.Candidate.app/Contents/Developer/Platforms/AppleTVOS.platform/Developer/Library/Frameworks -F /Applications/Xcode-27.0.0-Release.Candidate.app/Contents/Developer/Platforms/AppleTVOS.platform/Developer/SDKs/AppleTVOS27.0.sdk/Developer/Library/Frameworks -c -j10 -enable-batch-mode -incremental -Xcc -ivfsstatcache -Xcc /Users/admin/builder/spi-builder-workspace/.derivedData/SDKStatCaches.noindex/appletvos27.0-24J360-e829b21a6f8c9b70876ba0858053c044b32bfd8d43560033f8d89884cdb90028.sdkstatcache -output-file-map /Users/admin/builder/spi-builder-workspace/.derivedData/Build/Intermediates.noindex/WarpShader.build/Debug-appletvos/WarpShader-t.build/Objects-normal/arm64/WarpShader-OutputFileMap.json -save-temps -no-color-diagnostics -explicit-module-build -module-cache-path /Users/admin/builder/spi-builder-workspace/.derivedData/Build/Intermediates.noindex/SwiftExplicitPrecompiledModules -clang-scanner-module-cache-path /Users/admin/builder/spi-builder-workspace/.derivedData/ModuleCache.noindex -sdk-module-cache-path /Users/admin/builder/spi-builder-workspace/.derivedData/SDKExplicitPrecompiledModules -emit-dependencies -emit-module -emit-module-path /Users/admin/builder/spi-builder-workspace/.derivedData/Build/Intermediates.noindex/WarpShader.build/Debug-appletvos/WarpShader-t.build/Objects-normal/arm64/WarpShader.swiftmodule -serialize-diagnostics -dependency-scan-serialize-diagnostics-path /Users/admin/builder/spi-builder-workspace/.derivedData/Build/Intermediates.noindex/WarpShader.build/Debug-appletvos/WarpShader-t.build/Objects-normal/arm64/WarpShader-dependency-scan.dia -validate-clang-modules-once -clang-build-session-file /Users/admin/builder/spi-builder-workspace/.derivedData/ModuleCache.noindex/Session.modulevalidation -Xcc -fmodules-prune-interval\=86400 -Xcc -fmodules-prune-after\=345600 -package-name spi_builder_workspace -emit-const-values -const-gather-protocols-list /Users/admin/builder/spi-builder-workspace/.derivedData/Build/Intermediates.noindex/WarpShader.build/Debug-appletvos/WarpShader-t.build/Objects-normal/arm64/WarpShader_const_extract_protocols.json -Xcc -I/Users/admin/builder/spi-builder-workspace/.derivedData/Build/Products/Debug-appletvos/include -Xcc -I/Users/admin/builder/spi-builder-workspace/.derivedData/Build/Intermediates.noindex/WarpShader.build/Debug-appletvos/WarpShader-t.build/DerivedSources-normal/arm64 -Xcc -I/Users/admin/builder/spi-builder-workspace/.derivedData/Build/Intermediates.noindex/WarpShader.build/Debug-appletvos/WarpShader-t.build/DerivedSources/arm64 -Xcc -I/Users/admin/builder/spi-builder-workspace/.derivedData/Build/Intermediates.noindex/WarpShader.build/Debug-appletvos/WarpShader-t.build/DerivedSources -Xcc -DSWIFT_PACKAGE -Xcc -DDEBUG\=1 -emit-objc-header -emit-objc-header-path /Users/admin/builder/spi-builder-workspace/.derivedData/Build/Intermediates.noindex/WarpShader.build/Debug-appletvos/WarpShader-t.build/Objects-normal/arm64/WarpShader-Swift.h -working-directory /Users/admin/builder/spi-builder-workspace/.swiftpm/xcode -experimental-emit-module-separately -disable-cmo
SwiftExplicitDependencyGeneratePcm arm64 /Users/admin/builder/spi-builder-workspace/.derivedData/SDKExplicitPrecompiledModules/_AvailabilityInternal-99L1JVU5TYE8S0FGGB7E09QQS.pcm
SwiftExplicitDependencyGeneratePcm arm64 /Users/admin/builder/spi-builder-workspace/.derivedData/SDKExplicitPrecompiledModules/_Builtin_stddef-1MAO6P3OSQFGZFQEPM31XXNSS.pcm
SwiftExplicitDependencyGeneratePcm arm64 /Users/admin/builder/spi-builder-workspace/.derivedData/SDKExplicitPrecompiledModules/ptrauth-EMKXYE8GN9BK4M3ODSTVDUJU2.pcm
SwiftExplicitDependencyGeneratePcm arm64 /Users/admin/builder/spi-builder-workspace/.derivedData/SDKExplicitPrecompiledModules/_Builtin_stdarg-719DH4G2R3NRP3HRX5HE8WX08.pcm
SwiftExplicitDependencyGeneratePcm arm64 /Users/admin/builder/spi-builder-workspace/.derivedData/SDKExplicitPrecompiledModules/SwiftShims-73G9EXEO9PVWB6PL1BR4TAJ0B.pcm
SwiftExplicitDependencyGeneratePcm arm64 /Users/admin/builder/spi-builder-workspace/.derivedData/SDKExplicitPrecompiledModules/DeveloperToolsSupport-CJV8SY9BXJUTONPFWMLQEGTXA.pcm
SwiftExplicitDependencyGeneratePcm arm64 /Users/admin/builder/spi-builder-workspace/.derivedData/SDKExplicitPrecompiledModules/_Builtin_float-3RF4B70MBHPP952AX3GNZ8W3H.pcm
SwiftExplicitDependencyGeneratePcm arm64 /Users/admin/builder/spi-builder-workspace/.derivedData/SDKExplicitPrecompiledModules/_Builtin_stdbool-4UUPXTY52W6RPSB0N2WGGLTJT.pcm
SwiftExplicitDependencyGeneratePcm arm64 /Users/admin/builder/spi-builder-workspace/.derivedData/SDKExplicitPrecompiledModules/ptrcheck-BA65H1NXYZJ0BLLWO9HZOAZ6Y.pcm
SwiftExplicitDependencyGeneratePcm arm64 /Users/admin/builder/spi-builder-workspace/.derivedData/SDKExplicitPrecompiledModules/_SwiftConcurrencyShims-3HZGHPZQL3GY71QUHDRB0P39S.pcm
SwiftExplicitDependencyGeneratePcm arm64 /Users/admin/builder/spi-builder-workspace/.derivedData/SDKExplicitPrecompiledModules/_DarwinFoundation1-90NUFDXQ765U5FR62173FT21A.pcm
SwiftExplicitDependencyGeneratePcm arm64 /Users/admin/builder/spi-builder-workspace/.derivedData/SDKExplicitPrecompiledModules/_DarwinFoundation2-EPKSYG5WMVE7WSPFQB4C0UC59.pcm
SwiftExplicitDependencyGeneratePcm arm64 /Users/admin/builder/spi-builder-workspace/.derivedData/SDKExplicitPrecompiledModules/_Builtin_limits-3JICJWOCEYXXXNXAMEJBF6UQN.pcm
SwiftExplicitDependencyGeneratePcm arm64 /Users/admin/builder/spi-builder-workspace/.derivedData/SDKExplicitPrecompiledModules/_Builtin_stdint-A8OKY0NXO26BZ4GWYKP79TKL9.pcm
SwiftExplicitDependencyGeneratePcm arm64 /Users/admin/builder/spi-builder-workspace/.derivedData/SDKExplicitPrecompiledModules/string_h-B6D36UOVIZC2Y0YE3KEZLZAP6.pcm
SwiftExplicitDependencyGeneratePcm arm64 /Users/admin/builder/spi-builder-workspace/.derivedData/SDKExplicitPrecompiledModules/_Builtin_tgmath-320K271Z6IM134IWIB7S3LTD.pcm
SwiftExplicitDependencyGeneratePcm arm64 /Users/admin/builder/spi-builder-workspace/.derivedData/SDKExplicitPrecompiledModules/sys_types-CATSGLJDZ8UZUMKHO6M4I4PJT.pcm
MetalLink /Users/admin/builder/spi-builder-workspace/.derivedData/Build/Products/Debug-appletvos/WarpShader_WarpShader.bundle/default.metallib (in target 'WarpShader_WarpShader' from project 'WarpShader')
cd /Users/admin/builder/spi-builder-workspace
/var/run/com.apple.security.cryptexd/mnt/com.apple.MobileAsset.MetalToolchain-v27.1.266.1.BVaJ2j/Metal.xctoolchain/usr/bin/metal -target air64-apple-tvos17.0 -o /Users/admin/builder/spi-builder-workspace/.derivedData/Build/Products/Debug-appletvos/WarpShader_WarpShader.bundle/default.metallib /Users/admin/builder/spi-builder-workspace/.derivedData/Build/Intermediates.noindex/WarpShader.build/Debug-appletvos/WarpShader_WarpShader-b.build/Metal/Shaders.air
SwiftExplicitDependencyGeneratePcm arm64 /Users/admin/builder/spi-builder-workspace/.derivedData/SDKExplicitPrecompiledModules/_DarwinFoundation3-63L5I5VCGX6CLI6HI7OWUXJN6.pcm
SwiftExplicitDependencyGeneratePcm arm64 /Users/admin/builder/spi-builder-workspace/.derivedData/SDKExplicitPrecompiledModules/_Builtin_stdatomic-71DQV8BR56LNANL900GGEC9KO.pcm
SwiftExplicitDependencyGeneratePcm arm64 /Users/admin/builder/spi-builder-workspace/.derivedData/SDKExplicitPrecompiledModules/_Builtin_intrinsics-AQDFY8KQQX9Z38C6EI15S53EQ.pcm
SwiftExplicitDependencyGeneratePcm arm64 /Users/admin/builder/spi-builder-workspace/.derivedData/SDKExplicitPrecompiledModules/_Builtin_inttypes-80RS02PM2X81SP8N0Q7X05540.pcm
SwiftExplicitDependencyGeneratePcm arm64 /Users/admin/builder/spi-builder-workspace/.derivedData/SDKExplicitPrecompiledModules/Darwin-1VTILT8KA42CNDAUB0H1FM7MC.pcm
SwiftExplicitDependencyGeneratePcm arm64 /Users/admin/builder/spi-builder-workspace/.derivedData/SDKExplicitPrecompiledModules/simd-D50CDGAQRFNF5E2BA2UWCCHLJ.pcm
RegisterExecutionPolicyException /Users/admin/builder/spi-builder-workspace/.derivedData/Build/Products/Debug-appletvos/WarpShader_WarpShader.bundle (in target 'WarpShader_WarpShader' from project 'WarpShader')
cd /Users/admin/builder/spi-builder-workspace
builtin-RegisterExecutionPolicyException /Users/admin/builder/spi-builder-workspace/.derivedData/Build/Products/Debug-appletvos/WarpShader_WarpShader.bundle
Touch /Users/admin/builder/spi-builder-workspace/.derivedData/Build/Products/Debug-appletvos/WarpShader_WarpShader.bundle (in target 'WarpShader_WarpShader' from project 'WarpShader')
cd /Users/admin/builder/spi-builder-workspace
/usr/bin/touch -c /Users/admin/builder/spi-builder-workspace/.derivedData/Build/Products/Debug-appletvos/WarpShader_WarpShader.bundle
SwiftExplicitDependencyGeneratePcm arm64 /Users/admin/builder/spi-builder-workspace/.derivedData/SDKExplicitPrecompiledModules/MachO-A5KLTMTLJD1DPHEYPZHUSRJ4O.pcm
SwiftExplicitDependencyGeneratePcm arm64 /Users/admin/builder/spi-builder-workspace/.derivedData/SDKExplicitPrecompiledModules/ObjectiveC-CC0BYHG21IQMMT48PGDNSK7G6.pcm
SwiftExplicitDependencyGeneratePcm arm64 /Users/admin/builder/spi-builder-workspace/.derivedData/SDKExplicitPrecompiledModules/os_object-1TJLDNS7X3UT7Y5TM4QQ2RN6G.pcm
SwiftExplicitDependencyGeneratePcm arm64 /Users/admin/builder/spi-builder-workspace/.derivedData/SDKExplicitPrecompiledModules/os_workgroup-E61GF9E8FAHZGKXVOV9QHUD27.pcm
SwiftExplicitDependencyGeneratePcm arm64 /Users/admin/builder/spi-builder-workspace/.derivedData/SDKExplicitPrecompiledModules/Spatial-2KZFBWN278VTZL619Y96SAJC9.pcm
SwiftExplicitDependencyGeneratePcm arm64 /Users/admin/builder/spi-builder-workspace/.derivedData/SDKExplicitPrecompiledModules/Dispatch-F564M6B2H1RRD83XZ8EBWFSHE.pcm
SwiftExplicitDependencyGeneratePcm arm64 /Users/admin/builder/spi-builder-workspace/.derivedData/SDKExplicitPrecompiledModules/XPC-2WVXL0UION0MYZOZAJZC6DUXD.pcm
SwiftExplicitDependencyGeneratePcm arm64 /Users/admin/builder/spi-builder-workspace/.derivedData/SDKExplicitPrecompiledModules/CoreFoundation-A4LOYEEJIFQKOPZRDOG9M3N2K.pcm
SwiftExplicitDependencyGeneratePcm arm64 /Users/admin/builder/spi-builder-workspace/.derivedData/SDKExplicitPrecompiledModules/os-4NLIUP5HHN7FW5ML70YLEU8QE.pcm
SwiftExplicitDependencyGeneratePcm arm64 /Users/admin/builder/spi-builder-workspace/.derivedData/SDKExplicitPrecompiledModules/Security-6KU6X9W8QDIJW83JUF0DRES83.pcm
SwiftExplicitDependencyGeneratePcm arm64 /Users/admin/builder/spi-builder-workspace/.derivedData/SDKExplicitPrecompiledModules/CoreGraphics-D8Y0X4J52BHG7HHUQLTX6SXE1.pcm
SwiftExplicitDependencyGeneratePcm arm64 /Users/admin/builder/spi-builder-workspace/.derivedData/SDKExplicitPrecompiledModules/CFNetwork-8S7XZ5SI3TWM2JOZPDZPRY8W9.pcm
SwiftExplicitDependencyGeneratePcm arm64 /Users/admin/builder/spi-builder-workspace/.derivedData/SDKExplicitPrecompiledModules/CoreAudioTypes-3D575H9KXE9GWSK6ZWEWBV9TM.pcm
SwiftExplicitDependencyGeneratePcm arm64 /Users/admin/builder/spi-builder-workspace/.derivedData/SDKExplicitPrecompiledModules/CoreAudio-46JNU59TK6U76A9ILN06CT9NS.pcm
SwiftExplicitDependencyGeneratePcm arm64 /Users/admin/builder/spi-builder-workspace/.derivedData/SDKExplicitPrecompiledModules/Foundation-1AS5K10MY6XENLLR2NDUCKYTM.pcm
SwiftExplicitDependencyGeneratePcm arm64 /Users/admin/builder/spi-builder-workspace/.derivedData/SDKExplicitPrecompiledModules/ImageIO-48DA7ET77Q34HPZP9CPHI9VS4.pcm
SwiftExplicitDependencyGeneratePcm arm64 /Users/admin/builder/spi-builder-workspace/.derivedData/SDKExplicitPrecompiledModules/CoreText-E0GG8D3D527TJX7D2QEHFQLM2.pcm
SwiftExplicitDependencyGeneratePcm arm64 /Users/admin/builder/spi-builder-workspace/.derivedData/SDKExplicitPrecompiledModules/IOSurface-DEQULTJ8SC21O986FDCNTM8FX.pcm
SwiftExplicitDependencyGeneratePcm arm64 /Users/admin/builder/spi-builder-workspace/.derivedData/SDKExplicitPrecompiledModules/UIUtilities-9NQVCWATNLLVY125LB74695HY.pcm
SwiftExplicitDependencyGeneratePcm arm64 /Users/admin/builder/spi-builder-workspace/.derivedData/SDKExplicitPrecompiledModules/UserNotifications-AKH3GC0FQWUK55FNTW4WEMFQE.pcm
SwiftExplicitDependencyGeneratePcm arm64 /Users/admin/builder/spi-builder-workspace/.derivedData/SDKExplicitPrecompiledModules/Symbols-9TNA7JIKOEYVTYC7A16HCS4Z8.pcm
SwiftExplicitDependencyGeneratePcm arm64 /Users/admin/builder/spi-builder-workspace/.derivedData/SDKExplicitPrecompiledModules/OSLog-1UX1YGRJSIOEO9YC3MNFFD818.pcm
SwiftExplicitDependencyGeneratePcm arm64 /Users/admin/builder/spi-builder-workspace/.derivedData/SDKExplicitPrecompiledModules/Accessibility-EAPB6A95K5V0S27QNKR6ATG7F.pcm
SwiftExplicitDependencyGeneratePcm arm64 /Users/admin/builder/spi-builder-workspace/.derivedData/SDKExplicitPrecompiledModules/UniformTypeIdentifiers-DQ77M7R0D7VCBK0YUO3VHCRB1.pcm
SwiftExplicitDependencyGeneratePcm arm64 /Users/admin/builder/spi-builder-workspace/.derivedData/SDKExplicitPrecompiledModules/DataDetection-9IX0C1MAX33MS6TCZDSNKXEO8.pcm
SwiftExplicitDependencyGeneratePcm arm64 /Users/admin/builder/spi-builder-workspace/.derivedData/SDKExplicitPrecompiledModules/_LocationEssentials-2OY9351FRBO717MIULOKMYA9E.pcm
SwiftExplicitDependencyGeneratePcm arm64 /Users/admin/builder/spi-builder-workspace/.derivedData/SDKExplicitPrecompiledModules/CoreData-3R0N6HKKQMVS32U7KOKR14383.pcm
SwiftExplicitDependencyGeneratePcm arm64 /Users/admin/builder/spi-builder-workspace/.derivedData/SDKExplicitPrecompiledModules/CoreTransferable-84B3V3M9DHRIQERK179SSQO5U.pcm
SwiftExplicitDependencyGeneratePcm arm64 /Users/admin/builder/spi-builder-workspace/.derivedData/SDKExplicitPrecompiledModules/CoreLocation-6939X9DMB2SA43P0TYB7Z14Z5.pcm
SwiftExplicitDependencyGeneratePcm arm64 /Users/admin/builder/spi-builder-workspace/.derivedData/SDKExplicitPrecompiledModules/Metal-52GB3RCZ6A2WEZ7RWCXV2WL0N.pcm
SwiftExplicitDependencyGeneratePcm arm64 /Users/admin/builder/spi-builder-workspace/.derivedData/SDKExplicitPrecompiledModules/OpenGLES-6Y33D4DDPO1R82EJXT1SIGNPS.pcm
SwiftExplicitDependencyGeneratePcm arm64 /Users/admin/builder/spi-builder-workspace/.derivedData/SDKExplicitPrecompiledModules/CoreVideo-5G4VAY32QMJB00PUALI6188LK.pcm
SwiftExplicitDependencyGeneratePcm arm64 /Users/admin/builder/spi-builder-workspace/.derivedData/SDKExplicitPrecompiledModules/QuartzCore-DSNZZA81DYNK4OK1ANRR6HM7G.pcm
SwiftExplicitDependencyGeneratePcm arm64 /Users/admin/builder/spi-builder-workspace/.derivedData/SDKExplicitPrecompiledModules/CoreMedia-43BPYBY7ZACBDCUTAJXJFLTBP.pcm
SwiftExplicitDependencyGeneratePcm arm64 /Users/admin/builder/spi-builder-workspace/.derivedData/SDKExplicitPrecompiledModules/CoreImage-ATUQ374FIDJPA1DF5BLR644CG.pcm
SwiftExplicitDependencyGeneratePcm arm64 /Users/admin/builder/spi-builder-workspace/.derivedData/SDKExplicitPrecompiledModules/SwiftUICore-7SJQ9GB90ACGZV5NB09LFJIRX.pcm
SwiftExplicitDependencyGeneratePcm arm64 /Users/admin/builder/spi-builder-workspace/.derivedData/SDKExplicitPrecompiledModules/UIKit-42T2ZGON9LDZUXRIAUKELQ554.pcm
SwiftExplicitDependencyGeneratePcm arm64 /Users/admin/builder/spi-builder-workspace/.derivedData/SDKExplicitPrecompiledModules/SwiftUI-B634212FU5XQXG1OEBY2WYYH3.pcm
SwiftEmitModule normal arm64 Emitting\ module\ for\ WarpShader (in target 'WarpShader' from project 'WarpShader')
SwiftCompile normal arm64 (in target 'WarpShader' from project 'WarpShader')
cd /Users/admin/builder/spi-builder-workspace/.swiftpm/xcode
SwiftCompile normal arm64 Compiling\ resource_bundle_accessor.swift /Users/admin/builder/spi-builder-workspace/.derivedData/Build/Intermediates.noindex/WarpShader.build/Debug-appletvos/WarpShader-t.build/DerivedSources/resource_bundle_accessor.swift (in target 'WarpShader' from project 'WarpShader')
SwiftCompile normal arm64 /Users/admin/builder/spi-builder-workspace/.derivedData/Build/Intermediates.noindex/WarpShader.build/Debug-appletvos/WarpShader-t.build/DerivedSources/resource_bundle_accessor.swift (in target 'WarpShader' from project 'WarpShader')
cd /Users/admin/builder/spi-builder-workspace/.swiftpm/xcode
builtin-SwiftPerFileCompile resource_bundle_accessor.swift
SwiftCompile normal arm64 Compiling\ Warp.swift /Users/admin/builder/spi-builder-workspace/Sources/WarpShader/Warp.swift (in target 'WarpShader' from project 'WarpShader')
SwiftCompile normal arm64 /Users/admin/builder/spi-builder-workspace/Sources/WarpShader/Warp.swift (in target 'WarpShader' from project 'WarpShader')
cd /Users/admin/builder/spi-builder-workspace/.swiftpm/xcode
builtin-SwiftPerFileCompile Warp.swift
SwiftCompile normal arm64 Compiling\ ShaderFunction+StarWarp.swift /Users/admin/builder/spi-builder-workspace/Sources/WarpShader/ShaderFunction+StarWarp.swift (in target 'WarpShader' from project 'WarpShader')
SwiftCompile normal arm64 /Users/admin/builder/spi-builder-workspace/Sources/WarpShader/ShaderFunction+StarWarp.swift (in target 'WarpShader' from project 'WarpShader')
cd /Users/admin/builder/spi-builder-workspace/.swiftpm/xcode
builtin-SwiftPerFileCompile ShaderFunction+StarWarp.swift
SwiftDriverJobDiscovery normal arm64 Emitting module for WarpShader (in target 'WarpShader' from project 'WarpShader')
SwiftDriver\ Compilation\ Requirements WarpShader normal arm64 com.apple.xcode.tools.swift.compiler (in target 'WarpShader' from project 'WarpShader')
cd /Users/admin/builder/spi-builder-workspace/.swiftpm/xcode
builtin-Swift-Compilation-Requirements -- /Applications/Xcode-27.0.0-Release.Candidate.app/Contents/Developer/Toolchains/XcodeDefault.xctoolchain/usr/bin/swiftc -parse-as-library -module-name WarpShader -Onone @/Users/admin/builder/spi-builder-workspace/.derivedData/Build/Intermediates.noindex/WarpShader.build/Debug-appletvos/WarpShader-t.build/Objects-normal/arm64/WarpShader.SwiftFileList -DSWIFT_PACKAGE -DDEBUG -DSWIFT_MODULE_RESOURCE_BUNDLE_AVAILABLE -DXcode -plugin-path /Applications/Xcode-27.0.0-Release.Candidate.app/Contents/Developer/Toolchains/XcodeDefault.xctoolchain/usr/lib/swift/host/plugins/testing -enable-experimental-feature DebugDescriptionMacro -sdk /Applications/Xcode-27.0.0-Release.Candidate.app/Contents/Developer/Platforms/AppleTVOS.platform/Developer/SDKs/AppleTVOS27.0.sdk -target arm64-apple-tvos17.0 -g -module-cache-path /Users/admin/builder/spi-builder-workspace/.derivedData/ModuleCache.noindex -Xfrontend -serialize-debugging-options -enable-testing -index-store-path /Users/admin/builder/spi-builder-workspace/.derivedData/Index.noindex/DataStore -Xcc -D_LIBCPP_HARDENING_MODE\=_LIBCPP_HARDENING_MODE_DEBUG -swift-version 6 -I /Users/admin/builder/spi-builder-workspace/.derivedData/Build/Products/Debug-appletvos -Isystem /Applications/Xcode-27.0.0-Release.Candidate.app/Contents/Developer/Platforms/AppleTVOS.platform/Developer/usr/lib -F /Users/admin/builder/spi-builder-workspace/.derivedData/Build/Products/Debug-appletvos -F /Applications/Xcode-27.0.0-Release.Candidate.app/Contents/Developer/Platforms/AppleTVOS.platform/Developer/Library/Frameworks -F /Applications/Xcode-27.0.0-Release.Candidate.app/Contents/Developer/Platforms/AppleTVOS.platform/Developer/SDKs/AppleTVOS27.0.sdk/Developer/Library/Frameworks -c -j10 -enable-batch-mode -incremental -Xcc -ivfsstatcache -Xcc /Users/admin/builder/spi-builder-workspace/.derivedData/SDKStatCaches.noindex/appletvos27.0-24J360-e829b21a6f8c9b70876ba0858053c044b32bfd8d43560033f8d89884cdb90028.sdkstatcache -output-file-map /Users/admin/builder/spi-builder-workspace/.derivedData/Build/Intermediates.noindex/WarpShader.build/Debug-appletvos/WarpShader-t.build/Objects-normal/arm64/WarpShader-OutputFileMap.json -save-temps -no-color-diagnostics -explicit-module-build -module-cache-path /Users/admin/builder/spi-builder-workspace/.derivedData/Build/Intermediates.noindex/SwiftExplicitPrecompiledModules -clang-scanner-module-cache-path /Users/admin/builder/spi-builder-workspace/.derivedData/ModuleCache.noindex -sdk-module-cache-path /Users/admin/builder/spi-builder-workspace/.derivedData/SDKExplicitPrecompiledModules -emit-dependencies -emit-module -emit-module-path /Users/admin/builder/spi-builder-workspace/.derivedData/Build/Intermediates.noindex/WarpShader.build/Debug-appletvos/WarpShader-t.build/Objects-normal/arm64/WarpShader.swiftmodule -serialize-diagnostics -dependency-scan-serialize-diagnostics-path /Users/admin/builder/spi-builder-workspace/.derivedData/Build/Intermediates.noindex/WarpShader.build/Debug-appletvos/WarpShader-t.build/Objects-normal/arm64/WarpShader-dependency-scan.dia -validate-clang-modules-once -clang-build-session-file /Users/admin/builder/spi-builder-workspace/.derivedData/ModuleCache.noindex/Session.modulevalidation -Xcc -fmodules-prune-interval\=86400 -Xcc -fmodules-prune-after\=345600 -package-name spi_builder_workspace -emit-const-values -const-gather-protocols-list /Users/admin/builder/spi-builder-workspace/.derivedData/Build/Intermediates.noindex/WarpShader.build/Debug-appletvos/WarpShader-t.build/Objects-normal/arm64/WarpShader_const_extract_protocols.json -Xcc -I/Users/admin/builder/spi-builder-workspace/.derivedData/Build/Products/Debug-appletvos/include -Xcc -I/Users/admin/builder/spi-builder-workspace/.derivedData/Build/Intermediates.noindex/WarpShader.build/Debug-appletvos/WarpShader-t.build/DerivedSources-normal/arm64 -Xcc -I/Users/admin/builder/spi-builder-workspace/.derivedData/Build/Intermediates.noindex/WarpShader.build/Debug-appletvos/WarpShader-t.build/DerivedSources/arm64 -Xcc -I/Users/admin/builder/spi-builder-workspace/.derivedData/Build/Intermediates.noindex/WarpShader.build/Debug-appletvos/WarpShader-t.build/DerivedSources -Xcc -DSWIFT_PACKAGE -Xcc -DDEBUG\=1 -emit-objc-header -emit-objc-header-path /Users/admin/builder/spi-builder-workspace/.derivedData/Build/Intermediates.noindex/WarpShader.build/Debug-appletvos/WarpShader-t.build/Objects-normal/arm64/WarpShader-Swift.h -working-directory /Users/admin/builder/spi-builder-workspace/.swiftpm/xcode -experimental-emit-module-separately -disable-cmo
SwiftMergeGeneratedHeaders /Users/admin/builder/spi-builder-workspace/.derivedData/Build/Intermediates.noindex/GeneratedModuleMaps-appletvos/WarpShader-Swift.h /Users/admin/builder/spi-builder-workspace/.derivedData/Build/Intermediates.noindex/WarpShader.build/Debug-appletvos/WarpShader-t.build/Objects-normal/arm64/WarpShader-Swift.h (in target 'WarpShader' from project 'WarpShader')
cd /Users/admin/builder/spi-builder-workspace
builtin-swiftHeaderTool -arch arm64 /Users/admin/builder/spi-builder-workspace/.derivedData/Build/Intermediates.noindex/WarpShader.build/Debug-appletvos/WarpShader-t.build/Objects-normal/arm64/WarpShader-Swift.h -o /Users/admin/builder/spi-builder-workspace/.derivedData/Build/Intermediates.noindex/GeneratedModuleMaps-appletvos/WarpShader-Swift.h
Copy /Users/admin/builder/spi-builder-workspace/.derivedData/Build/Products/Debug-appletvos/WarpShader.swiftmodule/arm64-apple-tvos.swiftmodule /Users/admin/builder/spi-builder-workspace/.derivedData/Build/Intermediates.noindex/WarpShader.build/Debug-appletvos/WarpShader-t.build/Objects-normal/arm64/WarpShader.swiftmodule (in target 'WarpShader' from project 'WarpShader')
cd /Users/admin/builder/spi-builder-workspace
builtin-copy -exclude .DS_Store -exclude CVS -exclude .svn -exclude .git -exclude .hg -resolve-src-symlinks -rename /Users/admin/builder/spi-builder-workspace/.derivedData/Build/Intermediates.noindex/WarpShader.build/Debug-appletvos/WarpShader-t.build/Objects-normal/arm64/WarpShader.swiftmodule /Users/admin/builder/spi-builder-workspace/.derivedData/Build/Products/Debug-appletvos/WarpShader.swiftmodule/arm64-apple-tvos.swiftmodule
Copy /Users/admin/builder/spi-builder-workspace/.derivedData/Build/Products/Debug-appletvos/WarpShader.swiftmodule/arm64-apple-tvos.abi.json /Users/admin/builder/spi-builder-workspace/.derivedData/Build/Intermediates.noindex/WarpShader.build/Debug-appletvos/WarpShader-t.build/Objects-normal/arm64/WarpShader.abi.json (in target 'WarpShader' from project 'WarpShader')
cd /Users/admin/builder/spi-builder-workspace
builtin-copy -exclude .DS_Store -exclude CVS -exclude .svn -exclude .git -exclude .hg -resolve-src-symlinks -rename /Users/admin/builder/spi-builder-workspace/.derivedData/Build/Intermediates.noindex/WarpShader.build/Debug-appletvos/WarpShader-t.build/Objects-normal/arm64/WarpShader.abi.json /Users/admin/builder/spi-builder-workspace/.derivedData/Build/Products/Debug-appletvos/WarpShader.swiftmodule/arm64-apple-tvos.abi.json
Copy /Users/admin/builder/spi-builder-workspace/.derivedData/Build/Products/Debug-appletvos/WarpShader.swiftmodule/arm64-apple-tvos.swiftdoc /Users/admin/builder/spi-builder-workspace/.derivedData/Build/Intermediates.noindex/WarpShader.build/Debug-appletvos/WarpShader-t.build/Objects-normal/arm64/WarpShader.swiftdoc (in target 'WarpShader' from project 'WarpShader')
cd /Users/admin/builder/spi-builder-workspace
builtin-copy -exclude .DS_Store -exclude CVS -exclude .svn -exclude .git -exclude .hg -resolve-src-symlinks -rename /Users/admin/builder/spi-builder-workspace/.derivedData/Build/Intermediates.noindex/WarpShader.build/Debug-appletvos/WarpShader-t.build/Objects-normal/arm64/WarpShader.swiftdoc /Users/admin/builder/spi-builder-workspace/.derivedData/Build/Products/Debug-appletvos/WarpShader.swiftmodule/arm64-apple-tvos.swiftdoc
Copy /Users/admin/builder/spi-builder-workspace/.derivedData/Build/Products/Debug-appletvos/WarpShader.swiftmodule/Project/arm64-apple-tvos.swiftsourceinfo /Users/admin/builder/spi-builder-workspace/.derivedData/Build/Intermediates.noindex/WarpShader.build/Debug-appletvos/WarpShader-t.build/Objects-normal/arm64/WarpShader.swiftsourceinfo (in target 'WarpShader' from project 'WarpShader')
cd /Users/admin/builder/spi-builder-workspace
builtin-copy -exclude .DS_Store -exclude CVS -exclude .svn -exclude .git -exclude .hg -resolve-src-symlinks -rename /Users/admin/builder/spi-builder-workspace/.derivedData/Build/Intermediates.noindex/WarpShader.build/Debug-appletvos/WarpShader-t.build/Objects-normal/arm64/WarpShader.swiftsourceinfo /Users/admin/builder/spi-builder-workspace/.derivedData/Build/Products/Debug-appletvos/WarpShader.swiftmodule/Project/arm64-apple-tvos.swiftsourceinfo
GenerateAssetSymbols /Users/admin/builder/spi-builder-workspace/Sources/WarpShaderExample/WarpShaderExample/Assets.xcassets /Users/admin/builder/spi-builder-workspace/Sources/WarpShaderExample/WarpShaderExample/Preview\ Content/Preview\ Assets.xcassets (in target 'WarpShaderExample-product' from project 'WarpShader')
cd /Users/admin/builder/spi-builder-workspace
/Applications/Xcode-27.0.0-Release.Candidate.app/Contents/Developer/usr/bin/actool /Users/admin/builder/spi-builder-workspace/Sources/WarpShaderExample/WarpShaderExample/Assets.xcassets /Users/admin/builder/spi-builder-workspace/Sources/WarpShaderExample/WarpShaderExample/Preview\ Content/Preview\ Assets.xcassets --compile /Users/admin/builder/spi-builder-workspace/.derivedData/Build/Products/Debug-appletvos --output-format human-readable-text --notices --warnings --export-dependency-info /Users/admin/builder/spi-builder-workspace/.derivedData/Build/Intermediates.noindex/WarpShader.build/Debug-appletvos/WarpShaderExample-p.build/assetcatalog_dependencies --output-partial-info-plist /Users/admin/builder/spi-builder-workspace/.derivedData/Build/Intermediates.noindex/WarpShader.build/Debug-appletvos/WarpShaderExample-p.build/assetcatalog_generated_info.plist --compress-pngs --enable-on-demand-resources NO --development-region en --leaderboard-identifier-prefix WarpShaderExample.game-center.leaderboard. --leaderboard-set-identifier-prefix WarpShaderExample.game-center.leaderboard-set. --target-device tv --minimum-deployment-target 17.0 --platform appletvos --bundle-identifier spi-builder-workspace.WarpShaderExample --generate-swift-asset-symbol-extensions NO --generate-swift-asset-symbols /Users/admin/builder/spi-builder-workspace/.derivedData/Build/Intermediates.noindex/WarpShader.build/Debug-appletvos/WarpShaderExample-p.build/DerivedSources/GeneratedAssetSymbols.swift --generate-objc-asset-symbols /Users/admin/builder/spi-builder-workspace/.derivedData/Build/Intermediates.noindex/WarpShader.build/Debug-appletvos/WarpShaderExample-p.build/DerivedSources/GeneratedAssetSymbols.h --generate-asset-symbol-index /Users/admin/builder/spi-builder-workspace/.derivedData/Build/Intermediates.noindex/WarpShader.build/Debug-appletvos/WarpShaderExample-p.build/DerivedSources/GeneratedAssetSymbols-Index.plist
/* com.apple.actool.compilation-results */
/Users/admin/builder/spi-builder-workspace/.derivedData/Build/Intermediates.noindex/WarpShader.build/Debug-appletvos/WarpShaderExample-p.build/DerivedSources/GeneratedAssetSymbols-Index.plist
/Users/admin/builder/spi-builder-workspace/.derivedData/Build/Intermediates.noindex/WarpShader.build/Debug-appletvos/WarpShaderExample-p.build/DerivedSources/GeneratedAssetSymbols.h
/Users/admin/builder/spi-builder-workspace/.derivedData/Build/Intermediates.noindex/WarpShader.build/Debug-appletvos/WarpShaderExample-p.build/DerivedSources/GeneratedAssetSymbols.swift
SwiftDriver WarpShaderExample normal arm64 com.apple.xcode.tools.swift.compiler (in target 'WarpShaderExample-product' from project 'WarpShader')
cd /Users/admin/builder/spi-builder-workspace/.swiftpm/xcode
builtin-SwiftDriver -- /Applications/Xcode-27.0.0-Release.Candidate.app/Contents/Developer/Toolchains/XcodeDefault.xctoolchain/usr/bin/swiftc -parse-as-library -module-name WarpShaderExample -Onone @/Users/admin/builder/spi-builder-workspace/.derivedData/Build/Intermediates.noindex/WarpShader.build/Debug-appletvos/WarpShaderExample-p.build/Objects-normal/arm64/WarpShaderExample.SwiftFileList -DSWIFT_PACKAGE -DDEBUG -DSWIFT_MODULE_RESOURCE_BUNDLE_AVAILABLE -DXcode -plugin-path /Applications/Xcode-27.0.0-Release.Candidate.app/Contents/Developer/Toolchains/XcodeDefault.xctoolchain/usr/lib/swift/host/plugins/testing -enable-experimental-feature DebugDescriptionMacro -sdk /Applications/Xcode-27.0.0-Release.Candidate.app/Contents/Developer/Platforms/AppleTVOS.platform/Developer/SDKs/AppleTVOS27.0.sdk -target arm64-apple-tvos17.0 -g -module-cache-path /Users/admin/builder/spi-builder-workspace/.derivedData/ModuleCache.noindex -Xfrontend -serialize-debugging-options -enable-testing -index-store-path /Users/admin/builder/spi-builder-workspace/.derivedData/Index.noindex/DataStore -Xcc -D_LIBCPP_HARDENING_MODE\=_LIBCPP_HARDENING_MODE_DEBUG -swift-version 6 -I /Users/admin/builder/spi-builder-workspace/.derivedData/Build/Products/Debug-appletvos -Isystem /Applications/Xcode-27.0.0-Release.Candidate.app/Contents/Developer/Platforms/AppleTVOS.platform/Developer/usr/lib -F /Users/admin/builder/spi-builder-workspace/.derivedData/Build/Products/Debug-appletvos/PackageFrameworks -F /Users/admin/builder/spi-builder-workspace/.derivedData/Build/Products/Debug-appletvos -F /Applications/Xcode-27.0.0-Release.Candidate.app/Contents/Developer/Platforms/AppleTVOS.platform/Developer/Library/Frameworks -F /Applications/Xcode-27.0.0-Release.Candidate.app/Contents/Developer/Platforms/AppleTVOS.platform/Developer/SDKs/AppleTVOS27.0.sdk/Developer/Library/Frameworks -c -j10 -enable-batch-mode -incremental -Xcc -ivfsstatcache -Xcc /Users/admin/builder/spi-builder-workspace/.derivedData/SDKStatCaches.noindex/appletvos27.0-24J360-e829b21a6f8c9b70876ba0858053c044b32bfd8d43560033f8d89884cdb90028.sdkstatcache -output-file-map /Users/admin/builder/spi-builder-workspace/.derivedData/Build/Intermediates.noindex/WarpShader.build/Debug-appletvos/WarpShaderExample-p.build/Objects-normal/arm64/WarpShaderExample-OutputFileMap.json -save-temps -no-color-diagnostics -explicit-module-build -module-cache-path /Users/admin/builder/spi-builder-workspace/.derivedData/Build/Intermediates.noindex/SwiftExplicitPrecompiledModules -clang-scanner-module-cache-path /Users/admin/builder/spi-builder-workspace/.derivedData/ModuleCache.noindex -sdk-module-cache-path /Users/admin/builder/spi-builder-workspace/.derivedData/SDKExplicitPrecompiledModules -emit-dependencies -emit-module -emit-module-path /Users/admin/builder/spi-builder-workspace/.derivedData/Build/Intermediates.noindex/WarpShader.build/Debug-appletvos/WarpShaderExample-p.build/Objects-normal/arm64/WarpShaderExample.swiftmodule -serialize-diagnostics -dependency-scan-serialize-diagnostics-path /Users/admin/builder/spi-builder-workspace/.derivedData/Build/Intermediates.noindex/WarpShader.build/Debug-appletvos/WarpShaderExample-p.build/Objects-normal/arm64/WarpShaderExample-dependency-scan.dia -validate-clang-modules-once -clang-build-session-file /Users/admin/builder/spi-builder-workspace/.derivedData/ModuleCache.noindex/Session.modulevalidation -Xcc -fmodules-prune-interval\=86400 -Xcc -fmodules-prune-after\=345600 -package-name spi_builder_workspace -emit-const-values -const-gather-protocols-list /Users/admin/builder/spi-builder-workspace/.derivedData/Build/Intermediates.noindex/WarpShader.build/Debug-appletvos/WarpShaderExample-p.build/Objects-normal/arm64/WarpShaderExample_const_extract_protocols.json -Xcc -I/Users/admin/builder/spi-builder-workspace/.derivedData/Build/Products/Debug-appletvos/include -Xcc -I/Users/admin/builder/spi-builder-workspace/.derivedData/Build/Intermediates.noindex/WarpShader.build/Debug-appletvos/WarpShaderExample-p.build/DerivedSources-normal/arm64 -Xcc -I/Users/admin/builder/spi-builder-workspace/.derivedData/Build/Intermediates.noindex/WarpShader.build/Debug-appletvos/WarpShaderExample-p.build/DerivedSources/arm64 -Xcc -I/Users/admin/builder/spi-builder-workspace/.derivedData/Build/Intermediates.noindex/WarpShader.build/Debug-appletvos/WarpShaderExample-p.build/DerivedSources -Xcc -DSWIFT_PACKAGE -Xcc -DDEBUG\=1 -working-directory /Users/admin/builder/spi-builder-workspace/.swiftpm/xcode -experimental-emit-module-separately -disable-cmo
SwiftCompile normal arm64 Compiling\ WarpShaderApp.swift /Users/admin/builder/spi-builder-workspace/Sources/WarpShaderExample/WarpShaderExample/WarpShaderApp.swift (in target 'WarpShaderExample-product' from project 'WarpShader')
SwiftCompile normal arm64 /Users/admin/builder/spi-builder-workspace/Sources/WarpShaderExample/WarpShaderExample/WarpShaderApp.swift (in target 'WarpShaderExample-product' from project 'WarpShader')
cd /Users/admin/builder/spi-builder-workspace/.swiftpm/xcode
builtin-SwiftPerFileCompile WarpShaderApp.swift
SwiftEmitModule normal arm64 Emitting\ module\ for\ WarpShaderExample (in target 'WarpShaderExample-product' from project 'WarpShader')
SwiftCompile normal arm64 (in target 'WarpShaderExample-product' from project 'WarpShader')
cd /Users/admin/builder/spi-builder-workspace/.swiftpm/xcode
SwiftCompile normal arm64 Compiling\ GeneratedAssetSymbols.swift /Users/admin/builder/spi-builder-workspace/.derivedData/Build/Intermediates.noindex/WarpShader.build/Debug-appletvos/WarpShaderExample-p.build/DerivedSources/GeneratedAssetSymbols.swift (in target 'WarpShaderExample-product' from project 'WarpShader')
SwiftCompile normal arm64 /Users/admin/builder/spi-builder-workspace/.derivedData/Build/Intermediates.noindex/WarpShader.build/Debug-appletvos/WarpShaderExample-p.build/DerivedSources/GeneratedAssetSymbols.swift (in target 'WarpShaderExample-product' from project 'WarpShader')
cd /Users/admin/builder/spi-builder-workspace/.swiftpm/xcode
builtin-SwiftPerFileCompile GeneratedAssetSymbols.swift
SwiftCompile normal arm64 Compiling\ ContentView.swift /Users/admin/builder/spi-builder-workspace/Sources/WarpShaderExample/WarpShaderExample/ContentView.swift (in target 'WarpShaderExample-product' from project 'WarpShader')
/Users/admin/builder/spi-builder-workspace/Sources/WarpShaderExample/WarpShaderExample/ContentView.swift:133:30: error: 'textSelection' is unavailable in tvOS
131 | Spacer()
132 | Text(starScale.formatted())
133 | .textSelection(.enabled)
| `- error: 'textSelection' is unavailable in tvOS
134 | }
135 | Slider(value: $starScale, in: 0...5)
SwiftUI.View.textSelection:2:25: note: 'textSelection' has been explicitly marked unavailable here
1 | protocol View {
2 | nonisolated public func textSelection<S>(_ selectability: S) -> some View where S : TextSelectability
| `- note: 'textSelection' has been explicitly marked unavailable here
3 | }
4 |
/Users/admin/builder/spi-builder-workspace/Sources/WarpShaderExample/WarpShaderExample/ContentView.swift:133:45: error: 'enabled' is unavailable in tvOS
131 | Spacer()
132 | Text(starScale.formatted())
133 | .textSelection(.enabled)
| `- error: 'enabled' is unavailable in tvOS
134 | }
135 | Slider(value: $starScale, in: 0...5)
SwiftUI.TextSelectability.enabled:2:43: note: 'enabled' has been explicitly marked unavailable here
1 | protocol TextSelectability {
2 | @export(implementation) public static var enabled: EnabledTextSelectability { get }}
| `- note: 'enabled' has been explicitly marked unavailable here
3 |
/Users/admin/builder/spi-builder-workspace/Sources/WarpShaderExample/WarpShaderExample/ContentView.swift:135:21: error: 'Slider' is unavailable in tvOS
133 | .textSelection(.enabled)
134 | }
135 | Slider(value: $starScale, in: 0...5)
| `- error: 'Slider' is unavailable in tvOS
136 |
137 | HStack {
SwiftUI.Slider:3:27: note: 'Slider' has been explicitly marked unavailable here
1 | @available(iOS 13.0, macOS 10.15, watchOS 6.0, *)
2 | @available(tvOS, unavailable)
3 | nonisolated public struct Slider<Label, ValueLabel> : View, ~Sendable where Label : View, ValueLabel : View {
| `- note: 'Slider' has been explicitly marked unavailable here
4 | nonisolated public var body: some View { get }
5 | @available(macOS 10.15, iOS 13.0, watchOS 6.0, *)
/Users/admin/builder/spi-builder-workspace/Sources/WarpShaderExample/WarpShaderExample/ContentView.swift:135:21: error: 'init(value:in:onEditingChanged:)' is unavailable in tvOS
133 | .textSelection(.enabled)
134 | }
135 | Slider(value: $starScale, in: 0...5)
| `- error: 'init(value:in:onEditingChanged:)' is unavailable in tvOS
136 |
137 | HStack {
SwiftUI.Slider.init:2:20: note: 'init(value:in:onEditingChanged:)' has been explicitly marked unavailable here
1 | generic struct Slider {
2 | nonisolated public init<V>(value: Binding<V>, in bounds: ClosedRange<V> = 0...1, onEditingChanged: @escaping (Bool) -> Void = { _ in }) where V : BinaryFloatingPoint, V.Stride : BinaryFloatingPoint}
| `- note: 'init(value:in:onEditingChanged:)' has been explicitly marked unavailable here
3 |
/Users/admin/builder/spi-builder-workspace/Sources/WarpShaderExample/WarpShaderExample/ContentView.swift:141:30: error: 'textSelection' is unavailable in tvOS
139 | Spacer()
140 | Text(speed.formatted())
141 | .textSelection(.enabled)
| `- error: 'textSelection' is unavailable in tvOS
142 | }
143 | Slider(value: $speed, in: 0...5)
SwiftUI.View.textSelection:2:25: note: 'textSelection' has been explicitly marked unavailable here
1 | protocol View {
2 | nonisolated public func textSelection<S>(_ selectability: S) -> some View where S : TextSelectability
| `- note: 'textSelection' has been explicitly marked unavailable here
3 | }
4 |
/Users/admin/builder/spi-builder-workspace/Sources/WarpShaderExample/WarpShaderExample/ContentView.swift:141:45: error: 'enabled' is unavailable in tvOS
139 | Spacer()
140 | Text(speed.formatted())
141 | .textSelection(.enabled)
| `- error: 'enabled' is unavailable in tvOS
142 | }
143 | Slider(value: $speed, in: 0...5)
SwiftUI.TextSelectability.enabled:2:43: note: 'enabled' has been explicitly marked unavailable here
1 | protocol TextSelectability {
2 | @export(implementation) public static var enabled: EnabledTextSelectability { get }}
| `- note: 'enabled' has been explicitly marked unavailable here
3 |
/Users/admin/builder/spi-builder-workspace/Sources/WarpShaderExample/WarpShaderExample/ContentView.swift:143:21: error: 'Slider' is unavailable in tvOS
141 | .textSelection(.enabled)
142 | }
143 | Slider(value: $speed, in: 0...5)
| `- error: 'Slider' is unavailable in tvOS
144 |
145 | Divider()
SwiftUI.Slider:3:27: note: 'Slider' has been explicitly marked unavailable here
1 | @available(iOS 13.0, macOS 10.15, watchOS 6.0, *)
2 | @available(tvOS, unavailable)
3 | nonisolated public struct Slider<Label, ValueLabel> : View, ~Sendable where Label : View, ValueLabel : View {
| `- note: 'Slider' has been explicitly marked unavailable here
4 | nonisolated public var body: some View { get }
5 | @available(macOS 10.15, iOS 13.0, watchOS 6.0, *)
/Users/admin/builder/spi-builder-workspace/Sources/WarpShaderExample/WarpShaderExample/ContentView.swift:143:21: error: 'init(value:in:onEditingChanged:)' is unavailable in tvOS
141 | .textSelection(.enabled)
142 | }
143 | Slider(value: $speed, in: 0...5)
| `- error: 'init(value:in:onEditingChanged:)' is unavailable in tvOS
144 |
145 | Divider()
SwiftUI.Slider.init:2:20: note: 'init(value:in:onEditingChanged:)' has been explicitly marked unavailable here
1 | generic struct Slider {
2 | nonisolated public init<V>(value: Binding<V>, in bounds: ClosedRange<V> = 0...1, onEditingChanged: @escaping (Bool) -> Void = { _ in }) where V : BinaryFloatingPoint, V.Stride : BinaryFloatingPoint}
| `- note: 'init(value:in:onEditingChanged:)' has been explicitly marked unavailable here
3 |
/Users/admin/builder/spi-builder-workspace/Sources/WarpShaderExample/WarpShaderExample/ContentView.swift:151:30: error: 'textSelection' is unavailable in tvOS
149 | Spacer()
150 | Text(fov.formatted())
151 | .textSelection(.enabled)
| `- error: 'textSelection' is unavailable in tvOS
152 | }
153 | Slider(value: $fov, in: 0.3...2.0)
SwiftUI.View.textSelection:2:25: note: 'textSelection' has been explicitly marked unavailable here
1 | protocol View {
2 | nonisolated public func textSelection<S>(_ selectability: S) -> some View where S : TextSelectability
| `- note: 'textSelection' has been explicitly marked unavailable here
3 | }
4 |
/Users/admin/builder/spi-builder-workspace/Sources/WarpShaderExample/WarpShaderExample/ContentView.swift:151:45: error: 'enabled' is unavailable in tvOS
149 | Spacer()
150 | Text(fov.formatted())
151 | .textSelection(.enabled)
| `- error: 'enabled' is unavailable in tvOS
152 | }
153 | Slider(value: $fov, in: 0.3...2.0)
SwiftUI.TextSelectability.enabled:2:43: note: 'enabled' has been explicitly marked unavailable here
1 | protocol TextSelectability {
2 | @export(implementation) public static var enabled: EnabledTextSelectability { get }}
| `- note: 'enabled' has been explicitly marked unavailable here
3 |
/Users/admin/builder/spi-builder-workspace/Sources/WarpShaderExample/WarpShaderExample/ContentView.swift:153:21: error: 'Slider' is unavailable in tvOS
151 | .textSelection(.enabled)
152 | }
153 | Slider(value: $fov, in: 0.3...2.0)
| `- error: 'Slider' is unavailable in tvOS
154 |
155 | Divider()
SwiftUI.Slider:3:27: note: 'Slider' has been explicitly marked unavailable here
1 | @available(iOS 13.0, macOS 10.15, watchOS 6.0, *)
2 | @available(tvOS, unavailable)
3 | nonisolated public struct Slider<Label, ValueLabel> : View, ~Sendable where Label : View, ValueLabel : View {
| `- note: 'Slider' has been explicitly marked unavailable here
4 | nonisolated public var body: some View { get }
5 | @available(macOS 10.15, iOS 13.0, watchOS 6.0, *)
/Users/admin/builder/spi-builder-workspace/Sources/WarpShaderExample/WarpShaderExample/ContentView.swift:153:21: error: 'init(value:in:onEditingChanged:)' is unavailable in tvOS
151 | .textSelection(.enabled)
152 | }
153 | Slider(value: $fov, in: 0.3...2.0)
| `- error: 'init(value:in:onEditingChanged:)' is unavailable in tvOS
154 |
155 | Divider()
SwiftUI.Slider.init:2:20: note: 'init(value:in:onEditingChanged:)' has been explicitly marked unavailable here
1 | generic struct Slider {
2 | nonisolated public init<V>(value: Binding<V>, in bounds: ClosedRange<V> = 0...1, onEditingChanged: @escaping (Bool) -> Void = { _ in }) where V : BinaryFloatingPoint, V.Stride : BinaryFloatingPoint}
| `- note: 'init(value:in:onEditingChanged:)' has been explicitly marked unavailable here
3 |
/Users/admin/builder/spi-builder-workspace/Sources/WarpShaderExample/WarpShaderExample/ContentView.swift:161:30: error: 'textSelection' is unavailable in tvOS
159 | Spacer()
160 | Text(bifrost.formatted())
161 | .textSelection(.enabled)
| `- error: 'textSelection' is unavailable in tvOS
162 | }
163 | Slider(value: $bifrost, in: 0.0...2.0)
SwiftUI.View.textSelection:2:25: note: 'textSelection' has been explicitly marked unavailable here
1 | protocol View {
2 | nonisolated public func textSelection<S>(_ selectability: S) -> some View where S : TextSelectability
| `- note: 'textSelection' has been explicitly marked unavailable here
3 | }
4 |
/Users/admin/builder/spi-builder-workspace/Sources/WarpShaderExample/WarpShaderExample/ContentView.swift:161:45: error: 'enabled' is unavailable in tvOS
159 | Spacer()
160 | Text(bifrost.formatted())
161 | .textSelection(.enabled)
| `- error: 'enabled' is unavailable in tvOS
162 | }
163 | Slider(value: $bifrost, in: 0.0...2.0)
SwiftUI.TextSelectability.enabled:2:43: note: 'enabled' has been explicitly marked unavailable here
1 | protocol TextSelectability {
2 | @export(implementation) public static var enabled: EnabledTextSelectability { get }}
| `- note: 'enabled' has been explicitly marked unavailable here
3 |
/Users/admin/builder/spi-builder-workspace/Sources/WarpShaderExample/WarpShaderExample/ContentView.swift:163:21: error: 'Slider' is unavailable in tvOS
161 | .textSelection(.enabled)
162 | }
163 | Slider(value: $bifrost, in: 0.0...2.0)
| `- error: 'Slider' is unavailable in tvOS
164 |
165 | Divider()
SwiftUI.Slider:3:27: note: 'Slider' has been explicitly marked unavailable here
1 | @available(iOS 13.0, macOS 10.15, watchOS 6.0, *)
2 | @available(tvOS, unavailable)
3 | nonisolated public struct Slider<Label, ValueLabel> : View, ~Sendable where Label : View, ValueLabel : View {
| `- note: 'Slider' has been explicitly marked unavailable here
4 | nonisolated public var body: some View { get }
5 | @available(macOS 10.15, iOS 13.0, watchOS 6.0, *)
/Users/admin/builder/spi-builder-workspace/Sources/WarpShaderExample/WarpShaderExample/ContentView.swift:163:21: error: 'init(value:in:onEditingChanged:)' is unavailable in tvOS
161 | .textSelection(.enabled)
162 | }
163 | Slider(value: $bifrost, in: 0.0...2.0)
| `- error: 'init(value:in:onEditingChanged:)' is unavailable in tvOS
164 |
165 | Divider()
SwiftUI.Slider.init:2:20: note: 'init(value:in:onEditingChanged:)' has been explicitly marked unavailable here
1 | generic struct Slider {
2 | nonisolated public init<V>(value: Binding<V>, in bounds: ClosedRange<V> = 0...1, onEditingChanged: @escaping (Bool) -> Void = { _ in }) where V : BinaryFloatingPoint, V.Stride : BinaryFloatingPoint}
| `- note: 'init(value:in:onEditingChanged:)' has been explicitly marked unavailable here
3 |
/Users/admin/builder/spi-builder-workspace/Sources/WarpShaderExample/WarpShaderExample/ContentView.swift:171:30: error: 'textSelection' is unavailable in tvOS
169 | Spacer()
170 | Text(tails.formatted())
171 | .textSelection(.enabled)
| `- error: 'textSelection' is unavailable in tvOS
172 | }
173 | Slider(value: $tails, in: 0.1...8.0)
SwiftUI.View.textSelection:2:25: note: 'textSelection' has been explicitly marked unavailable here
1 | protocol View {
2 | nonisolated public func textSelection<S>(_ selectability: S) -> some View where S : TextSelectability
| `- note: 'textSelection' has been explicitly marked unavailable here
3 | }
4 |
/Users/admin/builder/spi-builder-workspace/Sources/WarpShaderExample/WarpShaderExample/ContentView.swift:171:45: error: 'enabled' is unavailable in tvOS
169 | Spacer()
170 | Text(tails.formatted())
171 | .textSelection(.enabled)
| `- error: 'enabled' is unavailable in tvOS
172 | }
173 | Slider(value: $tails, in: 0.1...8.0)
SwiftUI.TextSelectability.enabled:2:43: note: 'enabled' has been explicitly marked unavailable here
1 | protocol TextSelectability {
2 | @export(implementation) public static var enabled: EnabledTextSelectability { get }}
| `- note: 'enabled' has been explicitly marked unavailable here
3 |
/Users/admin/builder/spi-builder-workspace/Sources/WarpShaderExample/WarpShaderExample/ContentView.swift:173:21: error: 'Slider' is unavailable in tvOS
171 | .textSelection(.enabled)
172 | }
173 | Slider(value: $tails, in: 0.1...8.0)
| `- error: 'Slider' is unavailable in tvOS
174 |
175 | Divider()
SwiftUI.Slider:3:27: note: 'Slider' has been explicitly marked unavailable here
1 | @available(iOS 13.0, macOS 10.15, watchOS 6.0, *)
2 | @available(tvOS, unavailable)
3 | nonisolated public struct Slider<Label, ValueLabel> : View, ~Sendable where Label : View, ValueLabel : View {
| `- note: 'Slider' has been explicitly marked unavailable here
4 | nonisolated public var body: some View { get }
5 | @available(macOS 10.15, iOS 13.0, watchOS 6.0, *)
/Users/admin/builder/spi-builder-workspace/Sources/WarpShaderExample/WarpShaderExample/ContentView.swift:173:21: error: 'init(value:in:onEditingChanged:)' is unavailable in tvOS
171 | .textSelection(.enabled)
172 | }
173 | Slider(value: $tails, in: 0.1...8.0)
| `- error: 'init(value:in:onEditingChanged:)' is unavailable in tvOS
174 |
175 | Divider()
SwiftUI.Slider.init:2:20: note: 'init(value:in:onEditingChanged:)' has been explicitly marked unavailable here
1 | generic struct Slider {
2 | nonisolated public init<V>(value: Binding<V>, in bounds: ClosedRange<V> = 0...1, onEditingChanged: @escaping (Bool) -> Void = { _ in }) where V : BinaryFloatingPoint, V.Stride : BinaryFloatingPoint}
| `- note: 'init(value:in:onEditingChanged:)' has been explicitly marked unavailable here
3 |
/Users/admin/builder/spi-builder-workspace/Sources/WarpShaderExample/WarpShaderExample/ContentView.swift:184:21: error: 'Slider' is unavailable in tvOS
182 | }
183 | }
184 | Slider(value: $starFieldOffset.x, in: 0...1.0) {
| `- error: 'Slider' is unavailable in tvOS
185 | Text(String(format: "x: %.2f", starFieldOffset.x))
186 | .textSelection(.enabled)
SwiftUI.Slider:3:27: note: 'Slider' has been explicitly marked unavailable here
1 | @available(iOS 13.0, macOS 10.15, watchOS 6.0, *)
2 | @available(tvOS, unavailable)
3 | nonisolated public struct Slider<Label, ValueLabel> : View, ~Sendable where Label : View, ValueLabel : View {
| `- note: 'Slider' has been explicitly marked unavailable here
4 | nonisolated public var body: some View { get }
5 | @available(macOS 10.15, iOS 13.0, watchOS 6.0, *)
/Users/admin/builder/spi-builder-workspace/Sources/WarpShaderExample/WarpShaderExample/ContentView.swift:184:21: error: 'init(value:in:label:onEditingChanged:)' is unavailable in tvOS
182 | }
183 | }
184 | Slider(value: $starFieldOffset.x, in: 0...1.0) {
| `- error: 'init(value:in:label:onEditingChanged:)' is unavailable in tvOS
185 | Text(String(format: "x: %.2f", starFieldOffset.x))
186 | .textSelection(.enabled)
SwiftUI.Slider.init:2:44: note: 'init(value:in:label:onEditingChanged:)' has been explicitly marked unavailable here
1 | generic struct Slider {
2 | @export(implementation) nonisolated public init<V>(value: Binding<V>, in bounds: ClosedRange<V> = 0...1, @ContentBuilder label: () -> Label, onEditingChanged: @escaping (Bool) -> Void = { _ in }) where V : BinaryFloatingPoint, V.Stride : BinaryFloatingPoint}
| `- note: 'init(value:in:label:onEditingChanged:)' has been explicitly marked unavailable here
3 |
/Users/admin/builder/spi-builder-workspace/Sources/WarpShaderExample/WarpShaderExample/ContentView.swift:186:30: error: 'textSelection' is unavailable in tvOS
184 | Slider(value: $starFieldOffset.x, in: 0...1.0) {
185 | Text(String(format: "x: %.2f", starFieldOffset.x))
186 | .textSelection(.enabled)
| `- error: 'textSelection' is unavailable in tvOS
187 | }
188 | Slider(value: $starFieldOffset.y, in: 0...1.0) {
SwiftUI.View.textSelection:2:25: note: 'textSelection' has been explicitly marked unavailable here
1 | protocol View {
2 | nonisolated public func textSelection<S>(_ selectability: S) -> some View where S : TextSelectability
| `- note: 'textSelection' has been explicitly marked unavailable here
3 | }
4 |
/Users/admin/builder/spi-builder-workspace/Sources/WarpShaderExample/WarpShaderExample/ContentView.swift:186:45: error: 'enabled' is unavailable in tvOS
184 | Slider(value: $starFieldOffset.x, in: 0...1.0) {
185 | Text(String(format: "x: %.2f", starFieldOffset.x))
186 | .textSelection(.enabled)
| `- error: 'enabled' is unavailable in tvOS
187 | }
188 | Slider(value: $starFieldOffset.y, in: 0...1.0) {
SwiftUI.TextSelectability.enabled:2:43: note: 'enabled' has been explicitly marked unavailable here
1 | protocol TextSelectability {
2 | @export(implementation) public static var enabled: EnabledTextSelectability { get }}
| `- note: 'enabled' has been explicitly marked unavailable here
3 |
/Users/admin/builder/spi-builder-workspace/Sources/WarpShaderExample/WarpShaderExample/ContentView.swift:188:21: error: 'Slider' is unavailable in tvOS
186 | .textSelection(.enabled)
187 | }
188 | Slider(value: $starFieldOffset.y, in: 0...1.0) {
| `- error: 'Slider' is unavailable in tvOS
189 | Text(String(format: "y: %.2f", starFieldOffset.y))
190 | .textSelection(.enabled)
SwiftUI.Slider:3:27: note: 'Slider' has been explicitly marked unavailable here
1 | @available(iOS 13.0, macOS 10.15, watchOS 6.0, *)
2 | @available(tvOS, unavailable)
3 | nonisolated public struct Slider<Label, ValueLabel> : View, ~Sendable where Label : View, ValueLabel : View {
| `- note: 'Slider' has been explicitly marked unavailable here
4 | nonisolated public var body: some View { get }
5 | @available(macOS 10.15, iOS 13.0, watchOS 6.0, *)
/Users/admin/builder/spi-builder-workspace/Sources/WarpShaderExample/WarpShaderExample/ContentView.swift:188:21: error: 'init(value:in:label:onEditingChanged:)' is unavailable in tvOS
186 | .textSelection(.enabled)
187 | }
188 | Slider(value: $starFieldOffset.y, in: 0...1.0) {
| `- error: 'init(value:in:label:onEditingChanged:)' is unavailable in tvOS
189 | Text(String(format: "y: %.2f", starFieldOffset.y))
190 | .textSelection(.enabled)
SwiftUI.Slider.init:2:44: note: 'init(value:in:label:onEditingChanged:)' has been explicitly marked unavailable here
1 | generic struct Slider {
2 | @export(implementation) nonisolated public init<V>(value: Binding<V>, in bounds: ClosedRange<V> = 0...1, @ContentBuilder label: () -> Label, onEditingChanged: @escaping (Bool) -> Void = { _ in }) where V : BinaryFloatingPoint, V.Stride : BinaryFloatingPoint}
| `- note: 'init(value:in:label:onEditingChanged:)' has been explicitly marked unavailable here
3 |
/Users/admin/builder/spi-builder-workspace/Sources/WarpShaderExample/WarpShaderExample/ContentView.swift:190:30: error: 'textSelection' is unavailable in tvOS
188 | Slider(value: $starFieldOffset.y, in: 0...1.0) {
189 | Text(String(format: "y: %.2f", starFieldOffset.y))
190 | .textSelection(.enabled)
| `- error: 'textSelection' is unavailable in tvOS
191 | }
192 | }
SwiftUI.View.textSelection:2:25: note: 'textSelection' has been explicitly marked unavailable here
1 | protocol View {
2 | nonisolated public func textSelection<S>(_ selectability: S) -> some View where S : TextSelectability
| `- note: 'textSelection' has been explicitly marked unavailable here
3 | }
4 |
/Users/admin/builder/spi-builder-workspace/Sources/WarpShaderExample/WarpShaderExample/ContentView.swift:190:45: error: 'enabled' is unavailable in tvOS
188 | Slider(value: $starFieldOffset.y, in: 0...1.0) {
189 | Text(String(format: "y: %.2f", starFieldOffset.y))
190 | .textSelection(.enabled)
| `- error: 'enabled' is unavailable in tvOS
191 | }
192 | }
SwiftUI.TextSelectability.enabled:2:43: note: 'enabled' has been explicitly marked unavailable here
1 | protocol TextSelectability {
2 | @export(implementation) public static var enabled: EnabledTextSelectability { get }}
| `- note: 'enabled' has been explicitly marked unavailable here
3 |
Failed frontend command:
/Applications/Xcode-27.0.0-Release.Candidate.app/Contents/Developer/Toolchains/XcodeDefault.xctoolchain/usr/bin/swift-frontend -frontend -c /Users/admin/builder/spi-builder-workspace/.derivedData/Build/Intermediates.noindex/WarpShader.build/Debug-appletvos/WarpShaderExample-p.build/DerivedSources/resource_bundle_accessor.swift -primary-file /Users/admin/builder/spi-builder-workspace/Sources/WarpShaderExample/WarpShaderExample/ContentView.swift /Users/admin/builder/spi-builder-workspace/Sources/WarpShaderExample/WarpShaderExample/WarpShaderApp.swift /Users/admin/builder/spi-builder-workspace/.derivedData/Build/Intermediates.noindex/WarpShader.build/Debug-appletvos/WarpShaderExample-p.build/DerivedSources/GeneratedAssetSymbols.swift -emit-dependencies-path /Users/admin/builder/spi-builder-workspace/.derivedData/Build/Intermediates.noindex/WarpShader.build/Debug-appletvos/WarpShaderExample-p.build/Objects-normal/arm64/ContentView.d -emit-const-values-path /Users/admin/builder/spi-builder-workspace/.derivedData/Build/Intermediates.noindex/WarpShader.build/Debug-appletvos/WarpShaderExample-p.build/Objects-normal/arm64/ContentView.swiftconstvalues -emit-reference-dependencies-path /Users/admin/builder/spi-builder-workspace/.derivedData/Build/Intermediates.noindex/WarpShader.build/Debug-appletvos/WarpShaderExample-p.build/Objects-normal/arm64/ContentView.swiftdeps -serialize-diagnostics-path /Users/admin/builder/spi-builder-workspace/.derivedData/Build/Intermediates.noindex/WarpShader.build/Debug-appletvos/WarpShaderExample-p.build/Objects-normal/arm64/ContentView.dia -target arm64-apple-tvos17.0 -module-can-import-version DeveloperToolsSupport 24.0.24 24.0.24 -disable-cross-import-overlay-search -load-resolved-plugin /Applications/Xcode-27.0.0-Release.Candidate.app/Contents/Developer/Platforms/AppleTVOS.platform/Developer/usr/lib/swift/host/plugins/libFoundationMacros.dylib\#/Applications/Xcode-27.0.0-Release.Candidate.app/Contents/Developer/Platforms/AppleTVOS.platform/Developer/usr/bin/swift-plugin-server\#FoundationMacros -load-resolved-plugin /Applications/Xcode-27.0.0-Release.Candidate.app/Contents/Developer/Platforms/AppleTVOS.platform/Developer/usr/lib/swift/host/plugins/libObservationMacros.dylib\#/Applications/Xcode-27.0.0-Release.Candidate.app/Contents/Developer/Platforms/AppleTVOS.platform/Developer/usr/bin/swift-plugin-server\#ObservationMacros -load-resolved-plugin /Applications/Xcode-27.0.0-Release.Candidate.app/Contents/Developer/Platforms/AppleTVOS.platform/Developer/usr/lib/swift/host/plugins/libPreviewsMacros.dylib\#/Applications/Xcode-27.0.0-Release.Candidate.app/Contents/Developer/Platforms/AppleTVOS.platform/Developer/usr/bin/swift-plugin-server\#PreviewsMacros -load-resolved-plugin /Applications/Xcode-27.0.0-Release.Candidate.app/Contents/Developer/Platforms/AppleTVOS.platform/Developer/usr/lib/swift/host/plugins/libSwiftMacros.dylib\#/Applications/Xcode-27.0.0-Release.Candidate.app/Contents/Developer/Platforms/AppleTVOS.platform/Developer/usr/bin/swift-plugin-server\#SwiftMacros -load-resolved-plugin /Applications/Xcode-27.0.0-Release.Candidate.app/Contents/Developer/Platforms/AppleTVOS.platform/Developer/usr/lib/swift/host/plugins/libSwiftUIMacros.dylib\#/Applications/Xcode-27.0.0-Release.Candidate.app/Contents/Developer/Platforms/AppleTVOS.platform/Developer/usr/bin/swift-plugin-server\#SwiftUIMacros -disable-implicit-swift-modules -Xcc -fno-implicit-modules -Xcc -fno-implicit-module-maps -explicit-swift-module-map-file /Users/admin/builder/spi-builder-workspace/.derivedData/Build/Intermediates.noindex/WarpShader.build/Debug-appletvos/WarpShaderExample-p.build/Objects-normal/arm64/WarpShaderExample-dependencies-1.json -Xllvm -aarch64-use-tbi -enable-objc-interop -stack-check -sdk /Applications/Xcode-27.0.0-Release.Candidate.app/Contents/Developer/Platforms/AppleTVOS.platform/Developer/SDKs/AppleTVOS27.0.sdk -I /Users/admin/builder/spi-builder-workspace/.derivedData/Build/Products/Debug-appletvos -Isystem /Applications/Xcode-27.0.0-Release.Candidate.app/Contents/Developer/Platforms/AppleTVOS.platform/Developer/usr/lib -F /Users/admin/builder/spi-builder-workspace/.derivedData/Build/Products/Debug-appletvos/PackageFrameworks -F /Users/admin/builder/spi-builder-workspace/.derivedData/Build/Products/Debug-appletvos -F /Applications/Xcode-27.0.0-Release.Candidate.app/Contents/Developer/Platforms/AppleTVOS.platform/Developer/Library/Frameworks -F /Applications/Xcode-27.0.0-Release.Candidate.app/Contents/Developer/Platforms/AppleTVOS.platform/Developer/SDKs/AppleTVOS27.0.sdk/Developer/Library/Frameworks -module-cache-path /Users/admin/builder/spi-builder-workspace/.derivedData/Build/Intermediates.noindex/SwiftExplicitPrecompiledModules -no-color-diagnostics -Xcc -fno-color-diagnostics -enable-testing -g -debug-info-format\=dwarf -dwarf-version\=4 -swift-version 6 -Onone -D SWIFT_PACKAGE -D DEBUG -D SWIFT_MODULE_RESOURCE_BUNDLE_AVAILABLE -D Xcode -serialize-debugging-options -enable-experimental-feature DebugDescriptionMacro -empty-abi-descriptor -validate-clang-modules-once -clang-build-session-file /Users/admin/builder/spi-builder-workspace/.derivedData/ModuleCache.noindex/Session.modulevalidation -Xcc -working-directory -Xcc /Users/admin/builder/spi-builder-workspace/.swiftpm/xcode -enable-anonymous-context-mangled-names -file-compilation-dir /Users/admin/builder/spi-builder-workspace/.swiftpm/xcode -Xcc -D_LIBCPP_HARDENING_MODE\=_LIBCPP_HARDENING_MODE_DEBUG -Xcc -ivfsstatcache -Xcc /Users/admin/builder/spi-builder-workspace/.derivedData/SDKStatCaches.noindex/appletvos27.0-24J360-e829b21a6f8c9b70876ba0858053c044b32bfd8d43560033f8d89884cdb90028.sdkstatcache -Xcc -fmodules-prune-interval\=86400 -Xcc -fmodules-prune-after\=345600 -Xcc -I/Users/admin/builder/spi-builder-workspace/.derivedData/Build/Products/Debug-appletvos/include -Xcc -I/Users/admin/builder/spi-builder-workspace/.derivedData/Build/Intermediates.noindex/WarpShader.build/Debug-appletvos/WarpShaderExample-p.build/DerivedSources-normal/arm64 -Xcc -I/Users/admin/builder/spi-builder-workspace/.derivedData/Build/Intermediates.noindex/WarpShader.build/Debug-appletvos/WarpShaderExample-p.build/DerivedSources/arm64 -Xcc -I/Users/admin/builder/spi-builder-workspace/.derivedData/Build/Intermediates.noindex/WarpShader.build/Debug-appletvos/WarpShaderExample-p.build/DerivedSources -Xcc -DSWIFT_PACKAGE -Xcc -DDEBUG\=1 -no-auto-bridging-header-chaining -module-name WarpShaderExample -package-name spi_builder_workspace -const-gather-protocols-file /Users/admin/builder/spi-builder-workspace/.derivedData/Build/Intermediates.noindex/WarpShader.build/Debug-appletvos/WarpShaderExample-p.build/Objects-normal/arm64/WarpShaderExample_const_extract_protocols.json -disable-clang-spi -clang-target arm64-apple-tvos27.0 -target-sdk-version 27.0 -target-sdk-name appletvos27.0 -in-process-plugin-server-path /Applications/Xcode-27.0.0-Release.Candidate.app/Contents/Developer/Toolchains/XcodeDefault.xctoolchain/usr/lib/swift/host/libSwiftInProcPluginServer.dylib -parse-as-library -o /Users/admin/builder/spi-builder-workspace/.derivedData/Build/Intermediates.noindex/WarpShader.build/Debug-appletvos/WarpShaderExample-p.build/Objects-normal/arm64/ContentView.o -debug-module-path /Users/admin/builder/spi-builder-workspace/.derivedData/Build/Intermediates.noindex/WarpShader.build/Debug-appletvos/WarpShaderExample-p.build/Objects-normal/arm64/WarpShaderExample.swiftmodule -index-unit-output-path /WarpShader.build/Debug-appletvos/WarpShaderExample-p.build/Objects-normal/arm64/ContentView.o -index-store-path /Users/admin/builder/spi-builder-workspace/.derivedData/Index.noindex/DataStore -index-system-modules
SwiftCompile normal arm64 /Users/admin/builder/spi-builder-workspace/Sources/WarpShaderExample/WarpShaderExample/ContentView.swift (in target 'WarpShaderExample-product' from project 'WarpShader')
cd /Users/admin/builder/spi-builder-workspace/.swiftpm/xcode
builtin-SwiftPerFileCompile ContentView.swift
SwiftCompile normal arm64 Compiling\ resource_bundle_accessor.swift /Users/admin/builder/spi-builder-workspace/.derivedData/Build/Intermediates.noindex/WarpShader.build/Debug-appletvos/WarpShaderExample-p.build/DerivedSources/resource_bundle_accessor.swift (in target 'WarpShaderExample-product' from project 'WarpShader')
SwiftCompile normal arm64 /Users/admin/builder/spi-builder-workspace/.derivedData/Build/Intermediates.noindex/WarpShader.build/Debug-appletvos/WarpShaderExample-p.build/DerivedSources/resource_bundle_accessor.swift (in target 'WarpShaderExample-product' from project 'WarpShader')
cd /Users/admin/builder/spi-builder-workspace/.swiftpm/xcode
builtin-SwiftPerFileCompile resource_bundle_accessor.swift
SwiftDriverJobDiscovery normal arm64 Emitting module for WarpShaderExample (in target 'WarpShaderExample-product' from project 'WarpShader')
SwiftDriver\ Compilation\ Requirements WarpShaderExample normal arm64 com.apple.xcode.tools.swift.compiler (in target 'WarpShaderExample-product' from project 'WarpShader')
cd /Users/admin/builder/spi-builder-workspace/.swiftpm/xcode
builtin-Swift-Compilation-Requirements -- /Applications/Xcode-27.0.0-Release.Candidate.app/Contents/Developer/Toolchains/XcodeDefault.xctoolchain/usr/bin/swiftc -parse-as-library -module-name WarpShaderExample -Onone @/Users/admin/builder/spi-builder-workspace/.derivedData/Build/Intermediates.noindex/WarpShader.build/Debug-appletvos/WarpShaderExample-p.build/Objects-normal/arm64/WarpShaderExample.SwiftFileList -DSWIFT_PACKAGE -DDEBUG -DSWIFT_MODULE_RESOURCE_BUNDLE_AVAILABLE -DXcode -plugin-path /Applications/Xcode-27.0.0-Release.Candidate.app/Contents/Developer/Toolchains/XcodeDefault.xctoolchain/usr/lib/swift/host/plugins/testing -enable-experimental-feature DebugDescriptionMacro -sdk /Applications/Xcode-27.0.0-Release.Candidate.app/Contents/Developer/Platforms/AppleTVOS.platform/Developer/SDKs/AppleTVOS27.0.sdk -target arm64-apple-tvos17.0 -g -module-cache-path /Users/admin/builder/spi-builder-workspace/.derivedData/ModuleCache.noindex -Xfrontend -serialize-debugging-options -enable-testing -index-store-path /Users/admin/builder/spi-builder-workspace/.derivedData/Index.noindex/DataStore -Xcc -D_LIBCPP_HARDENING_MODE\=_LIBCPP_HARDENING_MODE_DEBUG -swift-version 6 -I /Users/admin/builder/spi-builder-workspace/.derivedData/Build/Products/Debug-appletvos -Isystem /Applications/Xcode-27.0.0-Release.Candidate.app/Contents/Developer/Platforms/AppleTVOS.platform/Developer/usr/lib -F /Users/admin/builder/spi-builder-workspace/.derivedData/Build/Products/Debug-appletvos/PackageFrameworks -F /Users/admin/builder/spi-builder-workspace/.derivedData/Build/Products/Debug-appletvos -F /Applications/Xcode-27.0.0-Release.Candidate.app/Contents/Developer/Platforms/AppleTVOS.platform/Developer/Library/Frameworks -F /Applications/Xcode-27.0.0-Release.Candidate.app/Contents/Developer/Platforms/AppleTVOS.platform/Developer/SDKs/AppleTVOS27.0.sdk/Developer/Library/Frameworks -c -j10 -enable-batch-mode -incremental -Xcc -ivfsstatcache -Xcc /Users/admin/builder/spi-builder-workspace/.derivedData/SDKStatCaches.noindex/appletvos27.0-24J360-e829b21a6f8c9b70876ba0858053c044b32bfd8d43560033f8d89884cdb90028.sdkstatcache -output-file-map /Users/admin/builder/spi-builder-workspace/.derivedData/Build/Intermediates.noindex/WarpShader.build/Debug-appletvos/WarpShaderExample-p.build/Objects-normal/arm64/WarpShaderExample-OutputFileMap.json -save-temps -no-color-diagnostics -explicit-module-build -module-cache-path /Users/admin/builder/spi-builder-workspace/.derivedData/Build/Intermediates.noindex/SwiftExplicitPrecompiledModules -clang-scanner-module-cache-path /Users/admin/builder/spi-builder-workspace/.derivedData/ModuleCache.noindex -sdk-module-cache-path /Users/admin/builder/spi-builder-workspace/.derivedData/SDKExplicitPrecompiledModules -emit-dependencies -emit-module -emit-module-path /Users/admin/builder/spi-builder-workspace/.derivedData/Build/Intermediates.noindex/WarpShader.build/Debug-appletvos/WarpShaderExample-p.build/Objects-normal/arm64/WarpShaderExample.swiftmodule -serialize-diagnostics -dependency-scan-serialize-diagnostics-path /Users/admin/builder/spi-builder-workspace/.derivedData/Build/Intermediates.noindex/WarpShader.build/Debug-appletvos/WarpShaderExample-p.build/Objects-normal/arm64/WarpShaderExample-dependency-scan.dia -validate-clang-modules-once -clang-build-session-file /Users/admin/builder/spi-builder-workspace/.derivedData/ModuleCache.noindex/Session.modulevalidation -Xcc -fmodules-prune-interval\=86400 -Xcc -fmodules-prune-after\=345600 -package-name spi_builder_workspace -emit-const-values -const-gather-protocols-list /Users/admin/builder/spi-builder-workspace/.derivedData/Build/Intermediates.noindex/WarpShader.build/Debug-appletvos/WarpShaderExample-p.build/Objects-normal/arm64/WarpShaderExample_const_extract_protocols.json -Xcc -I/Users/admin/builder/spi-builder-workspace/.derivedData/Build/Products/Debug-appletvos/include -Xcc -I/Users/admin/builder/spi-builder-workspace/.derivedData/Build/Intermediates.noindex/WarpShader.build/Debug-appletvos/WarpShaderExample-p.build/DerivedSources-normal/arm64 -Xcc -I/Users/admin/builder/spi-builder-workspace/.derivedData/Build/Intermediates.noindex/WarpShader.build/Debug-appletvos/WarpShaderExample-p.build/DerivedSources/arm64 -Xcc -I/Users/admin/builder/spi-builder-workspace/.derivedData/Build/Intermediates.noindex/WarpShader.build/Debug-appletvos/WarpShaderExample-p.build/DerivedSources -Xcc -DSWIFT_PACKAGE -Xcc -DDEBUG\=1 -working-directory /Users/admin/builder/spi-builder-workspace/.swiftpm/xcode -experimental-emit-module-separately -disable-cmo
SwiftDriverJobDiscovery normal arm64 Compiling resource_bundle_accessor.swift (in target 'WarpShader' from project 'WarpShader')
SwiftDriverJobDiscovery normal arm64 Compiling resource_bundle_accessor.swift (in target 'WarpShaderExample-product' from project 'WarpShader')
SwiftDriverJobDiscovery normal arm64 Compiling GeneratedAssetSymbols.swift (in target 'WarpShaderExample-product' from project 'WarpShader')
PruneExplicitPrecompiledModules /Users/admin/builder/spi-builder-workspace/.derivedData/Build/Intermediates.noindex/SwiftExplicitPrecompiledModules
PruneExplicitPrecompiledModules /Users/admin/builder/spi-builder-workspace/.derivedData/Build/Intermediates.noindex/ExplicitPrecompiledModules
PruneExplicitPrecompiledModules /Users/admin/builder/spi-builder-workspace/.derivedData/SDKExplicitPrecompiledModules
2026-09-21 17:09:05.535 xcodebuild[650:4098] [MT] IDERunDestination: Supported platforms for the buildables in the current scheme is empty.
2026-09-21 17:09:05.679 xcodebuild[650:4098] [MT] IDERunDestination: Supported platforms for the buildables in the current scheme is empty.
** BUILD FAILED **
The following build commands failed:
SwiftCompile normal arm64 Compiling\ ContentView.swift /Users/admin/builder/spi-builder-workspace/Sources/WarpShaderExample/WarpShaderExample/ContentView.swift (in target 'WarpShaderExample-product' from project 'WarpShader')
SwiftCompile normal arm64 /Users/admin/builder/spi-builder-workspace/Sources/WarpShaderExample/WarpShaderExample/ContentView.swift (in target 'WarpShaderExample-product' from project 'WarpShader')
Building workspace WarpShader with scheme WarpShader-Package
(3 failures)
Command line invocation:
/Applications/Xcode-27.0.0-Release.Candidate.app/Contents/Developer/usr/bin/xcodebuild -IDEClonedSourcePackagesDirPathOverride=/Users/admin/builder/spi-builder-workspace/.dependencies -resolvePackageDependencies
Resolve Package Graph
Resolved source packages:
WarpShader: /Users/admin/builder/spi-builder-workspace
resolved source packages: WarpShader
2026-09-21 17:09:16.758 xcodebuild[750:4654] [MT] IDERunDestination: Supported platforms for the buildables in the current scheme is empty.
2026-09-21 17:09:16.857 xcodebuild[750:4654] [MT] IDERunDestination: Supported platforms for the buildables in the current scheme is empty.
{
"dependencies" : [
],
"manifest_display_name" : "WarpShader",
"name" : "WarpShader",
"path" : "/Users/admin/builder/spi-builder-workspace",
"platforms" : [
{
"name" : "macos",
"version" : "14.0"
},
{
"name" : "ios",
"version" : "17.0"
},
{
"name" : "tvos",
"version" : "17.0"
},
{
"name" : "visionos",
"version" : "1.0"
}
],
"products" : [
{
"name" : "WarpShader",
"targets" : [
"WarpShader"
],
"type" : {
"library" : [
"automatic"
]
}
},
{
"name" : "WarpShaderExample",
"targets" : [
"WarpShaderExample"
],
"type" : {
"executable" : null
}
}
],
"targets" : [
{
"c99name" : "WarpShaderExample",
"module_type" : "SwiftTarget",
"name" : "WarpShaderExample",
"path" : "Sources/WarpShaderExample",
"product_memberships" : [
"WarpShaderExample"
],
"sources" : [
"WarpShaderExample/ContentView.swift",
"WarpShaderExample/WarpShaderApp.swift"
],
"target_dependencies" : [
"WarpShader"
],
"type" : "executable"
},
{
"c99name" : "WarpShader",
"module_type" : "SwiftTarget",
"name" : "WarpShader",
"path" : "Sources/WarpShader",
"product_memberships" : [
"WarpShader",
"WarpShaderExample"
],
"resources" : [
{
"path" : "/Users/admin/builder/spi-builder-workspace/Sources/WarpShader/Shaders.metal",
"rule" : {
"process" : {
}
}
}
],
"sources" : [
"ShaderFunction+StarWarp.swift",
"Warp.swift"
],
"type" : "library"
}
],
"tools_version" : "6.0"
}
{
"workspace" : {
"name" : "WarpShader",
"schemes" : [
"WarpShader",
"WarpShader-Package",
"WarpShaderExample"
]
}
}
2026-09-21 17:09:17.949 xcodebuild[758:4724] [MT] IDERunDestination: Supported platforms for the buildables in the current scheme is empty.
2026-09-21 17:09:18.048 xcodebuild[758:4724] [MT] IDERunDestination: Supported platforms for the buildables in the current scheme is empty.
Running build ...
env DEVELOPER_DIR=/Applications/Xcode-27.0.0-Release.Candidate.app xcrun xcodebuild -IDEClonedSourcePackagesDirPathOverride=$PWD/.dependencies -skipMacroValidation -skipPackagePluginValidation -derivedDataPath $PWD/.derivedData build -scheme WarpShader-Package -destination generic/platform=tvOS
Command line invocation:
/Applications/Xcode-27.0.0-Release.Candidate.app/Contents/Developer/usr/bin/xcodebuild -IDEClonedSourcePackagesDirPathOverride=/Users/admin/builder/spi-builder-workspace/.dependencies -skipMacroValidation -skipPackagePluginValidation -derivedDataPath /Users/admin/builder/spi-builder-workspace/.derivedData build -scheme WarpShader-Package -destination generic/platform=tvOS
Resolve Package Graph
Resolved source packages:
WarpShader: /Users/admin/builder/spi-builder-workspace
ComputePackagePrebuildTargetDependencyGraph
Prepare packages
CreateBuildRequest
SendProjectDescription
CreateBuildOperation
ComputeTargetDependencyGraph
note: Building targets in dependency order
note: Target dependency graph (5 targets)
Target 'WarpShaderExample-product' in project 'WarpShader'
➜ Explicit dependency on target 'WarpShader_WarpShaderExample' in project 'WarpShader'
➜ Explicit dependency on target 'WarpShader' in project 'WarpShader'
Target 'WarpShader_WarpShaderExample' in project 'WarpShader' (no dependencies)
Target 'WarpShader-product' in project 'WarpShader'
➜ Explicit dependency on target 'WarpShader' in project 'WarpShader'
➜ Explicit dependency on target 'WarpShader_WarpShader' in project 'WarpShader'
Target 'WarpShader' in project 'WarpShader'
➜ Explicit dependency on target 'WarpShader_WarpShader' in project 'WarpShader'
Target 'WarpShader_WarpShader' in project 'WarpShader' (no dependencies)
GatherProvisioningInputs
CreateBuildDescription
ClangStatCache /Applications/Xcode-27.0.0-Release.Candidate.app/Contents/Developer/Toolchains/XcodeDefault.xctoolchain/usr/bin/clang-stat-cache /Applications/Xcode-27.0.0-Release.Candidate.app/Contents/Developer/Platforms/AppleTVOS.platform/Developer/SDKs/AppleTVOS27.0.sdk /Users/admin/builder/spi-builder-workspace/.derivedData/SDKStatCaches.noindex/appletvos27.0-24J360-e829b21a6f8c9b70876ba0858053c044b32bfd8d43560033f8d89884cdb90028.sdkstatcache
cd /Users/admin/builder/spi-builder-workspace/.swiftpm/xcode
/Applications/Xcode-27.0.0-Release.Candidate.app/Contents/Developer/Toolchains/XcodeDefault.xctoolchain/usr/bin/clang-stat-cache /Applications/Xcode-27.0.0-Release.Candidate.app/Contents/Developer/Platforms/AppleTVOS.platform/Developer/SDKs/AppleTVOS27.0.sdk -o /Users/admin/builder/spi-builder-workspace/.derivedData/SDKStatCaches.noindex/appletvos27.0-24J360-e829b21a6f8c9b70876ba0858053c044b32bfd8d43560033f8d89884cdb90028.sdkstatcache
SwiftDriver WarpShaderExample normal arm64 com.apple.xcode.tools.swift.compiler (in target 'WarpShaderExample-product' from project 'WarpShader')
cd /Users/admin/builder/spi-builder-workspace/.swiftpm/xcode
builtin-SwiftDriver -- /Applications/Xcode-27.0.0-Release.Candidate.app/Contents/Developer/Toolchains/XcodeDefault.xctoolchain/usr/bin/swiftc -parse-as-library -module-name WarpShaderExample -Onone @/Users/admin/builder/spi-builder-workspace/.derivedData/Build/Intermediates.noindex/WarpShader.build/Debug-appletvos/WarpShaderExample-p.build/Objects-normal/arm64/WarpShaderExample.SwiftFileList -DSWIFT_PACKAGE -DDEBUG -DSWIFT_MODULE_RESOURCE_BUNDLE_AVAILABLE -DXcode -plugin-path /Applications/Xcode-27.0.0-Release.Candidate.app/Contents/Developer/Toolchains/XcodeDefault.xctoolchain/usr/lib/swift/host/plugins/testing -enable-experimental-feature DebugDescriptionMacro -sdk /Applications/Xcode-27.0.0-Release.Candidate.app/Contents/Developer/Platforms/AppleTVOS.platform/Developer/SDKs/AppleTVOS27.0.sdk -target arm64-apple-tvos17.0 -g -module-cache-path /Users/admin/builder/spi-builder-workspace/.derivedData/ModuleCache.noindex -Xfrontend -serialize-debugging-options -enable-testing -index-store-path /Users/admin/builder/spi-builder-workspace/.derivedData/Index.noindex/DataStore -Xcc -D_LIBCPP_HARDENING_MODE\=_LIBCPP_HARDENING_MODE_DEBUG -swift-version 6 -I /Users/admin/builder/spi-builder-workspace/.derivedData/Build/Products/Debug-appletvos -Isystem /Applications/Xcode-27.0.0-Release.Candidate.app/Contents/Developer/Platforms/AppleTVOS.platform/Developer/usr/lib -F /Users/admin/builder/spi-builder-workspace/.derivedData/Build/Products/Debug-appletvos/PackageFrameworks -F /Users/admin/builder/spi-builder-workspace/.derivedData/Build/Products/Debug-appletvos -F /Applications/Xcode-27.0.0-Release.Candidate.app/Contents/Developer/Platforms/AppleTVOS.platform/Developer/Library/Frameworks -F /Applications/Xcode-27.0.0-Release.Candidate.app/Contents/Developer/Platforms/AppleTVOS.platform/Developer/SDKs/AppleTVOS27.0.sdk/Developer/Library/Frameworks -c -j10 -enable-batch-mode -incremental -Xcc -ivfsstatcache -Xcc /Users/admin/builder/spi-builder-workspace/.derivedData/SDKStatCaches.noindex/appletvos27.0-24J360-e829b21a6f8c9b70876ba0858053c044b32bfd8d43560033f8d89884cdb90028.sdkstatcache -output-file-map /Users/admin/builder/spi-builder-workspace/.derivedData/Build/Intermediates.noindex/WarpShader.build/Debug-appletvos/WarpShaderExample-p.build/Objects-normal/arm64/WarpShaderExample-OutputFileMap.json -save-temps -no-color-diagnostics -explicit-module-build -module-cache-path /Users/admin/builder/spi-builder-workspace/.derivedData/Build/Intermediates.noindex/SwiftExplicitPrecompiledModules -clang-scanner-module-cache-path /Users/admin/builder/spi-builder-workspace/.derivedData/ModuleCache.noindex -sdk-module-cache-path /Users/admin/builder/spi-builder-workspace/.derivedData/SDKExplicitPrecompiledModules -emit-dependencies -emit-module -emit-module-path /Users/admin/builder/spi-builder-workspace/.derivedData/Build/Intermediates.noindex/WarpShader.build/Debug-appletvos/WarpShaderExample-p.build/Objects-normal/arm64/WarpShaderExample.swiftmodule -serialize-diagnostics -dependency-scan-serialize-diagnostics-path /Users/admin/builder/spi-builder-workspace/.derivedData/Build/Intermediates.noindex/WarpShader.build/Debug-appletvos/WarpShaderExample-p.build/Objects-normal/arm64/WarpShaderExample-dependency-scan.dia -validate-clang-modules-once -clang-build-session-file /Users/admin/builder/spi-builder-workspace/.derivedData/ModuleCache.noindex/Session.modulevalidation -Xcc -fmodules-prune-interval\=86400 -Xcc -fmodules-prune-after\=345600 -package-name spi_builder_workspace -emit-const-values -const-gather-protocols-list /Users/admin/builder/spi-builder-workspace/.derivedData/Build/Intermediates.noindex/WarpShader.build/Debug-appletvos/WarpShaderExample-p.build/Objects-normal/arm64/WarpShaderExample_const_extract_protocols.json -Xcc -I/Users/admin/builder/spi-builder-workspace/.derivedData/Build/Products/Debug-appletvos/include -Xcc -I/Users/admin/builder/spi-builder-workspace/.derivedData/Build/Intermediates.noindex/WarpShader.build/Debug-appletvos/WarpShaderExample-p.build/DerivedSources-normal/arm64 -Xcc -I/Users/admin/builder/spi-builder-workspace/.derivedData/Build/Intermediates.noindex/WarpShader.build/Debug-appletvos/WarpShaderExample-p.build/DerivedSources/arm64 -Xcc -I/Users/admin/builder/spi-builder-workspace/.derivedData/Build/Intermediates.noindex/WarpShader.build/Debug-appletvos/WarpShaderExample-p.build/DerivedSources -Xcc -DSWIFT_PACKAGE -Xcc -DDEBUG\=1 -working-directory /Users/admin/builder/spi-builder-workspace/.swiftpm/xcode -experimental-emit-module-separately -disable-cmo
SwiftDriver WarpShader normal arm64 com.apple.xcode.tools.swift.compiler (in target 'WarpShader' from project 'WarpShader')
cd /Users/admin/builder/spi-builder-workspace/.swiftpm/xcode
builtin-SwiftDriver -- /Applications/Xcode-27.0.0-Release.Candidate.app/Contents/Developer/Toolchains/XcodeDefault.xctoolchain/usr/bin/swiftc -parse-as-library -module-name WarpShader -Onone @/Users/admin/builder/spi-builder-workspace/.derivedData/Build/Intermediates.noindex/WarpShader.build/Debug-appletvos/WarpShader-t.build/Objects-normal/arm64/WarpShader.SwiftFileList -DSWIFT_PACKAGE -DDEBUG -DSWIFT_MODULE_RESOURCE_BUNDLE_AVAILABLE -DXcode -plugin-path /Applications/Xcode-27.0.0-Release.Candidate.app/Contents/Developer/Toolchains/XcodeDefault.xctoolchain/usr/lib/swift/host/plugins/testing -enable-experimental-feature DebugDescriptionMacro -sdk /Applications/Xcode-27.0.0-Release.Candidate.app/Contents/Developer/Platforms/AppleTVOS.platform/Developer/SDKs/AppleTVOS27.0.sdk -target arm64-apple-tvos17.0 -g -module-cache-path /Users/admin/builder/spi-builder-workspace/.derivedData/ModuleCache.noindex -Xfrontend -serialize-debugging-options -enable-testing -index-store-path /Users/admin/builder/spi-builder-workspace/.derivedData/Index.noindex/DataStore -Xcc -D_LIBCPP_HARDENING_MODE\=_LIBCPP_HARDENING_MODE_DEBUG -swift-version 6 -I /Users/admin/builder/spi-builder-workspace/.derivedData/Build/Products/Debug-appletvos -Isystem /Applications/Xcode-27.0.0-Release.Candidate.app/Contents/Developer/Platforms/AppleTVOS.platform/Developer/usr/lib -F /Users/admin/builder/spi-builder-workspace/.derivedData/Build/Products/Debug-appletvos -F /Applications/Xcode-27.0.0-Release.Candidate.app/Contents/Developer/Platforms/AppleTVOS.platform/Developer/Library/Frameworks -F /Applications/Xcode-27.0.0-Release.Candidate.app/Contents/Developer/Platforms/AppleTVOS.platform/Developer/SDKs/AppleTVOS27.0.sdk/Developer/Library/Frameworks -c -j10 -enable-batch-mode -incremental -Xcc -ivfsstatcache -Xcc /Users/admin/builder/spi-builder-workspace/.derivedData/SDKStatCaches.noindex/appletvos27.0-24J360-e829b21a6f8c9b70876ba0858053c044b32bfd8d43560033f8d89884cdb90028.sdkstatcache -output-file-map /Users/admin/builder/spi-builder-workspace/.derivedData/Build/Intermediates.noindex/WarpShader.build/Debug-appletvos/WarpShader-t.build/Objects-normal/arm64/WarpShader-OutputFileMap.json -save-temps -no-color-diagnostics -explicit-module-build -module-cache-path /Users/admin/builder/spi-builder-workspace/.derivedData/Build/Intermediates.noindex/SwiftExplicitPrecompiledModules -clang-scanner-module-cache-path /Users/admin/builder/spi-builder-workspace/.derivedData/ModuleCache.noindex -sdk-module-cache-path /Users/admin/builder/spi-builder-workspace/.derivedData/SDKExplicitPrecompiledModules -emit-dependencies -emit-module -emit-module-path /Users/admin/builder/spi-builder-workspace/.derivedData/Build/Intermediates.noindex/WarpShader.build/Debug-appletvos/WarpShader-t.build/Objects-normal/arm64/WarpShader.swiftmodule -serialize-diagnostics -dependency-scan-serialize-diagnostics-path /Users/admin/builder/spi-builder-workspace/.derivedData/Build/Intermediates.noindex/WarpShader.build/Debug-appletvos/WarpShader-t.build/Objects-normal/arm64/WarpShader-dependency-scan.dia -validate-clang-modules-once -clang-build-session-file /Users/admin/builder/spi-builder-workspace/.derivedData/ModuleCache.noindex/Session.modulevalidation -Xcc -fmodules-prune-interval\=86400 -Xcc -fmodules-prune-after\=345600 -package-name spi_builder_workspace -emit-const-values -const-gather-protocols-list /Users/admin/builder/spi-builder-workspace/.derivedData/Build/Intermediates.noindex/WarpShader.build/Debug-appletvos/WarpShader-t.build/Objects-normal/arm64/WarpShader_const_extract_protocols.json -Xcc -I/Users/admin/builder/spi-builder-workspace/.derivedData/Build/Products/Debug-appletvos/include -Xcc -I/Users/admin/builder/spi-builder-workspace/.derivedData/Build/Intermediates.noindex/WarpShader.build/Debug-appletvos/WarpShader-t.build/DerivedSources-normal/arm64 -Xcc -I/Users/admin/builder/spi-builder-workspace/.derivedData/Build/Intermediates.noindex/WarpShader.build/Debug-appletvos/WarpShader-t.build/DerivedSources/arm64 -Xcc -I/Users/admin/builder/spi-builder-workspace/.derivedData/Build/Intermediates.noindex/WarpShader.build/Debug-appletvos/WarpShader-t.build/DerivedSources -Xcc -DSWIFT_PACKAGE -Xcc -DDEBUG\=1 -emit-objc-header -emit-objc-header-path /Users/admin/builder/spi-builder-workspace/.derivedData/Build/Intermediates.noindex/WarpShader.build/Debug-appletvos/WarpShader-t.build/Objects-normal/arm64/WarpShader-Swift.h -working-directory /Users/admin/builder/spi-builder-workspace/.swiftpm/xcode -experimental-emit-module-separately -disable-cmo
SwiftEmitModule normal arm64 Emitting\ module\ for\ WarpShader (in target 'WarpShader' from project 'WarpShader')
SwiftCompile normal arm64 (in target 'WarpShader' from project 'WarpShader')
cd /Users/admin/builder/spi-builder-workspace/.swiftpm/xcode
SwiftCompile normal arm64 Compiling\ ContentView.swift /Users/admin/builder/spi-builder-workspace/Sources/WarpShaderExample/WarpShaderExample/ContentView.swift (in target 'WarpShaderExample-product' from project 'WarpShader')
/Users/admin/builder/spi-builder-workspace/Sources/WarpShaderExample/WarpShaderExample/ContentView.swift:133:30: error: 'textSelection' is unavailable in tvOS
131 | Spacer()
132 | Text(starScale.formatted())
133 | .textSelection(.enabled)
| `- error: 'textSelection' is unavailable in tvOS
134 | }
135 | Slider(value: $starScale, in: 0...5)
SwiftUI.View.textSelection:2:25: note: 'textSelection' has been explicitly marked unavailable here
1 | protocol View {
2 | nonisolated public func textSelection<S>(_ selectability: S) -> some View where S : TextSelectability
| `- note: 'textSelection' has been explicitly marked unavailable here
3 | }
4 |
/Users/admin/builder/spi-builder-workspace/Sources/WarpShaderExample/WarpShaderExample/ContentView.swift:133:45: error: 'enabled' is unavailable in tvOS
131 | Spacer()
132 | Text(starScale.formatted())
133 | .textSelection(.enabled)
| `- error: 'enabled' is unavailable in tvOS
134 | }
135 | Slider(value: $starScale, in: 0...5)
SwiftUI.TextSelectability.enabled:2:43: note: 'enabled' has been explicitly marked unavailable here
1 | protocol TextSelectability {
2 | @export(implementation) public static var enabled: EnabledTextSelectability { get }}
| `- note: 'enabled' has been explicitly marked unavailable here
3 |
/Users/admin/builder/spi-builder-workspace/Sources/WarpShaderExample/WarpShaderExample/ContentView.swift:135:21: error: 'Slider' is unavailable in tvOS
133 | .textSelection(.enabled)
134 | }
135 | Slider(value: $starScale, in: 0...5)
| `- error: 'Slider' is unavailable in tvOS
136 |
137 | HStack {
SwiftUI.Slider:3:27: note: 'Slider' has been explicitly marked unavailable here
1 | @available(iOS 13.0, macOS 10.15, watchOS 6.0, *)
2 | @available(tvOS, unavailable)
3 | nonisolated public struct Slider<Label, ValueLabel> : View, ~Sendable where Label : View, ValueLabel : View {
| `- note: 'Slider' has been explicitly marked unavailable here
4 | nonisolated public var body: some View { get }
5 | @available(macOS 10.15, iOS 13.0, watchOS 6.0, *)
/Users/admin/builder/spi-builder-workspace/Sources/WarpShaderExample/WarpShaderExample/ContentView.swift:135:21: error: 'init(value:in:onEditingChanged:)' is unavailable in tvOS
133 | .textSelection(.enabled)
134 | }
135 | Slider(value: $starScale, in: 0...5)
| `- error: 'init(value:in:onEditingChanged:)' is unavailable in tvOS
136 |
137 | HStack {
SwiftUI.Slider.init:2:20: note: 'init(value:in:onEditingChanged:)' has been explicitly marked unavailable here
1 | generic struct Slider {
2 | nonisolated public init<V>(value: Binding<V>, in bounds: ClosedRange<V> = 0...1, onEditingChanged: @escaping (Bool) -> Void = { _ in }) where V : BinaryFloatingPoint, V.Stride : BinaryFloatingPoint}
| `- note: 'init(value:in:onEditingChanged:)' has been explicitly marked unavailable here
3 |
/Users/admin/builder/spi-builder-workspace/Sources/WarpShaderExample/WarpShaderExample/ContentView.swift:141:30: error: 'textSelection' is unavailable in tvOS
139 | Spacer()
140 | Text(speed.formatted())
141 | .textSelection(.enabled)
| `- error: 'textSelection' is unavailable in tvOS
142 | }
143 | Slider(value: $speed, in: 0...5)
SwiftUI.View.textSelection:2:25: note: 'textSelection' has been explicitly marked unavailable here
1 | protocol View {
2 | nonisolated public func textSelection<S>(_ selectability: S) -> some View where S : TextSelectability
| `- note: 'textSelection' has been explicitly marked unavailable here
3 | }
4 |
/Users/admin/builder/spi-builder-workspace/Sources/WarpShaderExample/WarpShaderExample/ContentView.swift:141:45: error: 'enabled' is unavailable in tvOS
139 | Spacer()
140 | Text(speed.formatted())
141 | .textSelection(.enabled)
| `- error: 'enabled' is unavailable in tvOS
142 | }
143 | Slider(value: $speed, in: 0...5)
SwiftUI.TextSelectability.enabled:2:43: note: 'enabled' has been explicitly marked unavailable here
1 | protocol TextSelectability {
2 | @export(implementation) public static var enabled: EnabledTextSelectability { get }}
| `- note: 'enabled' has been explicitly marked unavailable here
3 |
/Users/admin/builder/spi-builder-workspace/Sources/WarpShaderExample/WarpShaderExample/ContentView.swift:143:21: error: 'Slider' is unavailable in tvOS
141 | .textSelection(.enabled)
142 | }
143 | Slider(value: $speed, in: 0...5)
| `- error: 'Slider' is unavailable in tvOS
144 |
145 | Divider()
SwiftUI.Slider:3:27: note: 'Slider' has been explicitly marked unavailable here
1 | @available(iOS 13.0, macOS 10.15, watchOS 6.0, *)
2 | @available(tvOS, unavailable)
3 | nonisolated public struct Slider<Label, ValueLabel> : View, ~Sendable where Label : View, ValueLabel : View {
| `- note: 'Slider' has been explicitly marked unavailable here
4 | nonisolated public var body: some View { get }
5 | @available(macOS 10.15, iOS 13.0, watchOS 6.0, *)
/Users/admin/builder/spi-builder-workspace/Sources/WarpShaderExample/WarpShaderExample/ContentView.swift:143:21: error: 'init(value:in:onEditingChanged:)' is unavailable in tvOS
141 | .textSelection(.enabled)
142 | }
143 | Slider(value: $speed, in: 0...5)
| `- error: 'init(value:in:onEditingChanged:)' is unavailable in tvOS
144 |
145 | Divider()
SwiftUI.Slider.init:2:20: note: 'init(value:in:onEditingChanged:)' has been explicitly marked unavailable here
1 | generic struct Slider {
2 | nonisolated public init<V>(value: Binding<V>, in bounds: ClosedRange<V> = 0...1, onEditingChanged: @escaping (Bool) -> Void = { _ in }) where V : BinaryFloatingPoint, V.Stride : BinaryFloatingPoint}
| `- note: 'init(value:in:onEditingChanged:)' has been explicitly marked unavailable here
3 |
/Users/admin/builder/spi-builder-workspace/Sources/WarpShaderExample/WarpShaderExample/ContentView.swift:151:30: error: 'textSelection' is unavailable in tvOS
149 | Spacer()
150 | Text(fov.formatted())
151 | .textSelection(.enabled)
| `- error: 'textSelection' is unavailable in tvOS
152 | }
153 | Slider(value: $fov, in: 0.3...2.0)
SwiftUI.View.textSelection:2:25: note: 'textSelection' has been explicitly marked unavailable here
1 | protocol View {
2 | nonisolated public func textSelection<S>(_ selectability: S) -> some View where S : TextSelectability
| `- note: 'textSelection' has been explicitly marked unavailable here
3 | }
4 |
/Users/admin/builder/spi-builder-workspace/Sources/WarpShaderExample/WarpShaderExample/ContentView.swift:151:45: error: 'enabled' is unavailable in tvOS
149 | Spacer()
150 | Text(fov.formatted())
151 | .textSelection(.enabled)
| `- error: 'enabled' is unavailable in tvOS
152 | }
153 | Slider(value: $fov, in: 0.3...2.0)
SwiftUI.TextSelectability.enabled:2:43: note: 'enabled' has been explicitly marked unavailable here
1 | protocol TextSelectability {
2 | @export(implementation) public static var enabled: EnabledTextSelectability { get }}
| `- note: 'enabled' has been explicitly marked unavailable here
3 |
/Users/admin/builder/spi-builder-workspace/Sources/WarpShaderExample/WarpShaderExample/ContentView.swift:153:21: error: 'Slider' is unavailable in tvOS
151 | .textSelection(.enabled)
152 | }
153 | Slider(value: $fov, in: 0.3...2.0)
| `- error: 'Slider' is unavailable in tvOS
154 |
155 | Divider()
SwiftUI.Slider:3:27: note: 'Slider' has been explicitly marked unavailable here
1 | @available(iOS 13.0, macOS 10.15, watchOS 6.0, *)
2 | @available(tvOS, unavailable)
3 | nonisolated public struct Slider<Label, ValueLabel> : View, ~Sendable where Label : View, ValueLabel : View {
| `- note: 'Slider' has been explicitly marked unavailable here
4 | nonisolated public var body: some View { get }
5 | @available(macOS 10.15, iOS 13.0, watchOS 6.0, *)
/Users/admin/builder/spi-builder-workspace/Sources/WarpShaderExample/WarpShaderExample/ContentView.swift:153:21: error: 'init(value:in:onEditingChanged:)' is unavailable in tvOS
151 | .textSelection(.enabled)
152 | }
153 | Slider(value: $fov, in: 0.3...2.0)
| `- error: 'init(value:in:onEditingChanged:)' is unavailable in tvOS
154 |
155 | Divider()
SwiftUI.Slider.init:2:20: note: 'init(value:in:onEditingChanged:)' has been explicitly marked unavailable here
1 | generic struct Slider {
2 | nonisolated public init<V>(value: Binding<V>, in bounds: ClosedRange<V> = 0...1, onEditingChanged: @escaping (Bool) -> Void = { _ in }) where V : BinaryFloatingPoint, V.Stride : BinaryFloatingPoint}
| `- note: 'init(value:in:onEditingChanged:)' has been explicitly marked unavailable here
3 |
/Users/admin/builder/spi-builder-workspace/Sources/WarpShaderExample/WarpShaderExample/ContentView.swift:161:30: error: 'textSelection' is unavailable in tvOS
159 | Spacer()
160 | Text(bifrost.formatted())
161 | .textSelection(.enabled)
| `- error: 'textSelection' is unavailable in tvOS
162 | }
163 | Slider(value: $bifrost, in: 0.0...2.0)
SwiftUI.View.textSelection:2:25: note: 'textSelection' has been explicitly marked unavailable here
1 | protocol View {
2 | nonisolated public func textSelection<S>(_ selectability: S) -> some View where S : TextSelectability
| `- note: 'textSelection' has been explicitly marked unavailable here
3 | }
4 |
/Users/admin/builder/spi-builder-workspace/Sources/WarpShaderExample/WarpShaderExample/ContentView.swift:161:45: error: 'enabled' is unavailable in tvOS
159 | Spacer()
160 | Text(bifrost.formatted())
161 | .textSelection(.enabled)
| `- error: 'enabled' is unavailable in tvOS
162 | }
163 | Slider(value: $bifrost, in: 0.0...2.0)
SwiftUI.TextSelectability.enabled:2:43: note: 'enabled' has been explicitly marked unavailable here
1 | protocol TextSelectability {
2 | @export(implementation) public static var enabled: EnabledTextSelectability { get }}
| `- note: 'enabled' has been explicitly marked unavailable here
3 |
/Users/admin/builder/spi-builder-workspace/Sources/WarpShaderExample/WarpShaderExample/ContentView.swift:163:21: error: 'Slider' is unavailable in tvOS
161 | .textSelection(.enabled)
162 | }
163 | Slider(value: $bifrost, in: 0.0...2.0)
| `- error: 'Slider' is unavailable in tvOS
164 |
165 | Divider()
SwiftUI.Slider:3:27: note: 'Slider' has been explicitly marked unavailable here
1 | @available(iOS 13.0, macOS 10.15, watchOS 6.0, *)
2 | @available(tvOS, unavailable)
3 | nonisolated public struct Slider<Label, ValueLabel> : View, ~Sendable where Label : View, ValueLabel : View {
| `- note: 'Slider' has been explicitly marked unavailable here
4 | nonisolated public var body: some View { get }
5 | @available(macOS 10.15, iOS 13.0, watchOS 6.0, *)
/Users/admin/builder/spi-builder-workspace/Sources/WarpShaderExample/WarpShaderExample/ContentView.swift:163:21: error: 'init(value:in:onEditingChanged:)' is unavailable in tvOS
161 | .textSelection(.enabled)
162 | }
163 | Slider(value: $bifrost, in: 0.0...2.0)
| `- error: 'init(value:in:onEditingChanged:)' is unavailable in tvOS
164 |
165 | Divider()
SwiftUI.Slider.init:2:20: note: 'init(value:in:onEditingChanged:)' has been explicitly marked unavailable here
1 | generic struct Slider {
2 | nonisolated public init<V>(value: Binding<V>, in bounds: ClosedRange<V> = 0...1, onEditingChanged: @escaping (Bool) -> Void = { _ in }) where V : BinaryFloatingPoint, V.Stride : BinaryFloatingPoint}
| `- note: 'init(value:in:onEditingChanged:)' has been explicitly marked unavailable here
3 |
/Users/admin/builder/spi-builder-workspace/Sources/WarpShaderExample/WarpShaderExample/ContentView.swift:171:30: error: 'textSelection' is unavailable in tvOS
169 | Spacer()
170 | Text(tails.formatted())
171 | .textSelection(.enabled)
| `- error: 'textSelection' is unavailable in tvOS
172 | }
173 | Slider(value: $tails, in: 0.1...8.0)
SwiftUI.View.textSelection:2:25: note: 'textSelection' has been explicitly marked unavailable here
1 | protocol View {
2 | nonisolated public func textSelection<S>(_ selectability: S) -> some View where S : TextSelectability
| `- note: 'textSelection' has been explicitly marked unavailable here
3 | }
4 |
/Users/admin/builder/spi-builder-workspace/Sources/WarpShaderExample/WarpShaderExample/ContentView.swift:171:45: error: 'enabled' is unavailable in tvOS
169 | Spacer()
170 | Text(tails.formatted())
171 | .textSelection(.enabled)
| `- error: 'enabled' is unavailable in tvOS
172 | }
173 | Slider(value: $tails, in: 0.1...8.0)
SwiftUI.TextSelectability.enabled:2:43: note: 'enabled' has been explicitly marked unavailable here
1 | protocol TextSelectability {
2 | @export(implementation) public static var enabled: EnabledTextSelectability { get }}
| `- note: 'enabled' has been explicitly marked unavailable here
3 |
/Users/admin/builder/spi-builder-workspace/Sources/WarpShaderExample/WarpShaderExample/ContentView.swift:173:21: error: 'Slider' is unavailable in tvOS
171 | .textSelection(.enabled)
172 | }
173 | Slider(value: $tails, in: 0.1...8.0)
| `- error: 'Slider' is unavailable in tvOS
174 |
175 | Divider()
SwiftUI.Slider:3:27: note: 'Slider' has been explicitly marked unavailable here
1 | @available(iOS 13.0, macOS 10.15, watchOS 6.0, *)
2 | @available(tvOS, unavailable)
3 | nonisolated public struct Slider<Label, ValueLabel> : View, ~Sendable where Label : View, ValueLabel : View {
| `- note: 'Slider' has been explicitly marked unavailable here
4 | nonisolated public var body: some View { get }
5 | @available(macOS 10.15, iOS 13.0, watchOS 6.0, *)
/Users/admin/builder/spi-builder-workspace/Sources/WarpShaderExample/WarpShaderExample/ContentView.swift:173:21: error: 'init(value:in:onEditingChanged:)' is unavailable in tvOS
171 | .textSelection(.enabled)
172 | }
173 | Slider(value: $tails, in: 0.1...8.0)
| `- error: 'init(value:in:onEditingChanged:)' is unavailable in tvOS
174 |
175 | Divider()
SwiftUI.Slider.init:2:20: note: 'init(value:in:onEditingChanged:)' has been explicitly marked unavailable here
1 | generic struct Slider {
2 | nonisolated public init<V>(value: Binding<V>, in bounds: ClosedRange<V> = 0...1, onEditingChanged: @escaping (Bool) -> Void = { _ in }) where V : BinaryFloatingPoint, V.Stride : BinaryFloatingPoint}
| `- note: 'init(value:in:onEditingChanged:)' has been explicitly marked unavailable here
3 |
/Users/admin/builder/spi-builder-workspace/Sources/WarpShaderExample/WarpShaderExample/ContentView.swift:184:21: error: 'Slider' is unavailable in tvOS
182 | }
183 | }
184 | Slider(value: $starFieldOffset.x, in: 0...1.0) {
| `- error: 'Slider' is unavailable in tvOS
185 | Text(String(format: "x: %.2f", starFieldOffset.x))
186 | .textSelection(.enabled)
SwiftUI.Slider:3:27: note: 'Slider' has been explicitly marked unavailable here
1 | @available(iOS 13.0, macOS 10.15, watchOS 6.0, *)
2 | @available(tvOS, unavailable)
3 | nonisolated public struct Slider<Label, ValueLabel> : View, ~Sendable where Label : View, ValueLabel : View {
| `- note: 'Slider' has been explicitly marked unavailable here
4 | nonisolated public var body: some View { get }
5 | @available(macOS 10.15, iOS 13.0, watchOS 6.0, *)
/Users/admin/builder/spi-builder-workspace/Sources/WarpShaderExample/WarpShaderExample/ContentView.swift:184:21: error: 'init(value:in:label:onEditingChanged:)' is unavailable in tvOS
182 | }
183 | }
184 | Slider(value: $starFieldOffset.x, in: 0...1.0) {
| `- error: 'init(value:in:label:onEditingChanged:)' is unavailable in tvOS
185 | Text(String(format: "x: %.2f", starFieldOffset.x))
186 | .textSelection(.enabled)
SwiftUI.Slider.init:2:44: note: 'init(value:in:label:onEditingChanged:)' has been explicitly marked unavailable here
1 | generic struct Slider {
2 | @export(implementation) nonisolated public init<V>(value: Binding<V>, in bounds: ClosedRange<V> = 0...1, @ContentBuilder label: () -> Label, onEditingChanged: @escaping (Bool) -> Void = { _ in }) where V : BinaryFloatingPoint, V.Stride : BinaryFloatingPoint}
| `- note: 'init(value:in:label:onEditingChanged:)' has been explicitly marked unavailable here
3 |
/Users/admin/builder/spi-builder-workspace/Sources/WarpShaderExample/WarpShaderExample/ContentView.swift:186:30: error: 'textSelection' is unavailable in tvOS
184 | Slider(value: $starFieldOffset.x, in: 0...1.0) {
185 | Text(String(format: "x: %.2f", starFieldOffset.x))
186 | .textSelection(.enabled)
| `- error: 'textSelection' is unavailable in tvOS
187 | }
188 | Slider(value: $starFieldOffset.y, in: 0...1.0) {
SwiftUI.View.textSelection:2:25: note: 'textSelection' has been explicitly marked unavailable here
1 | protocol View {
2 | nonisolated public func textSelection<S>(_ selectability: S) -> some View where S : TextSelectability
| `- note: 'textSelection' has been explicitly marked unavailable here
3 | }
4 |
/Users/admin/builder/spi-builder-workspace/Sources/WarpShaderExample/WarpShaderExample/ContentView.swift:186:45: error: 'enabled' is unavailable in tvOS
184 | Slider(value: $starFieldOffset.x, in: 0...1.0) {
185 | Text(String(format: "x: %.2f", starFieldOffset.x))
186 | .textSelection(.enabled)
| `- error: 'enabled' is unavailable in tvOS
187 | }
188 | Slider(value: $starFieldOffset.y, in: 0...1.0) {
SwiftUI.TextSelectability.enabled:2:43: note: 'enabled' has been explicitly marked unavailable here
1 | protocol TextSelectability {
2 | @export(implementation) public static var enabled: EnabledTextSelectability { get }}
| `- note: 'enabled' has been explicitly marked unavailable here
3 |
/Users/admin/builder/spi-builder-workspace/Sources/WarpShaderExample/WarpShaderExample/ContentView.swift:188:21: error: 'Slider' is unavailable in tvOS
186 | .textSelection(.enabled)
187 | }
188 | Slider(value: $starFieldOffset.y, in: 0...1.0) {
| `- error: 'Slider' is unavailable in tvOS
189 | Text(String(format: "y: %.2f", starFieldOffset.y))
190 | .textSelection(.enabled)
SwiftUI.Slider:3:27: note: 'Slider' has been explicitly marked unavailable here
1 | @available(iOS 13.0, macOS 10.15, watchOS 6.0, *)
2 | @available(tvOS, unavailable)
3 | nonisolated public struct Slider<Label, ValueLabel> : View, ~Sendable where Label : View, ValueLabel : View {
| `- note: 'Slider' has been explicitly marked unavailable here
4 | nonisolated public var body: some View { get }
5 | @available(macOS 10.15, iOS 13.0, watchOS 6.0, *)
/Users/admin/builder/spi-builder-workspace/Sources/WarpShaderExample/WarpShaderExample/ContentView.swift:188:21: error: 'init(value:in:label:onEditingChanged:)' is unavailable in tvOS
186 | .textSelection(.enabled)
187 | }
188 | Slider(value: $starFieldOffset.y, in: 0...1.0) {
| `- error: 'init(value:in:label:onEditingChanged:)' is unavailable in tvOS
189 | Text(String(format: "y: %.2f", starFieldOffset.y))
190 | .textSelection(.enabled)
SwiftUI.Slider.init:2:44: note: 'init(value:in:label:onEditingChanged:)' has been explicitly marked unavailable here
1 | generic struct Slider {
2 | @export(implementation) nonisolated public init<V>(value: Binding<V>, in bounds: ClosedRange<V> = 0...1, @ContentBuilder label: () -> Label, onEditingChanged: @escaping (Bool) -> Void = { _ in }) where V : BinaryFloatingPoint, V.Stride : BinaryFloatingPoint}
| `- note: 'init(value:in:label:onEditingChanged:)' has been explicitly marked unavailable here
3 |
/Users/admin/builder/spi-builder-workspace/Sources/WarpShaderExample/WarpShaderExample/ContentView.swift:190:30: error: 'textSelection' is unavailable in tvOS
188 | Slider(value: $starFieldOffset.y, in: 0...1.0) {
189 | Text(String(format: "y: %.2f", starFieldOffset.y))
190 | .textSelection(.enabled)
| `- error: 'textSelection' is unavailable in tvOS
191 | }
192 | }
SwiftUI.View.textSelection:2:25: note: 'textSelection' has been explicitly marked unavailable here
1 | protocol View {
2 | nonisolated public func textSelection<S>(_ selectability: S) -> some View where S : TextSelectability
| `- note: 'textSelection' has been explicitly marked unavailable here
3 | }
4 |
/Users/admin/builder/spi-builder-workspace/Sources/WarpShaderExample/WarpShaderExample/ContentView.swift:190:45: error: 'enabled' is unavailable in tvOS
188 | Slider(value: $starFieldOffset.y, in: 0...1.0) {
189 | Text(String(format: "y: %.2f", starFieldOffset.y))
190 | .textSelection(.enabled)
| `- error: 'enabled' is unavailable in tvOS
191 | }
192 | }
SwiftUI.TextSelectability.enabled:2:43: note: 'enabled' has been explicitly marked unavailable here
1 | protocol TextSelectability {
2 | @export(implementation) public static var enabled: EnabledTextSelectability { get }}
| `- note: 'enabled' has been explicitly marked unavailable here
3 |
Failed frontend command:
SwiftCompile normal arm64 /Users/admin/builder/spi-builder-workspace/Sources/WarpShaderExample/WarpShaderExample/ContentView.swift (in target 'WarpShaderExample-product' from project 'WarpShader')
cd /Users/admin/builder/spi-builder-workspace/.swiftpm/xcode
builtin-SwiftPerFileCompile ContentView.swift
/Applications/Xcode-27.0.0-Release.Candidate.app/Contents/Developer/Toolchains/XcodeDefault.xctoolchain/usr/bin/swift-frontend -frontend -c /Users/admin/builder/spi-builder-workspace/.derivedData/Build/Intermediates.noindex/WarpShader.build/Debug-appletvos/WarpShaderExample-p.build/DerivedSources/resource_bundle_accessor.swift -primary-file /Users/admin/builder/spi-builder-workspace/Sources/WarpShaderExample/WarpShaderExample/ContentView.swift /Users/admin/builder/spi-builder-workspace/Sources/WarpShaderExample/WarpShaderExample/WarpShaderApp.swift /Users/admin/builder/spi-builder-workspace/.derivedData/Build/Intermediates.noindex/WarpShader.build/Debug-appletvos/WarpShaderExample-p.build/DerivedSources/GeneratedAssetSymbols.swift -emit-dependencies-path /Users/admin/builder/spi-builder-workspace/.derivedData/Build/Intermediates.noindex/WarpShader.build/Debug-appletvos/WarpShaderExample-p.build/Objects-normal/arm64/ContentView.d -emit-const-values-path /Users/admin/builder/spi-builder-workspace/.derivedData/Build/Intermediates.noindex/WarpShader.build/Debug-appletvos/WarpShaderExample-p.build/Objects-normal/arm64/ContentView.swiftconstvalues -emit-reference-dependencies-path /Users/admin/builder/spi-builder-workspace/.derivedData/Build/Intermediates.noindex/WarpShader.build/Debug-appletvos/WarpShaderExample-p.build/Objects-normal/arm64/ContentView.swiftdeps -serialize-diagnostics-path /Users/admin/builder/spi-builder-workspace/.derivedData/Build/Intermediates.noindex/WarpShader.build/Debug-appletvos/WarpShaderExample-p.build/Objects-normal/arm64/ContentView.dia -target arm64-apple-tvos17.0 -module-can-import-version DeveloperToolsSupport 24.0.24 24.0.24 -disable-cross-import-overlay-search -load-resolved-plugin /Applications/Xcode-27.0.0-Release.Candidate.app/Contents/Developer/Platforms/AppleTVOS.platform/Developer/usr/lib/swift/host/plugins/libFoundationMacros.dylib\#/Applications/Xcode-27.0.0-Release.Candidate.app/Contents/Developer/Platforms/AppleTVOS.platform/Developer/usr/bin/swift-plugin-server\#FoundationMacros -load-resolved-plugin /Applications/Xcode-27.0.0-Release.Candidate.app/Contents/Developer/Platforms/AppleTVOS.platform/Developer/usr/lib/swift/host/plugins/libObservationMacros.dylib\#/Applications/Xcode-27.0.0-Release.Candidate.app/Contents/Developer/Platforms/AppleTVOS.platform/Developer/usr/bin/swift-plugin-server\#ObservationMacros -load-resolved-plugin /Applications/Xcode-27.0.0-Release.Candidate.app/Contents/Developer/Platforms/AppleTVOS.platform/Developer/usr/lib/swift/host/plugins/libPreviewsMacros.dylib\#/Applications/Xcode-27.0.0-Release.Candidate.app/Contents/Developer/Platforms/AppleTVOS.platform/Developer/usr/bin/swift-plugin-server\#PreviewsMacros -load-resolved-plugin /Applications/Xcode-27.0.0-Release.Candidate.app/Contents/Developer/Platforms/AppleTVOS.platform/Developer/usr/lib/swift/host/plugins/libSwiftMacros.dylib\#/Applications/Xcode-27.0.0-Release.Candidate.app/Contents/Developer/Platforms/AppleTVOS.platform/Developer/usr/bin/swift-plugin-server\#SwiftMacros -load-resolved-plugin /Applications/Xcode-27.0.0-Release.Candidate.app/Contents/Developer/Platforms/AppleTVOS.platform/Developer/usr/lib/swift/host/plugins/libSwiftUIMacros.dylib\#/Applications/Xcode-27.0.0-Release.Candidate.app/Contents/Developer/Platforms/AppleTVOS.platform/Developer/usr/bin/swift-plugin-server\#SwiftUIMacros -disable-implicit-swift-modules -Xcc -fno-implicit-modules -Xcc -fno-implicit-module-maps -explicit-swift-module-map-file /Users/admin/builder/spi-builder-workspace/.derivedData/Build/Intermediates.noindex/WarpShader.build/Debug-appletvos/WarpShaderExample-p.build/Objects-normal/arm64/WarpShaderExample-dependencies-1.json -Xllvm -aarch64-use-tbi -enable-objc-interop -stack-check -sdk /Applications/Xcode-27.0.0-Release.Candidate.app/Contents/Developer/Platforms/AppleTVOS.platform/Developer/SDKs/AppleTVOS27.0.sdk -I /Users/admin/builder/spi-builder-workspace/.derivedData/Build/Products/Debug-appletvos -Isystem /Applications/Xcode-27.0.0-Release.Candidate.app/Contents/Developer/Platforms/AppleTVOS.platform/Developer/usr/lib -F /Users/admin/builder/spi-builder-workspace/.derivedData/Build/Products/Debug-appletvos/PackageFrameworks -F /Users/admin/builder/spi-builder-workspace/.derivedData/Build/Products/Debug-appletvos -F /Applications/Xcode-27.0.0-Release.Candidate.app/Contents/Developer/Platforms/AppleTVOS.platform/Developer/Library/Frameworks -F /Applications/Xcode-27.0.0-Release.Candidate.app/Contents/Developer/Platforms/AppleTVOS.platform/Developer/SDKs/AppleTVOS27.0.sdk/Developer/Library/Frameworks -module-cache-path /Users/admin/builder/spi-builder-workspace/.derivedData/Build/Intermediates.noindex/SwiftExplicitPrecompiledModules -no-color-diagnostics -Xcc -fno-color-diagnostics -enable-testing -g -debug-info-format\=dwarf -dwarf-version\=4 -swift-version 6 -Onone -D SWIFT_PACKAGE -D DEBUG -D SWIFT_MODULE_RESOURCE_BUNDLE_AVAILABLE -D Xcode -serialize-debugging-options -enable-experimental-feature DebugDescriptionMacro -empty-abi-descriptor -validate-clang-modules-once -clang-build-session-file /Users/admin/builder/spi-builder-workspace/.derivedData/ModuleCache.noindex/Session.modulevalidation -Xcc -working-directory -Xcc /Users/admin/builder/spi-builder-workspace/.swiftpm/xcode -enable-anonymous-context-mangled-names -file-compilation-dir /Users/admin/builder/spi-builder-workspace/.swiftpm/xcode -Xcc -D_LIBCPP_HARDENING_MODE\=_LIBCPP_HARDENING_MODE_DEBUG -Xcc -ivfsstatcache -Xcc /Users/admin/builder/spi-builder-workspace/.derivedData/SDKStatCaches.noindex/appletvos27.0-24J360-e829b21a6f8c9b70876ba0858053c044b32bfd8d43560033f8d89884cdb90028.sdkstatcache -Xcc -fmodules-prune-interval\=86400 -Xcc -fmodules-prune-after\=345600 -Xcc -I/Users/admin/builder/spi-builder-workspace/.derivedData/Build/Products/Debug-appletvos/include -Xcc -I/Users/admin/builder/spi-builder-workspace/.derivedData/Build/Intermediates.noindex/WarpShader.build/Debug-appletvos/WarpShaderExample-p.build/DerivedSources-normal/arm64 -Xcc -I/Users/admin/builder/spi-builder-workspace/.derivedData/Build/Intermediates.noindex/WarpShader.build/Debug-appletvos/WarpShaderExample-p.build/DerivedSources/arm64 -Xcc -I/Users/admin/builder/spi-builder-workspace/.derivedData/Build/Intermediates.noindex/WarpShader.build/Debug-appletvos/WarpShaderExample-p.build/DerivedSources -Xcc -DSWIFT_PACKAGE -Xcc -DDEBUG\=1 -no-auto-bridging-header-chaining -module-name WarpShaderExample -package-name spi_builder_workspace -const-gather-protocols-file /Users/admin/builder/spi-builder-workspace/.derivedData/Build/Intermediates.noindex/WarpShader.build/Debug-appletvos/WarpShaderExample-p.build/Objects-normal/arm64/WarpShaderExample_const_extract_protocols.json -disable-clang-spi -clang-target arm64-apple-tvos27.0 -target-sdk-version 27.0 -target-sdk-name appletvos27.0 -in-process-plugin-server-path /Applications/Xcode-27.0.0-Release.Candidate.app/Contents/Developer/Toolchains/XcodeDefault.xctoolchain/usr/lib/swift/host/libSwiftInProcPluginServer.dylib -parse-as-library -o /Users/admin/builder/spi-builder-workspace/.derivedData/Build/Intermediates.noindex/WarpShader.build/Debug-appletvos/WarpShaderExample-p.build/Objects-normal/arm64/ContentView.o -debug-module-path /Users/admin/builder/spi-builder-workspace/.derivedData/Build/Intermediates.noindex/WarpShader.build/Debug-appletvos/WarpShaderExample-p.build/Objects-normal/arm64/WarpShaderExample.swiftmodule -index-unit-output-path /WarpShader.build/Debug-appletvos/WarpShaderExample-p.build/Objects-normal/arm64/ContentView.o -index-store-path /Users/admin/builder/spi-builder-workspace/.derivedData/Index.noindex/DataStore -index-system-modules
SwiftEmitModule normal arm64 Emitting\ module\ for\ WarpShaderExample (in target 'WarpShaderExample-product' from project 'WarpShader')
SwiftCompile normal arm64 (in target 'WarpShaderExample-product' from project 'WarpShader')
cd /Users/admin/builder/spi-builder-workspace/.swiftpm/xcode
SwiftCompile normal arm64 Compiling\ WarpShaderApp.swift /Users/admin/builder/spi-builder-workspace/Sources/WarpShaderExample/WarpShaderExample/WarpShaderApp.swift (in target 'WarpShaderExample-product' from project 'WarpShader')
SwiftCompile normal arm64 /Users/admin/builder/spi-builder-workspace/Sources/WarpShaderExample/WarpShaderExample/WarpShaderApp.swift (in target 'WarpShaderExample-product' from project 'WarpShader')
cd /Users/admin/builder/spi-builder-workspace/.swiftpm/xcode
builtin-SwiftPerFileCompile WarpShaderApp.swift
SwiftCompile normal arm64 Compiling\ Warp.swift /Users/admin/builder/spi-builder-workspace/Sources/WarpShader/Warp.swift (in target 'WarpShader' from project 'WarpShader')
SwiftCompile normal arm64 /Users/admin/builder/spi-builder-workspace/Sources/WarpShader/Warp.swift (in target 'WarpShader' from project 'WarpShader')
cd /Users/admin/builder/spi-builder-workspace/.swiftpm/xcode
builtin-SwiftPerFileCompile Warp.swift
SwiftCompile normal arm64 Compiling\ ShaderFunction+StarWarp.swift /Users/admin/builder/spi-builder-workspace/Sources/WarpShader/ShaderFunction+StarWarp.swift (in target 'WarpShader' from project 'WarpShader')
SwiftCompile normal arm64 /Users/admin/builder/spi-builder-workspace/Sources/WarpShader/ShaderFunction+StarWarp.swift (in target 'WarpShader' from project 'WarpShader')
cd /Users/admin/builder/spi-builder-workspace/.swiftpm/xcode
builtin-SwiftPerFileCompile ShaderFunction+StarWarp.swift
SwiftDriverJobDiscovery normal arm64 Compiling ShaderFunction+StarWarp.swift (in target 'WarpShader' from project 'WarpShader')
SwiftDriverJobDiscovery normal arm64 Compiling Warp.swift (in target 'WarpShader' from project 'WarpShader')
SwiftCompile normal arm64 Compiling\ resource_bundle_accessor.swift /Users/admin/builder/spi-builder-workspace/.derivedData/Build/Intermediates.noindex/WarpShader.build/Debug-appletvos/WarpShader-t.build/DerivedSources/resource_bundle_accessor.swift (in target 'WarpShader' from project 'WarpShader')
SwiftCompile normal arm64 /Users/admin/builder/spi-builder-workspace/.derivedData/Build/Intermediates.noindex/WarpShader.build/Debug-appletvos/WarpShader-t.build/DerivedSources/resource_bundle_accessor.swift (in target 'WarpShader' from project 'WarpShader')
cd /Users/admin/builder/spi-builder-workspace/.swiftpm/xcode
builtin-SwiftPerFileCompile resource_bundle_accessor.swift
SwiftDriverJobDiscovery normal arm64 Compiling WarpShaderApp.swift (in target 'WarpShaderExample-product' from project 'WarpShader')
SwiftDriverJobDiscovery normal arm64 Compiling resource_bundle_accessor.swift (in target 'WarpShader' from project 'WarpShader')
SwiftDriver\ Compilation WarpShader normal arm64 com.apple.xcode.tools.swift.compiler (in target 'WarpShader' from project 'WarpShader')
cd /Users/admin/builder/spi-builder-workspace/.swiftpm/xcode
builtin-Swift-Compilation -- /Applications/Xcode-27.0.0-Release.Candidate.app/Contents/Developer/Toolchains/XcodeDefault.xctoolchain/usr/bin/swiftc -parse-as-library -module-name WarpShader -Onone @/Users/admin/builder/spi-builder-workspace/.derivedData/Build/Intermediates.noindex/WarpShader.build/Debug-appletvos/WarpShader-t.build/Objects-normal/arm64/WarpShader.SwiftFileList -DSWIFT_PACKAGE -DDEBUG -DSWIFT_MODULE_RESOURCE_BUNDLE_AVAILABLE -DXcode -plugin-path /Applications/Xcode-27.0.0-Release.Candidate.app/Contents/Developer/Toolchains/XcodeDefault.xctoolchain/usr/lib/swift/host/plugins/testing -enable-experimental-feature DebugDescriptionMacro -sdk /Applications/Xcode-27.0.0-Release.Candidate.app/Contents/Developer/Platforms/AppleTVOS.platform/Developer/SDKs/AppleTVOS27.0.sdk -target arm64-apple-tvos17.0 -g -module-cache-path /Users/admin/builder/spi-builder-workspace/.derivedData/ModuleCache.noindex -Xfrontend -serialize-debugging-options -enable-testing -index-store-path /Users/admin/builder/spi-builder-workspace/.derivedData/Index.noindex/DataStore -Xcc -D_LIBCPP_HARDENING_MODE\=_LIBCPP_HARDENING_MODE_DEBUG -swift-version 6 -I /Users/admin/builder/spi-builder-workspace/.derivedData/Build/Products/Debug-appletvos -Isystem /Applications/Xcode-27.0.0-Release.Candidate.app/Contents/Developer/Platforms/AppleTVOS.platform/Developer/usr/lib -F /Users/admin/builder/spi-builder-workspace/.derivedData/Build/Products/Debug-appletvos -F /Applications/Xcode-27.0.0-Release.Candidate.app/Contents/Developer/Platforms/AppleTVOS.platform/Developer/Library/Frameworks -F /Applications/Xcode-27.0.0-Release.Candidate.app/Contents/Developer/Platforms/AppleTVOS.platform/Developer/SDKs/AppleTVOS27.0.sdk/Developer/Library/Frameworks -c -j10 -enable-batch-mode -incremental -Xcc -ivfsstatcache -Xcc /Users/admin/builder/spi-builder-workspace/.derivedData/SDKStatCaches.noindex/appletvos27.0-24J360-e829b21a6f8c9b70876ba0858053c044b32bfd8d43560033f8d89884cdb90028.sdkstatcache -output-file-map /Users/admin/builder/spi-builder-workspace/.derivedData/Build/Intermediates.noindex/WarpShader.build/Debug-appletvos/WarpShader-t.build/Objects-normal/arm64/WarpShader-OutputFileMap.json -save-temps -no-color-diagnostics -explicit-module-build -module-cache-path /Users/admin/builder/spi-builder-workspace/.derivedData/Build/Intermediates.noindex/SwiftExplicitPrecompiledModules -clang-scanner-module-cache-path /Users/admin/builder/spi-builder-workspace/.derivedData/ModuleCache.noindex -sdk-module-cache-path /Users/admin/builder/spi-builder-workspace/.derivedData/SDKExplicitPrecompiledModules -emit-dependencies -emit-module -emit-module-path /Users/admin/builder/spi-builder-workspace/.derivedData/Build/Intermediates.noindex/WarpShader.build/Debug-appletvos/WarpShader-t.build/Objects-normal/arm64/WarpShader.swiftmodule -serialize-diagnostics -dependency-scan-serialize-diagnostics-path /Users/admin/builder/spi-builder-workspace/.derivedData/Build/Intermediates.noindex/WarpShader.build/Debug-appletvos/WarpShader-t.build/Objects-normal/arm64/WarpShader-dependency-scan.dia -validate-clang-modules-once -clang-build-session-file /Users/admin/builder/spi-builder-workspace/.derivedData/ModuleCache.noindex/Session.modulevalidation -Xcc -fmodules-prune-interval\=86400 -Xcc -fmodules-prune-after\=345600 -package-name spi_builder_workspace -emit-const-values -const-gather-protocols-list /Users/admin/builder/spi-builder-workspace/.derivedData/Build/Intermediates.noindex/WarpShader.build/Debug-appletvos/WarpShader-t.build/Objects-normal/arm64/WarpShader_const_extract_protocols.json -Xcc -I/Users/admin/builder/spi-builder-workspace/.derivedData/Build/Products/Debug-appletvos/include -Xcc -I/Users/admin/builder/spi-builder-workspace/.derivedData/Build/Intermediates.noindex/WarpShader.build/Debug-appletvos/WarpShader-t.build/DerivedSources-normal/arm64 -Xcc -I/Users/admin/builder/spi-builder-workspace/.derivedData/Build/Intermediates.noindex/WarpShader.build/Debug-appletvos/WarpShader-t.build/DerivedSources/arm64 -Xcc -I/Users/admin/builder/spi-builder-workspace/.derivedData/Build/Intermediates.noindex/WarpShader.build/Debug-appletvos/WarpShader-t.build/DerivedSources -Xcc -DSWIFT_PACKAGE -Xcc -DDEBUG\=1 -emit-objc-header -emit-objc-header-path /Users/admin/builder/spi-builder-workspace/.derivedData/Build/Intermediates.noindex/WarpShader.build/Debug-appletvos/WarpShader-t.build/Objects-normal/arm64/WarpShader-Swift.h -working-directory /Users/admin/builder/spi-builder-workspace/.swiftpm/xcode -experimental-emit-module-separately -disable-cmo
Ld /Users/admin/builder/spi-builder-workspace/.derivedData/Build/Products/Debug-appletvos/WarpShader.o normal (in target 'WarpShader' from project 'WarpShader')
cd /Users/admin/builder/spi-builder-workspace
/Applications/Xcode-27.0.0-Release.Candidate.app/Contents/Developer/Toolchains/XcodeDefault.xctoolchain/usr/bin/clang -Xlinker -reproducible -target arm64-apple-tvos17.0 -r -isysroot /Applications/Xcode-27.0.0-Release.Candidate.app/Contents/Developer/Platforms/AppleTVOS.platform/Developer/SDKs/AppleTVOS27.0.sdk -O0 -Xlinker -no_warn_duplicate_libraries -F/Users/admin/builder/spi-builder-workspace/.derivedData/Build/Intermediates.noindex/EagerLinkingTBDs/Debug-appletvos -F/Users/admin/builder/spi-builder-workspace/.derivedData/Build/Products/Debug-appletvos -iframework /Applications/Xcode-27.0.0-Release.Candidate.app/Contents/Developer/Platforms/AppleTVOS.platform/Developer/Library/Frameworks -iframework /Applications/Xcode-27.0.0-Release.Candidate.app/Contents/Developer/Platforms/AppleTVOS.platform/Developer/SDKs/AppleTVOS27.0.sdk/Developer/Library/Frameworks -filelist /Users/admin/builder/spi-builder-workspace/.derivedData/Build/Intermediates.noindex/WarpShader.build/Debug-appletvos/WarpShader-t.build/Objects-normal/arm64/WarpShader.LinkFileList -nostdlib -Xlinker -object_path_lto -Xlinker /Users/admin/builder/spi-builder-workspace/.derivedData/Build/Intermediates.noindex/WarpShader.build/Debug-appletvos/WarpShader-t.build/Objects-normal/arm64/WarpShader_lto.o -Xlinker -no_deduplicate -Xlinker -dependency_info -Xlinker /Users/admin/builder/spi-builder-workspace/.derivedData/Build/Intermediates.noindex/WarpShader.build/Debug-appletvos/WarpShader-t.build/Objects-normal/arm64/WarpShader_dependency_info.dat -fobjc-link-runtime -L/Applications/Xcode-27.0.0-Release.Candidate.app/Contents/Developer/Toolchains/XcodeDefault.xctoolchain/usr/lib/swift/appletvos -L/usr/lib/swift -Xlinker -add_ast_path -Xlinker /Users/admin/builder/spi-builder-workspace/.derivedData/Build/Intermediates.noindex/WarpShader.build/Debug-appletvos/WarpShader-t.build/Objects-normal/arm64/WarpShader.swiftmodule -o /Users/admin/builder/spi-builder-workspace/.derivedData/Build/Products/Debug-appletvos/WarpShader.o
ExtractAppIntentsMetadata (in target 'WarpShader' from project 'WarpShader')
cd /Users/admin/builder/spi-builder-workspace
/Applications/Xcode-27.0.0-Release.Candidate.app/Contents/Developer/Toolchains/XcodeDefault.xctoolchain/usr/bin/appintentsmetadataprocessor --toolchain-dir /var/run/com.apple.security.cryptexd/mnt/com.apple.MobileAsset.MetalToolchain-v27.1.266.1.BVaJ2j/Metal.xctoolchain --module-name WarpShader --sdk-root /Applications/Xcode-27.0.0-Release.Candidate.app/Contents/Developer/Platforms/AppleTVOS.platform/Developer/SDKs/AppleTVOS27.0.sdk --xcode-version 27A266a --platform-family tvOS --deployment-target 17.0 --bundle-identifier spi-builder-workspace.WarpShader --output /Users/admin/builder/spi-builder-workspace/.derivedData/Build/Products/Debug-appletvos/WarpShader.appintents --target-triple arm64-apple-tvos17.0 --binary-file /Users/admin/builder/spi-builder-workspace/.derivedData/Build/Products/Debug-appletvos/WarpShader.o --dependency-file /Users/admin/builder/spi-builder-workspace/.derivedData/Build/Intermediates.noindex/WarpShader.build/Debug-appletvos/WarpShader-t.build/Objects-normal/arm64/WarpShader_dependency_info.dat --stringsdata-file /Users/admin/builder/spi-builder-workspace/.derivedData/Build/Intermediates.noindex/WarpShader.build/Debug-appletvos/WarpShader-t.build/Objects-normal/arm64/ExtractedAppShortcutsMetadata.stringsdata --source-file-list /Users/admin/builder/spi-builder-workspace/.derivedData/Build/Intermediates.noindex/WarpShader.build/Debug-appletvos/WarpShader-t.build/Objects-normal/arm64/WarpShader.SwiftFileList --metadata-file-list /Users/admin/builder/spi-builder-workspace/.derivedData/Build/Intermediates.noindex/WarpShader.build/Debug-appletvos/WarpShader-t.build/WarpShader.DependencyMetadataFileList --static-metadata-file-list /Users/admin/builder/spi-builder-workspace/.derivedData/Build/Intermediates.noindex/WarpShader.build/Debug-appletvos/WarpShader-t.build/WarpShader.DependencyStaticMetadataFileList --swift-const-vals-list /Users/admin/builder/spi-builder-workspace/.derivedData/Build/Intermediates.noindex/WarpShader.build/Debug-appletvos/WarpShader-t.build/Objects-normal/arm64/WarpShader.SwiftConstValuesFileList --force --compile-time-extraction --deployment-aware-processing --no-app-shortcuts-localization
2026-09-21 17:09:20.501 appintentsmetadataprocessor[774:4852] Starting appintentsmetadataprocessor export
2026-09-21 17:09:20.588 appintentsmetadataprocessor[774:4852] Extracted no relevant App Intents symbols, skipping writing output
PruneExplicitPrecompiledModules /Users/admin/builder/spi-builder-workspace/.derivedData/Build/Intermediates.noindex/ExplicitPrecompiledModules
PruneExplicitPrecompiledModules /Users/admin/builder/spi-builder-workspace/.derivedData/Build/Intermediates.noindex/SwiftExplicitPrecompiledModules
PruneExplicitPrecompiledModules /Users/admin/builder/spi-builder-workspace/.derivedData/SDKExplicitPrecompiledModules
2026-09-21 17:09:18.866 xcodebuild[759:4749] [MT] IDERunDestination: Supported platforms for the buildables in the current scheme is empty.
2026-09-21 17:09:18.968 xcodebuild[759:4749] [MT] IDERunDestination: Supported platforms for the buildables in the current scheme is empty.
** BUILD FAILED **
The following build commands failed:
SwiftCompile normal arm64 /Users/admin/builder/spi-builder-workspace/Sources/WarpShaderExample/WarpShaderExample/ContentView.swift (in target 'WarpShaderExample-product' from project 'WarpShader')
SwiftCompile normal arm64 Compiling\ ContentView.swift /Users/admin/builder/spi-builder-workspace/Sources/WarpShaderExample/WarpShaderExample/ContentView.swift (in target 'WarpShaderExample-product' from project 'WarpShader')
Building workspace WarpShader with scheme WarpShader-Package
(3 failures)
BUILD FAILURE 6.4 tvOS