Build Information
Failed to build SafariUI, reference 6.0.1 (0407f3), with Swift 6.3 for Wasm on 15 Sep 2026 12:16:30 UTC.
Build Command
bash -c docker run --pull=always --rm -v "checkouts-54344845-0":/host -w "$PWD" -e JAVA_HOME="/root/.sdkman/candidates/java/current" -e SPI_BUILD="1" -e SPI_PROCESSING="1" registry.gitlab.com/saguaro1/spi-images:wasm-6.3-latest swift build --swift-sdk swift-6.3.2-RELEASE_wasm 2>&1Build Log
========================================
RunAll
========================================
Builder version: 5.0.2
Interrupt handler set up.
========================================
Checkout
========================================
Clone URL: https://github.com/vsanthanam/SafariUI.git
Reference: 6.0.1
Initialized empty Git repository in /host/spi-builder-workspace/.git/
hint: Using 'master' as the name for the initial branch. This default branch name
hint: is subject to change. To configure the initial branch name to use in all
hint: of your new repositories, which will suppress this warning, call:
hint:
hint: git config --global init.defaultBranch <name>
hint:
hint: Names commonly chosen instead of 'master' are 'main', 'trunk' and
hint: 'development'. The just-created branch can be renamed via this command:
hint:
hint: git branch -m <name>
From https://github.com/vsanthanam/SafariUI
* tag 6.0.1 -> FETCH_HEAD
HEAD is now at 0407f31 Add Open URLs In Safari View Modifier (#52)
Cloned https://github.com/vsanthanam/SafariUI.git
Revision (git rev-parse @):
0407f311ee1c73a8398455fa35f390840eb08205
SPI manifest file found: $PWD/.spi.yml
SUCCESS checkout https://github.com/vsanthanam/SafariUI.git at 6.0.1
========================================
Build
========================================
Selected platform: wasm
Swift version: 6.3
Building package at path: $PWD
https://github.com/vsanthanam/SafariUI.git
Running build ...
bash -c docker run --pull=always --rm -v "checkouts-54344845-0":/host -w "$PWD" -e JAVA_HOME="/root/.sdkman/candidates/java/current" -e SPI_BUILD="1" -e SPI_PROCESSING="1" registry.gitlab.com/saguaro1/spi-images:wasm-6.3-latest swift build --swift-sdk swift-6.3.2-RELEASE_wasm 2>&1
wasm-6.3-latest: Pulling from saguaro1/spi-images
Digest: sha256:253aad7f5b11d25cf9eaef34120b94cd8a325782929c57fb304a7711494a3f9a
Status: Image is up to date for registry.gitlab.com/saguaro1/spi-images:wasm-6.3-latest
Fetching https://github.com/nicklockwood/SwiftFormat
Fetching https://github.com/apple/swift-docc-plugin
[1/2345] Fetching swift-docc-plugin
[2346/61054] Fetching swift-docc-plugin, swiftformat
Fetched https://github.com/apple/swift-docc-plugin from cache (12.52s)
Fetched https://github.com/nicklockwood/SwiftFormat from cache (12.78s)
Computing version for https://github.com/nicklockwood/SwiftFormat
Computed https://github.com/nicklockwood/SwiftFormat at 0.62.1 (13.66s)
Computing version for https://github.com/apple/swift-docc-plugin
Computed https://github.com/apple/swift-docc-plugin at 1.5.0 (0.17s)
Fetching https://github.com/swiftlang/swift-docc-symbolkit
[1/3822] Fetching swift-docc-symbolkit
Fetched https://github.com/swiftlang/swift-docc-symbolkit from cache (0.58s)
Computing version for https://github.com/swiftlang/swift-docc-symbolkit
Computed https://github.com/swiftlang/swift-docc-symbolkit at 1.0.0 (0.79s)
Creating working copy for https://github.com/apple/swift-docc-plugin
Working copy of https://github.com/apple/swift-docc-plugin resolved at 1.5.0
Creating working copy for https://github.com/nicklockwood/SwiftFormat
Working copy of https://github.com/nicklockwood/SwiftFormat resolved at 0.62.1
Creating working copy for https://github.com/swiftlang/swift-docc-symbolkit
Working copy of https://github.com/swiftlang/swift-docc-symbolkit resolved at 1.0.0
[1/1] Compiling plugin SwiftFormatPlugin
[2/2] Compiling plugin Swift-DocC Preview
[3/3] Compiling plugin Swift-DocC
Building for debugging...
[3/7] Write sources
[6/7] Write swift-version-24593BA9C3E375BF.txt
error: emit-module command failed with exit code 1 (use -v to see invocation)
[8/24] Emitting module SafariView
/host/spi-builder-workspace/Sources/SafariView/Modifiers.swift:26:8: error: no such module 'SwiftUI'
24 | // SOFTWARE.
25 |
26 | import SwiftUI
| `- error: no such module 'SwiftUI'
27 | #if os(iOS)
28 | import UIKit
[9/25] Compiling SafariView IncludedActivities.swift
/host/spi-builder-workspace/Sources/SafariView/Modifiers.swift:26:8: error: no such module 'SwiftUI'
24 | // SOFTWARE.
25 |
26 | import SwiftUI
| `- error: no such module 'SwiftUI'
27 | #if os(iOS)
28 | import UIKit
[10/25] Compiling SafariView InlineSafariView.swift
/host/spi-builder-workspace/Sources/SafariView/Modifiers.swift:26:8: error: no such module 'SwiftUI'
24 | // SOFTWARE.
25 |
26 | import SwiftUI
| `- error: no such module 'SwiftUI'
27 | #if os(iOS)
28 | import UIKit
[11/25] Compiling SafariView Configuration.swift
/host/spi-builder-workspace/Sources/SafariView/Modifiers.swift:26:8: error: no such module 'SwiftUI'
24 | // SOFTWARE.
25 |
26 | import SwiftUI
| `- error: no such module 'SwiftUI'
27 | #if os(iOS)
28 | import UIKit
[12/25] Compiling SafariView DismissButtonStyle.swift
/host/spi-builder-workspace/Sources/SafariView/Modifiers.swift:26:8: error: no such module 'SwiftUI'
24 | // SOFTWARE.
25 |
26 | import SwiftUI
| `- error: no such module 'SwiftUI'
27 | #if os(iOS)
28 | import UIKit
[13/25] Compiling SafariView EnvironmentValues.swift
/host/spi-builder-workspace/Sources/SafariView/Modifiers.swift:26:8: error: no such module 'SwiftUI'
24 | // SOFTWARE.
25 |
26 | import SwiftUI
| `- error: no such module 'SwiftUI'
27 | #if os(iOS)
28 | import UIKit
[14/25] Compiling SafariView ExcludedActivityTypes.swift
/host/spi-builder-workspace/Sources/SafariView/Modifiers.swift:26:8: error: no such module 'SwiftUI'
24 | // SOFTWARE.
25 |
26 | import SwiftUI
| `- error: no such module 'SwiftUI'
27 | #if os(iOS)
28 | import UIKit
[15/25] Compiling SafariView SafariView.swift
/host/spi-builder-workspace/Sources/SafariView/Modifiers.swift:26:8: error: no such module 'SwiftUI'
24 | // SOFTWARE.
25 |
26 | import SwiftUI
| `- error: no such module 'SwiftUI'
27 | #if os(iOS)
28 | import UIKit
[16/25] Compiling SafariView SafariViewDelegate.swift
/host/spi-builder-workspace/Sources/SafariView/Modifiers.swift:26:8: error: no such module 'SwiftUI'
24 | // SOFTWARE.
25 |
26 | import SwiftUI
| `- error: no such module 'SwiftUI'
27 | #if os(iOS)
28 | import UIKit
[17/25] Compiling SafariView PrewarmingToken.swift
/host/spi-builder-workspace/Sources/SafariView/Modifiers.swift:26:8: error: no such module 'SwiftUI'
24 | // SOFTWARE.
25 |
26 | import SwiftUI
| `- error: no such module 'SwiftUI'
27 | #if os(iOS)
28 | import UIKit
[18/25] Compiling SafariView PresentationStyle.swift
/host/spi-builder-workspace/Sources/SafariView/Modifiers.swift:26:8: error: no such module 'SwiftUI'
24 | // SOFTWARE.
25 |
26 | import SwiftUI
| `- error: no such module 'SwiftUI'
27 | #if os(iOS)
28 | import UIKit
[19/25] Compiling SafariView Modifiers.swift
/host/spi-builder-workspace/Sources/SafariView/Modifiers.swift:26:8: error: no such module 'SwiftUI'
24 | // SOFTWARE.
25 |
26 | import SwiftUI
| `- error: no such module 'SwiftUI'
27 | #if os(iOS)
28 | import UIKit
[20/25] Compiling SafariView Presentation.swift
/host/spi-builder-workspace/Sources/SafariView/Modifiers.swift:26:8: error: no such module 'SwiftUI'
24 | // SOFTWARE.
25 |
26 | import SwiftUI
| `- error: no such module 'SwiftUI'
27 | #if os(iOS)
28 | import UIKit
error: emit-module command failed with exit code 1 (use -v to see invocation)
[21/25] Emitting module WebAuthentication
/host/spi-builder-workspace/Sources/WebAuthentication/EnvironmentValues.swift:26:8: error: no such module 'SwiftUI'
24 | // SOFTWARE.
25 |
26 | import SwiftUI
| `- error: no such module 'SwiftUI'
27 |
28 | @available(iOS 14.0, macCatalyst 14.0, macOS 11.0, tvOS 16.0, watchOS 7.0, *)
[22/25] Compiling WebAuthentication Presentation.swift
/host/spi-builder-workspace/Sources/WebAuthentication/EnvironmentValues.swift:26:8: error: no such module 'SwiftUI'
24 | // SOFTWARE.
25 |
26 | import SwiftUI
| `- error: no such module 'SwiftUI'
27 |
28 | @available(iOS 14.0, macCatalyst 14.0, macOS 11.0, tvOS 16.0, watchOS 7.0, *)
/host/spi-builder-workspace/Sources/WebAuthentication/EnvironmentValues.swift:26:8: error: no such module 'SwiftUI'
24 | // SOFTWARE.
25 |
26 | import SwiftUI
| `- error: no such module 'SwiftUI'
27 |
28 | @available(iOS 14.0, macCatalyst 14.0, macOS 11.0, tvOS 16.0, watchOS 7.0, *)
BUILD FAILURE 6.3 wasm