The Swift Package Index logo.Swift Package Index

Build Information

Failed to build QuickConstraint, reference develop (14a36d), with Swift 6.4 for watchOS using Xcode 27.0 on 18 Sep 2026 15:23:29 UTC.

Build Command

env DEVELOPER_DIR=/Applications/Xcode-27.0.0-Release.Candidate.app xcrun xcodebuild -IDEClonedSourcePackagesDirPathOverride=$PWD/.dependencies -skipMacroValidation -skipPackagePluginValidation -derivedDataPath $PWD/.derivedData build -scheme QuickConstraint -destination generic/platform=watchOS

Build Log

========================================
RunAll
========================================
Builder version: 5.1.0
Interrupt handler set up.
========================================
Checkout
========================================
Clone URL: https://github.com/nakkht/quick-constraint.git
Reference: develop
Initialized empty Git repository in /Users/admin/builder/spi-builder-workspace/.git/
From https://github.com/nakkht/quick-constraint
 * branch            develop    -> FETCH_HEAD
 * [new branch]      develop    -> origin/develop
HEAD is now at 14a36dc Removed tvOS platform on latest builds on iOS 16
Cloned https://github.com/nakkht/quick-constraint.git
Revision (git rev-parse @):
14a36dcb494bec6625327c753c47c0e5e174617e
SUCCESS checkout https://github.com/nakkht/quick-constraint.git at develop
========================================
Build
========================================
Selected platform:         watchOS
Swift version:             6.4
Building package at path:  $PWD
https://github.com/nakkht/quick-constraint.git
Command line invocation:
    /Applications/Xcode-27.0.0-Release.Candidate.app/Contents/Developer/usr/bin/xcodebuild -IDEClonedSourcePackagesDirPathOverride=/Users/admin/builder/spi-builder-workspace/.dependencies -resolvePackageDependencies
Resolve Package Graph
Resolve Package Graph
Resolved source packages:
  QuickConstraint: /Users/admin/builder/spi-builder-workspace
resolved source packages: QuickConstraint
2026-09-18 11:22:41.758 xcodebuild[529:3036] [MT] IDERunDestination: Supported platforms for the buildables in the current scheme is empty.
{
  "dependencies" : [
  ],
  "manifest_display_name" : "QuickConstraint",
  "name" : "QuickConstraint",
  "path" : "/Users/admin/builder/spi-builder-workspace",
  "platforms" : [
    {
      "name" : "macos",
      "version" : "10.14"
    },
    {
      "name" : "ios",
      "version" : "10.0"
    },
    {
      "name" : "tvos",
      "version" : "10.0"
    }
  ],
  "products" : [
    {
      "name" : "QuickConstraint",
      "targets" : [
        "QuickConstraint"
      ],
      "type" : {
        "library" : [
          "automatic"
        ]
      }
    }
  ],
  "swift_languages_versions" : [
    "5"
  ],
  "targets" : [
    {
      "c99name" : "QuickConstraint",
      "module_type" : "SwiftTarget",
      "name" : "QuickConstraint",
      "path" : "Sources/QuickConstraint",
      "product_memberships" : [
        "QuickConstraint"
      ],
      "sources" : [
        "Anchor.swift",
        "Axis.swift",
        "CollectionView/UICollectionReusableView.swift",
        "CollectionView/UICollectionView.swift",
        "Dimension.swift",
        "LayoutConstraint.swift",
        "StackView/StackView.swift",
        "Typealias.swift",
        "View+AutoLayout.swift"
      ],
      "type" : "library"
    }
  ],
  "tools_version" : "5.6"
}
{
  "workspace" : {
    "name" : "QuickConstraint",
    "schemes" : [
      "QuickConstraint"
    ]
  }
}
2026-09-18 11:23:22.834 xcodebuild[655:4186] [MT] IDERunDestination: Supported platforms for the buildables in the current scheme is empty.
Running build ...
env DEVELOPER_DIR=/Applications/Xcode-27.0.0-Release.Candidate.app xcrun xcodebuild -IDEClonedSourcePackagesDirPathOverride=$PWD/.dependencies -skipMacroValidation -skipPackagePluginValidation -derivedDataPath $PWD/.derivedData build -scheme QuickConstraint -destination generic/platform=watchOS
Command line invocation:
    /Applications/Xcode-27.0.0-Release.Candidate.app/Contents/Developer/usr/bin/xcodebuild -IDEClonedSourcePackagesDirPathOverride=/Users/admin/builder/spi-builder-workspace/.dependencies -skipMacroValidation -skipPackagePluginValidation -derivedDataPath /Users/admin/builder/spi-builder-workspace/.derivedData build -scheme QuickConstraint -destination generic/platform=watchOS
Resolve Package Graph
Resolved source packages:
  QuickConstraint: /Users/admin/builder/spi-builder-workspace
ComputePackagePrebuildTargetDependencyGraph
Prepare packages
CreateBuildRequest
SendProjectDescription
CreateBuildOperation
ComputeTargetDependencyGraph
note: Building targets in dependency order
note: Target dependency graph (2 targets)
    Target 'QuickConstraint-product' in project 'QuickConstraint'
        ➜ Explicit dependency on target 'QuickConstraint' in project 'QuickConstraint'
    Target 'QuickConstraint' in project 'QuickConstraint' (no dependencies)
GatherProvisioningInputs
CreateBuildDescription
ExecuteExternalTool /Applications/Xcode-27.0.0-Release.Candidate.app/Contents/Developer/Toolchains/XcodeDefault.xctoolchain/usr/bin/clang -v -E -dM -isysroot /Applications/Xcode-27.0.0-Release.Candidate.app/Contents/Developer/Platforms/WatchOS.platform/Developer/SDKs/WatchOS27.0.sdk -x c -c /dev/null
ExecuteExternalTool /Applications/Xcode-27.0.0-Release.Candidate.app/Contents/Developer/Toolchains/XcodeDefault.xctoolchain/usr/bin/swiftc --version
ExecuteExternalTool /Applications/Xcode-27.0.0-Release.Candidate.app/Contents/Developer/Toolchains/XcodeDefault.xctoolchain/usr/bin/ld -version_details
Build description signature: 88ec03598c8e6bc3c4da9fb22db49432
Build description path: /Users/admin/builder/spi-builder-workspace/.derivedData/Build/Intermediates.noindex/XCBuildData/88ec03598c8e6bc3c4da9fb22db49432.xcbuilddata
CreateBuildDirectory /Users/admin/builder/spi-builder-workspace/.derivedData/SDKExplicitPrecompiledModules
    cd /Users/admin/builder/spi-builder-workspace/.swiftpm/xcode
    builtin-create-build-directory /Users/admin/builder/spi-builder-workspace/.derivedData/SDKExplicitPrecompiledModules
CreateBuildDirectory /Users/admin/builder/spi-builder-workspace/.derivedData/ModuleCache.noindex
    cd /Users/admin/builder/spi-builder-workspace/.swiftpm/xcode
    builtin-create-build-directory /Users/admin/builder/spi-builder-workspace/.derivedData/ModuleCache.noindex
CreateBuildDirectory /Users/admin/builder/spi-builder-workspace/.derivedData/CompilationCache.noindex
    cd /Users/admin/builder/spi-builder-workspace/.swiftpm/xcode
    builtin-create-build-directory /Users/admin/builder/spi-builder-workspace/.derivedData/CompilationCache.noindex
CreateBuildDirectory /Users/admin/builder/spi-builder-workspace/.derivedData/Build/Intermediates.noindex
    cd /Users/admin/builder/spi-builder-workspace/.swiftpm/xcode
    builtin-create-build-directory /Users/admin/builder/spi-builder-workspace/.derivedData/Build/Intermediates.noindex
CreateBuildDirectory /Users/admin/builder/spi-builder-workspace/.derivedData/Build/Products
    cd /Users/admin/builder/spi-builder-workspace/.swiftpm/xcode
    builtin-create-build-directory /Users/admin/builder/spi-builder-workspace/.derivedData/Build/Products
ClangStatCache /Applications/Xcode-27.0.0-Release.Candidate.app/Contents/Developer/Toolchains/XcodeDefault.xctoolchain/usr/bin/clang-stat-cache /Applications/Xcode-27.0.0-Release.Candidate.app/Contents/Developer/Platforms/WatchOS.platform/Developer/SDKs/WatchOS27.0.sdk /Users/admin/builder/spi-builder-workspace/.derivedData/SDKStatCaches.noindex/watchos27.0-24R360-e829b21a6f8c9b70876ba0858053c04477534ef55a1706bf4c1112bbb242f0a2.sdkstatcache
    cd /Users/admin/builder/spi-builder-workspace/.swiftpm/xcode
    /Applications/Xcode-27.0.0-Release.Candidate.app/Contents/Developer/Toolchains/XcodeDefault.xctoolchain/usr/bin/clang-stat-cache /Applications/Xcode-27.0.0-Release.Candidate.app/Contents/Developer/Platforms/WatchOS.platform/Developer/SDKs/WatchOS27.0.sdk -o /Users/admin/builder/spi-builder-workspace/.derivedData/SDKStatCaches.noindex/watchos27.0-24R360-e829b21a6f8c9b70876ba0858053c04477534ef55a1706bf4c1112bbb242f0a2.sdkstatcache
CreateBuildDirectory /Users/admin/builder/spi-builder-workspace/.derivedData/Build/Intermediates.noindex/SwiftExplicitPrecompiledModules
    cd /Users/admin/builder/spi-builder-workspace/.swiftpm/xcode
    builtin-create-build-directory /Users/admin/builder/spi-builder-workspace/.derivedData/Build/Intermediates.noindex/SwiftExplicitPrecompiledModules
CreateBuildDirectory /Users/admin/builder/spi-builder-workspace/.derivedData/Build/Intermediates.noindex/PrecompiledHeaders
    cd /Users/admin/builder/spi-builder-workspace/.swiftpm/xcode
    builtin-create-build-directory /Users/admin/builder/spi-builder-workspace/.derivedData/Build/Intermediates.noindex/PrecompiledHeaders
CreateBuildDirectory /Users/admin/builder/spi-builder-workspace/.derivedData/Build/Intermediates.noindex/ExplicitPrecompiledModules
    cd /Users/admin/builder/spi-builder-workspace/.swiftpm/xcode
    builtin-create-build-directory /Users/admin/builder/spi-builder-workspace/.derivedData/Build/Intermediates.noindex/ExplicitPrecompiledModules
CreateBuildDirectory /Users/admin/builder/spi-builder-workspace/.derivedData/Build/Products/Debug-watchos
    cd /Users/admin/builder/spi-builder-workspace/.swiftpm/xcode
    builtin-create-build-directory /Users/admin/builder/spi-builder-workspace/.derivedData/Build/Products/Debug-watchos
CreateBuildDirectory /Users/admin/builder/spi-builder-workspace/.derivedData/Build/Intermediates.noindex/EagerLinkingTBDs/Debug-watchos
    cd /Users/admin/builder/spi-builder-workspace/.swiftpm/xcode
    builtin-create-build-directory /Users/admin/builder/spi-builder-workspace/.derivedData/Build/Intermediates.noindex/EagerLinkingTBDs/Debug-watchos
CreateBuildDirectory /Users/admin/builder/spi-builder-workspace/.derivedData/Build/Products/Debug-watchos/PackageFrameworks
    cd /Users/admin/builder/spi-builder-workspace/.swiftpm/xcode
    builtin-create-build-directory /Users/admin/builder/spi-builder-workspace/.derivedData/Build/Products/Debug-watchos/PackageFrameworks
WriteAuxiliaryFile /Users/admin/builder/spi-builder-workspace/.derivedData/Build/Intermediates.noindex/QuickConstraint.build/Debug-watchos/QuickConstraint-t.build/QuickConstraint.DependencyStaticMetadataFileList (in target 'QuickConstraint' from project 'QuickConstraint')
    cd /Users/admin/builder/spi-builder-workspace
    write-file /Users/admin/builder/spi-builder-workspace/.derivedData/Build/Intermediates.noindex/QuickConstraint.build/Debug-watchos/QuickConstraint-t.build/QuickConstraint.DependencyStaticMetadataFileList
WriteAuxiliaryFile /Users/admin/builder/spi-builder-workspace/.derivedData/Build/Intermediates.noindex/QuickConstraint.build/Debug-watchos/QuickConstraint-t.build/QuickConstraint.DependencyMetadataFileList (in target 'QuickConstraint' from project 'QuickConstraint')
    cd /Users/admin/builder/spi-builder-workspace
    write-file /Users/admin/builder/spi-builder-workspace/.derivedData/Build/Intermediates.noindex/QuickConstraint.build/Debug-watchos/QuickConstraint-t.build/QuickConstraint.DependencyMetadataFileList
WriteAuxiliaryFile /Users/admin/builder/spi-builder-workspace/.derivedData/Build/Intermediates.noindex/QuickConstraint.build/Debug-watchos/QuickConstraint-t.build/QuickConstraint.modulemap (in target 'QuickConstraint' from project 'QuickConstraint')
    cd /Users/admin/builder/spi-builder-workspace
    write-file /Users/admin/builder/spi-builder-workspace/.derivedData/Build/Intermediates.noindex/QuickConstraint.build/Debug-watchos/QuickConstraint-t.build/QuickConstraint.modulemap
WriteAuxiliaryFile /Users/admin/builder/spi-builder-workspace/.derivedData/Build/Intermediates.noindex/QuickConstraint.build/Debug-watchos/QuickConstraint-t.build/Objects-normal/arm64/QuickConstraint_const_extract_protocols.json (in target 'QuickConstraint' from project 'QuickConstraint')
    cd /Users/admin/builder/spi-builder-workspace
    write-file /Users/admin/builder/spi-builder-workspace/.derivedData/Build/Intermediates.noindex/QuickConstraint.build/Debug-watchos/QuickConstraint-t.build/Objects-normal/arm64/QuickConstraint_const_extract_protocols.json
WriteAuxiliaryFile /Users/admin/builder/spi-builder-workspace/.derivedData/Build/Intermediates.noindex/QuickConstraint.build/Debug-watchos/QuickConstraint-t.build/Objects-normal/arm64_32/QuickConstraint.SwiftConstValuesFileList (in target 'QuickConstraint' from project 'QuickConstraint')
    cd /Users/admin/builder/spi-builder-workspace
    write-file /Users/admin/builder/spi-builder-workspace/.derivedData/Build/Intermediates.noindex/QuickConstraint.build/Debug-watchos/QuickConstraint-t.build/Objects-normal/arm64_32/QuickConstraint.SwiftConstValuesFileList
WriteAuxiliaryFile /Users/admin/builder/spi-builder-workspace/.derivedData/Build/Intermediates.noindex/QuickConstraint.build/Debug-watchos/QuickConstraint-t.build/Objects-normal/arm64_32/QuickConstraint.SwiftFileList (in target 'QuickConstraint' from project 'QuickConstraint')
    cd /Users/admin/builder/spi-builder-workspace
    write-file /Users/admin/builder/spi-builder-workspace/.derivedData/Build/Intermediates.noindex/QuickConstraint.build/Debug-watchos/QuickConstraint-t.build/Objects-normal/arm64_32/QuickConstraint.SwiftFileList
WriteAuxiliaryFile /Users/admin/builder/spi-builder-workspace/.derivedData/Build/Intermediates.noindex/QuickConstraint.build/Debug-watchos/QuickConstraint-t.build/Objects-normal/arm64_32/QuickConstraint.LinkFileList (in target 'QuickConstraint' from project 'QuickConstraint')
    cd /Users/admin/builder/spi-builder-workspace
    write-file /Users/admin/builder/spi-builder-workspace/.derivedData/Build/Intermediates.noindex/QuickConstraint.build/Debug-watchos/QuickConstraint-t.build/Objects-normal/arm64_32/QuickConstraint.LinkFileList
WriteAuxiliaryFile /Users/admin/builder/spi-builder-workspace/.derivedData/Build/Intermediates.noindex/QuickConstraint.build/Debug-watchos/QuickConstraint-t.build/Objects-normal/arm64_32/QuickConstraint_const_extract_protocols.json (in target 'QuickConstraint' from project 'QuickConstraint')
    cd /Users/admin/builder/spi-builder-workspace
    write-file /Users/admin/builder/spi-builder-workspace/.derivedData/Build/Intermediates.noindex/QuickConstraint.build/Debug-watchos/QuickConstraint-t.build/Objects-normal/arm64_32/QuickConstraint_const_extract_protocols.json
WriteAuxiliaryFile /Users/admin/builder/spi-builder-workspace/.derivedData/Build/Intermediates.noindex/QuickConstraint.build/Debug-watchos/QuickConstraint-t.build/Objects-normal/arm64_32/QuickConstraint-OutputFileMap.json (in target 'QuickConstraint' from project 'QuickConstraint')
    cd /Users/admin/builder/spi-builder-workspace
    write-file /Users/admin/builder/spi-builder-workspace/.derivedData/Build/Intermediates.noindex/QuickConstraint.build/Debug-watchos/QuickConstraint-t.build/Objects-normal/arm64_32/QuickConstraint-OutputFileMap.json
WriteAuxiliaryFile /Users/admin/builder/spi-builder-workspace/.derivedData/Build/Intermediates.noindex/QuickConstraint.build/Debug-watchos/QuickConstraint-t.build/Objects-normal/arm64/QuickConstraint.SwiftConstValuesFileList (in target 'QuickConstraint' from project 'QuickConstraint')
    cd /Users/admin/builder/spi-builder-workspace
    write-file /Users/admin/builder/spi-builder-workspace/.derivedData/Build/Intermediates.noindex/QuickConstraint.build/Debug-watchos/QuickConstraint-t.build/Objects-normal/arm64/QuickConstraint.SwiftConstValuesFileList
WriteAuxiliaryFile /Users/admin/builder/spi-builder-workspace/.derivedData/Build/Intermediates.noindex/QuickConstraint.build/Debug-watchos/QuickConstraint-t.build/Objects-normal/arm64/QuickConstraint.SwiftFileList (in target 'QuickConstraint' from project 'QuickConstraint')
    cd /Users/admin/builder/spi-builder-workspace
    write-file /Users/admin/builder/spi-builder-workspace/.derivedData/Build/Intermediates.noindex/QuickConstraint.build/Debug-watchos/QuickConstraint-t.build/Objects-normal/arm64/QuickConstraint.SwiftFileList
WriteAuxiliaryFile /Users/admin/builder/spi-builder-workspace/.derivedData/Build/Intermediates.noindex/QuickConstraint.build/Debug-watchos/QuickConstraint-t.build/Objects-normal/arm64/QuickConstraint.LinkFileList (in target 'QuickConstraint' from project 'QuickConstraint')
    cd /Users/admin/builder/spi-builder-workspace
    write-file /Users/admin/builder/spi-builder-workspace/.derivedData/Build/Intermediates.noindex/QuickConstraint.build/Debug-watchos/QuickConstraint-t.build/Objects-normal/arm64/QuickConstraint.LinkFileList
WriteAuxiliaryFile /Users/admin/builder/spi-builder-workspace/.derivedData/Build/Intermediates.noindex/QuickConstraint.build/Debug-watchos/QuickConstraint-t.build/Objects-normal/arm64/QuickConstraint-OutputFileMap.json (in target 'QuickConstraint' from project 'QuickConstraint')
    cd /Users/admin/builder/spi-builder-workspace
    write-file /Users/admin/builder/spi-builder-workspace/.derivedData/Build/Intermediates.noindex/QuickConstraint.build/Debug-watchos/QuickConstraint-t.build/Objects-normal/arm64/QuickConstraint-OutputFileMap.json
Copy /Users/admin/builder/spi-builder-workspace/.derivedData/Build/Intermediates.noindex/GeneratedModuleMaps-watchos/QuickConstraint.modulemap /Users/admin/builder/spi-builder-workspace/.derivedData/Build/Intermediates.noindex/QuickConstraint.build/Debug-watchos/QuickConstraint-t.build/QuickConstraint.modulemap (in target 'QuickConstraint' from project 'QuickConstraint')
    cd /Users/admin/builder/spi-builder-workspace
    builtin-copy -exclude .DS_Store -exclude CVS -exclude .svn -exclude .git -exclude .hg -resolve-src-symlinks /Users/admin/builder/spi-builder-workspace/.derivedData/Build/Intermediates.noindex/QuickConstraint.build/Debug-watchos/QuickConstraint-t.build/QuickConstraint.modulemap /Users/admin/builder/spi-builder-workspace/.derivedData/Build/Intermediates.noindex/GeneratedModuleMaps-watchos
SwiftDriver QuickConstraint normal arm64_32 com.apple.xcode.tools.swift.compiler (in target 'QuickConstraint' from project 'QuickConstraint')
    cd /Users/admin/builder/spi-builder-workspace/.swiftpm/xcode
    builtin-SwiftDriver -- /Applications/Xcode-27.0.0-Release.Candidate.app/Contents/Developer/Toolchains/XcodeDefault.xctoolchain/usr/bin/swiftc -parse-as-library -module-name QuickConstraint -Onone @/Users/admin/builder/spi-builder-workspace/.derivedData/Build/Intermediates.noindex/QuickConstraint.build/Debug-watchos/QuickConstraint-t.build/Objects-normal/arm64_32/QuickConstraint.SwiftFileList -DSWIFT_PACKAGE -DDEBUG -DSWIFT_MODULE_RESOURCE_BUNDLE_UNAVAILABLE -DXcode -plugin-path /Applications/Xcode-27.0.0-Release.Candidate.app/Contents/Developer/Toolchains/XcodeDefault.xctoolchain/usr/lib/swift/host/plugins/testing -enable-experimental-feature DebugDescriptionMacro -sdk /Applications/Xcode-27.0.0-Release.Candidate.app/Contents/Developer/Platforms/WatchOS.platform/Developer/SDKs/WatchOS27.0.sdk -target arm64_32-apple-watchos9.0 -g -module-cache-path /Users/admin/builder/spi-builder-workspace/.derivedData/ModuleCache.noindex -Xfrontend -serialize-debugging-options -enable-testing -index-store-path /Users/admin/builder/spi-builder-workspace/.derivedData/Index.noindex/DataStore -Xcc -D_LIBCPP_HARDENING_MODE\=_LIBCPP_HARDENING_MODE_DEBUG -swift-version 5 -I /Users/admin/builder/spi-builder-workspace/.derivedData/Build/Products/Debug-watchos -Isystem /Applications/Xcode-27.0.0-Release.Candidate.app/Contents/Developer/Platforms/WatchOS.platform/Developer/usr/lib -F /Users/admin/builder/spi-builder-workspace/.derivedData/Build/Products/Debug-watchos -F /Applications/Xcode-27.0.0-Release.Candidate.app/Contents/Developer/Platforms/WatchOS.platform/Developer/Library/Frameworks -F /Applications/Xcode-27.0.0-Release.Candidate.app/Contents/Developer/Platforms/WatchOS.platform/Developer/SDKs/WatchOS27.0.sdk/Developer/Library/Frameworks -c -j10 -enable-batch-mode -incremental -Xcc -ivfsstatcache -Xcc /Users/admin/builder/spi-builder-workspace/.derivedData/SDKStatCaches.noindex/watchos27.0-24R360-e829b21a6f8c9b70876ba0858053c04477534ef55a1706bf4c1112bbb242f0a2.sdkstatcache -output-file-map /Users/admin/builder/spi-builder-workspace/.derivedData/Build/Intermediates.noindex/QuickConstraint.build/Debug-watchos/QuickConstraint-t.build/Objects-normal/arm64_32/QuickConstraint-OutputFileMap.json -save-temps -no-color-diagnostics -explicit-module-build -module-cache-path /Users/admin/builder/spi-builder-workspace/.derivedData/Build/Intermediates.noindex/SwiftExplicitPrecompiledModules -clang-scanner-module-cache-path /Users/admin/builder/spi-builder-workspace/.derivedData/ModuleCache.noindex -sdk-module-cache-path /Users/admin/builder/spi-builder-workspace/.derivedData/SDKExplicitPrecompiledModules -emit-dependencies -emit-module -emit-module-path /Users/admin/builder/spi-builder-workspace/.derivedData/Build/Intermediates.noindex/QuickConstraint.build/Debug-watchos/QuickConstraint-t.build/Objects-normal/arm64_32/QuickConstraint.swiftmodule -serialize-diagnostics -dependency-scan-serialize-diagnostics-path /Users/admin/builder/spi-builder-workspace/.derivedData/Build/Intermediates.noindex/QuickConstraint.build/Debug-watchos/QuickConstraint-t.build/Objects-normal/arm64_32/QuickConstraint-dependency-scan.dia -validate-clang-modules-once -clang-build-session-file /Users/admin/builder/spi-builder-workspace/.derivedData/ModuleCache.noindex/Session.modulevalidation -Xcc -fmodules-prune-interval\=86400 -Xcc -fmodules-prune-after\=345600 -emit-const-values -const-gather-protocols-list /Users/admin/builder/spi-builder-workspace/.derivedData/Build/Intermediates.noindex/QuickConstraint.build/Debug-watchos/QuickConstraint-t.build/Objects-normal/arm64_32/QuickConstraint_const_extract_protocols.json -Xcc -I/Users/admin/builder/spi-builder-workspace/.derivedData/Build/Products/Debug-watchos/include -Xcc -I/Users/admin/builder/spi-builder-workspace/.derivedData/Build/Intermediates.noindex/QuickConstraint.build/Debug-watchos/QuickConstraint-t.build/DerivedSources-normal/arm64_32 -Xcc -I/Users/admin/builder/spi-builder-workspace/.derivedData/Build/Intermediates.noindex/QuickConstraint.build/Debug-watchos/QuickConstraint-t.build/DerivedSources/arm64_32 -Xcc -I/Users/admin/builder/spi-builder-workspace/.derivedData/Build/Intermediates.noindex/QuickConstraint.build/Debug-watchos/QuickConstraint-t.build/DerivedSources -Xcc -DSWIFT_PACKAGE -Xcc -DDEBUG\=1 -emit-objc-header -emit-objc-header-path /Users/admin/builder/spi-builder-workspace/.derivedData/Build/Intermediates.noindex/QuickConstraint.build/Debug-watchos/QuickConstraint-t.build/Objects-normal/arm64_32/QuickConstraint-Swift.h -working-directory /Users/admin/builder/spi-builder-workspace/.swiftpm/xcode -experimental-emit-module-separately -disable-cmo
/Users/admin/builder/spi-builder-workspace/Sources/QuickConstraint/LayoutConstraint.swift:20:8: error: Unable to resolve module dependency: 'AppKit' (in target 'QuickConstraint' from project 'QuickConstraint')
    note: A dependency of main module 'QuickConstraint'
    /Users/admin/builder/spi-builder-workspace/Sources/QuickConstraint/StackView/StackView.swift:20:8: note: Also imported here
    /Users/admin/builder/spi-builder-workspace/Sources/QuickConstraint/Typealias.swift:34:8: note: Also imported here
    /Users/admin/builder/spi-builder-workspace/Sources/QuickConstraint/View+AutoLayout.swift:20:8: note: Also imported here
/Users/admin/builder/spi-builder-workspace/Sources/QuickConstraint/LayoutConstraint.swift:20:8: note: A dependency of main module 'QuickConstraint'
import AppKit
       ^ (in target 'QuickConstraint' from project 'QuickConstraint')
/Users/admin/builder/spi-builder-workspace/Sources/QuickConstraint/StackView/StackView.swift:20:8: note: Also imported here
import AppKit
       ^ (in target 'QuickConstraint' from project 'QuickConstraint')
/Users/admin/builder/spi-builder-workspace/Sources/QuickConstraint/Typealias.swift:34:8: note: Also imported here
import AppKit
       ^ (in target 'QuickConstraint' from project 'QuickConstraint')
/Users/admin/builder/spi-builder-workspace/Sources/QuickConstraint/View+AutoLayout.swift:20:8: note: Also imported here
import AppKit
       ^ (in target 'QuickConstraint' from project 'QuickConstraint')
SwiftDriver QuickConstraint normal arm64 com.apple.xcode.tools.swift.compiler (in target 'QuickConstraint' from project 'QuickConstraint')
    cd /Users/admin/builder/spi-builder-workspace/.swiftpm/xcode
    builtin-SwiftDriver -- /Applications/Xcode-27.0.0-Release.Candidate.app/Contents/Developer/Toolchains/XcodeDefault.xctoolchain/usr/bin/swiftc -parse-as-library -module-name QuickConstraint -Onone @/Users/admin/builder/spi-builder-workspace/.derivedData/Build/Intermediates.noindex/QuickConstraint.build/Debug-watchos/QuickConstraint-t.build/Objects-normal/arm64/QuickConstraint.SwiftFileList -DSWIFT_PACKAGE -DDEBUG -DSWIFT_MODULE_RESOURCE_BUNDLE_UNAVAILABLE -DXcode -plugin-path /Applications/Xcode-27.0.0-Release.Candidate.app/Contents/Developer/Toolchains/XcodeDefault.xctoolchain/usr/lib/swift/host/plugins/testing -enable-experimental-feature DebugDescriptionMacro -sdk /Applications/Xcode-27.0.0-Release.Candidate.app/Contents/Developer/Platforms/WatchOS.platform/Developer/SDKs/WatchOS27.0.sdk -target arm64-apple-watchos9.0 -g -module-cache-path /Users/admin/builder/spi-builder-workspace/.derivedData/ModuleCache.noindex -Xfrontend -serialize-debugging-options -enable-testing -index-store-path /Users/admin/builder/spi-builder-workspace/.derivedData/Index.noindex/DataStore -Xcc -D_LIBCPP_HARDENING_MODE\=_LIBCPP_HARDENING_MODE_DEBUG -swift-version 5 -I /Users/admin/builder/spi-builder-workspace/.derivedData/Build/Products/Debug-watchos -Isystem /Applications/Xcode-27.0.0-Release.Candidate.app/Contents/Developer/Platforms/WatchOS.platform/Developer/usr/lib -F /Users/admin/builder/spi-builder-workspace/.derivedData/Build/Products/Debug-watchos -F /Applications/Xcode-27.0.0-Release.Candidate.app/Contents/Developer/Platforms/WatchOS.platform/Developer/Library/Frameworks -F /Applications/Xcode-27.0.0-Release.Candidate.app/Contents/Developer/Platforms/WatchOS.platform/Developer/SDKs/WatchOS27.0.sdk/Developer/Library/Frameworks -c -j10 -enable-batch-mode -incremental -Xcc -ivfsstatcache -Xcc /Users/admin/builder/spi-builder-workspace/.derivedData/SDKStatCaches.noindex/watchos27.0-24R360-e829b21a6f8c9b70876ba0858053c04477534ef55a1706bf4c1112bbb242f0a2.sdkstatcache -output-file-map /Users/admin/builder/spi-builder-workspace/.derivedData/Build/Intermediates.noindex/QuickConstraint.build/Debug-watchos/QuickConstraint-t.build/Objects-normal/arm64/QuickConstraint-OutputFileMap.json -save-temps -no-color-diagnostics -explicit-module-build -module-cache-path /Users/admin/builder/spi-builder-workspace/.derivedData/Build/Intermediates.noindex/SwiftExplicitPrecompiledModules -clang-scanner-module-cache-path /Users/admin/builder/spi-builder-workspace/.derivedData/ModuleCache.noindex -sdk-module-cache-path /Users/admin/builder/spi-builder-workspace/.derivedData/SDKExplicitPrecompiledModules -emit-dependencies -emit-module -emit-module-path /Users/admin/builder/spi-builder-workspace/.derivedData/Build/Intermediates.noindex/QuickConstraint.build/Debug-watchos/QuickConstraint-t.build/Objects-normal/arm64/QuickConstraint.swiftmodule -serialize-diagnostics -dependency-scan-serialize-diagnostics-path /Users/admin/builder/spi-builder-workspace/.derivedData/Build/Intermediates.noindex/QuickConstraint.build/Debug-watchos/QuickConstraint-t.build/Objects-normal/arm64/QuickConstraint-dependency-scan.dia -validate-clang-modules-once -clang-build-session-file /Users/admin/builder/spi-builder-workspace/.derivedData/ModuleCache.noindex/Session.modulevalidation -Xcc -fmodules-prune-interval\=86400 -Xcc -fmodules-prune-after\=345600 -emit-const-values -const-gather-protocols-list /Users/admin/builder/spi-builder-workspace/.derivedData/Build/Intermediates.noindex/QuickConstraint.build/Debug-watchos/QuickConstraint-t.build/Objects-normal/arm64/QuickConstraint_const_extract_protocols.json -Xcc -I/Users/admin/builder/spi-builder-workspace/.derivedData/Build/Products/Debug-watchos/include -Xcc -I/Users/admin/builder/spi-builder-workspace/.derivedData/Build/Intermediates.noindex/QuickConstraint.build/Debug-watchos/QuickConstraint-t.build/DerivedSources-normal/arm64 -Xcc -I/Users/admin/builder/spi-builder-workspace/.derivedData/Build/Intermediates.noindex/QuickConstraint.build/Debug-watchos/QuickConstraint-t.build/DerivedSources/arm64 -Xcc -I/Users/admin/builder/spi-builder-workspace/.derivedData/Build/Intermediates.noindex/QuickConstraint.build/Debug-watchos/QuickConstraint-t.build/DerivedSources -Xcc -DSWIFT_PACKAGE -Xcc -DDEBUG\=1 -emit-objc-header -emit-objc-header-path /Users/admin/builder/spi-builder-workspace/.derivedData/Build/Intermediates.noindex/QuickConstraint.build/Debug-watchos/QuickConstraint-t.build/Objects-normal/arm64/QuickConstraint-Swift.h -working-directory /Users/admin/builder/spi-builder-workspace/.swiftpm/xcode -experimental-emit-module-separately -disable-cmo
/Users/admin/builder/spi-builder-workspace/Sources/QuickConstraint/LayoutConstraint.swift:20:8: error: Unable to resolve module dependency: 'AppKit' (in target 'QuickConstraint' from project 'QuickConstraint')
    note: A dependency of main module 'QuickConstraint'
    /Users/admin/builder/spi-builder-workspace/Sources/QuickConstraint/StackView/StackView.swift:20:8: note: Also imported here
    /Users/admin/builder/spi-builder-workspace/Sources/QuickConstraint/Typealias.swift:34:8: note: Also imported here
    /Users/admin/builder/spi-builder-workspace/Sources/QuickConstraint/View+AutoLayout.swift:20:8: note: Also imported here
/Users/admin/builder/spi-builder-workspace/Sources/QuickConstraint/LayoutConstraint.swift:20:8: note: A dependency of main module 'QuickConstraint'
import AppKit
       ^ (in target 'QuickConstraint' from project 'QuickConstraint')
/Users/admin/builder/spi-builder-workspace/Sources/QuickConstraint/StackView/StackView.swift:20:8: note: Also imported here
import AppKit
       ^ (in target 'QuickConstraint' from project 'QuickConstraint')
/Users/admin/builder/spi-builder-workspace/Sources/QuickConstraint/Typealias.swift:34:8: note: Also imported here
import AppKit
       ^ (in target 'QuickConstraint' from project 'QuickConstraint')
/Users/admin/builder/spi-builder-workspace/Sources/QuickConstraint/View+AutoLayout.swift:20:8: note: Also imported here
import AppKit
       ^ (in target 'QuickConstraint' from project 'QuickConstraint')
PruneExplicitPrecompiledModules /Users/admin/builder/spi-builder-workspace/.derivedData/SDKExplicitPrecompiledModules
PruneExplicitPrecompiledModules /Users/admin/builder/spi-builder-workspace/.derivedData/Build/Intermediates.noindex/ExplicitPrecompiledModules
PruneExplicitPrecompiledModules /Users/admin/builder/spi-builder-workspace/.derivedData/Build/Intermediates.noindex/SwiftExplicitPrecompiledModules
2026-09-18 11:23:24.358 xcodebuild[656:4230] [MT] IDERunDestination: Supported platforms for the buildables in the current scheme is empty.
** BUILD FAILED **
The following build commands failed:
	SwiftDriver QuickConstraint normal arm64_32 com.apple.xcode.tools.swift.compiler (in target 'QuickConstraint' from project 'QuickConstraint')
	SwiftDriver QuickConstraint normal arm64 com.apple.xcode.tools.swift.compiler (in target 'QuickConstraint' from project 'QuickConstraint')
	Building workspace QuickConstraint with scheme QuickConstraint
(3 failures)
Command line invocation:
    /Applications/Xcode-27.0.0-Release.Candidate.app/Contents/Developer/usr/bin/xcodebuild -IDEClonedSourcePackagesDirPathOverride=/Users/admin/builder/spi-builder-workspace/.dependencies -resolvePackageDependencies
Resolve Package Graph
Resolved source packages:
  QuickConstraint: /Users/admin/builder/spi-builder-workspace
resolved source packages: QuickConstraint
2026-09-18 11:23:26.872 xcodebuild[671:4363] [MT] IDERunDestination: Supported platforms for the buildables in the current scheme is empty.
{
  "dependencies" : [
  ],
  "manifest_display_name" : "QuickConstraint",
  "name" : "QuickConstraint",
  "path" : "/Users/admin/builder/spi-builder-workspace",
  "platforms" : [
    {
      "name" : "macos",
      "version" : "10.14"
    },
    {
      "name" : "ios",
      "version" : "10.0"
    },
    {
      "name" : "tvos",
      "version" : "10.0"
    }
  ],
  "products" : [
    {
      "name" : "QuickConstraint",
      "targets" : [
        "QuickConstraint"
      ],
      "type" : {
        "library" : [
          "automatic"
        ]
      }
    }
  ],
  "swift_languages_versions" : [
    "5"
  ],
  "targets" : [
    {
      "c99name" : "QuickConstraint",
      "module_type" : "SwiftTarget",
      "name" : "QuickConstraint",
      "path" : "Sources/QuickConstraint",
      "product_memberships" : [
        "QuickConstraint"
      ],
      "sources" : [
        "Anchor.swift",
        "Axis.swift",
        "CollectionView/UICollectionReusableView.swift",
        "CollectionView/UICollectionView.swift",
        "Dimension.swift",
        "LayoutConstraint.swift",
        "StackView/StackView.swift",
        "Typealias.swift",
        "View+AutoLayout.swift"
      ],
      "type" : "library"
    }
  ],
  "tools_version" : "5.6"
}
{
  "workspace" : {
    "name" : "QuickConstraint",
    "schemes" : [
      "QuickConstraint"
    ]
  }
}
2026-09-18 11:23:28.067 xcodebuild[679:4430] [MT] IDERunDestination: Supported platforms for the buildables in the current scheme is empty.
Running build ...
env DEVELOPER_DIR=/Applications/Xcode-27.0.0-Release.Candidate.app xcrun xcodebuild -IDEClonedSourcePackagesDirPathOverride=$PWD/.dependencies -skipMacroValidation -skipPackagePluginValidation -derivedDataPath $PWD/.derivedData build -scheme QuickConstraint -destination generic/platform=watchOS
Command line invocation:
    /Applications/Xcode-27.0.0-Release.Candidate.app/Contents/Developer/usr/bin/xcodebuild -IDEClonedSourcePackagesDirPathOverride=/Users/admin/builder/spi-builder-workspace/.dependencies -skipMacroValidation -skipPackagePluginValidation -derivedDataPath /Users/admin/builder/spi-builder-workspace/.derivedData build -scheme QuickConstraint -destination generic/platform=watchOS
Resolve Package Graph
Resolved source packages:
  QuickConstraint: /Users/admin/builder/spi-builder-workspace
ComputePackagePrebuildTargetDependencyGraph
Prepare packages
CreateBuildRequest
SendProjectDescription
CreateBuildOperation
ComputeTargetDependencyGraph
note: Building targets in dependency order
note: Target dependency graph (2 targets)
    Target 'QuickConstraint-product' in project 'QuickConstraint'
        ➜ Explicit dependency on target 'QuickConstraint' in project 'QuickConstraint'
    Target 'QuickConstraint' in project 'QuickConstraint' (no dependencies)
GatherProvisioningInputs
CreateBuildDescription
ClangStatCache /Applications/Xcode-27.0.0-Release.Candidate.app/Contents/Developer/Toolchains/XcodeDefault.xctoolchain/usr/bin/clang-stat-cache /Applications/Xcode-27.0.0-Release.Candidate.app/Contents/Developer/Platforms/WatchOS.platform/Developer/SDKs/WatchOS27.0.sdk /Users/admin/builder/spi-builder-workspace/.derivedData/SDKStatCaches.noindex/watchos27.0-24R360-e829b21a6f8c9b70876ba0858053c04477534ef55a1706bf4c1112bbb242f0a2.sdkstatcache
    cd /Users/admin/builder/spi-builder-workspace/.swiftpm/xcode
    /Applications/Xcode-27.0.0-Release.Candidate.app/Contents/Developer/Toolchains/XcodeDefault.xctoolchain/usr/bin/clang-stat-cache /Applications/Xcode-27.0.0-Release.Candidate.app/Contents/Developer/Platforms/WatchOS.platform/Developer/SDKs/WatchOS27.0.sdk -o /Users/admin/builder/spi-builder-workspace/.derivedData/SDKStatCaches.noindex/watchos27.0-24R360-e829b21a6f8c9b70876ba0858053c04477534ef55a1706bf4c1112bbb242f0a2.sdkstatcache
SwiftDriver QuickConstraint normal arm64_32 com.apple.xcode.tools.swift.compiler (in target 'QuickConstraint' from project 'QuickConstraint')
    cd /Users/admin/builder/spi-builder-workspace/.swiftpm/xcode
    builtin-SwiftDriver -- /Applications/Xcode-27.0.0-Release.Candidate.app/Contents/Developer/Toolchains/XcodeDefault.xctoolchain/usr/bin/swiftc -parse-as-library -module-name QuickConstraint -Onone @/Users/admin/builder/spi-builder-workspace/.derivedData/Build/Intermediates.noindex/QuickConstraint.build/Debug-watchos/QuickConstraint-t.build/Objects-normal/arm64_32/QuickConstraint.SwiftFileList -DSWIFT_PACKAGE -DDEBUG -DSWIFT_MODULE_RESOURCE_BUNDLE_UNAVAILABLE -DXcode -plugin-path /Applications/Xcode-27.0.0-Release.Candidate.app/Contents/Developer/Toolchains/XcodeDefault.xctoolchain/usr/lib/swift/host/plugins/testing -enable-experimental-feature DebugDescriptionMacro -sdk /Applications/Xcode-27.0.0-Release.Candidate.app/Contents/Developer/Platforms/WatchOS.platform/Developer/SDKs/WatchOS27.0.sdk -target arm64_32-apple-watchos9.0 -g -module-cache-path /Users/admin/builder/spi-builder-workspace/.derivedData/ModuleCache.noindex -Xfrontend -serialize-debugging-options -enable-testing -index-store-path /Users/admin/builder/spi-builder-workspace/.derivedData/Index.noindex/DataStore -Xcc -D_LIBCPP_HARDENING_MODE\=_LIBCPP_HARDENING_MODE_DEBUG -swift-version 5 -I /Users/admin/builder/spi-builder-workspace/.derivedData/Build/Products/Debug-watchos -Isystem /Applications/Xcode-27.0.0-Release.Candidate.app/Contents/Developer/Platforms/WatchOS.platform/Developer/usr/lib -F /Users/admin/builder/spi-builder-workspace/.derivedData/Build/Products/Debug-watchos -F /Applications/Xcode-27.0.0-Release.Candidate.app/Contents/Developer/Platforms/WatchOS.platform/Developer/Library/Frameworks -F /Applications/Xcode-27.0.0-Release.Candidate.app/Contents/Developer/Platforms/WatchOS.platform/Developer/SDKs/WatchOS27.0.sdk/Developer/Library/Frameworks -c -j10 -enable-batch-mode -incremental -Xcc -ivfsstatcache -Xcc /Users/admin/builder/spi-builder-workspace/.derivedData/SDKStatCaches.noindex/watchos27.0-24R360-e829b21a6f8c9b70876ba0858053c04477534ef55a1706bf4c1112bbb242f0a2.sdkstatcache -output-file-map /Users/admin/builder/spi-builder-workspace/.derivedData/Build/Intermediates.noindex/QuickConstraint.build/Debug-watchos/QuickConstraint-t.build/Objects-normal/arm64_32/QuickConstraint-OutputFileMap.json -save-temps -no-color-diagnostics -explicit-module-build -module-cache-path /Users/admin/builder/spi-builder-workspace/.derivedData/Build/Intermediates.noindex/SwiftExplicitPrecompiledModules -clang-scanner-module-cache-path /Users/admin/builder/spi-builder-workspace/.derivedData/ModuleCache.noindex -sdk-module-cache-path /Users/admin/builder/spi-builder-workspace/.derivedData/SDKExplicitPrecompiledModules -emit-dependencies -emit-module -emit-module-path /Users/admin/builder/spi-builder-workspace/.derivedData/Build/Intermediates.noindex/QuickConstraint.build/Debug-watchos/QuickConstraint-t.build/Objects-normal/arm64_32/QuickConstraint.swiftmodule -serialize-diagnostics -dependency-scan-serialize-diagnostics-path /Users/admin/builder/spi-builder-workspace/.derivedData/Build/Intermediates.noindex/QuickConstraint.build/Debug-watchos/QuickConstraint-t.build/Objects-normal/arm64_32/QuickConstraint-dependency-scan.dia -validate-clang-modules-once -clang-build-session-file /Users/admin/builder/spi-builder-workspace/.derivedData/ModuleCache.noindex/Session.modulevalidation -Xcc -fmodules-prune-interval\=86400 -Xcc -fmodules-prune-after\=345600 -emit-const-values -const-gather-protocols-list /Users/admin/builder/spi-builder-workspace/.derivedData/Build/Intermediates.noindex/QuickConstraint.build/Debug-watchos/QuickConstraint-t.build/Objects-normal/arm64_32/QuickConstraint_const_extract_protocols.json -Xcc -I/Users/admin/builder/spi-builder-workspace/.derivedData/Build/Products/Debug-watchos/include -Xcc -I/Users/admin/builder/spi-builder-workspace/.derivedData/Build/Intermediates.noindex/QuickConstraint.build/Debug-watchos/QuickConstraint-t.build/DerivedSources-normal/arm64_32 -Xcc -I/Users/admin/builder/spi-builder-workspace/.derivedData/Build/Intermediates.noindex/QuickConstraint.build/Debug-watchos/QuickConstraint-t.build/DerivedSources/arm64_32 -Xcc -I/Users/admin/builder/spi-builder-workspace/.derivedData/Build/Intermediates.noindex/QuickConstraint.build/Debug-watchos/QuickConstraint-t.build/DerivedSources -Xcc -DSWIFT_PACKAGE -Xcc -DDEBUG\=1 -emit-objc-header -emit-objc-header-path /Users/admin/builder/spi-builder-workspace/.derivedData/Build/Intermediates.noindex/QuickConstraint.build/Debug-watchos/QuickConstraint-t.build/Objects-normal/arm64_32/QuickConstraint-Swift.h -working-directory /Users/admin/builder/spi-builder-workspace/.swiftpm/xcode -experimental-emit-module-separately -disable-cmo
/Users/admin/builder/spi-builder-workspace/Sources/QuickConstraint/LayoutConstraint.swift:20:8: error: Unable to resolve module dependency: 'AppKit' (in target 'QuickConstraint' from project 'QuickConstraint')
    note: A dependency of main module 'QuickConstraint'
    /Users/admin/builder/spi-builder-workspace/Sources/QuickConstraint/StackView/StackView.swift:20:8: note: Also imported here
    /Users/admin/builder/spi-builder-workspace/Sources/QuickConstraint/Typealias.swift:34:8: note: Also imported here
    /Users/admin/builder/spi-builder-workspace/Sources/QuickConstraint/View+AutoLayout.swift:20:8: note: Also imported here
/Users/admin/builder/spi-builder-workspace/Sources/QuickConstraint/LayoutConstraint.swift:20:8: note: A dependency of main module 'QuickConstraint'
import AppKit
       ^ (in target 'QuickConstraint' from project 'QuickConstraint')
/Users/admin/builder/spi-builder-workspace/Sources/QuickConstraint/StackView/StackView.swift:20:8: note: Also imported here
import AppKit
       ^ (in target 'QuickConstraint' from project 'QuickConstraint')
/Users/admin/builder/spi-builder-workspace/Sources/QuickConstraint/Typealias.swift:34:8: note: Also imported here
import AppKit
       ^ (in target 'QuickConstraint' from project 'QuickConstraint')
/Users/admin/builder/spi-builder-workspace/Sources/QuickConstraint/View+AutoLayout.swift:20:8: note: Also imported here
import AppKit
       ^ (in target 'QuickConstraint' from project 'QuickConstraint')
SwiftDriver QuickConstraint normal arm64 com.apple.xcode.tools.swift.compiler (in target 'QuickConstraint' from project 'QuickConstraint')
    cd /Users/admin/builder/spi-builder-workspace/.swiftpm/xcode
    builtin-SwiftDriver -- /Applications/Xcode-27.0.0-Release.Candidate.app/Contents/Developer/Toolchains/XcodeDefault.xctoolchain/usr/bin/swiftc -parse-as-library -module-name QuickConstraint -Onone @/Users/admin/builder/spi-builder-workspace/.derivedData/Build/Intermediates.noindex/QuickConstraint.build/Debug-watchos/QuickConstraint-t.build/Objects-normal/arm64/QuickConstraint.SwiftFileList -DSWIFT_PACKAGE -DDEBUG -DSWIFT_MODULE_RESOURCE_BUNDLE_UNAVAILABLE -DXcode -plugin-path /Applications/Xcode-27.0.0-Release.Candidate.app/Contents/Developer/Toolchains/XcodeDefault.xctoolchain/usr/lib/swift/host/plugins/testing -enable-experimental-feature DebugDescriptionMacro -sdk /Applications/Xcode-27.0.0-Release.Candidate.app/Contents/Developer/Platforms/WatchOS.platform/Developer/SDKs/WatchOS27.0.sdk -target arm64-apple-watchos9.0 -g -module-cache-path /Users/admin/builder/spi-builder-workspace/.derivedData/ModuleCache.noindex -Xfrontend -serialize-debugging-options -enable-testing -index-store-path /Users/admin/builder/spi-builder-workspace/.derivedData/Index.noindex/DataStore -Xcc -D_LIBCPP_HARDENING_MODE\=_LIBCPP_HARDENING_MODE_DEBUG -swift-version 5 -I /Users/admin/builder/spi-builder-workspace/.derivedData/Build/Products/Debug-watchos -Isystem /Applications/Xcode-27.0.0-Release.Candidate.app/Contents/Developer/Platforms/WatchOS.platform/Developer/usr/lib -F /Users/admin/builder/spi-builder-workspace/.derivedData/Build/Products/Debug-watchos -F /Applications/Xcode-27.0.0-Release.Candidate.app/Contents/Developer/Platforms/WatchOS.platform/Developer/Library/Frameworks -F /Applications/Xcode-27.0.0-Release.Candidate.app/Contents/Developer/Platforms/WatchOS.platform/Developer/SDKs/WatchOS27.0.sdk/Developer/Library/Frameworks -c -j10 -enable-batch-mode -incremental -Xcc -ivfsstatcache -Xcc /Users/admin/builder/spi-builder-workspace/.derivedData/SDKStatCaches.noindex/watchos27.0-24R360-e829b21a6f8c9b70876ba0858053c04477534ef55a1706bf4c1112bbb242f0a2.sdkstatcache -output-file-map /Users/admin/builder/spi-builder-workspace/.derivedData/Build/Intermediates.noindex/QuickConstraint.build/Debug-watchos/QuickConstraint-t.build/Objects-normal/arm64/QuickConstraint-OutputFileMap.json -save-temps -no-color-diagnostics -explicit-module-build -module-cache-path /Users/admin/builder/spi-builder-workspace/.derivedData/Build/Intermediates.noindex/SwiftExplicitPrecompiledModules -clang-scanner-module-cache-path /Users/admin/builder/spi-builder-workspace/.derivedData/ModuleCache.noindex -sdk-module-cache-path /Users/admin/builder/spi-builder-workspace/.derivedData/SDKExplicitPrecompiledModules -emit-dependencies -emit-module -emit-module-path /Users/admin/builder/spi-builder-workspace/.derivedData/Build/Intermediates.noindex/QuickConstraint.build/Debug-watchos/QuickConstraint-t.build/Objects-normal/arm64/QuickConstraint.swiftmodule -serialize-diagnostics -dependency-scan-serialize-diagnostics-path /Users/admin/builder/spi-builder-workspace/.derivedData/Build/Intermediates.noindex/QuickConstraint.build/Debug-watchos/QuickConstraint-t.build/Objects-normal/arm64/QuickConstraint-dependency-scan.dia -validate-clang-modules-once -clang-build-session-file /Users/admin/builder/spi-builder-workspace/.derivedData/ModuleCache.noindex/Session.modulevalidation -Xcc -fmodules-prune-interval\=86400 -Xcc -fmodules-prune-after\=345600 -emit-const-values -const-gather-protocols-list /Users/admin/builder/spi-builder-workspace/.derivedData/Build/Intermediates.noindex/QuickConstraint.build/Debug-watchos/QuickConstraint-t.build/Objects-normal/arm64/QuickConstraint_const_extract_protocols.json -Xcc -I/Users/admin/builder/spi-builder-workspace/.derivedData/Build/Products/Debug-watchos/include -Xcc -I/Users/admin/builder/spi-builder-workspace/.derivedData/Build/Intermediates.noindex/QuickConstraint.build/Debug-watchos/QuickConstraint-t.build/DerivedSources-normal/arm64 -Xcc -I/Users/admin/builder/spi-builder-workspace/.derivedData/Build/Intermediates.noindex/QuickConstraint.build/Debug-watchos/QuickConstraint-t.build/DerivedSources/arm64 -Xcc -I/Users/admin/builder/spi-builder-workspace/.derivedData/Build/Intermediates.noindex/QuickConstraint.build/Debug-watchos/QuickConstraint-t.build/DerivedSources -Xcc -DSWIFT_PACKAGE -Xcc -DDEBUG\=1 -emit-objc-header -emit-objc-header-path /Users/admin/builder/spi-builder-workspace/.derivedData/Build/Intermediates.noindex/QuickConstraint.build/Debug-watchos/QuickConstraint-t.build/Objects-normal/arm64/QuickConstraint-Swift.h -working-directory /Users/admin/builder/spi-builder-workspace/.swiftpm/xcode -experimental-emit-module-separately -disable-cmo
/Users/admin/builder/spi-builder-workspace/Sources/QuickConstraint/LayoutConstraint.swift:20:8: error: Unable to resolve module dependency: 'AppKit' (in target 'QuickConstraint' from project 'QuickConstraint')
    note: A dependency of main module 'QuickConstraint'
    /Users/admin/builder/spi-builder-workspace/Sources/QuickConstraint/StackView/StackView.swift:20:8: note: Also imported here
    /Users/admin/builder/spi-builder-workspace/Sources/QuickConstraint/Typealias.swift:34:8: note: Also imported here
    /Users/admin/builder/spi-builder-workspace/Sources/QuickConstraint/View+AutoLayout.swift:20:8: note: Also imported here
/Users/admin/builder/spi-builder-workspace/Sources/QuickConstraint/LayoutConstraint.swift:20:8: note: A dependency of main module 'QuickConstraint'
import AppKit
       ^ (in target 'QuickConstraint' from project 'QuickConstraint')
/Users/admin/builder/spi-builder-workspace/Sources/QuickConstraint/StackView/StackView.swift:20:8: note: Also imported here
import AppKit
       ^ (in target 'QuickConstraint' from project 'QuickConstraint')
/Users/admin/builder/spi-builder-workspace/Sources/QuickConstraint/Typealias.swift:34:8: note: Also imported here
import AppKit
       ^ (in target 'QuickConstraint' from project 'QuickConstraint')
/Users/admin/builder/spi-builder-workspace/Sources/QuickConstraint/View+AutoLayout.swift:20:8: note: Also imported here
import AppKit
       ^ (in target 'QuickConstraint' from project 'QuickConstraint')
PruneExplicitPrecompiledModules /Users/admin/builder/spi-builder-workspace/.derivedData/SDKExplicitPrecompiledModules
PruneExplicitPrecompiledModules /Users/admin/builder/spi-builder-workspace/.derivedData/Build/Intermediates.noindex/ExplicitPrecompiledModules
PruneExplicitPrecompiledModules /Users/admin/builder/spi-builder-workspace/.derivedData/Build/Intermediates.noindex/SwiftExplicitPrecompiledModules
2026-09-18 11:23:28.992 xcodebuild[680:4455] [MT] IDERunDestination: Supported platforms for the buildables in the current scheme is empty.
** BUILD FAILED **
The following build commands failed:
	SwiftDriver QuickConstraint normal arm64_32 com.apple.xcode.tools.swift.compiler (in target 'QuickConstraint' from project 'QuickConstraint')
	SwiftDriver QuickConstraint normal arm64 com.apple.xcode.tools.swift.compiler (in target 'QuickConstraint' from project 'QuickConstraint')
	Building workspace QuickConstraint with scheme QuickConstraint
(3 failures)
BUILD FAILURE 6.4 watchOS