The Swift Package Index logo.Swift Package Index

Build Information

Failed to build SyncEngine, reference main (f1a64d), with Swift 6.1 for Wasm on 28 Sep 2026 15:23:46 UTC.

Build Command

bash -c docker run --pull=always --rm -v "checkouts-54344844-0":/host -w "$PWD" -e JAVA_HOME="/root/.sdkman/candidates/java/current" -e SPI_BUILD="1" -e SPI_PROCESSING="1" registry.gitlab.com/saguaro1/spi-images:wasm-6.1-latest swift build --swift-sdk wasm32-unknown-wasi 2>&1

Build Log

========================================
RunAll
========================================
Builder version: 5.1.0
Interrupt handler set up.
========================================
Checkout
========================================
Clone URL: https://github.com/launchapp-studio/SyncEngine.git
Reference: main
Initialized empty Git repository in /host/spi-builder-workspace/.git/
hint: Using 'master' as the name for the initial branch. This default branch name
hint: is subject to change. To configure the initial branch name to use in all
hint: of your new repositories, which will suppress this warning, call:
hint:
hint: 	git config --global init.defaultBranch <name>
hint:
hint: Names commonly chosen instead of 'master' are 'main', 'trunk' and
hint: 'development'. The just-created branch can be renamed via this command:
hint:
hint: 	git branch -m <name>
From https://github.com/launchapp-studio/SyncEngine
 * branch            main       -> FETCH_HEAD
 * [new branch]      main       -> origin/main
HEAD is now at f1a64df docs: add Swift Package Index badges and .spi.yml
Cloned https://github.com/launchapp-studio/SyncEngine.git
Revision (git rev-parse @):
f1a64df2fa0d60f1102766cf7647f3b0e0c038db
SPI manifest file found: $PWD/.spi.yml
SUCCESS checkout https://github.com/launchapp-studio/SyncEngine.git at main
========================================
Build
========================================
Selected platform:         wasm
Swift version:             6.1
Building package at path:  $PWD
https://github.com/launchapp-studio/SyncEngine.git
https://github.com/launchapp-studio/SyncEngine.git
WARNING: environment variable SUPPRESS_SWIFT_6_FLAGS is not set
Running build ...
bash -c docker run --pull=always --rm -v "checkouts-54344844-0":/host -w "$PWD" -e JAVA_HOME="/root/.sdkman/candidates/java/current" -e SPI_BUILD="1" -e SPI_PROCESSING="1" registry.gitlab.com/saguaro1/spi-images:wasm-6.1-latest swift build --swift-sdk wasm32-unknown-wasi -Xswiftc -Xfrontend -Xswiftc -stats-output-dir -Xswiftc -Xfrontend -Xswiftc .stats -Xswiftc -strict-concurrency=complete -Xswiftc -enable-upcoming-feature -Xswiftc StrictConcurrency -Xswiftc -enable-upcoming-feature -Xswiftc DisableOutwardActorInference -Xswiftc -enable-upcoming-feature -Xswiftc GlobalActorIsolatedTypesUsability -Xswiftc -enable-upcoming-feature -Xswiftc InferSendableFromCaptures 2>&1
wasm-6.1-latest: Pulling from saguaro1/spi-images
Digest: sha256:beceeede496da67681f4fa220a6b97cc098a0178841a413735f598dc6bbaf4c8
Status: Image is up to date for registry.gitlab.com/saguaro1/spi-images:wasm-6.1-latest
Building for debugging...
[0/2] Write sources
[1/2] Write swift-version-24593BA9C3E375BF.txt
[3/10] Compiling SyncEngine CloudKitHelper.swift
<unknown>:0: warning: upcoming feature 'InferSendableFromCaptures' is already enabled as of Swift version 6
<unknown>:0: warning: upcoming feature 'GlobalActorIsolatedTypesUsability' is already enabled as of Swift version 6
<unknown>:0: warning: upcoming feature 'DisableOutwardActorInference' is already enabled as of Swift version 6
/host/spi-builder-workspace/Sources/SyncEngine/Core/DatabaseActor.swift:9:8: error: no such module 'SwiftData'
 7 |
 8 | import Foundation
 9 | import SwiftData
   |        `- error: no such module 'SwiftData'
10 |
11 | /// An actor that owns SwiftData mutations off the main thread.
[4/11] Compiling SyncEngine DatabaseActor.swift
<unknown>:0: warning: upcoming feature 'InferSendableFromCaptures' is already enabled as of Swift version 6
<unknown>:0: warning: upcoming feature 'GlobalActorIsolatedTypesUsability' is already enabled as of Swift version 6
<unknown>:0: warning: upcoming feature 'DisableOutwardActorInference' is already enabled as of Swift version 6
/host/spi-builder-workspace/Sources/SyncEngine/Core/DatabaseActor.swift:9:8: error: no such module 'SwiftData'
 7 |
 8 | import Foundation
 9 | import SwiftData
   |        `- error: no such module 'SwiftData'
10 |
11 | /// An actor that owns SwiftData mutations off the main thread.
error: emit-module command failed with exit code 1 (use -v to see invocation)
[5/11] Emitting module SyncEngine
<unknown>:0: warning: upcoming feature 'InferSendableFromCaptures' is already enabled as of Swift version 6
<unknown>:0: warning: upcoming feature 'GlobalActorIsolatedTypesUsability' is already enabled as of Swift version 6
<unknown>:0: warning: upcoming feature 'DisableOutwardActorInference' is already enabled as of Swift version 6
/host/spi-builder-workspace/Sources/SyncEngine/Core/DatabaseActor.swift:9:8: error: no such module 'SwiftData'
 7 |
 8 | import Foundation
 9 | import SwiftData
   |        `- error: no such module 'SwiftData'
10 |
11 | /// An actor that owns SwiftData mutations off the main thread.
[6/11] Compiling SyncEngine SyncStateTracker.swift
<unknown>:0: warning: upcoming feature 'InferSendableFromCaptures' is already enabled as of Swift version 6
<unknown>:0: warning: upcoming feature 'GlobalActorIsolatedTypesUsability' is already enabled as of Swift version 6
<unknown>:0: warning: upcoming feature 'DisableOutwardActorInference' is already enabled as of Swift version 6
/host/spi-builder-workspace/Sources/SyncEngine/Core/DatabaseActor.swift:9:8: error: no such module 'SwiftData'
 7 |
 8 | import Foundation
 9 | import SwiftData
   |        `- error: no such module 'SwiftData'
10 |
11 | /// An actor that owns SwiftData mutations off the main thread.
[7/11] Compiling SyncEngine SyncEngine.swift
<unknown>:0: warning: upcoming feature 'InferSendableFromCaptures' is already enabled as of Swift version 6
<unknown>:0: warning: upcoming feature 'GlobalActorIsolatedTypesUsability' is already enabled as of Swift version 6
<unknown>:0: warning: upcoming feature 'DisableOutwardActorInference' is already enabled as of Swift version 6
/host/spi-builder-workspace/Sources/SyncEngine/Core/DatabaseActor.swift:9:8: error: no such module 'SwiftData'
 7 |
 8 | import Foundation
 9 | import SwiftData
   |        `- error: no such module 'SwiftData'
10 |
11 | /// An actor that owns SwiftData mutations off the main thread.
[8/11] Compiling SyncEngine SyncConfiguration.swift
<unknown>:0: warning: upcoming feature 'InferSendableFromCaptures' is already enabled as of Swift version 6
<unknown>:0: warning: upcoming feature 'GlobalActorIsolatedTypesUsability' is already enabled as of Swift version 6
<unknown>:0: warning: upcoming feature 'DisableOutwardActorInference' is already enabled as of Swift version 6
/host/spi-builder-workspace/Sources/SyncEngine/Core/DatabaseActor.swift:9:8: error: no such module 'SwiftData'
 7 |
 8 | import Foundation
 9 | import SwiftData
   |        `- error: no such module 'SwiftData'
10 |
11 | /// An actor that owns SwiftData mutations off the main thread.
[9/11] Compiling SyncEngine NetworkMonitor.swift
<unknown>:0: warning: upcoming feature 'InferSendableFromCaptures' is already enabled as of Swift version 6
<unknown>:0: warning: upcoming feature 'GlobalActorIsolatedTypesUsability' is already enabled as of Swift version 6
<unknown>:0: warning: upcoming feature 'DisableOutwardActorInference' is already enabled as of Swift version 6
/host/spi-builder-workspace/Sources/SyncEngine/Core/DatabaseActor.swift:9:8: error: no such module 'SwiftData'
 7 |
 8 | import Foundation
 9 | import SwiftData
   |        `- error: no such module 'SwiftData'
10 |
11 | /// An actor that owns SwiftData mutations off the main thread.
[10/11] Compiling SyncEngine SyncableModel.swift
<unknown>:0: warning: upcoming feature 'InferSendableFromCaptures' is already enabled as of Swift version 6
<unknown>:0: warning: upcoming feature 'GlobalActorIsolatedTypesUsability' is already enabled as of Swift version 6
<unknown>:0: warning: upcoming feature 'DisableOutwardActorInference' is already enabled as of Swift version 6
/host/spi-builder-workspace/Sources/SyncEngine/Core/DatabaseActor.swift:9:8: error: no such module 'SwiftData'
 7 |
 8 | import Foundation
 9 | import SwiftData
   |        `- error: no such module 'SwiftData'
10 |
11 | /// An actor that owns SwiftData mutations off the main thread.
[11/11] Compiling SyncEngine SyncStatusBadge.swift
<unknown>:0: warning: upcoming feature 'InferSendableFromCaptures' is already enabled as of Swift version 6
<unknown>:0: warning: upcoming feature 'GlobalActorIsolatedTypesUsability' is already enabled as of Swift version 6
<unknown>:0: warning: upcoming feature 'DisableOutwardActorInference' is already enabled as of Swift version 6
/host/spi-builder-workspace/Sources/SyncEngine/Core/DatabaseActor.swift:9:8: error: no such module 'SwiftData'
 7 |
 8 | import Foundation
 9 | import SwiftData
   |        `- error: no such module 'SwiftData'
10 |
11 | /// An actor that owns SwiftData mutations off the main thread.
Running build ...
bash -c docker run --pull=always --rm -v "checkouts-54344844-0":/host -w "$PWD" -e JAVA_HOME="/root/.sdkman/candidates/java/current" -e SPI_BUILD="1" -e SPI_PROCESSING="1" registry.gitlab.com/saguaro1/spi-images:wasm-6.1-latest swift build --swift-sdk wasm32-unknown-wasi 2>&1
wasm-6.1-latest: Pulling from saguaro1/spi-images
Digest: sha256:beceeede496da67681f4fa220a6b97cc098a0178841a413735f598dc6bbaf4c8
Status: Image is up to date for registry.gitlab.com/saguaro1/spi-images:wasm-6.1-latest
[0/1] Planning build
Building for debugging...
[0/1] Write swift-version-24593BA9C3E375BF.txt
[2/9] Compiling SyncEngine CloudKitHelper.swift
/host/spi-builder-workspace/Sources/SyncEngine/Core/DatabaseActor.swift:9:8: error: no such module 'SwiftData'
 7 |
 8 | import Foundation
 9 | import SwiftData
   |        `- error: no such module 'SwiftData'
10 |
11 | /// An actor that owns SwiftData mutations off the main thread.
error: emit-module command failed with exit code 1 (use -v to see invocation)
[3/10] Compiling SyncEngine SyncEngine.swift
/host/spi-builder-workspace/Sources/SyncEngine/Core/DatabaseActor.swift:9:8: error: no such module 'SwiftData'
 7 |
 8 | import Foundation
 9 | import SwiftData
   |        `- error: no such module 'SwiftData'
10 |
11 | /// An actor that owns SwiftData mutations off the main thread.
[4/10] Compiling SyncEngine SyncConfiguration.swift
/host/spi-builder-workspace/Sources/SyncEngine/Core/DatabaseActor.swift:9:8: error: no such module 'SwiftData'
 7 |
 8 | import Foundation
 9 | import SwiftData
   |        `- error: no such module 'SwiftData'
10 |
11 | /// An actor that owns SwiftData mutations off the main thread.
[5/10] Compiling SyncEngine DatabaseActor.swift
/host/spi-builder-workspace/Sources/SyncEngine/Core/DatabaseActor.swift:9:8: error: no such module 'SwiftData'
 7 |
 8 | import Foundation
 9 | import SwiftData
   |        `- error: no such module 'SwiftData'
10 |
11 | /// An actor that owns SwiftData mutations off the main thread.
[6/10] Compiling SyncEngine SyncableModel.swift
/host/spi-builder-workspace/Sources/SyncEngine/Core/DatabaseActor.swift:9:8: error: no such module 'SwiftData'
 7 |
 8 | import Foundation
 9 | import SwiftData
   |        `- error: no such module 'SwiftData'
10 |
11 | /// An actor that owns SwiftData mutations off the main thread.
[7/10] Emitting module SyncEngine
/host/spi-builder-workspace/Sources/SyncEngine/Core/DatabaseActor.swift:9:8: error: no such module 'SwiftData'
 7 |
 8 | import Foundation
 9 | import SwiftData
   |        `- error: no such module 'SwiftData'
10 |
11 | /// An actor that owns SwiftData mutations off the main thread.
[8/10] Compiling SyncEngine SyncStateTracker.swift
/host/spi-builder-workspace/Sources/SyncEngine/Core/DatabaseActor.swift:9:8: error: no such module 'SwiftData'
 7 |
 8 | import Foundation
 9 | import SwiftData
   |        `- error: no such module 'SwiftData'
10 |
11 | /// An actor that owns SwiftData mutations off the main thread.
[9/10] Compiling SyncEngine NetworkMonitor.swift
/host/spi-builder-workspace/Sources/SyncEngine/Core/DatabaseActor.swift:9:8: error: no such module 'SwiftData'
 7 |
 8 | import Foundation
 9 | import SwiftData
   |        `- error: no such module 'SwiftData'
10 |
11 | /// An actor that owns SwiftData mutations off the main thread.
[10/10] Compiling SyncEngine SyncStatusBadge.swift
/host/spi-builder-workspace/Sources/SyncEngine/Core/DatabaseActor.swift:9:8: error: no such module 'SwiftData'
 7 |
 8 | import Foundation
 9 | import SwiftData
   |        `- error: no such module 'SwiftData'
10 |
11 | /// An actor that owns SwiftData mutations off the main thread.
BUILD FAILURE 6.1 wasm