The Swift Package Index logo.Swift Package Index

Build Information

Failed to build swift-log-oslog, reference 2.0.0 (e18692), with Swift 6.4 for Android on 24 Sep 2026 07:31:46 UTC.

Build Command

bash -c docker run --pull=always --rm -v "checkouts-53886770-0":/host -w "$PWD" -e JAVA_HOME="/root/.sdkman/candidates/java/current" -e SPI_BUILD="1" -e SPI_PROCESSING="1" registry.gitlab.com/saguaro1/spi-images:android-6.4-latest swift build --swift-sdk aarch64-unknown-linux-android28 2>&1

Build Log

========================================
RunAll
========================================
Builder version: 5.1.0
Interrupt handler set up.
========================================
Checkout
========================================
Clone URL: https://github.com/astzweig/swift-log-oslog.git
Reference: 2.0.0
Initialized empty Git repository in /host/spi-builder-workspace/.git/
hint: Using 'master' as the name for the initial branch. This default branch name
hint: is subject to change. To configure the initial branch name to use in all
hint: of your new repositories, which will suppress this warning, call:
hint:
hint: 	git config --global init.defaultBranch <name>
hint:
hint: Names commonly chosen instead of 'master' are 'main', 'trunk' and
hint: 'development'. The just-created branch can be renamed via this command:
hint:
hint: 	git branch -m <name>
From https://github.com/astzweig/swift-log-oslog
 * tag               2.0.0      -> FETCH_HEAD
HEAD is now at e18692f Separate metadata by a unicode arrow in log
Cloned https://github.com/astzweig/swift-log-oslog.git
Revision (git rev-parse @):
e18692fd4dea53d3bfe09a85ccbaeaef40f6fc11
SPI manifest file found: $PWD/.spi.yml
SUCCESS checkout https://github.com/astzweig/swift-log-oslog.git at 2.0.0
========================================
Build
========================================
Selected platform:         android
Swift version:             6.4
Building package at path:  $PWD
https://github.com/astzweig/swift-log-oslog.git
Running build ...
bash -c docker run --pull=always --rm -v "checkouts-53886770-0":/host -w "$PWD" -e JAVA_HOME="/root/.sdkman/candidates/java/current" -e SPI_BUILD="1" -e SPI_PROCESSING="1" registry.gitlab.com/saguaro1/spi-images:android-6.4-latest swift build --swift-sdk aarch64-unknown-linux-android28 2>&1
android-6.4-latest: Pulling from saguaro1/spi-images
Digest: sha256:abadcff584c273feba50641b454858d377ba30b35ea7287a94f45ebd8afd0ea0
Status: Image is up to date for registry.gitlab.com/saguaro1/spi-images:android-6.4-latest
Fetching https://github.com/apple/swift-log
[1/8165] Fetching swift-log
Fetched https://github.com/apple/swift-log (0.58s)
Computing version for https://github.com/apple/swift-log
Computed https://github.com/apple/swift-log at 1.15.1 (0.79s)
Creating working copy for https://github.com/apple/swift-log
Working copy of https://github.com/apple/swift-log resolved at 1.15.1
Building for debugging...
[Pre-planning 1 / 96]
[34 / 49] Logging
[44 / 54] LoggingOSLog
[44 / 54] Logging
error: SwiftCompile normal aarch64 /host/spi-builder-workspace/Sources/Logging\ OSLog/OSLog\ Extension.swift failed with a nonzero exit code. Command line:     cd /host
    builtin-SwiftPerFileCompile OSLog\ Extension.swift
/host/spi-builder-workspace/Sources/Logging OSLog/Logging OSLog.swift:2:8: error: no such module 'os'
  1 | import Foundation
  2 | import os
    |        `- error: no such module 'os'
  3 | import Logging
  4 |
Failed frontend command:
/root/.local/share/swiftly/toolchains/6.4.x-snapshot-2026-09-04/usr/bin/swift-frontend -frontend -c /host/spi-builder-workspace/Sources/Logging\ OSLog/Logger\ Metadata\ Extension.swift /host/spi-builder-workspace/Sources/Logging\ OSLog/Logging\ OSLog.swift -primary-file /host/spi-builder-workspace/Sources/Logging\ OSLog/OSLog\ Extension.swift -emit-dependencies-path /host/spi-builder-workspace/.build/out/Intermediates.noindex/swift-log-oslog.build/Debug-android-aarch64/LoggingOSLog-t.build/Objects-normal/aarch64/OSLog\ Extension.d -emit-const-values-path /host/spi-builder-workspace/.build/out/Intermediates.noindex/swift-log-oslog.build/Debug-android-aarch64/LoggingOSLog-t.build/Objects-normal/aarch64/OSLog\ Extension.swiftconstvalues -emit-reference-dependencies-path /host/spi-builder-workspace/.build/out/Intermediates.noindex/swift-log-oslog.build/Debug-android-aarch64/LoggingOSLog-t.build/Objects-normal/aarch64/OSLog\ Extension.swiftdeps -serialize-diagnostics-path /host/spi-builder-workspace/.build/out/Intermediates.noindex/swift-log-oslog.build/Debug-android-aarch64/LoggingOSLog-t.build/Objects-normal/aarch64/OSLog\ Extension.dia -target aarch64-unknown-linux-android28 -Xllvm -aarch64-use-tbi -disable-objc-interop -sdk /android-ndk/android-ndk-r27d/toolchains/llvm/prebuilt/linux-x86_64/sysroot -sysroot /android-ndk/android-ndk-r27d/toolchains/llvm/prebuilt/linux-x86_64/sysroot -I /host/spi-builder-workspace/.build/out/Products/Debug-android-aarch64 -module-cache-path /host/spi-builder-workspace/.build/out/ModuleCache.noindex -color-diagnostics -Xcc -fcolor-diagnostics -enable-testing -g -debug-info-format\=dwarf -dwarf-version\=4 -swift-version 6 -Onone -D SWIFT_PACKAGE -D DEBUG -D SWIFT_MODULE_RESOURCE_BUNDLE_UNAVAILABLE -D Xcode -serialize-debugging-options -enable-experimental-feature DebugDescriptionMacro -empty-abi-descriptor -external-plugin-path /root/.local/share/swiftly/toolchains/6.4.x-snapshot-2026-09-04/usr/lib/swift/host/plugins/testing\#/root/.local/share/swiftly/toolchains/6.4.x-snapshot-2026-09-04/usr/bin/swift-plugin-server -validate-clang-modules-once -clang-build-session-file /host/spi-builder-workspace/.build/out/ModuleCache.noindex/Session.modulevalidation -Xcc -working-directory -Xcc /host -resource-dir /root/.swiftpm/swift-sdks/swift-6.4.x-DEVELOPMENT-SNAPSHOT-2026-09-04-a_android.artifactbundle/swift-android/swift-resources/usr/lib/swift-aarch64 -enable-anonymous-context-mangled-names -file-compilation-dir /host -Xcc -resource-dir -Xcc /android-ndk/android-ndk-r27d/toolchains/llvm/prebuilt/linux-x86_64/lib/clang/18 -Xcc -fno-omit-frame-pointer -Xcc -D_LIBCPP_HARDENING_MODE\=_LIBCPP_HARDENING_MODE_DEBUG -Xcc -fmodules-prune-interval\=86400 -Xcc -fmodules-prune-after\=345600 -Xcc -I/host/spi-builder-workspace/.build/out/Products/Debug-android-aarch64/include -Xcc -I/host/spi-builder-workspace/.build/out/Intermediates.noindex/swift-log-oslog.build/Debug-android-aarch64/LoggingOSLog-t.build/DerivedSources-normal/aarch64 -Xcc -I/host/spi-builder-workspace/.build/out/Intermediates.noindex/swift-log-oslog.build/Debug-android-aarch64/LoggingOSLog-t.build/DerivedSources/aarch64 -Xcc -I/host/spi-builder-workspace/.build/out/Intermediates.noindex/swift-log-oslog.build/Debug-android-aarch64/LoggingOSLog-t.build/DerivedSources -Xcc -DSWIFT_PACKAGE -Xcc -DDEBUG\=1 -no-auto-bridging-header-chaining -module-name LoggingOSLog -package-name spi_builder_workspace -const-gather-protocols-file /host/spi-builder-workspace/.build/out/Intermediates.noindex/swift-log-oslog.build/Debug-android-aarch64/LoggingOSLog-t.build/Objects-normal/aarch64/LoggingOSLog_const_extract_protocols.json -in-process-plugin-server-path /root/.local/share/swiftly/toolchains/6.4.x-snapshot-2026-09-04/usr/lib/swift/host/libSwiftInProcPluginServer.so -plugin-path /root/.local/share/swiftly/toolchains/6.4.x-snapshot-2026-09-04/usr/lib/swift/host/plugins -plugin-path /root/.local/share/swiftly/toolchains/6.4.x-snapshot-2026-09-04/usr/local/lib/swift/host/plugins -parse-as-library -o /host/spi-builder-workspace/.build/out/Intermediates.noindex/swift-log-oslog.build/Debug-android-aarch64/LoggingOSLog-t.build/Objects-normal/aarch64/OSLog\ Extension.o -index-unit-output-path /swift-log-oslog.build/Debug-android-aarch64/LoggingOSLog-t.build/Objects-normal/aarch64/OSLog\ Extension.o -index-store-path /host/spi-builder-workspace/.build/out -index-system-modules
error: SwiftCompile normal aarch64 failed with a nonzero exit code. Command line:     cd /host

/host/spi-builder-workspace/Sources/Logging OSLog/Logging OSLog.swift:2:8: error: no such module 'os'
  1 | import Foundation
  2 | import os
    |        `- error: no such module 'os'
  3 | import Logging
  4 |
Failed frontend command:
/root/.local/share/swiftly/toolchains/6.4.x-snapshot-2026-09-04/usr/bin/swift-frontend -frontend -emit-module -experimental-skip-non-inlinable-function-bodies-without-types /host/spi-builder-workspace/Sources/Logging\ OSLog/Logger\ Metadata\ Extension.swift /host/spi-builder-workspace/Sources/Logging\ OSLog/Logging\ OSLog.swift /host/spi-builder-workspace/Sources/Logging\ OSLog/OSLog\ Extension.swift -target aarch64-unknown-linux-android28 -Xllvm -aarch64-use-tbi -disable-objc-interop -sdk /android-ndk/android-ndk-r27d/toolchains/llvm/prebuilt/linux-x86_64/sysroot -sysroot /android-ndk/android-ndk-r27d/toolchains/llvm/prebuilt/linux-x86_64/sysroot -I /host/spi-builder-workspace/.build/out/Products/Debug-android-aarch64 -module-cache-path /host/spi-builder-workspace/.build/out/ModuleCache.noindex -color-diagnostics -Xcc -fcolor-diagnostics -enable-testing -g -debug-info-format\=dwarf -dwarf-version\=4 -swift-version 6 -Onone -D SWIFT_PACKAGE -D DEBUG -D SWIFT_MODULE_RESOURCE_BUNDLE_UNAVAILABLE -D Xcode -serialize-debugging-options -enable-experimental-feature DebugDescriptionMacro -empty-abi-descriptor -external-plugin-path /root/.local/share/swiftly/toolchains/6.4.x-snapshot-2026-09-04/usr/lib/swift/host/plugins/testing\#/root/.local/share/swiftly/toolchains/6.4.x-snapshot-2026-09-04/usr/bin/swift-plugin-server -validate-clang-modules-once -clang-build-session-file /host/spi-builder-workspace/.build/out/ModuleCache.noindex/Session.modulevalidation -Xcc -working-directory -Xcc /host -resource-dir /root/.swiftpm/swift-sdks/swift-6.4.x-DEVELOPMENT-SNAPSHOT-2026-09-04-a_android.artifactbundle/swift-android/swift-resources/usr/lib/swift-aarch64 -enable-anonymous-context-mangled-names -file-compilation-dir /host -Xcc -resource-dir -Xcc /android-ndk/android-ndk-r27d/toolchains/llvm/prebuilt/linux-x86_64/lib/clang/18 -Xcc -fno-omit-frame-pointer -Xcc -D_LIBCPP_HARDENING_MODE\=_LIBCPP_HARDENING_MODE_DEBUG -Xcc -fmodules-prune-interval\=86400 -Xcc -fmodules-prune-after\=345600 -Xcc -I/host/spi-builder-workspace/.build/out/Products/Debug-android-aarch64/include -Xcc -I/host/spi-builder-workspace/.build/out/Intermediates.noindex/swift-log-oslog.build/Debug-android-aarch64/LoggingOSLog-t.build/DerivedSources-normal/aarch64 -Xcc -I/host/spi-builder-workspace/.build/out/Intermediates.noindex/swift-log-oslog.build/Debug-android-aarch64/LoggingOSLog-t.build/DerivedSources/aarch64 -Xcc -I/host/spi-builder-workspace/.build/out/Intermediates.noindex/swift-log-oslog.build/Debug-android-aarch64/LoggingOSLog-t.build/DerivedSources -Xcc -DSWIFT_PACKAGE -Xcc -DDEBUG\=1 -no-auto-bridging-header-chaining -module-name LoggingOSLog -package-name spi_builder_workspace -const-gather-protocols-file /host/spi-builder-workspace/.build/out/Intermediates.noindex/swift-log-oslog.build/Debug-android-aarch64/LoggingOSLog-t.build/Objects-normal/aarch64/LoggingOSLog_const_extract_protocols.json -in-process-plugin-server-path /root/.local/share/swiftly/toolchains/6.4.x-snapshot-2026-09-04/usr/lib/swift/host/libSwiftInProcPluginServer.so -plugin-path /root/.local/share/swiftly/toolchains/6.4.x-snapshot-2026-09-04/usr/lib/swift/host/plugins -plugin-path /root/.local/share/swiftly/toolchains/6.4.x-snapshot-2026-09-04/usr/local/lib/swift/host/plugins -emit-module-doc-path /host/spi-builder-workspace/.build/out/Intermediates.noindex/swift-log-oslog.build/Debug-android-aarch64/LoggingOSLog-t.build/Objects-normal/aarch64/Modules/LoggingOSLog.swiftdoc -emit-module-source-info-path /host/spi-builder-workspace/.build/out/Intermediates.noindex/swift-log-oslog.build/Debug-android-aarch64/LoggingOSLog-t.build/Objects-normal/aarch64/Modules/LoggingOSLog.swiftsourceinfo -emit-objc-header-path /host/spi-builder-workspace/.build/out/Intermediates.noindex/swift-log-oslog.build/Debug-android-aarch64/LoggingOSLog-t.build/Objects-normal/aarch64/LoggingOSLog-Swift.h -serialize-diagnostics-path /host/spi-builder-workspace/.build/out/Intermediates.noindex/swift-log-oslog.build/Debug-android-aarch64/LoggingOSLog-t.build/Objects-normal/aarch64/LoggingOSLog-primary-emit-module.dia -emit-dependencies-path /host/spi-builder-workspace/.build/out/Intermediates.noindex/swift-log-oslog.build/Debug-android-aarch64/LoggingOSLog-t.build/Objects-normal/aarch64/LoggingOSLog-primary-emit-module.d -parse-as-library -o /host/spi-builder-workspace/.build/out/Intermediates.noindex/swift-log-oslog.build/Debug-android-aarch64/LoggingOSLog-t.build/Objects-normal/aarch64/Modules/LoggingOSLog.swiftmodule
error: Build failed
BUILD FAILURE 6.4 android