The Swift Package Index logo.Swift Package Index

Build Information

Failed to build gtfs-db-swift, reference main (8948ed), with Swift 6.3 for Wasm on 15 Aug 2026 17:39:17 UTC.

Build Command

bash -c docker run --pull=always --rm -v "checkouts-54344843-1":/host -w "$PWD" -e JAVA_HOME="/root/.sdkman/candidates/java/current" -e SPI_BUILD="1" -e SPI_PROCESSING="1" registry.gitlab.com/saguaro1/spi-images:wasm-6.3-latest swift build --swift-sdk swift-6.3.2-RELEASE_wasm 2>&1

Build Log

========================================
RunAll
========================================
Builder version: 5.0.1
Interrupt handler set up.
========================================
Checkout
========================================
Clone URL: https://github.com/phisakel/gtfs-db-swift.git
Reference: main
Initialized empty Git repository in /host/spi-builder-workspace/.git/
hint: Using 'master' as the name for the initial branch. This default branch name
hint: is subject to change. To configure the initial branch name to use in all
hint: of your new repositories, which will suppress this warning, call:
hint:
hint: 	git config --global init.defaultBranch <name>
hint:
hint: Names commonly chosen instead of 'master' are 'main', 'trunk' and
hint: 'development'. The just-created branch can be renamed via this command:
hint:
hint: 	git branch -m <name>
From https://github.com/phisakel/gtfs-db-swift
 * branch            main       -> FETCH_HEAD
 * [new branch]      main       -> origin/main
HEAD is now at 8948ed9 Update GRDB dependency version to 7.11.1
Cloned https://github.com/phisakel/gtfs-db-swift.git
Revision (git rev-parse @):
8948ed9c878ffa66218ccba6d7423d9efd2ef8be
SUCCESS checkout https://github.com/phisakel/gtfs-db-swift.git at main
========================================
Build
========================================
Selected platform:         wasm
Swift version:             6.3
Building package at path:  $PWD
https://github.com/phisakel/gtfs-db-swift.git
Running build ...
bash -c docker run --pull=always --rm -v "checkouts-54344843-1":/host -w "$PWD" -e JAVA_HOME="/root/.sdkman/candidates/java/current" -e SPI_BUILD="1" -e SPI_PROCESSING="1" registry.gitlab.com/saguaro1/spi-images:wasm-6.3-latest swift build --swift-sdk swift-6.3.2-RELEASE_wasm 2>&1
wasm-6.3-latest: Pulling from saguaro1/spi-images
Digest: sha256:e92e38b97676c18adb57b57429ddfb766786102cb50cb918e0d9e8055d05b35d
Status: Image is up to date for registry.gitlab.com/saguaro1/spi-images:wasm-6.3-latest
Fetching https://github.com/groue/GRDB.swift.git
Fetching https://github.com/emma-k-alexandra/GTFS.git
[1/113819] Fetching grdb.swift
[12522/113892] Fetching grdb.swift, gtfs
Fetched https://github.com/emma-k-alexandra/GTFS.git from cache (0.88s)
[13659/113819] Fetching grdb.swift
Fetched https://github.com/groue/GRDB.swift.git from cache (8.46s)
Computing version for https://github.com/emma-k-alexandra/GTFS.git
Computed https://github.com/emma-k-alexandra/GTFS.git at 1.0.1 (9.34s)
Fetching https://github.com/apple/swift-protobuf.git
[1/52537] Fetching swift-protobuf
Fetched https://github.com/apple/swift-protobuf.git from cache (4.17s)
Computing version for https://github.com/groue/GRDB.swift.git
Computed https://github.com/groue/GRDB.swift.git at 7.11.1 (5.07s)
Computing version for https://github.com/apple/swift-protobuf.git
Computed https://github.com/apple/swift-protobuf.git at 1.38.1 (0.16s)
Creating working copy for https://github.com/emma-k-alexandra/GTFS.git
Working copy of https://github.com/emma-k-alexandra/GTFS.git resolved at 1.0.1
Creating working copy for https://github.com/apple/swift-protobuf.git
Working copy of https://github.com/apple/swift-protobuf.git resolved at 1.38.1
Creating working copy for https://github.com/groue/GRDB.swift.git
Working copy of https://github.com/groue/GRDB.swift.git resolved at 7.11.1
[1/1] Compiling plugin SwiftProtobufPlugin
Building for debugging...
[1/8] Copying Info.plist
[1/8] Copying PrivacyInfo.xcprivacy
[3/8] Write sources
[7/8] Write swift-version-24593BA9C3E375BF.txt
error: emit-module command failed with exit code 1 (use -v to see invocation)
[9/240] Emitting module GRDB
<module-includes>:1:10: note: in file included from <module-includes>:1:
1 | #include "shim.h"
  |          `- note: in file included from <module-includes>:1:
2 |
/host/spi-builder-workspace/.build/checkouts/GRDB.swift/Sources/GRDBSQLite/shim.h:1:10: error: 'sqlite3.h' file not found
 1 | #include <sqlite3.h>
   |          `- error: 'sqlite3.h' file not found
 2 |
 3 | typedef void(*_errorLogCallback)(void *pArg, int iErrCode, const char *zMsg);
/host/spi-builder-workspace/.build/checkouts/GRDB.swift/GRDB/Core/Configuration.swift:10:8: error: could not build C module 'GRDBSQLite'
  8 | import SQLCipher
  9 | #else // Default SPM trait must be the default. It impossible to detect from Xcode.
 10 | import GRDBSQLite
    |        `- error: could not build C module 'GRDBSQLite'
 11 | #endif
 12 |
[10/261] Emitting module SwiftProtobuf
[11/272] Compiling GRDB SQLOrdering.swift
<module-includes>:1:10: note: in file included from <module-includes>:1:
1 | #include "shim.h"
  |          `- note: in file included from <module-includes>:1:
2 |
/host/spi-builder-workspace/.build/checkouts/GRDB.swift/Sources/GRDBSQLite/shim.h:1:10: error: 'sqlite3.h' file not found
 1 | #include <sqlite3.h>
   |          `- error: 'sqlite3.h' file not found
 2 |
 3 | typedef void(*_errorLogCallback)(void *pArg, int iErrCode, const char *zMsg);
/host/spi-builder-workspace/.build/checkouts/GRDB.swift/GRDB/Core/Configuration.swift:10:8: error: could not build C module 'GRDBSQLite'
  8 | import SQLCipher
  9 | #else // Default SPM trait must be the default. It impossible to detect from Xcode.
 10 | import GRDBSQLite
    |        `- error: could not build C module 'GRDBSQLite'
 11 | #endif
 12 |
[12/272] Compiling SwiftProtobuf UnknownStorage.swift
<module-includes>:1:10: note: in file included from <module-includes>:1:
1 | #include "shim.h"
  |          `- note: in file included from <module-includes>:1:
2 |
/host/spi-builder-workspace/.build/checkouts/GRDB.swift/Sources/GRDBSQLite/shim.h:1:10: error: 'sqlite3.h' file not found
 1 | #include <sqlite3.h>
   |          `- error: 'sqlite3.h' file not found
 2 |
 3 | typedef void(*_errorLogCallback)(void *pArg, int iErrCode, const char *zMsg);
/host/spi-builder-workspace/.build/checkouts/GRDB.swift/GRDB/Core/Configuration.swift:10:8: error: could not build C module 'GRDBSQLite'
  8 | import SQLCipher
  9 | #else // Default SPM trait must be the default. It impossible to detect from Xcode.
 10 | import GRDBSQLite
    |        `- error: could not build C module 'GRDBSQLite'
 11 | #endif
 12 |
[13/272] Compiling SwiftProtobuf UnsafeRawPointer+Shims.swift
<module-includes>:1:10: note: in file included from <module-includes>:1:
1 | #include "shim.h"
  |          `- note: in file included from <module-includes>:1:
2 |
/host/spi-builder-workspace/.build/checkouts/GRDB.swift/Sources/GRDBSQLite/shim.h:1:10: error: 'sqlite3.h' file not found
 1 | #include <sqlite3.h>
   |          `- error: 'sqlite3.h' file not found
 2 |
 3 | typedef void(*_errorLogCallback)(void *pArg, int iErrCode, const char *zMsg);
/host/spi-builder-workspace/.build/checkouts/GRDB.swift/GRDB/Core/Configuration.swift:10:8: error: could not build C module 'GRDBSQLite'
  8 | import SQLCipher
  9 | #else // Default SPM trait must be the default. It impossible to detect from Xcode.
 10 | import GRDBSQLite
    |        `- error: could not build C module 'GRDBSQLite'
 11 | #endif
 12 |
[14/272] Compiling GRDB SQLSubquery.swift
<module-includes>:1:10: note: in file included from <module-includes>:1:
1 | #include "shim.h"
  |          `- note: in file included from <module-includes>:1:
2 |
/host/spi-builder-workspace/.build/checkouts/GRDB.swift/Sources/GRDBSQLite/shim.h:1:10: error: 'sqlite3.h' file not found
 1 | #include <sqlite3.h>
   |          `- error: 'sqlite3.h' file not found
 2 |
 3 | typedef void(*_errorLogCallback)(void *pArg, int iErrCode, const char *zMsg);
/host/spi-builder-workspace/.build/checkouts/GRDB.swift/GRDB/Core/Configuration.swift:10:8: error: could not build C module 'GRDBSQLite'
  8 | import SQLCipher
  9 | #else // Default SPM trait must be the default. It impossible to detect from Xcode.
 10 | import GRDBSQLite
    |        `- error: could not build C module 'GRDBSQLite'
 11 | #endif
 12 |
[15/272] Compiling GRDB Table.swift
<module-includes>:1:10: note: in file included from <module-includes>:1:
1 | #include "shim.h"
  |          `- note: in file included from <module-includes>:1:
2 |
/host/spi-builder-workspace/.build/checkouts/GRDB.swift/Sources/GRDBSQLite/shim.h:1:10: error: 'sqlite3.h' file not found
 1 | #include <sqlite3.h>
   |          `- error: 'sqlite3.h' file not found
 2 |
 3 | typedef void(*_errorLogCallback)(void *pArg, int iErrCode, const char *zMsg);
/host/spi-builder-workspace/.build/checkouts/GRDB.swift/GRDB/Core/Configuration.swift:10:8: error: could not build C module 'GRDBSQLite'
  8 | import SQLCipher
  9 | #else // Default SPM trait must be the default. It impossible to detect from Xcode.
 10 | import GRDBSQLite
    |        `- error: could not build C module 'GRDBSQLite'
 11 | #endif
 12 |
[16/272] Compiling SwiftProtobuf Visitor.swift
<module-includes>:1:10: note: in file included from <module-includes>:1:
1 | #include "shim.h"
  |          `- note: in file included from <module-includes>:1:
2 |
/host/spi-builder-workspace/.build/checkouts/GRDB.swift/Sources/GRDBSQLite/shim.h:1:10: error: 'sqlite3.h' file not found
 1 | #include <sqlite3.h>
   |          `- error: 'sqlite3.h' file not found
 2 |
 3 | typedef void(*_errorLogCallback)(void *pArg, int iErrCode, const char *zMsg);
/host/spi-builder-workspace/.build/checkouts/GRDB.swift/GRDB/Core/Configuration.swift:10:8: error: could not build C module 'GRDBSQLite'
  8 | import SQLCipher
  9 | #else // Default SPM trait must be the default. It impossible to detect from Xcode.
 10 | import GRDBSQLite
    |        `- error: could not build C module 'GRDBSQLite'
 11 | #endif
 12 |
[17/272] Compiling SwiftProtobuf WireFormat.swift
<module-includes>:1:10: note: in file included from <module-includes>:1:
1 | #include "shim.h"
  |          `- note: in file included from <module-includes>:1:
2 |
/host/spi-builder-workspace/.build/checkouts/GRDB.swift/Sources/GRDBSQLite/shim.h:1:10: error: 'sqlite3.h' file not found
 1 | #include <sqlite3.h>
   |          `- error: 'sqlite3.h' file not found
 2 |
 3 | typedef void(*_errorLogCallback)(void *pArg, int iErrCode, const char *zMsg);
/host/spi-builder-workspace/.build/checkouts/GRDB.swift/GRDB/Core/Configuration.swift:10:8: error: could not build C module 'GRDBSQLite'
  8 | import SQLCipher
  9 | #else // Default SPM trait must be the default. It impossible to detect from Xcode.
 10 | import GRDBSQLite
    |        `- error: could not build C module 'GRDBSQLite'
 11 | #endif
 12 |
[18/272] Compiling SwiftProtobuf ZigZag.swift
<module-includes>:1:10: note: in file included from <module-includes>:1:
1 | #include "shim.h"
  |          `- note: in file included from <module-includes>:1:
2 |
/host/spi-builder-workspace/.build/checkouts/GRDB.swift/Sources/GRDBSQLite/shim.h:1:10: error: 'sqlite3.h' file not found
 1 | #include <sqlite3.h>
   |          `- error: 'sqlite3.h' file not found
 2 |
 3 | typedef void(*_errorLogCallback)(void *pArg, int iErrCode, const char *zMsg);
/host/spi-builder-workspace/.build/checkouts/GRDB.swift/GRDB/Core/Configuration.swift:10:8: error: could not build C module 'GRDBSQLite'
  8 | import SQLCipher
  9 | #else // Default SPM trait must be the default. It impossible to detect from Xcode.
 10 | import GRDBSQLite
    |        `- error: could not build C module 'GRDBSQLite'
 11 | #endif
 12 |
[19/272] Compiling SwiftProtobuf Message+BinaryAdditions_Data.swift
<module-includes>:1:10: note: in file included from <module-includes>:1:
1 | #include "shim.h"
  |          `- note: in file included from <module-includes>:1:
2 |
/host/spi-builder-workspace/.build/checkouts/GRDB.swift/Sources/GRDBSQLite/shim.h:1:10: error: 'sqlite3.h' file not found
 1 | #include <sqlite3.h>
   |          `- error: 'sqlite3.h' file not found
 2 |
 3 | typedef void(*_errorLogCallback)(void *pArg, int iErrCode, const char *zMsg);
/host/spi-builder-workspace/.build/checkouts/GRDB.swift/GRDB/Core/Configuration.swift:10:8: error: could not build C module 'GRDBSQLite'
  8 | import SQLCipher
  9 | #else // Default SPM trait must be the default. It impossible to detect from Xcode.
 10 | import GRDBSQLite
    |        `- error: could not build C module 'GRDBSQLite'
 11 | #endif
 12 |
[20/272] Compiling SwiftProtobuf Message+FieldMask.swift
<module-includes>:1:10: note: in file included from <module-includes>:1:
1 | #include "shim.h"
  |          `- note: in file included from <module-includes>:1:
2 |
/host/spi-builder-workspace/.build/checkouts/GRDB.swift/Sources/GRDBSQLite/shim.h:1:10: error: 'sqlite3.h' file not found
 1 | #include <sqlite3.h>
   |          `- error: 'sqlite3.h' file not found
 2 |
 3 | typedef void(*_errorLogCallback)(void *pArg, int iErrCode, const char *zMsg);
/host/spi-builder-workspace/.build/checkouts/GRDB.swift/GRDB/Core/Configuration.swift:10:8: error: could not build C module 'GRDBSQLite'
  8 | import SQLCipher
  9 | #else // Default SPM trait must be the default. It impossible to detect from Xcode.
 10 | import GRDBSQLite
    |        `- error: could not build C module 'GRDBSQLite'
 11 | #endif
 12 |
[21/272] Compiling SwiftProtobuf Message+JSONAdditions.swift
<module-includes>:1:10: note: in file included from <module-includes>:1:
1 | #include "shim.h"
  |          `- note: in file included from <module-includes>:1:
2 |
/host/spi-builder-workspace/.build/checkouts/GRDB.swift/Sources/GRDBSQLite/shim.h:1:10: error: 'sqlite3.h' file not found
 1 | #include <sqlite3.h>
   |          `- error: 'sqlite3.h' file not found
 2 |
 3 | typedef void(*_errorLogCallback)(void *pArg, int iErrCode, const char *zMsg);
/host/spi-builder-workspace/.build/checkouts/GRDB.swift/GRDB/Core/Configuration.swift:10:8: error: could not build C module 'GRDBSQLite'
  8 | import SQLCipher
  9 | #else // Default SPM trait must be the default. It impossible to detect from Xcode.
 10 | import GRDBSQLite
    |        `- error: could not build C module 'GRDBSQLite'
 11 | #endif
 12 |
[22/272] Compiling SwiftProtobuf Message+JSONAdditions_Data.swift
<module-includes>:1:10: note: in file included from <module-includes>:1:
1 | #include "shim.h"
  |          `- note: in file included from <module-includes>:1:
2 |
/host/spi-builder-workspace/.build/checkouts/GRDB.swift/Sources/GRDBSQLite/shim.h:1:10: error: 'sqlite3.h' file not found
 1 | #include <sqlite3.h>
   |          `- error: 'sqlite3.h' file not found
 2 |
 3 | typedef void(*_errorLogCallback)(void *pArg, int iErrCode, const char *zMsg);
/host/spi-builder-workspace/.build/checkouts/GRDB.swift/GRDB/Core/Configuration.swift:10:8: error: could not build C module 'GRDBSQLite'
  8 | import SQLCipher
  9 | #else // Default SPM trait must be the default. It impossible to detect from Xcode.
 10 | import GRDBSQLite
    |        `- error: could not build C module 'GRDBSQLite'
 11 | #endif
 12 |
[23/272] Compiling SwiftProtobuf Message+JSONArrayAdditions.swift
<module-includes>:1:10: note: in file included from <module-includes>:1:
1 | #include "shim.h"
  |          `- note: in file included from <module-includes>:1:
2 |
/host/spi-builder-workspace/.build/checkouts/GRDB.swift/Sources/GRDBSQLite/shim.h:1:10: error: 'sqlite3.h' file not found
 1 | #include <sqlite3.h>
   |          `- error: 'sqlite3.h' file not found
 2 |
 3 | typedef void(*_errorLogCallback)(void *pArg, int iErrCode, const char *zMsg);
/host/spi-builder-workspace/.build/checkouts/GRDB.swift/GRDB/Core/Configuration.swift:10:8: error: could not build C module 'GRDBSQLite'
  8 | import SQLCipher
  9 | #else // Default SPM trait must be the default. It impossible to detect from Xcode.
 10 | import GRDBSQLite
    |        `- error: could not build C module 'GRDBSQLite'
 11 | #endif
 12 |
[24/272] Compiling SwiftProtobuf Message+JSONArrayAdditions_Data.swift
<module-includes>:1:10: note: in file included from <module-includes>:1:
1 | #include "shim.h"
  |          `- note: in file included from <module-includes>:1:
2 |
/host/spi-builder-workspace/.build/checkouts/GRDB.swift/Sources/GRDBSQLite/shim.h:1:10: error: 'sqlite3.h' file not found
 1 | #include <sqlite3.h>
   |          `- error: 'sqlite3.h' file not found
 2 |
 3 | typedef void(*_errorLogCallback)(void *pArg, int iErrCode, const char *zMsg);
/host/spi-builder-workspace/.build/checkouts/GRDB.swift/GRDB/Core/Configuration.swift:10:8: error: could not build C module 'GRDBSQLite'
  8 | import SQLCipher
  9 | #else // Default SPM trait must be the default. It impossible to detect from Xcode.
 10 | import GRDBSQLite
    |        `- error: could not build C module 'GRDBSQLite'
 11 | #endif
 12 |
[25/272] Compiling SwiftProtobuf Message+TextFormatAdditions.swift
<module-includes>:1:10: note: in file included from <module-includes>:1:
1 | #include "shim.h"
  |          `- note: in file included from <module-includes>:1:
2 |
/host/spi-builder-workspace/.build/checkouts/GRDB.swift/Sources/GRDBSQLite/shim.h:1:10: error: 'sqlite3.h' file not found
 1 | #include <sqlite3.h>
   |          `- error: 'sqlite3.h' file not found
 2 |
 3 | typedef void(*_errorLogCallback)(void *pArg, int iErrCode, const char *zMsg);
/host/spi-builder-workspace/.build/checkouts/GRDB.swift/GRDB/Core/Configuration.swift:10:8: error: could not build C module 'GRDBSQLite'
  8 | import SQLCipher
  9 | #else // Default SPM trait must be the default. It impossible to detect from Xcode.
 10 | import GRDBSQLite
    |        `- error: could not build C module 'GRDBSQLite'
 11 | #endif
 12 |
[26/272] Compiling SwiftProtobuf Message.swift
<module-includes>:1:10: note: in file included from <module-includes>:1:
1 | #include "shim.h"
  |          `- note: in file included from <module-includes>:1:
2 |
/host/spi-builder-workspace/.build/checkouts/GRDB.swift/Sources/GRDBSQLite/shim.h:1:10: error: 'sqlite3.h' file not found
 1 | #include <sqlite3.h>
   |          `- error: 'sqlite3.h' file not found
 2 |
 3 | typedef void(*_errorLogCallback)(void *pArg, int iErrCode, const char *zMsg);
/host/spi-builder-workspace/.build/checkouts/GRDB.swift/GRDB/Core/Configuration.swift:10:8: error: could not build C module 'GRDBSQLite'
  8 | import SQLCipher
  9 | #else // Default SPM trait must be the default. It impossible to detect from Xcode.
 10 | import GRDBSQLite
    |        `- error: could not build C module 'GRDBSQLite'
 11 | #endif
 12 |
[27/272] Compiling SwiftProtobuf MessageExtension.swift
<module-includes>:1:10: note: in file included from <module-includes>:1:
1 | #include "shim.h"
  |          `- note: in file included from <module-includes>:1:
2 |
/host/spi-builder-workspace/.build/checkouts/GRDB.swift/Sources/GRDBSQLite/shim.h:1:10: error: 'sqlite3.h' file not found
 1 | #include <sqlite3.h>
   |          `- error: 'sqlite3.h' file not found
 2 |
 3 | typedef void(*_errorLogCallback)(void *pArg, int iErrCode, const char *zMsg);
/host/spi-builder-workspace/.build/checkouts/GRDB.swift/GRDB/Core/Configuration.swift:10:8: error: could not build C module 'GRDBSQLite'
  8 | import SQLCipher
  9 | #else // Default SPM trait must be the default. It impossible to detect from Xcode.
 10 | import GRDBSQLite
    |        `- error: could not build C module 'GRDBSQLite'
 11 | #endif
 12 |
[28/272] Compiling SwiftProtobuf NameMap.swift
<module-includes>:1:10: note: in file included from <module-includes>:1:
1 | #include "shim.h"
  |          `- note: in file included from <module-includes>:1:
2 |
/host/spi-builder-workspace/.build/checkouts/GRDB.swift/Sources/GRDBSQLite/shim.h:1:10: error: 'sqlite3.h' file not found
 1 | #include <sqlite3.h>
   |          `- error: 'sqlite3.h' file not found
 2 |
 3 | typedef void(*_errorLogCallback)(void *pArg, int iErrCode, const char *zMsg);
/host/spi-builder-workspace/.build/checkouts/GRDB.swift/GRDB/Core/Configuration.swift:10:8: error: could not build C module 'GRDBSQLite'
  8 | import SQLCipher
  9 | #else // Default SPM trait must be the default. It impossible to detect from Xcode.
 10 | import GRDBSQLite
    |        `- error: could not build C module 'GRDBSQLite'
 11 | #endif
 12 |
[29/272] Compiling SwiftProtobuf PathDecoder.swift
<module-includes>:1:10: note: in file included from <module-includes>:1:
1 | #include "shim.h"
  |          `- note: in file included from <module-includes>:1:
2 |
/host/spi-builder-workspace/.build/checkouts/GRDB.swift/Sources/GRDBSQLite/shim.h:1:10: error: 'sqlite3.h' file not found
 1 | #include <sqlite3.h>
   |          `- error: 'sqlite3.h' file not found
 2 |
 3 | typedef void(*_errorLogCallback)(void *pArg, int iErrCode, const char *zMsg);
/host/spi-builder-workspace/.build/checkouts/GRDB.swift/GRDB/Core/Configuration.swift:10:8: error: could not build C module 'GRDBSQLite'
  8 | import SQLCipher
  9 | #else // Default SPM trait must be the default. It impossible to detect from Xcode.
 10 | import GRDBSQLite
    |        `- error: could not build C module 'GRDBSQLite'
 11 | #endif
 12 |
[30/272] Compiling SwiftProtobuf PathVisitor.swift
<module-includes>:1:10: note: in file included from <module-includes>:1:
1 | #include "shim.h"
  |          `- note: in file included from <module-includes>:1:
2 |
/host/spi-builder-workspace/.build/checkouts/GRDB.swift/Sources/GRDBSQLite/shim.h:1:10: error: 'sqlite3.h' file not found
 1 | #include <sqlite3.h>
   |          `- error: 'sqlite3.h' file not found
 2 |
 3 | typedef void(*_errorLogCallback)(void *pArg, int iErrCode, const char *zMsg);
/host/spi-builder-workspace/.build/checkouts/GRDB.swift/GRDB/Core/Configuration.swift:10:8: error: could not build C module 'GRDBSQLite'
  8 | import SQLCipher
  9 | #else // Default SPM trait must be the default. It impossible to detect from Xcode.
 10 | import GRDBSQLite
    |        `- error: could not build C module 'GRDBSQLite'
 11 | #endif
 12 |
[31/272] Compiling SwiftProtobuf any.pb.swift
<module-includes>:1:10: note: in file included from <module-includes>:1:
1 | #include "shim.h"
  |          `- note: in file included from <module-includes>:1:
2 |
/host/spi-builder-workspace/.build/checkouts/GRDB.swift/Sources/GRDBSQLite/shim.h:1:10: error: 'sqlite3.h' file not found
 1 | #include <sqlite3.h>
   |          `- error: 'sqlite3.h' file not found
 2 |
 3 | typedef void(*_errorLogCallback)(void *pArg, int iErrCode, const char *zMsg);
/host/spi-builder-workspace/.build/checkouts/GRDB.swift/GRDB/Core/Configuration.swift:10:8: error: could not build C module 'GRDBSQLite'
  8 | import SQLCipher
  9 | #else // Default SPM trait must be the default. It impossible to detect from Xcode.
 10 | import GRDBSQLite
    |        `- error: could not build C module 'GRDBSQLite'
 11 | #endif
 12 |
[32/272] Compiling GRDB Configuration.swift
<module-includes>:1:10: note: in file included from <module-includes>:1:
1 | #include "shim.h"
  |          `- note: in file included from <module-includes>:1:
2 |
/host/spi-builder-workspace/.build/checkouts/GRDB.swift/Sources/GRDBSQLite/shim.h:1:10: error: 'sqlite3.h' file not found
 1 | #include <sqlite3.h>
   |          `- error: 'sqlite3.h' file not found
 2 |
 3 | typedef void(*_errorLogCallback)(void *pArg, int iErrCode, const char *zMsg);
/host/spi-builder-workspace/.build/checkouts/GRDB.swift/GRDB/Core/Configuration.swift:10:8: error: could not build C module 'GRDBSQLite'
  8 | import SQLCipher
  9 | #else // Default SPM trait must be the default. It impossible to detect from Xcode.
 10 | import GRDBSQLite
    |        `- error: could not build C module 'GRDBSQLite'
 11 | #endif
 12 |
[33/272] Compiling GRDB Cursor.swift
<module-includes>:1:10: note: in file included from <module-includes>:1:
1 | #include "shim.h"
  |          `- note: in file included from <module-includes>:1:
2 |
/host/spi-builder-workspace/.build/checkouts/GRDB.swift/Sources/GRDBSQLite/shim.h:1:10: error: 'sqlite3.h' file not found
 1 | #include <sqlite3.h>
   |          `- error: 'sqlite3.h' file not found
 2 |
 3 | typedef void(*_errorLogCallback)(void *pArg, int iErrCode, const char *zMsg);
/host/spi-builder-workspace/.build/checkouts/GRDB.swift/GRDB/Core/Configuration.swift:10:8: error: could not build C module 'GRDBSQLite'
  8 | import SQLCipher
  9 | #else // Default SPM trait must be the default. It impossible to detect from Xcode.
 10 | import GRDBSQLite
    |        `- error: could not build C module 'GRDBSQLite'
 11 | #endif
 12 |
[34/272] Compiling GRDB Database+SQLCipher.swift
<module-includes>:1:10: note: in file included from <module-includes>:1:
1 | #include "shim.h"
  |          `- note: in file included from <module-includes>:1:
2 |
/host/spi-builder-workspace/.build/checkouts/GRDB.swift/Sources/GRDBSQLite/shim.h:1:10: error: 'sqlite3.h' file not found
 1 | #include <sqlite3.h>
   |          `- error: 'sqlite3.h' file not found
 2 |
 3 | typedef void(*_errorLogCallback)(void *pArg, int iErrCode, const char *zMsg);
/host/spi-builder-workspace/.build/checkouts/GRDB.swift/GRDB/Core/Configuration.swift:10:8: error: could not build C module 'GRDBSQLite'
  8 | import SQLCipher
  9 | #else // Default SPM trait must be the default. It impossible to detect from Xcode.
 10 | import GRDBSQLite
    |        `- error: could not build C module 'GRDBSQLite'
 11 | #endif
 12 |
[35/272] Compiling GRDB Database+Schema.swift
<module-includes>:1:10: note: in file included from <module-includes>:1:
1 | #include "shim.h"
  |          `- note: in file included from <module-includes>:1:
2 |
/host/spi-builder-workspace/.build/checkouts/GRDB.swift/Sources/GRDBSQLite/shim.h:1:10: error: 'sqlite3.h' file not found
 1 | #include <sqlite3.h>
   |          `- error: 'sqlite3.h' file not found
 2 |
 3 | typedef void(*_errorLogCallback)(void *pArg, int iErrCode, const char *zMsg);
/host/spi-builder-workspace/.build/checkouts/GRDB.swift/GRDB/Core/Configuration.swift:10:8: error: could not build C module 'GRDBSQLite'
  8 | import SQLCipher
  9 | #else // Default SPM trait must be the default. It impossible to detect from Xcode.
 10 | import GRDBSQLite
    |        `- error: could not build C module 'GRDBSQLite'
 11 | #endif
 12 |
[36/272] Compiling GRDB Database+Statements.swift
<module-includes>:1:10: note: in file included from <module-includes>:1:
1 | #include "shim.h"
  |          `- note: in file included from <module-includes>:1:
2 |
/host/spi-builder-workspace/.build/checkouts/GRDB.swift/Sources/GRDBSQLite/shim.h:1:10: error: 'sqlite3.h' file not found
 1 | #include <sqlite3.h>
   |          `- error: 'sqlite3.h' file not found
 2 |
 3 | typedef void(*_errorLogCallback)(void *pArg, int iErrCode, const char *zMsg);
/host/spi-builder-workspace/.build/checkouts/GRDB.swift/GRDB/Core/Configuration.swift:10:8: error: could not build C module 'GRDBSQLite'
  8 | import SQLCipher
  9 | #else // Default SPM trait must be the default. It impossible to detect from Xcode.
 10 | import GRDBSQLite
    |        `- error: could not build C module 'GRDBSQLite'
 11 | #endif
 12 |
[37/272] Compiling GRDB Database.swift
<module-includes>:1:10: note: in file included from <module-includes>:1:
1 | #include "shim.h"
  |          `- note: in file included from <module-includes>:1:
2 |
/host/spi-builder-workspace/.build/checkouts/GRDB.swift/Sources/GRDBSQLite/shim.h:1:10: error: 'sqlite3.h' file not found
 1 | #include <sqlite3.h>
   |          `- error: 'sqlite3.h' file not found
 2 |
 3 | typedef void(*_errorLogCallback)(void *pArg, int iErrCode, const char *zMsg);
/host/spi-builder-workspace/.build/checkouts/GRDB.swift/GRDB/Core/Configuration.swift:10:8: error: could not build C module 'GRDBSQLite'
  8 | import SQLCipher
  9 | #else // Default SPM trait must be the default. It impossible to detect from Xcode.
 10 | import GRDBSQLite
    |        `- error: could not build C module 'GRDBSQLite'
 11 | #endif
 12 |
[38/272] Compiling GRDB DatabaseBackupProgress.swift
<module-includes>:1:10: note: in file included from <module-includes>:1:
1 | #include "shim.h"
  |          `- note: in file included from <module-includes>:1:
2 |
/host/spi-builder-workspace/.build/checkouts/GRDB.swift/Sources/GRDBSQLite/shim.h:1:10: error: 'sqlite3.h' file not found
 1 | #include <sqlite3.h>
   |          `- error: 'sqlite3.h' file not found
 2 |
 3 | typedef void(*_errorLogCallback)(void *pArg, int iErrCode, const char *zMsg);
/host/spi-builder-workspace/.build/checkouts/GRDB.swift/GRDB/Core/Configuration.swift:10:8: error: could not build C module 'GRDBSQLite'
  8 | import SQLCipher
  9 | #else // Default SPM trait must be the default. It impossible to detect from Xcode.
 10 | import GRDBSQLite
    |        `- error: could not build C module 'GRDBSQLite'
 11 | #endif
 12 |
[39/272] Compiling GRDB DatabaseCollation.swift
<module-includes>:1:10: note: in file included from <module-includes>:1:
1 | #include "shim.h"
  |          `- note: in file included from <module-includes>:1:
2 |
/host/spi-builder-workspace/.build/checkouts/GRDB.swift/Sources/GRDBSQLite/shim.h:1:10: error: 'sqlite3.h' file not found
 1 | #include <sqlite3.h>
   |          `- error: 'sqlite3.h' file not found
 2 |
 3 | typedef void(*_errorLogCallback)(void *pArg, int iErrCode, const char *zMsg);
/host/spi-builder-workspace/.build/checkouts/GRDB.swift/GRDB/Core/Configuration.swift:10:8: error: could not build C module 'GRDBSQLite'
  8 | import SQLCipher
  9 | #else // Default SPM trait must be the default. It impossible to detect from Xcode.
 10 | import GRDBSQLite
    |        `- error: could not build C module 'GRDBSQLite'
 11 | #endif
 12 |
[40/272] Compiling GRDB DatabaseError.swift
<module-includes>:1:10: note: in file included from <module-includes>:1:
1 | #include "shim.h"
  |          `- note: in file included from <module-includes>:1:
2 |
/host/spi-builder-workspace/.build/checkouts/GRDB.swift/Sources/GRDBSQLite/shim.h:1:10: error: 'sqlite3.h' file not found
 1 | #include <sqlite3.h>
   |          `- error: 'sqlite3.h' file not found
 2 |
 3 | typedef void(*_errorLogCallback)(void *pArg, int iErrCode, const char *zMsg);
/host/spi-builder-workspace/.build/checkouts/GRDB.swift/GRDB/Core/Configuration.swift:10:8: error: could not build C module 'GRDBSQLite'
  8 | import SQLCipher
  9 | #else // Default SPM trait must be the default. It impossible to detect from Xcode.
 10 | import GRDBSQLite
    |        `- error: could not build C module 'GRDBSQLite'
 11 | #endif
 12 |
[41/272] Compiling GRDB DatabaseFunction.swift
<module-includes>:1:10: note: in file included from <module-includes>:1:
1 | #include "shim.h"
  |          `- note: in file included from <module-includes>:1:
2 |
/host/spi-builder-workspace/.build/checkouts/GRDB.swift/Sources/GRDBSQLite/shim.h:1:10: error: 'sqlite3.h' file not found
 1 | #include <sqlite3.h>
   |          `- error: 'sqlite3.h' file not found
 2 |
 3 | typedef void(*_errorLogCallback)(void *pArg, int iErrCode, const char *zMsg);
/host/spi-builder-workspace/.build/checkouts/GRDB.swift/GRDB/Core/Configuration.swift:10:8: error: could not build C module 'GRDBSQLite'
  8 | import SQLCipher
  9 | #else // Default SPM trait must be the default. It impossible to detect from Xcode.
 10 | import GRDBSQLite
    |        `- error: could not build C module 'GRDBSQLite'
 11 | #endif
 12 |
[42/272] Compiling GRDB DatabasePool.swift
<module-includes>:1:10: note: in file included from <module-includes>:1:
1 | #include "shim.h"
  |          `- note: in file included from <module-includes>:1:
2 |
/host/spi-builder-workspace/.build/checkouts/GRDB.swift/Sources/GRDBSQLite/shim.h:1:10: error: 'sqlite3.h' file not found
 1 | #include <sqlite3.h>
   |          `- error: 'sqlite3.h' file not found
 2 |
 3 | typedef void(*_errorLogCallback)(void *pArg, int iErrCode, const char *zMsg);
/host/spi-builder-workspace/.build/checkouts/GRDB.swift/GRDB/Core/Configuration.swift:10:8: error: could not build C module 'GRDBSQLite'
  8 | import SQLCipher
  9 | #else // Default SPM trait must be the default. It impossible to detect from Xcode.
 10 | import GRDBSQLite
    |        `- error: could not build C module 'GRDBSQLite'
 11 | #endif
 12 |
[43/272] Compiling GRDB DatabasePublishers.swift
<module-includes>:1:10: note: in file included from <module-includes>:1:
1 | #include "shim.h"
  |          `- note: in file included from <module-includes>:1:
2 |
/host/spi-builder-workspace/.build/checkouts/GRDB.swift/Sources/GRDBSQLite/shim.h:1:10: error: 'sqlite3.h' file not found
 1 | #include <sqlite3.h>
   |          `- error: 'sqlite3.h' file not found
 2 |
 3 | typedef void(*_errorLogCallback)(void *pArg, int iErrCode, const char *zMsg);
/host/spi-builder-workspace/.build/checkouts/GRDB.swift/GRDB/Core/Configuration.swift:10:8: error: could not build C module 'GRDBSQLite'
  8 | import SQLCipher
  9 | #else // Default SPM trait must be the default. It impossible to detect from Xcode.
 10 | import GRDBSQLite
    |        `- error: could not build C module 'GRDBSQLite'
 11 | #endif
 12 |
[44/272] Compiling GRDB DatabaseQueue.swift
<module-includes>:1:10: note: in file included from <module-includes>:1:
1 | #include "shim.h"
  |          `- note: in file included from <module-includes>:1:
2 |
/host/spi-builder-workspace/.build/checkouts/GRDB.swift/Sources/GRDBSQLite/shim.h:1:10: error: 'sqlite3.h' file not found
 1 | #include <sqlite3.h>
   |          `- error: 'sqlite3.h' file not found
 2 |
 3 | typedef void(*_errorLogCallback)(void *pArg, int iErrCode, const char *zMsg);
/host/spi-builder-workspace/.build/checkouts/GRDB.swift/GRDB/Core/Configuration.swift:10:8: error: could not build C module 'GRDBSQLite'
  8 | import SQLCipher
  9 | #else // Default SPM trait must be the default. It impossible to detect from Xcode.
 10 | import GRDBSQLite
    |        `- error: could not build C module 'GRDBSQLite'
 11 | #endif
 12 |
[45/272] Compiling GRDB DatabaseReader.swift
<module-includes>:1:10: note: in file included from <module-includes>:1:
1 | #include "shim.h"
  |          `- note: in file included from <module-includes>:1:
2 |
/host/spi-builder-workspace/.build/checkouts/GRDB.swift/Sources/GRDBSQLite/shim.h:1:10: error: 'sqlite3.h' file not found
 1 | #include <sqlite3.h>
   |          `- error: 'sqlite3.h' file not found
 2 |
 3 | typedef void(*_errorLogCallback)(void *pArg, int iErrCode, const char *zMsg);
/host/spi-builder-workspace/.build/checkouts/GRDB.swift/GRDB/Core/Configuration.swift:10:8: error: could not build C module 'GRDBSQLite'
  8 | import SQLCipher
  9 | #else // Default SPM trait must be the default. It impossible to detect from Xcode.
 10 | import GRDBSQLite
    |        `- error: could not build C module 'GRDBSQLite'
 11 | #endif
 12 |
[46/272] Compiling GRDB DatabaseRegion.swift
<module-includes>:1:10: note: in file included from <module-includes>:1:
1 | #include "shim.h"
  |          `- note: in file included from <module-includes>:1:
2 |
/host/spi-builder-workspace/.build/checkouts/GRDB.swift/Sources/GRDBSQLite/shim.h:1:10: error: 'sqlite3.h' file not found
 1 | #include <sqlite3.h>
   |          `- error: 'sqlite3.h' file not found
 2 |
 3 | typedef void(*_errorLogCallback)(void *pArg, int iErrCode, const char *zMsg);
/host/spi-builder-workspace/.build/checkouts/GRDB.swift/GRDB/Core/Configuration.swift:10:8: error: could not build C module 'GRDBSQLite'
  8 | import SQLCipher
  9 | #else // Default SPM trait must be the default. It impossible to detect from Xcode.
 10 | import GRDBSQLite
    |        `- error: could not build C module 'GRDBSQLite'
 11 | #endif
 12 |
[47/272] Compiling GRDB DatabaseRegionObservation.swift
<module-includes>:1:10: note: in file included from <module-includes>:1:
1 | #include "shim.h"
  |          `- note: in file included from <module-includes>:1:
2 |
/host/spi-builder-workspace/.build/checkouts/GRDB.swift/Sources/GRDBSQLite/shim.h:1:10: error: 'sqlite3.h' file not found
 1 | #include <sqlite3.h>
   |          `- error: 'sqlite3.h' file not found
 2 |
 3 | typedef void(*_errorLogCallback)(void *pArg, int iErrCode, const char *zMsg);
/host/spi-builder-workspace/.build/checkouts/GRDB.swift/GRDB/Core/Configuration.swift:10:8: error: could not build C module 'GRDBSQLite'
  8 | import SQLCipher
  9 | #else // Default SPM trait must be the default. It impossible to detect from Xcode.
 10 | import GRDBSQLite
    |        `- error: could not build C module 'GRDBSQLite'
 11 | #endif
 12 |
[48/272] Compiling GRDB DatabaseSchemaCache.swift
<module-includes>:1:10: note: in file included from <module-includes>:1:
1 | #include "shim.h"
  |          `- note: in file included from <module-includes>:1:
2 |
/host/spi-builder-workspace/.build/checkouts/GRDB.swift/Sources/GRDBSQLite/shim.h:1:10: error: 'sqlite3.h' file not found
 1 | #include <sqlite3.h>
   |          `- error: 'sqlite3.h' file not found
 2 |
 3 | typedef void(*_errorLogCallback)(void *pArg, int iErrCode, const char *zMsg);
/host/spi-builder-workspace/.build/checkouts/GRDB.swift/GRDB/Core/Configuration.swift:10:8: error: could not build C module 'GRDBSQLite'
  8 | import SQLCipher
  9 | #else // Default SPM trait must be the default. It impossible to detect from Xcode.
 10 | import GRDBSQLite
    |        `- error: could not build C module 'GRDBSQLite'
 11 | #endif
 12 |
[49/272] Compiling GRDB DatabaseSchemaSource.swift
<module-includes>:1:10: note: in file included from <module-includes>:1:
1 | #include "shim.h"
  |          `- note: in file included from <module-includes>:1:
2 |
/host/spi-builder-workspace/.build/checkouts/GRDB.swift/Sources/GRDBSQLite/shim.h:1:10: error: 'sqlite3.h' file not found
 1 | #include <sqlite3.h>
   |          `- error: 'sqlite3.h' file not found
 2 |
 3 | typedef void(*_errorLogCallback)(void *pArg, int iErrCode, const char *zMsg);
/host/spi-builder-workspace/.build/checkouts/GRDB.swift/GRDB/Core/Configuration.swift:10:8: error: could not build C module 'GRDBSQLite'
  8 | import SQLCipher
  9 | #else // Default SPM trait must be the default. It impossible to detect from Xcode.
 10 | import GRDBSQLite
    |        `- error: could not build C module 'GRDBSQLite'
 11 | #endif
 12 |
[50/272] Compiling GRDB DatabaseSnapshot.swift
<module-includes>:1:10: note: in file included from <module-includes>:1:
1 | #include "shim.h"
  |          `- note: in file included from <module-includes>:1:
2 |
/host/spi-builder-workspace/.build/checkouts/GRDB.swift/Sources/GRDBSQLite/shim.h:1:10: error: 'sqlite3.h' file not found
 1 | #include <sqlite3.h>
   |          `- error: 'sqlite3.h' file not found
 2 |
 3 | typedef void(*_errorLogCallback)(void *pArg, int iErrCode, const char *zMsg);
/host/spi-builder-workspace/.build/checkouts/GRDB.swift/GRDB/Core/Configuration.swift:10:8: error: could not build C module 'GRDBSQLite'
  8 | import SQLCipher
  9 | #else // Default SPM trait must be the default. It impossible to detect from Xcode.
 10 | import GRDBSQLite
    |        `- error: could not build C module 'GRDBSQLite'
 11 | #endif
 12 |
[51/272] Compiling GRDB DatabaseSnapshotPool.swift
<module-includes>:1:10: note: in file included from <module-includes>:1:
1 | #include "shim.h"
  |          `- note: in file included from <module-includes>:1:
2 |
/host/spi-builder-workspace/.build/checkouts/GRDB.swift/Sources/GRDBSQLite/shim.h:1:10: error: 'sqlite3.h' file not found
 1 | #include <sqlite3.h>
   |          `- error: 'sqlite3.h' file not found
 2 |
 3 | typedef void(*_errorLogCallback)(void *pArg, int iErrCode, const char *zMsg);
/host/spi-builder-workspace/.build/checkouts/GRDB.swift/GRDB/Core/Configuration.swift:10:8: error: could not build C module 'GRDBSQLite'
  8 | import SQLCipher
  9 | #else // Default SPM trait must be the default. It impossible to detect from Xcode.
 10 | import GRDBSQLite
    |        `- error: could not build C module 'GRDBSQLite'
 11 | #endif
 12 |
[52/272] Compiling GRDB DatabaseValue.swift
<module-includes>:1:10: note: in file included from <module-includes>:1:
1 | #include "shim.h"
  |          `- note: in file included from <module-includes>:1:
2 |
/host/spi-builder-workspace/.build/checkouts/GRDB.swift/Sources/GRDBSQLite/shim.h:1:10: error: 'sqlite3.h' file not found
 1 | #include <sqlite3.h>
   |          `- error: 'sqlite3.h' file not found
 2 |
 3 | typedef void(*_errorLogCallback)(void *pArg, int iErrCode, const char *zMsg);
/host/spi-builder-workspace/.build/checkouts/GRDB.swift/GRDB/Core/Configuration.swift:10:8: error: could not build C module 'GRDBSQLite'
  8 | import SQLCipher
  9 | #else // Default SPM trait must be the default. It impossible to detect from Xcode.
 10 | import GRDBSQLite
    |        `- error: could not build C module 'GRDBSQLite'
 11 | #endif
 12 |
[53/272] Compiling GRDB NSData.swift
<module-includes>:1:10: note: in file included from <module-includes>:1:
1 | #include "shim.h"
  |          `- note: in file included from <module-includes>:1:
2 |
/host/spi-builder-workspace/.build/checkouts/GRDB.swift/Sources/GRDBSQLite/shim.h:1:10: error: 'sqlite3.h' file not found
 1 | #include <sqlite3.h>
   |          `- error: 'sqlite3.h' file not found
 2 |
 3 | typedef void(*_errorLogCallback)(void *pArg, int iErrCode, const char *zMsg);
/host/spi-builder-workspace/.build/checkouts/GRDB.swift/GRDB/Core/Configuration.swift:10:8: error: could not build C module 'GRDBSQLite'
  8 | import SQLCipher
  9 | #else // Default SPM trait must be the default. It impossible to detect from Xcode.
 10 | import GRDBSQLite
    |        `- error: could not build C module 'GRDBSQLite'
 11 | #endif
 12 |
[54/272] Compiling GRDB NSNull.swift
<module-includes>:1:10: note: in file included from <module-includes>:1:
1 | #include "shim.h"
  |          `- note: in file included from <module-includes>:1:
2 |
/host/spi-builder-workspace/.build/checkouts/GRDB.swift/Sources/GRDBSQLite/shim.h:1:10: error: 'sqlite3.h' file not found
 1 | #include <sqlite3.h>
   |          `- error: 'sqlite3.h' file not found
 2 |
 3 | typedef void(*_errorLogCallback)(void *pArg, int iErrCode, const char *zMsg);
/host/spi-builder-workspace/.build/checkouts/GRDB.swift/GRDB/Core/Configuration.swift:10:8: error: could not build C module 'GRDBSQLite'
  8 | import SQLCipher
  9 | #else // Default SPM trait must be the default. It impossible to detect from Xcode.
 10 | import GRDBSQLite
    |        `- error: could not build C module 'GRDBSQLite'
 11 | #endif
 12 |
[55/272] Compiling GRDB NSNumber.swift
<module-includes>:1:10: note: in file included from <module-includes>:1:
1 | #include "shim.h"
  |          `- note: in file included from <module-includes>:1:
2 |
/host/spi-builder-workspace/.build/checkouts/GRDB.swift/Sources/GRDBSQLite/shim.h:1:10: error: 'sqlite3.h' file not found
 1 | #include <sqlite3.h>
   |          `- error: 'sqlite3.h' file not found
 2 |
 3 | typedef void(*_errorLogCallback)(void *pArg, int iErrCode, const char *zMsg);
/host/spi-builder-workspace/.build/checkouts/GRDB.swift/GRDB/Core/Configuration.swift:10:8: error: could not build C module 'GRDBSQLite'
  8 | import SQLCipher
  9 | #else // Default SPM trait must be the default. It impossible to detect from Xcode.
 10 | import GRDBSQLite
    |        `- error: could not build C module 'GRDBSQLite'
 11 | #endif
 12 |
[56/272] Compiling GRDB NSString.swift
<module-includes>:1:10: note: in file included from <module-includes>:1:
1 | #include "shim.h"
  |          `- note: in file included from <module-includes>:1:
2 |
/host/spi-builder-workspace/.build/checkouts/GRDB.swift/Sources/GRDBSQLite/shim.h:1:10: error: 'sqlite3.h' file not found
 1 | #include <sqlite3.h>
   |          `- error: 'sqlite3.h' file not found
 2 |
 3 | typedef void(*_errorLogCallback)(void *pArg, int iErrCode, const char *zMsg);
/host/spi-builder-workspace/.build/checkouts/GRDB.swift/GRDB/Core/Configuration.swift:10:8: error: could not build C module 'GRDBSQLite'
  8 | import SQLCipher
  9 | #else // Default SPM trait must be the default. It impossible to detect from Xcode.
 10 | import GRDBSQLite
    |        `- error: could not build C module 'GRDBSQLite'
 11 | #endif
 12 |
[57/272] Compiling GRDB SQLiteDateParser.swift
<module-includes>:1:10: note: in file included from <module-includes>:1:
1 | #include "shim.h"
  |          `- note: in file included from <module-includes>:1:
2 |
/host/spi-builder-workspace/.build/checkouts/GRDB.swift/Sources/GRDBSQLite/shim.h:1:10: error: 'sqlite3.h' file not found
 1 | #include <sqlite3.h>
   |          `- error: 'sqlite3.h' file not found
 2 |
 3 | typedef void(*_errorLogCallback)(void *pArg, int iErrCode, const char *zMsg);
/host/spi-builder-workspace/.build/checkouts/GRDB.swift/GRDB/Core/Configuration.swift:10:8: error: could not build C module 'GRDBSQLite'
  8 | import SQLCipher
  9 | #else // Default SPM trait must be the default. It impossible to detect from Xcode.
 10 | import GRDBSQLite
    |        `- error: could not build C module 'GRDBSQLite'
 11 | #endif
 12 |
[58/272] Compiling GRDB URL.swift
<module-includes>:1:10: note: in file included from <module-includes>:1:
1 | #include "shim.h"
  |          `- note: in file included from <module-includes>:1:
2 |
/host/spi-builder-workspace/.build/checkouts/GRDB.swift/Sources/GRDBSQLite/shim.h:1:10: error: 'sqlite3.h' file not found
 1 | #include <sqlite3.h>
   |          `- error: 'sqlite3.h' file not found
 2 |
 3 | typedef void(*_errorLogCallback)(void *pArg, int iErrCode, const char *zMsg);
/host/spi-builder-workspace/.build/checkouts/GRDB.swift/GRDB/Core/Configuration.swift:10:8: error: could not build C module 'GRDBSQLite'
  8 | import SQLCipher
  9 | #else // Default SPM trait must be the default. It impossible to detect from Xcode.
 10 | import GRDBSQLite
    |        `- error: could not build C module 'GRDBSQLite'
 11 | #endif
 12 |
[59/272] Compiling GRDB UUID.swift
<module-includes>:1:10: note: in file included from <module-includes>:1:
1 | #include "shim.h"
  |          `- note: in file included from <module-includes>:1:
2 |
/host/spi-builder-workspace/.build/checkouts/GRDB.swift/Sources/GRDBSQLite/shim.h:1:10: error: 'sqlite3.h' file not found
 1 | #include <sqlite3.h>
   |          `- error: 'sqlite3.h' file not found
 2 |
 3 | typedef void(*_errorLogCallback)(void *pArg, int iErrCode, const char *zMsg);
/host/spi-builder-workspace/.build/checkouts/GRDB.swift/GRDB/Core/Configuration.swift:10:8: error: could not build C module 'GRDBSQLite'
  8 | import SQLCipher
  9 | #else // Default SPM trait must be the default. It impossible to detect from Xcode.
 10 | import GRDBSQLite
    |        `- error: could not build C module 'GRDBSQLite'
 11 | #endif
 12 |
[60/272] Compiling GRDB DatabaseValueConvertible+Decodable.swift
<module-includes>:1:10: note: in file included from <module-includes>:1:
1 | #include "shim.h"
  |          `- note: in file included from <module-includes>:1:
2 |
/host/spi-builder-workspace/.build/checkouts/GRDB.swift/Sources/GRDBSQLite/shim.h:1:10: error: 'sqlite3.h' file not found
 1 | #include <sqlite3.h>
   |          `- error: 'sqlite3.h' file not found
 2 |
 3 | typedef void(*_errorLogCallback)(void *pArg, int iErrCode, const char *zMsg);
/host/spi-builder-workspace/.build/checkouts/GRDB.swift/GRDB/Core/Configuration.swift:10:8: error: could not build C module 'GRDBSQLite'
  8 | import SQLCipher
  9 | #else // Default SPM trait must be the default. It impossible to detect from Xcode.
 10 | import GRDBSQLite
    |        `- error: could not build C module 'GRDBSQLite'
 11 | #endif
 12 |
[61/272] Compiling GRDB DatabaseValueConvertible+Encodable.swift
<module-includes>:1:10: note: in file included from <module-includes>:1:
1 | #include "shim.h"
  |          `- note: in file included from <module-includes>:1:
2 |
/host/spi-builder-workspace/.build/checkouts/GRDB.swift/Sources/GRDBSQLite/shim.h:1:10: error: 'sqlite3.h' file not found
 1 | #include <sqlite3.h>
   |          `- error: 'sqlite3.h' file not found
 2 |
 3 | typedef void(*_errorLogCallback)(void *pArg, int iErrCode, const char *zMsg);
/host/spi-builder-workspace/.build/checkouts/GRDB.swift/GRDB/Core/Configuration.swift:10:8: error: could not build C module 'GRDBSQLite'
  8 | import SQLCipher
  9 | #else // Default SPM trait must be the default. It impossible to detect from Xcode.
 10 | import GRDBSQLite
    |        `- error: could not build C module 'GRDBSQLite'
 11 | #endif
 12 |
[62/272] Compiling GRDB DatabaseValueConvertible+RawRepresentable.swift
<module-includes>:1:10: note: in file included from <module-includes>:1:
1 | #include "shim.h"
  |          `- note: in file included from <module-includes>:1:
2 |
/host/spi-builder-workspace/.build/checkouts/GRDB.swift/Sources/GRDBSQLite/shim.h:1:10: error: 'sqlite3.h' file not found
 1 | #include <sqlite3.h>
   |          `- error: 'sqlite3.h' file not found
 2 |
 3 | typedef void(*_errorLogCallback)(void *pArg, int iErrCode, const char *zMsg);
/host/spi-builder-workspace/.build/checkouts/GRDB.swift/GRDB/Core/Configuration.swift:10:8: error: could not build C module 'GRDBSQLite'
  8 | import SQLCipher
  9 | #else // Default SPM trait must be the default. It impossible to detect from Xcode.
 10 | import GRDBSQLite
    |        `- error: could not build C module 'GRDBSQLite'
 11 | #endif
 12 |
[63/272] Compiling GRDB JSONRequiredEncoder.swift
<module-includes>:1:10: note: in file included from <module-includes>:1:
1 | #include "shim.h"
  |          `- note: in file included from <module-includes>:1:
2 |
/host/spi-builder-workspace/.build/checkouts/GRDB.swift/Sources/GRDBSQLite/shim.h:1:10: error: 'sqlite3.h' file not found
 1 | #include <sqlite3.h>
   |          `- error: 'sqlite3.h' file not found
 2 |
 3 | typedef void(*_errorLogCallback)(void *pArg, int iErrCode, const char *zMsg);
/host/spi-builder-workspace/.build/checkouts/GRDB.swift/GRDB/Core/Configuration.swift:10:8: error: could not build C module 'GRDBSQLite'
  8 | import SQLCipher
  9 | #else // Default SPM trait must be the default. It impossible to detect from Xcode.
 10 | import GRDBSQLite
    |        `- error: could not build C module 'GRDBSQLite'
 11 | #endif
 12 |
[64/272] Compiling GRDB Optional.swift
<module-includes>:1:10: note: in file included from <module-includes>:1:
1 | #include "shim.h"
  |          `- note: in file included from <module-includes>:1:
2 |
/host/spi-builder-workspace/.build/checkouts/GRDB.swift/Sources/GRDBSQLite/shim.h:1:10: error: 'sqlite3.h' file not found
 1 | #include <sqlite3.h>
   |          `- error: 'sqlite3.h' file not found
 2 |
 3 | typedef void(*_errorLogCallback)(void *pArg, int iErrCode, const char *zMsg);
/host/spi-builder-workspace/.build/checkouts/GRDB.swift/GRDB/Core/Configuration.swift:10:8: error: could not build C module 'GRDBSQLite'
  8 | import SQLCipher
  9 | #else // Default SPM trait must be the default. It impossible to detect from Xcode.
 10 | import GRDBSQLite
    |        `- error: could not build C module 'GRDBSQLite'
 11 | #endif
 12 |
[65/272] Compiling GRDB StandardLibrary.swift
<module-includes>:1:10: note: in file included from <module-includes>:1:
1 | #include "shim.h"
  |          `- note: in file included from <module-includes>:1:
2 |
/host/spi-builder-workspace/.build/checkouts/GRDB.swift/Sources/GRDBSQLite/shim.h:1:10: error: 'sqlite3.h' file not found
 1 | #include <sqlite3.h>
   |          `- error: 'sqlite3.h' file not found
 2 |
 3 | typedef void(*_errorLogCallback)(void *pArg, int iErrCode, const char *zMsg);
/host/spi-builder-workspace/.build/checkouts/GRDB.swift/GRDB/Core/Configuration.swift:10:8: error: could not build C module 'GRDBSQLite'
  8 | import SQLCipher
  9 | #else // Default SPM trait must be the default. It impossible to detect from Xcode.
 10 | import GRDBSQLite
    |        `- error: could not build C module 'GRDBSQLite'
 11 | #endif
 12 |
[66/272] Compiling GRDB TransactionClock.swift
<module-includes>:1:10: note: in file included from <module-includes>:1:
1 | #include "shim.h"
  |          `- note: in file included from <module-includes>:1:
2 |
/host/spi-builder-workspace/.build/checkouts/GRDB.swift/Sources/GRDBSQLite/shim.h:1:10: error: 'sqlite3.h' file not found
 1 | #include <sqlite3.h>
   |          `- error: 'sqlite3.h' file not found
 2 |
 3 | typedef void(*_errorLogCallback)(void *pArg, int iErrCode, const char *zMsg);
/host/spi-builder-workspace/.build/checkouts/GRDB.swift/GRDB/Core/Configuration.swift:10:8: error: could not build C module 'GRDBSQLite'
  8 | import SQLCipher
  9 | #else // Default SPM trait must be the default. It impossible to detect from Xcode.
 10 | import GRDBSQLite
    |        `- error: could not build C module 'GRDBSQLite'
 11 | #endif
 12 |
[67/272] Compiling GRDB TransactionObserver.swift
<module-includes>:1:10: note: in file included from <module-includes>:1:
1 | #include "shim.h"
  |          `- note: in file included from <module-includes>:1:
2 |
/host/spi-builder-workspace/.build/checkouts/GRDB.swift/Sources/GRDBSQLite/shim.h:1:10: error: 'sqlite3.h' file not found
 1 | #include <sqlite3.h>
   |          `- error: 'sqlite3.h' file not found
 2 |
 3 | typedef void(*_errorLogCallback)(void *pArg, int iErrCode, const char *zMsg);
/host/spi-builder-workspace/.build/checkouts/GRDB.swift/GRDB/Core/Configuration.swift:10:8: error: could not build C module 'GRDBSQLite'
  8 | import SQLCipher
  9 | #else // Default SPM trait must be the default. It impossible to detect from Xcode.
 10 | import GRDBSQLite
    |        `- error: could not build C module 'GRDBSQLite'
 11 | #endif
 12 |
[68/272] Compiling GRDB WALSnapshot.swift
<module-includes>:1:10: note: in file included from <module-includes>:1:
1 | #include "shim.h"
  |          `- note: in file included from <module-includes>:1:
2 |
/host/spi-builder-workspace/.build/checkouts/GRDB.swift/Sources/GRDBSQLite/shim.h:1:10: error: 'sqlite3.h' file not found
 1 | #include <sqlite3.h>
   |          `- error: 'sqlite3.h' file not found
 2 |
 3 | typedef void(*_errorLogCallback)(void *pArg, int iErrCode, const char *zMsg);
/host/spi-builder-workspace/.build/checkouts/GRDB.swift/GRDB/Core/Configuration.swift:10:8: error: could not build C module 'GRDBSQLite'
  8 | import SQLCipher
  9 | #else // Default SPM trait must be the default. It impossible to detect from Xcode.
 10 | import GRDBSQLite
    |        `- error: could not build C module 'GRDBSQLite'
 11 | #endif
 12 |
[69/272] Compiling GRDB WALSnapshotTransaction.swift
<module-includes>:1:10: note: in file included from <module-includes>:1:
1 | #include "shim.h"
  |          `- note: in file included from <module-includes>:1:
2 |
/host/spi-builder-workspace/.build/checkouts/GRDB.swift/Sources/GRDBSQLite/shim.h:1:10: error: 'sqlite3.h' file not found
 1 | #include <sqlite3.h>
   |          `- error: 'sqlite3.h' file not found
 2 |
 3 | typedef void(*_errorLogCallback)(void *pArg, int iErrCode, const char *zMsg);
/host/spi-builder-workspace/.build/checkouts/GRDB.swift/GRDB/Core/Configuration.swift:10:8: error: could not build C module 'GRDBSQLite'
  8 | import SQLCipher
  9 | #else // Default SPM trait must be the default. It impossible to detect from Xcode.
 10 | import GRDBSQLite
    |        `- error: could not build C module 'GRDBSQLite'
 11 | #endif
 12 |
[70/272] Compiling GRDB Database+Dump.swift
<module-includes>:1:10: note: in file included from <module-includes>:1:
1 | #include "shim.h"
  |          `- note: in file included from <module-includes>:1:
2 |
/host/spi-builder-workspace/.build/checkouts/GRDB.swift/Sources/GRDBSQLite/shim.h:1:10: error: 'sqlite3.h' file not found
 1 | #include <sqlite3.h>
   |          `- error: 'sqlite3.h' file not found
 2 |
 3 | typedef void(*_errorLogCallback)(void *pArg, int iErrCode, const char *zMsg);
/host/spi-builder-workspace/.build/checkouts/GRDB.swift/GRDB/Core/Configuration.swift:10:8: error: could not build C module 'GRDBSQLite'
  8 | import SQLCipher
  9 | #else // Default SPM trait must be the default. It impossible to detect from Xcode.
 10 | import GRDBSQLite
    |        `- error: could not build C module 'GRDBSQLite'
 11 | #endif
 12 |
[71/272] Compiling GRDB DatabaseReader+dump.swift
<module-includes>:1:10: note: in file included from <module-includes>:1:
1 | #include "shim.h"
  |          `- note: in file included from <module-includes>:1:
2 |
/host/spi-builder-workspace/.build/checkouts/GRDB.swift/Sources/GRDBSQLite/shim.h:1:10: error: 'sqlite3.h' file not found
 1 | #include <sqlite3.h>
   |          `- error: 'sqlite3.h' file not found
 2 |
 3 | typedef void(*_errorLogCallback)(void *pArg, int iErrCode, const char *zMsg);
/host/spi-builder-workspace/.build/checkouts/GRDB.swift/GRDB/Core/Configuration.swift:10:8: error: could not build C module 'GRDBSQLite'
  8 | import SQLCipher
  9 | #else // Default SPM trait must be the default. It impossible to detect from Xcode.
 10 | import GRDBSQLite
    |        `- error: could not build C module 'GRDBSQLite'
 11 | #endif
 12 |
[72/272] Compiling GRDB DumpFormat.swift
<module-includes>:1:10: note: in file included from <module-includes>:1:
1 | #include "shim.h"
  |          `- note: in file included from <module-includes>:1:
2 |
/host/spi-builder-workspace/.build/checkouts/GRDB.swift/Sources/GRDBSQLite/shim.h:1:10: error: 'sqlite3.h' file not found
 1 | #include <sqlite3.h>
   |          `- error: 'sqlite3.h' file not found
 2 |
 3 | typedef void(*_errorLogCallback)(void *pArg, int iErrCode, const char *zMsg);
/host/spi-builder-workspace/.build/checkouts/GRDB.swift/GRDB/Core/Configuration.swift:10:8: error: could not build C module 'GRDBSQLite'
  8 | import SQLCipher
  9 | #else // Default SPM trait must be the default. It impossible to detect from Xcode.
 10 | import GRDBSQLite
    |        `- error: could not build C module 'GRDBSQLite'
 11 | #endif
 12 |
[73/272] Compiling GRDB DebugDumpFormat.swift
<module-includes>:1:10: note: in file included from <module-includes>:1:
1 | #include "shim.h"
  |          `- note: in file included from <module-includes>:1:
2 |
/host/spi-builder-workspace/.build/checkouts/GRDB.swift/Sources/GRDBSQLite/shim.h:1:10: error: 'sqlite3.h' file not found
 1 | #include <sqlite3.h>
   |          `- error: 'sqlite3.h' file not found
 2 |
 3 | typedef void(*_errorLogCallback)(void *pArg, int iErrCode, const char *zMsg);
/host/spi-builder-workspace/.build/checkouts/GRDB.swift/GRDB/Core/Configuration.swift:10:8: error: could not build C module 'GRDBSQLite'
  8 | import SQLCipher
  9 | #else // Default SPM trait must be the default. It impossible to detect from Xcode.
 10 | import GRDBSQLite
    |        `- error: could not build C module 'GRDBSQLite'
 11 | #endif
 12 |
[74/272] Compiling GRDB FTS3TokenizerDescriptor.swift
[75/272] Compiling GRDB FTS4.swift
[76/272] Compiling GRDB FTS5.swift
[77/272] Compiling GRDB FTS5CustomTokenizer.swift
[78/272] Compiling GRDB FTS5Pattern.swift
[79/272] Compiling GRDB FTS5Tokenizer.swift
[80/272] Compiling GRDB FTS5TokenizerDescriptor.swift
[81/272] Compiling GRDB FTS5WrapperTokenizer.swift
[82/272] Compiling GRDB Fixits.swift
[83/272] Compiling GRDB JSONColumn.swift
[84/272] Compiling GRDB SQLJSONExpressible.swift
[85/272] Compiling GRDB SQLJSONFunctions.swift
[98/272] Compiling GRDB Inflections.swift
<module-includes>:1:10: note: in file included from <module-includes>:1:
1 | #include "shim.h"
  |          `- note: in file included from <module-includes>:1:
2 |
/host/spi-builder-workspace/.build/checkouts/GRDB.swift/Sources/GRDBSQLite/shim.h:1:10: error: 'sqlite3.h' file not found
 1 | #include <sqlite3.h>
   |          `- error: 'sqlite3.h' file not found
 2 |
 3 | typedef void(*_errorLogCallback)(void *pArg, int iErrCode, const char *zMsg);
/host/spi-builder-workspace/.build/checkouts/GRDB.swift/GRDB/Core/Configuration.swift:10:8: error: could not build C module 'GRDBSQLite'
  8 | import SQLCipher
  9 | #else // Default SPM trait must be the default. It impossible to detect from Xcode.
 10 | import GRDBSQLite
    |        `- error: could not build C module 'GRDBSQLite'
 11 | #endif
 12 |
[99/272] Compiling GRDB Mutex.swift
<module-includes>:1:10: note: in file included from <module-includes>:1:
1 | #include "shim.h"
  |          `- note: in file included from <module-includes>:1:
2 |
/host/spi-builder-workspace/.build/checkouts/GRDB.swift/Sources/GRDBSQLite/shim.h:1:10: error: 'sqlite3.h' file not found
 1 | #include <sqlite3.h>
   |          `- error: 'sqlite3.h' file not found
 2 |
 3 | typedef void(*_errorLogCallback)(void *pArg, int iErrCode, const char *zMsg);
/host/spi-builder-workspace/.build/checkouts/GRDB.swift/GRDB/Core/Configuration.swift:10:8: error: could not build C module 'GRDBSQLite'
  8 | import SQLCipher
  9 | #else // Default SPM trait must be the default. It impossible to detect from Xcode.
 10 | import GRDBSQLite
    |        `- error: could not build C module 'GRDBSQLite'
 11 | #endif
 12 |
[100/272] Compiling GRDB OnDemandFuture.swift
<module-includes>:1:10: note: in file included from <module-includes>:1:
1 | #include "shim.h"
  |          `- note: in file included from <module-includes>:1:
2 |
/host/spi-builder-workspace/.build/checkouts/GRDB.swift/Sources/GRDBSQLite/shim.h:1:10: error: 'sqlite3.h' file not found
 1 | #include <sqlite3.h>
   |          `- error: 'sqlite3.h' file not found
 2 |
 3 | typedef void(*_errorLogCallback)(void *pArg, int iErrCode, const char *zMsg);
/host/spi-builder-workspace/.build/checkouts/GRDB.swift/GRDB/Core/Configuration.swift:10:8: error: could not build C module 'GRDBSQLite'
  8 | import SQLCipher
  9 | #else // Default SPM trait must be the default. It impossible to detect from Xcode.
 10 | import GRDBSQLite
    |        `- error: could not build C module 'GRDBSQLite'
 11 | #endif
 12 |
[101/272] Compiling GRDB OrderedDictionary.swift
<module-includes>:1:10: note: in file included from <module-includes>:1:
1 | #include "shim.h"
  |          `- note: in file included from <module-includes>:1:
2 |
/host/spi-builder-workspace/.build/checkouts/GRDB.swift/Sources/GRDBSQLite/shim.h:1:10: error: 'sqlite3.h' file not found
 1 | #include <sqlite3.h>
   |          `- error: 'sqlite3.h' file not found
 2 |
 3 | typedef void(*_errorLogCallback)(void *pArg, int iErrCode, const char *zMsg);
/host/spi-builder-workspace/.build/checkouts/GRDB.swift/GRDB/Core/Configuration.swift:10:8: error: could not build C module 'GRDBSQLite'
  8 | import SQLCipher
  9 | #else // Default SPM trait must be the default. It impossible to detect from Xcode.
 10 | import GRDBSQLite
    |        `- error: could not build C module 'GRDBSQLite'
 11 | #endif
 12 |
[102/272] Compiling GRDB Pool.swift
<module-includes>:1:10: note: in file included from <module-includes>:1:
1 | #include "shim.h"
  |          `- note: in file included from <module-includes>:1:
2 |
/host/spi-builder-workspace/.build/checkouts/GRDB.swift/Sources/GRDBSQLite/shim.h:1:10: error: 'sqlite3.h' file not found
 1 | #include <sqlite3.h>
   |          `- error: 'sqlite3.h' file not found
 2 |
 3 | typedef void(*_errorLogCallback)(void *pArg, int iErrCode, const char *zMsg);
/host/spi-builder-workspace/.build/checkouts/GRDB.swift/GRDB/Core/Configuration.swift:10:8: error: could not build C module 'GRDBSQLite'
  8 | import SQLCipher
  9 | #else // Default SPM trait must be the default. It impossible to detect from Xcode.
 10 | import GRDBSQLite
    |        `- error: could not build C module 'GRDBSQLite'
 11 | #endif
 12 |
[103/272] Compiling GRDB ReadWriteLock.swift
<module-includes>:1:10: note: in file included from <module-includes>:1:
1 | #include "shim.h"
  |          `- note: in file included from <module-includes>:1:
2 |
/host/spi-builder-workspace/.build/checkouts/GRDB.swift/Sources/GRDBSQLite/shim.h:1:10: error: 'sqlite3.h' file not found
 1 | #include <sqlite3.h>
   |          `- error: 'sqlite3.h' file not found
 2 |
 3 | typedef void(*_errorLogCallback)(void *pArg, int iErrCode, const char *zMsg);
/host/spi-builder-workspace/.build/checkouts/GRDB.swift/GRDB/Core/Configuration.swift:10:8: error: could not build C module 'GRDBSQLite'
  8 | import SQLCipher
  9 | #else // Default SPM trait must be the default. It impossible to detect from Xcode.
 10 | import GRDBSQLite
    |        `- error: could not build C module 'GRDBSQLite'
 11 | #endif
 12 |
[104/272] Compiling GRDB ReceiveValuesOn.swift
<module-includes>:1:10: note: in file included from <module-includes>:1:
1 | #include "shim.h"
  |          `- note: in file included from <module-includes>:1:
2 |
/host/spi-builder-workspace/.build/checkouts/GRDB.swift/Sources/GRDBSQLite/shim.h:1:10: error: 'sqlite3.h' file not found
 1 | #include <sqlite3.h>
   |          `- error: 'sqlite3.h' file not found
 2 |
 3 | typedef void(*_errorLogCallback)(void *pArg, int iErrCode, const char *zMsg);
/host/spi-builder-workspace/.build/checkouts/GRDB.swift/GRDB/Core/Configuration.swift:10:8: error: could not build C module 'GRDBSQLite'
  8 | import SQLCipher
  9 | #else // Default SPM trait must be the default. It impossible to detect from Xcode.
 10 | import GRDBSQLite
    |        `- error: could not build C module 'GRDBSQLite'
 11 | #endif
 12 |
[105/272] Compiling GRDB Refinable.swift
<module-includes>:1:10: note: in file included from <module-includes>:1:
1 | #include "shim.h"
  |          `- note: in file included from <module-includes>:1:
2 |
/host/spi-builder-workspace/.build/checkouts/GRDB.swift/Sources/GRDBSQLite/shim.h:1:10: error: 'sqlite3.h' file not found
 1 | #include <sqlite3.h>
   |          `- error: 'sqlite3.h' file not found
 2 |
 3 | typedef void(*_errorLogCallback)(void *pArg, int iErrCode, const char *zMsg);
/host/spi-builder-workspace/.build/checkouts/GRDB.swift/GRDB/Core/Configuration.swift:10:8: error: could not build C module 'GRDBSQLite'
  8 | import SQLCipher
  9 | #else // Default SPM trait must be the default. It impossible to detect from Xcode.
 10 | import GRDBSQLite
    |        `- error: could not build C module 'GRDBSQLite'
 11 | #endif
 12 |
[106/272] Compiling GRDB Utils.swift
<module-includes>:1:10: note: in file included from <module-includes>:1:
1 | #include "shim.h"
  |          `- note: in file included from <module-includes>:1:
2 |
/host/spi-builder-workspace/.build/checkouts/GRDB.swift/Sources/GRDBSQLite/shim.h:1:10: error: 'sqlite3.h' file not found
 1 | #include <sqlite3.h>
   |          `- error: 'sqlite3.h' file not found
 2 |
 3 | typedef void(*_errorLogCallback)(void *pArg, int iErrCode, const char *zMsg);
/host/spi-builder-workspace/.build/checkouts/GRDB.swift/GRDB/Core/Configuration.swift:10:8: error: could not build C module 'GRDBSQLite'
  8 | import SQLCipher
  9 | #else // Default SPM trait must be the default. It impossible to detect from Xcode.
 10 | import GRDBSQLite
    |        `- error: could not build C module 'GRDBSQLite'
 11 | #endif
 12 |
[107/272] Compiling GRDB DatabaseCancellable.swift
<module-includes>:1:10: note: in file included from <module-includes>:1:
1 | #include "shim.h"
  |          `- note: in file included from <module-includes>:1:
2 |
/host/spi-builder-workspace/.build/checkouts/GRDB.swift/Sources/GRDBSQLite/shim.h:1:10: error: 'sqlite3.h' file not found
 1 | #include <sqlite3.h>
   |          `- error: 'sqlite3.h' file not found
 2 |
 3 | typedef void(*_errorLogCallback)(void *pArg, int iErrCode, const char *zMsg);
/host/spi-builder-workspace/.build/checkouts/GRDB.swift/GRDB/Core/Configuration.swift:10:8: error: could not build C module 'GRDBSQLite'
  8 | import SQLCipher
  9 | #else // Default SPM trait must be the default. It impossible to detect from Xcode.
 10 | import GRDBSQLite
    |        `- error: could not build C module 'GRDBSQLite'
 11 | #endif
 12 |
[108/272] Compiling GRDB ValueConcurrentObserver.swift
<module-includes>:1:10: note: in file included from <module-includes>:1:
1 | #include "shim.h"
  |          `- note: in file included from <module-includes>:1:
2 |
/host/spi-builder-workspace/.build/checkouts/GRDB.swift/Sources/GRDBSQLite/shim.h:1:10: error: 'sqlite3.h' file not found
 1 | #include <sqlite3.h>
   |          `- error: 'sqlite3.h' file not found
 2 |
 3 | typedef void(*_errorLogCallback)(void *pArg, int iErrCode, const char *zMsg);
/host/spi-builder-workspace/.build/checkouts/GRDB.swift/GRDB/Core/Configuration.swift:10:8: error: could not build C module 'GRDBSQLite'
  8 | import SQLCipher
  9 | #else // Default SPM trait must be the default. It impossible to detect from Xcode.
 10 | import GRDBSQLite
    |        `- error: could not build C module 'GRDBSQLite'
 11 | #endif
 12 |
[109/272] Compiling GRDB ValueWriteOnlyObserver.swift
<module-includes>:1:10: note: in file included from <module-includes>:1:
1 | #include "shim.h"
  |          `- note: in file included from <module-includes>:1:
2 |
/host/spi-builder-workspace/.build/checkouts/GRDB.swift/Sources/GRDBSQLite/shim.h:1:10: error: 'sqlite3.h' file not found
 1 | #include <sqlite3.h>
   |          `- error: 'sqlite3.h' file not found
 2 |
 3 | typedef void(*_errorLogCallback)(void *pArg, int iErrCode, const char *zMsg);
/host/spi-builder-workspace/.build/checkouts/GRDB.swift/GRDB/Core/Configuration.swift:10:8: error: could not build C module 'GRDBSQLite'
  8 | import SQLCipher
  9 | #else // Default SPM trait must be the default. It impossible to detect from Xcode.
 10 | import GRDBSQLite
    |        `- error: could not build C module 'GRDBSQLite'
 11 | #endif
 12 |
[110/272] Compiling GRDB Fetch.swift
<module-includes>:1:10: note: in file included from <module-includes>:1:
1 | #include "shim.h"
  |          `- note: in file included from <module-includes>:1:
2 |
/host/spi-builder-workspace/.build/checkouts/GRDB.swift/Sources/GRDBSQLite/shim.h:1:10: error: 'sqlite3.h' file not found
 1 | #include <sqlite3.h>
   |          `- error: 'sqlite3.h' file not found
 2 |
 3 | typedef void(*_errorLogCallback)(void *pArg, int iErrCode, const char *zMsg);
/host/spi-builder-workspace/.build/checkouts/GRDB.swift/GRDB/Core/Configuration.swift:10:8: error: could not build C module 'GRDBSQLite'
  8 | import SQLCipher
  9 | #else // Default SPM trait must be the default. It impossible to detect from Xcode.
 10 | import GRDBSQLite
    |        `- error: could not build C module 'GRDBSQLite'
 11 | #endif
 12 |
[111/272] Compiling GRDB Map.swift
<module-includes>:1:10: note: in file included from <module-includes>:1:
1 | #include "shim.h"
  |          `- note: in file included from <module-includes>:1:
2 |
/host/spi-builder-workspace/.build/checkouts/GRDB.swift/Sources/GRDBSQLite/shim.h:1:10: error: 'sqlite3.h' file not found
 1 | #include <sqlite3.h>
   |          `- error: 'sqlite3.h' file not found
 2 |
 3 | typedef void(*_errorLogCallback)(void *pArg, int iErrCode, const char *zMsg);
/host/spi-builder-workspace/.build/checkouts/GRDB.swift/GRDB/Core/Configuration.swift:10:8: error: could not build C module 'GRDBSQLite'
  8 | import SQLCipher
  9 | #else // Default SPM trait must be the default. It impossible to detect from Xcode.
 10 | import GRDBSQLite
    |        `- error: could not build C module 'GRDBSQLite'
 11 | #endif
 12 |
[112/272] Compiling GRDB RemoveDuplicates.swift
<module-includes>:1:10: note: in file included from <module-includes>:1:
1 | #include "shim.h"
  |          `- note: in file included from <module-includes>:1:
2 |
/host/spi-builder-workspace/.build/checkouts/GRDB.swift/Sources/GRDBSQLite/shim.h:1:10: error: 'sqlite3.h' file not found
 1 | #include <sqlite3.h>
   |          `- error: 'sqlite3.h' file not found
 2 |
 3 | typedef void(*_errorLogCallback)(void *pArg, int iErrCode, const char *zMsg);
/host/spi-builder-workspace/.build/checkouts/GRDB.swift/GRDB/Core/Configuration.swift:10:8: error: could not build C module 'GRDBSQLite'
  8 | import SQLCipher
  9 | #else // Default SPM trait must be the default. It impossible to detect from Xcode.
 10 | import GRDBSQLite
    |        `- error: could not build C module 'GRDBSQLite'
 11 | #endif
 12 |
[113/272] Compiling GRDB Trace.swift
<module-includes>:1:10: note: in file included from <module-includes>:1:
1 | #include "shim.h"
  |          `- note: in file included from <module-includes>:1:
2 |
/host/spi-builder-workspace/.build/checkouts/GRDB.swift/Sources/GRDBSQLite/shim.h:1:10: error: 'sqlite3.h' file not found
 1 | #include <sqlite3.h>
   |          `- error: 'sqlite3.h' file not found
 2 |
 3 | typedef void(*_errorLogCallback)(void *pArg, int iErrCode, const char *zMsg);
/host/spi-builder-workspace/.build/checkouts/GRDB.swift/GRDB/Core/Configuration.swift:10:8: error: could not build C module 'GRDBSQLite'
  8 | import SQLCipher
  9 | #else // Default SPM trait must be the default. It impossible to detect from Xcode.
 10 | import GRDBSQLite
    |        `- error: could not build C module 'GRDBSQLite'
 11 | #endif
 12 |
[114/272] Compiling GRDB ValueReducer.swift
<module-includes>:1:10: note: in file included from <module-includes>:1:
1 | #include "shim.h"
  |          `- note: in file included from <module-includes>:1:
2 |
/host/spi-builder-workspace/.build/checkouts/GRDB.swift/Sources/GRDBSQLite/shim.h:1:10: error: 'sqlite3.h' file not found
 1 | #include <sqlite3.h>
   |          `- error: 'sqlite3.h' file not found
 2 |
 3 | typedef void(*_errorLogCallback)(void *pArg, int iErrCode, const char *zMsg);
/host/spi-builder-workspace/.build/checkouts/GRDB.swift/GRDB/Core/Configuration.swift:10:8: error: could not build C module 'GRDBSQLite'
  8 | import SQLCipher
  9 | #else // Default SPM trait must be the default. It impossible to detect from Xcode.
 10 | import GRDBSQLite
    |        `- error: could not build C module 'GRDBSQLite'
 11 | #endif
 12 |
[115/272] Compiling GRDB SharedValueObservation.swift
<module-includes>:1:10: note: in file included from <module-includes>:1:
1 | #include "shim.h"
  |          `- note: in file included from <module-includes>:1:
2 |
/host/spi-builder-workspace/.build/checkouts/GRDB.swift/Sources/GRDBSQLite/shim.h:1:10: error: 'sqlite3.h' file not found
 1 | #include <sqlite3.h>
   |          `- error: 'sqlite3.h' file not found
 2 |
 3 | typedef void(*_errorLogCallback)(void *pArg, int iErrCode, const char *zMsg);
/host/spi-builder-workspace/.build/checkouts/GRDB.swift/GRDB/Core/Configuration.swift:10:8: error: could not build C module 'GRDBSQLite'
  8 | import SQLCipher
  9 | #else // Default SPM trait must be the default. It impossible to detect from Xcode.
 10 | import GRDBSQLite
    |        `- error: could not build C module 'GRDBSQLite'
 11 | #endif
 12 |
[116/272] Compiling GRDB ValueObservation.swift
<module-includes>:1:10: note: in file included from <module-includes>:1:
1 | #include "shim.h"
  |          `- note: in file included from <module-includes>:1:
2 |
/host/spi-builder-workspace/.build/checkouts/GRDB.swift/Sources/GRDBSQLite/shim.h:1:10: error: 'sqlite3.h' file not found
 1 | #include <sqlite3.h>
   |          `- error: 'sqlite3.h' file not found
 2 |
 3 | typedef void(*_errorLogCallback)(void *pArg, int iErrCode, const char *zMsg);
/host/spi-builder-workspace/.build/checkouts/GRDB.swift/GRDB/Core/Configuration.swift:10:8: error: could not build C module 'GRDBSQLite'
  8 | import SQLCipher
  9 | #else // Default SPM trait must be the default. It impossible to detect from Xcode.
 10 | import GRDBSQLite
    |        `- error: could not build C module 'GRDBSQLite'
 11 | #endif
 12 |
[117/272] Compiling GRDB ValueObservationScheduler.swift
<module-includes>:1:10: note: in file included from <module-includes>:1:
1 | #include "shim.h"
  |          `- note: in file included from <module-includes>:1:
2 |
/host/spi-builder-workspace/.build/checkouts/GRDB.swift/Sources/GRDBSQLite/shim.h:1:10: error: 'sqlite3.h' file not found
 1 | #include <sqlite3.h>
   |          `- error: 'sqlite3.h' file not found
 2 |
 3 | typedef void(*_errorLogCallback)(void *pArg, int iErrCode, const char *zMsg);
/host/spi-builder-workspace/.build/checkouts/GRDB.swift/GRDB/Core/Configuration.swift:10:8: error: could not build C module 'GRDBSQLite'
  8 | import SQLCipher
  9 | #else // Default SPM trait must be the default. It impossible to detect from Xcode.
 10 | import GRDBSQLite
    |        `- error: could not build C module 'GRDBSQLite'
 11 | #endif
 12 |
[118/272] Compiling GRDB resource_bundle_accessor.swift
<module-includes>:1:10: note: in file included from <module-includes>:1:
1 | #include "shim.h"
  |          `- note: in file included from <module-includes>:1:
2 |
/host/spi-builder-workspace/.build/checkouts/GRDB.swift/Sources/GRDBSQLite/shim.h:1:10: error: 'sqlite3.h' file not found
 1 | #include <sqlite3.h>
   |          `- error: 'sqlite3.h' file not found
 2 |
 3 | typedef void(*_errorLogCallback)(void *pArg, int iErrCode, const char *zMsg);
/host/spi-builder-workspace/.build/checkouts/GRDB.swift/GRDB/Core/Configuration.swift:10:8: error: could not build C module 'GRDBSQLite'
  8 | import SQLCipher
  9 | #else // Default SPM trait must be the default. It impossible to detect from Xcode.
 10 | import GRDBSQLite
    |        `- error: could not build C module 'GRDBSQLite'
 11 | #endif
 12 |
[119/272] Compiling GRDB TableRecord+QueryInterfaceRequest.swift
<module-includes>:1:10: note: in file included from <module-includes>:1:
1 | #include "shim.h"
  |          `- note: in file included from <module-includes>:1:
2 |
/host/spi-builder-workspace/.build/checkouts/GRDB.swift/Sources/GRDBSQLite/shim.h:1:10: error: 'sqlite3.h' file not found
 1 | #include <sqlite3.h>
   |          `- error: 'sqlite3.h' file not found
 2 |
 3 | typedef void(*_errorLogCallback)(void *pArg, int iErrCode, const char *zMsg);
/host/spi-builder-workspace/.build/checkouts/GRDB.swift/GRDB/Core/Configuration.swift:10:8: error: could not build C module 'GRDBSQLite'
  8 | import SQLCipher
  9 | #else // Default SPM trait must be the default. It impossible to detect from Xcode.
 10 | import GRDBSQLite
    |        `- error: could not build C module 'GRDBSQLite'
 11 | #endif
 12 |
[120/272] Compiling GRDB EncodableRecord+Encodable.swift
<module-includes>:1:10: note: in file included from <module-includes>:1:
1 | #include "shim.h"
  |          `- note: in file included from <module-includes>:1:
2 |
/host/spi-builder-workspace/.build/checkouts/GRDB.swift/Sources/GRDBSQLite/shim.h:1:10: error: 'sqlite3.h' file not found
 1 | #include <sqlite3.h>
   |          `- error: 'sqlite3.h' file not found
 2 |
 3 | typedef void(*_errorLogCallback)(void *pArg, int iErrCode, const char *zMsg);
/host/spi-builder-workspace/.build/checkouts/GRDB.swift/GRDB/Core/Configuration.swift:10:8: error: could not build C module 'GRDBSQLite'
  8 | import SQLCipher
  9 | #else // Default SPM trait must be the default. It impossible to detect from Xcode.
 10 | import GRDBSQLite
    |        `- error: could not build C module 'GRDBSQLite'
 11 | #endif
 12 |
[121/272] Compiling GRDB EncodableRecord.swift
<module-includes>:1:10: note: in file included from <module-includes>:1:
1 | #include "shim.h"
  |          `- note: in file included from <module-includes>:1:
2 |
/host/spi-builder-workspace/.build/checkouts/GRDB.swift/Sources/GRDBSQLite/shim.h:1:10: error: 'sqlite3.h' file not found
 1 | #include <sqlite3.h>
   |          `- error: 'sqlite3.h' file not found
 2 |
 3 | typedef void(*_errorLogCallback)(void *pArg, int iErrCode, const char *zMsg);
/host/spi-builder-workspace/.build/checkouts/GRDB.swift/GRDB/Core/Configuration.swift:10:8: error: could not build C module 'GRDBSQLite'
  8 | import SQLCipher
  9 | #else // Default SPM trait must be the default. It impossible to detect from Xcode.
 10 | import GRDBSQLite
    |        `- error: could not build C module 'GRDBSQLite'
 11 | #endif
 12 |
[122/272] Compiling GRDB FetchableRecord+Decodable.swift
<module-includes>:1:10: note: in file included from <module-includes>:1:
1 | #include "shim.h"
  |          `- note: in file included from <module-includes>:1:
2 |
/host/spi-builder-workspace/.build/checkouts/GRDB.swift/Sources/GRDBSQLite/shim.h:1:10: error: 'sqlite3.h' file not found
 1 | #include <sqlite3.h>
   |          `- error: 'sqlite3.h' file not found
 2 |
 3 | typedef void(*_errorLogCallback)(void *pArg, int iErrCode, const char *zMsg);
/host/spi-builder-workspace/.build/checkouts/GRDB.swift/GRDB/Core/Configuration.swift:10:8: error: could not build C module 'GRDBSQLite'
  8 | import SQLCipher
  9 | #else // Default SPM trait must be the default. It impossible to detect from Xcode.
 10 | import GRDBSQLite
    |        `- error: could not build C module 'GRDBSQLite'
 11 | #endif
 12 |
[123/272] Compiling GRDB FetchableRecord+TableRecord.swift
<module-includes>:1:10: note: in file included from <module-includes>:1:
1 | #include "shim.h"
  |          `- note: in file included from <module-includes>:1:
2 |
/host/spi-builder-workspace/.build/checkouts/GRDB.swift/Sources/GRDBSQLite/shim.h:1:10: error: 'sqlite3.h' file not found
 1 | #include <sqlite3.h>
   |          `- error: 'sqlite3.h' file not found
 2 |
 3 | typedef void(*_errorLogCallback)(void *pArg, int iErrCode, const char *zMsg);
/host/spi-builder-workspace/.build/checkouts/GRDB.swift/GRDB/Core/Configuration.swift:10:8: error: could not build C module 'GRDBSQLite'
  8 | import SQLCipher
  9 | #else // Default SPM trait must be the default. It impossible to detect from Xcode.
 10 | import GRDBSQLite
    |        `- error: could not build C module 'GRDBSQLite'
 11 | #endif
 12 |
[124/272] Compiling GRDB FetchableRecord.swift
<module-includes>:1:10: note: in file included from <module-includes>:1:
1 | #include "shim.h"
  |          `- note: in file included from <module-includes>:1:
2 |
/host/spi-builder-workspace/.build/checkouts/GRDB.swift/Sources/GRDBSQLite/shim.h:1:10: error: 'sqlite3.h' file not found
 1 | #include <sqlite3.h>
   |          `- error: 'sqlite3.h' file not found
 2 |
 3 | typedef void(*_errorLogCallback)(void *pArg, int iErrCode, const char *zMsg);
/host/spi-builder-workspace/.build/checkouts/GRDB.swift/GRDB/Core/Configuration.swift:10:8: error: could not build C module 'GRDBSQLite'
  8 | import SQLCipher
  9 | #else // Default SPM trait must be the default. It impossible to detect from Xcode.
 10 | import GRDBSQLite
    |        `- error: could not build C module 'GRDBSQLite'
 11 | #endif
 12 |
[125/272] Compiling GRDB MutablePersistableRecord+DAO.swift
<module-includes>:1:10: note: in file included from <module-includes>:1:
1 | #include "shim.h"
  |          `- note: in file included from <module-includes>:1:
2 |
/host/spi-builder-workspace/.build/checkouts/GRDB.swift/Sources/GRDBSQLite/shim.h:1:10: error: 'sqlite3.h' file not found
 1 | #include <sqlite3.h>
   |          `- error: 'sqlite3.h' file not found
 2 |
 3 | typedef void(*_errorLogCallback)(void *pArg, int iErrCode, const char *zMsg);
/host/spi-builder-workspace/.build/checkouts/GRDB.swift/GRDB/Core/Configuration.swift:10:8: error: could not build C module 'GRDBSQLite'
  8 | import SQLCipher
  9 | #else // Default SPM trait must be the default. It impossible to detect from Xcode.
 10 | import GRDBSQLite
    |        `- error: could not build C module 'GRDBSQLite'
 11 | #endif
 12 |
[126/272] Compiling GRDB MutablePersistableRecord+Delete.swift
<module-includes>:1:10: note: in file included from <module-includes>:1:
1 | #include "shim.h"
  |          `- note: in file included from <module-includes>:1:
2 |
/host/spi-builder-workspace/.build/checkouts/GRDB.swift/Sources/GRDBSQLite/shim.h:1:10: error: 'sqlite3.h' file not found
 1 | #include <sqlite3.h>
   |          `- error: 'sqlite3.h' file not found
 2 |
 3 | typedef void(*_errorLogCallback)(void *pArg, int iErrCode, const char *zMsg);
/host/spi-builder-workspace/.build/checkouts/GRDB.swift/GRDB/Core/Configuration.swift:10:8: error: could not build C module 'GRDBSQLite'
  8 | import SQLCipher
  9 | #else // Default SPM trait must be the default. It impossible to detect from Xcode.
 10 | import GRDBSQLite
    |        `- error: could not build C module 'GRDBSQLite'
 11 | #endif
 12 |
[127/272] Compiling GRDB MutablePersistableRecord+Insert.swift
<module-includes>:1:10: note: in file included from <module-includes>:1:
1 | #include "shim.h"
  |          `- note: in file included from <module-includes>:1:
2 |
/host/spi-builder-workspace/.build/checkouts/GRDB.swift/Sources/GRDBSQLite/shim.h:1:10: error: 'sqlite3.h' file not found
 1 | #include <sqlite3.h>
   |          `- error: 'sqlite3.h' file not found
 2 |
 3 | typedef void(*_errorLogCallback)(void *pArg, int iErrCode, const char *zMsg);
/host/spi-builder-workspace/.build/checkouts/GRDB.swift/GRDB/Core/Configuration.swift:10:8: error: could not build C module 'GRDBSQLite'
  8 | import SQLCipher
  9 | #else // Default SPM trait must be the default. It impossible to detect from Xcode.
 10 | import GRDBSQLite
    |        `- error: could not build C module 'GRDBSQLite'
 11 | #endif
 12 |
[128/272] Compiling GRDB MutablePersistableRecord+Save.swift
<module-includes>:1:10: note: in file included from <module-includes>:1:
1 | #include "shim.h"
  |          `- note: in file included from <module-includes>:1:
2 |
/host/spi-builder-workspace/.build/checkouts/GRDB.swift/Sources/GRDBSQLite/shim.h:1:10: error: 'sqlite3.h' file not found
 1 | #include <sqlite3.h>
   |          `- error: 'sqlite3.h' file not found
 2 |
 3 | typedef void(*_errorLogCallback)(void *pArg, int iErrCode, const char *zMsg);
/host/spi-builder-workspace/.build/checkouts/GRDB.swift/GRDB/Core/Configuration.swift:10:8: error: could not build C module 'GRDBSQLite'
  8 | import SQLCipher
  9 | #else // Default SPM trait must be the default. It impossible to detect from Xcode.
 10 | import GRDBSQLite
    |        `- error: could not build C module 'GRDBSQLite'
 11 | #endif
 12 |
[129/272] Compiling GRDB MutablePersistableRecord+Update.swift
<module-includes>:1:10: note: in file included from <module-includes>:1:
1 | #include "shim.h"
  |          `- note: in file included from <module-includes>:1:
2 |
/host/spi-builder-workspace/.build/checkouts/GRDB.swift/Sources/GRDBSQLite/shim.h:1:10: error: 'sqlite3.h' file not found
 1 | #include <sqlite3.h>
   |          `- error: 'sqlite3.h' file not found
 2 |
 3 | typedef void(*_errorLogCallback)(void *pArg, int iErrCode, const char *zMsg);
/host/spi-builder-workspace/.build/checkouts/GRDB.swift/GRDB/Core/Configuration.swift:10:8: error: could not build C module 'GRDBSQLite'
  8 | import SQLCipher
  9 | #else // Default SPM trait must be the default. It impossible to detect from Xcode.
 10 | import GRDBSQLite
    |        `- error: could not build C module 'GRDBSQLite'
 11 | #endif
 12 |
[130/272] Compiling GRDB MutablePersistableRecord+Upsert.swift
<module-includes>:1:10: note: in file included from <module-includes>:1:
1 | #include "shim.h"
  |          `- note: in file included from <module-includes>:1:
2 |
/host/spi-builder-workspace/.build/checkouts/GRDB.swift/Sources/GRDBSQLite/shim.h:1:10: error: 'sqlite3.h' file not found
 1 | #include <sqlite3.h>
   |          `- error: 'sqlite3.h' file not found
 2 |
 3 | typedef void(*_errorLogCallback)(void *pArg, int iErrCode, const char *zMsg);
/host/spi-builder-workspace/.build/checkouts/GRDB.swift/GRDB/Core/Configuration.swift:10:8: error: could not build C module 'GRDBSQLite'
  8 | import SQLCipher
  9 | #else // Default SPM trait must be the default. It impossible to detect from Xcode.
 10 | import GRDBSQLite
    |        `- error: could not build C module 'GRDBSQLite'
 11 | #endif
 12 |
[131/272] Compiling GRDB MutablePersistableRecord.swift
<module-includes>:1:10: note: in file included from <module-includes>:1:
1 | #include "shim.h"
  |          `- note: in file included from <module-includes>:1:
2 |
/host/spi-builder-workspace/.build/checkouts/GRDB.swift/Sources/GRDBSQLite/shim.h:1:10: error: 'sqlite3.h' file not found
 1 | #include <sqlite3.h>
   |          `- error: 'sqlite3.h' file not found
 2 |
 3 | typedef void(*_errorLogCallback)(void *pArg, int iErrCode, const char *zMsg);
/host/spi-builder-workspace/.build/checkouts/GRDB.swift/GRDB/Core/Configuration.swift:10:8: error: could not build C module 'GRDBSQLite'
  8 | import SQLCipher
  9 | #else // Default SPM trait must be the default. It impossible to detect from Xcode.
 10 | import GRDBSQLite
    |        `- error: could not build C module 'GRDBSQLite'
 11 | #endif
 12 |
[132/272] Compiling GRDB PersistableRecord+Insert.swift
<module-includes>:1:10: note: in file included from <module-includes>:1:
1 | #include "shim.h"
  |          `- note: in file included from <module-includes>:1:
2 |
/host/spi-builder-workspace/.build/checkouts/GRDB.swift/Sources/GRDBSQLite/shim.h:1:10: error: 'sqlite3.h' file not found
 1 | #include <sqlite3.h>
   |          `- error: 'sqlite3.h' file not found
 2 |
 3 | typedef void(*_errorLogCallback)(void *pArg, int iErrCode, const char *zMsg);
/host/spi-builder-workspace/.build/checkouts/GRDB.swift/GRDB/Core/Configuration.swift:10:8: error: could not build C module 'GRDBSQLite'
  8 | import SQLCipher
  9 | #else // Default SPM trait must be the default. It impossible to detect from Xcode.
 10 | import GRDBSQLite
    |        `- error: could not build C module 'GRDBSQLite'
 11 | #endif
 12 |
[133/272] Compiling GRDB PersistableRecord+Save.swift
<module-includes>:1:10: note: in file included from <module-includes>:1:
1 | #include "shim.h"
  |          `- note: in file included from <module-includes>:1:
2 |
/host/spi-builder-workspace/.build/checkouts/GRDB.swift/Sources/GRDBSQLite/shim.h:1:10: error: 'sqlite3.h' file not found
 1 | #include <sqlite3.h>
   |          `- error: 'sqlite3.h' file not found
 2 |
 3 | typedef void(*_errorLogCallback)(void *pArg, int iErrCode, const char *zMsg);
/host/spi-builder-workspace/.build/checkouts/GRDB.swift/GRDB/Core/Configuration.swift:10:8: error: could not build C module 'GRDBSQLite'
  8 | import SQLCipher
  9 | #else // Default SPM trait must be the default. It impossible to detect from Xcode.
 10 | import GRDBSQLite
    |        `- error: could not build C module 'GRDBSQLite'
 11 | #endif
 12 |
[134/272] Compiling GRDB PersistableRecord+Upsert.swift
<module-includes>:1:10: note: in file included from <module-includes>:1:
1 | #include "shim.h"
  |          `- note: in file included from <module-includes>:1:
2 |
/host/spi-builder-workspace/.build/checkouts/GRDB.swift/Sources/GRDBSQLite/shim.h:1:10: error: 'sqlite3.h' file not found
 1 | #include <sqlite3.h>
   |          `- error: 'sqlite3.h' file not found
 2 |
 3 | typedef void(*_errorLogCallback)(void *pArg, int iErrCode, const char *zMsg);
/host/spi-builder-workspace/.build/checkouts/GRDB.swift/GRDB/Core/Configuration.swift:10:8: error: could not build C module 'GRDBSQLite'
  8 | import SQLCipher
  9 | #else // Default SPM trait must be the default. It impossible to detect from Xcode.
 10 | import GRDBSQLite
    |        `- error: could not build C module 'GRDBSQLite'
 11 | #endif
 12 |
[135/272] Compiling GRDB PersistableRecord.swift
<module-includes>:1:10: note: in file included from <module-includes>:1:
1 | #include "shim.h"
  |          `- note: in file included from <module-includes>:1:
2 |
/host/spi-builder-workspace/.build/checkouts/GRDB.swift/Sources/GRDBSQLite/shim.h:1:10: error: 'sqlite3.h' file not found
 1 | #include <sqlite3.h>
   |          `- error: 'sqlite3.h' file not found
 2 |
 3 | typedef void(*_errorLogCallback)(void *pArg, int iErrCode, const char *zMsg);
/host/spi-builder-workspace/.build/checkouts/GRDB.swift/GRDB/Core/Configuration.swift:10:8: error: could not build C module 'GRDBSQLite'
  8 | import SQLCipher
  9 | #else // Default SPM trait must be the default. It impossible to detect from Xcode.
 10 | import GRDBSQLite
    |        `- error: could not build C module 'GRDBSQLite'
 11 | #endif
 12 |
[136/272] Compiling GRDB Record.swift
<module-includes>:1:10: note: in file included from <module-includes>:1:
1 | #include "shim.h"
  |          `- note: in file included from <module-includes>:1:
2 |
/host/spi-builder-workspace/.build/checkouts/GRDB.swift/Sources/GRDBSQLite/shim.h:1:10: error: 'sqlite3.h' file not found
 1 | #include <sqlite3.h>
   |          `- error: 'sqlite3.h' file not found
 2 |
 3 | typedef void(*_errorLogCallback)(void *pArg, int iErrCode, const char *zMsg);
/host/spi-builder-workspace/.build/checkouts/GRDB.swift/GRDB/Core/Configuration.swift:10:8: error: could not build C module 'GRDBSQLite'
  8 | import SQLCipher
  9 | #else // Default SPM trait must be the default. It impossible to detect from Xcode.
 10 | import GRDBSQLite
    |        `- error: could not build C module 'GRDBSQLite'
 11 | #endif
 12 |
[137/272] Compiling GRDB TableRecord.swift
<module-includes>:1:10: note: in file included from <module-includes>:1:
1 | #include "shim.h"
  |          `- note: in file included from <module-includes>:1:
2 |
/host/spi-builder-workspace/.build/checkouts/GRDB.swift/Sources/GRDBSQLite/shim.h:1:10: error: 'sqlite3.h' file not found
 1 | #include <sqlite3.h>
   |          `- error: 'sqlite3.h' file not found
 2 |
 3 | typedef void(*_errorLogCallback)(void *pArg, int iErrCode, const char *zMsg);
/host/spi-builder-workspace/.build/checkouts/GRDB.swift/GRDB/Core/Configuration.swift:10:8: error: could not build C module 'GRDBSQLite'
  8 | import SQLCipher
  9 | #else // Default SPM trait must be the default. It impossible to detect from Xcode.
 10 | import GRDBSQLite
    |        `- error: could not build C module 'GRDBSQLite'
 11 | #endif
 12 |
[138/272] Compiling GRDB CaseInsensitiveIdentifier.swift
<module-includes>:1:10: note: in file included from <module-includes>:1:
1 | #include "shim.h"
  |          `- note: in file included from <module-includes>:1:
2 |
/host/spi-builder-workspace/.build/checkouts/GRDB.swift/Sources/GRDBSQLite/shim.h:1:10: error: 'sqlite3.h' file not found
 1 | #include <sqlite3.h>
   |          `- error: 'sqlite3.h' file not found
 2 |
 3 | typedef void(*_errorLogCallback)(void *pArg, int iErrCode, const char *zMsg);
/host/spi-builder-workspace/.build/checkouts/GRDB.swift/GRDB/Core/Configuration.swift:10:8: error: could not build C module 'GRDBSQLite'
  8 | import SQLCipher
  9 | #else // Default SPM trait must be the default. It impossible to detect from Xcode.
 10 | import GRDBSQLite
    |        `- error: could not build C module 'GRDBSQLite'
 11 | #endif
 12 |
[139/272] Compiling GRDB Inflections+English.swift
<module-includes>:1:10: note: in file included from <module-includes>:1:
1 | #include "shim.h"
  |          `- note: in file included from <module-includes>:1:
2 |
/host/spi-builder-workspace/.build/checkouts/GRDB.swift/Sources/GRDBSQLite/shim.h:1:10: error: 'sqlite3.h' file not found
 1 | #include <sqlite3.h>
   |          `- error: 'sqlite3.h' file not found
 2 |
 3 | typedef void(*_errorLogCallback)(void *pArg, int iErrCode, const char *zMsg);
/host/spi-builder-workspace/.build/checkouts/GRDB.swift/GRDB/Core/Configuration.swift:10:8: error: could not build C module 'GRDBSQLite'
  8 | import SQLCipher
  9 | #else // Default SPM trait must be the default. It impossible to detect from Xcode.
 10 | import GRDBSQLite
    |        `- error: could not build C module 'GRDBSQLite'
 11 | #endif
 12 |
[140/272] Compiling GRDB JSONDumpFormat.swift
<module-includes>:1:10: note: in file included from <module-includes>:1:
1 | #include "shim.h"
  |          `- note: in file included from <module-includes>:1:
2 |
/host/spi-builder-workspace/.build/checkouts/GRDB.swift/Sources/GRDBSQLite/shim.h:1:10: error: 'sqlite3.h' file not found
 1 | #include <sqlite3.h>
   |          `- error: 'sqlite3.h' file not found
 2 |
 3 | typedef void(*_errorLogCallback)(void *pArg, int iErrCode, const char *zMsg);
/host/spi-builder-workspace/.build/checkouts/GRDB.swift/GRDB/Core/Configuration.swift:10:8: error: could not build C module 'GRDBSQLite'
  8 | import SQLCipher
  9 | #else // Default SPM trait must be the default. It impossible to detect from Xcode.
 10 | import GRDBSQLite
    |        `- error: could not build C module 'GRDBSQLite'
 11 | #endif
 12 |
[141/272] Compiling GRDB LineDumpFormat.swift
<module-includes>:1:10: note: in file included from <module-includes>:1:
1 | #include "shim.h"
  |          `- note: in file included from <module-includes>:1:
2 |
/host/spi-builder-workspace/.build/checkouts/GRDB.swift/Sources/GRDBSQLite/shim.h:1:10: error: 'sqlite3.h' file not found
 1 | #include <sqlite3.h>
   |          `- error: 'sqlite3.h' file not found
 2 |
 3 | typedef void(*_errorLogCallback)(void *pArg, int iErrCode, const char *zMsg);
/host/spi-builder-workspace/.build/checkouts/GRDB.swift/GRDB/Core/Configuration.swift:10:8: error: could not build C module 'GRDBSQLite'
  8 | import SQLCipher
  9 | #else // Default SPM trait must be the default. It impossible to detect from Xcode.
 10 | import GRDBSQLite
    |        `- error: could not build C module 'GRDBSQLite'
 11 | #endif
 12 |
[142/272] Compiling GRDB ListDumpFormat.swift
<module-includes>:1:10: note: in file included from <module-includes>:1:
1 | #include "shim.h"
  |          `- note: in file included from <module-includes>:1:
2 |
/host/spi-builder-workspace/.build/checkouts/GRDB.swift/Sources/GRDBSQLite/shim.h:1:10: error: 'sqlite3.h' file not found
 1 | #include <sqlite3.h>
   |          `- error: 'sqlite3.h' file not found
 2 |
 3 | typedef void(*_errorLogCallback)(void *pArg, int iErrCode, const char *zMsg);
/host/spi-builder-workspace/.build/checkouts/GRDB.swift/GRDB/Core/Configuration.swift:10:8: error: could not build C module 'GRDBSQLite'
  8 | import SQLCipher
  9 | #else // Default SPM trait must be the default. It impossible to detect from Xcode.
 10 | import GRDBSQLite
    |        `- error: could not build C module 'GRDBSQLite'
 11 | #endif
 12 |
[143/272] Compiling GRDB QuoteDumpFormat.swift
<module-includes>:1:10: note: in file included from <module-includes>:1:
1 | #include "shim.h"
  |          `- note: in file included from <module-includes>:1:
2 |
/host/spi-builder-workspace/.build/checkouts/GRDB.swift/Sources/GRDBSQLite/shim.h:1:10: error: 'sqlite3.h' file not found
 1 | #include <sqlite3.h>
   |          `- error: 'sqlite3.h' file not found
 2 |
 3 | typedef void(*_errorLogCallback)(void *pArg, int iErrCode, const char *zMsg);
/host/spi-builder-workspace/.build/checkouts/GRDB.swift/GRDB/Core/Configuration.swift:10:8: error: could not build C module 'GRDBSQLite'
  8 | import SQLCipher
  9 | #else // Default SPM trait must be the default. It impossible to detect from Xcode.
 10 | import GRDBSQLite
    |        `- error: could not build C module 'GRDBSQLite'
 11 | #endif
 12 |
[144/272] Compiling GRDB FTS3.swift
<module-includes>:1:10: note: in file included from <module-includes>:1:
1 | #include "shim.h"
  |          `- note: in file included from <module-includes>:1:
2 |
/host/spi-builder-workspace/.build/checkouts/GRDB.swift/Sources/GRDBSQLite/shim.h:1:10: error: 'sqlite3.h' file not found
 1 | #include <sqlite3.h>
   |          `- error: 'sqlite3.h' file not found
 2 |
 3 | typedef void(*_errorLogCallback)(void *pArg, int iErrCode, const char *zMsg);
/host/spi-builder-workspace/.build/checkouts/GRDB.swift/GRDB/Core/Configuration.swift:10:8: error: could not build C module 'GRDBSQLite'
  8 | import SQLCipher
  9 | #else // Default SPM trait must be the default. It impossible to detect from Xcode.
 10 | import GRDBSQLite
    |        `- error: could not build C module 'GRDBSQLite'
 11 | #endif
 12 |
[145/272] Compiling GRDB FTS3Pattern.swift
<module-includes>:1:10: note: in file included from <module-includes>:1:
1 | #include "shim.h"
  |          `- note: in file included from <module-includes>:1:
2 |
/host/spi-builder-workspace/.build/checkouts/GRDB.swift/Sources/GRDBSQLite/shim.h:1:10: error: 'sqlite3.h' file not found
 1 | #include <sqlite3.h>
   |          `- error: 'sqlite3.h' file not found
 2 |
 3 | typedef void(*_errorLogCallback)(void *pArg, int iErrCode, const char *zMsg);
/host/spi-builder-workspace/.build/checkouts/GRDB.swift/GRDB/Core/Configuration.swift:10:8: error: could not build C module 'GRDBSQLite'
  8 | import SQLCipher
  9 | #else // Default SPM trait must be the default. It impossible to detect from Xcode.
 10 | import GRDBSQLite
    |        `- error: could not build C module 'GRDBSQLite'
 11 | #endif
 12 |
<module-includes>:1:10: note: in file included from <module-includes>:1:
1 | #include "shim.h"
  |          `- note: in file included from <module-includes>:1:
2 |
/host/spi-builder-workspace/.build/checkouts/GRDB.swift/Sources/GRDBSQLite/shim.h:1:10: error: 'sqlite3.h' file not found
 1 | #include <sqlite3.h>
   |          `- error: 'sqlite3.h' file not found
 2 |
 3 | typedef void(*_errorLogCallback)(void *pArg, int iErrCode, const char *zMsg);
/host/spi-builder-workspace/.build/checkouts/GRDB.swift/GRDB/Core/Configuration.swift:10:8: error: could not build C module 'GRDBSQLite'
  8 | import SQLCipher
  9 | #else // Default SPM trait must be the default. It impossible to detect from Xcode.
 10 | import GRDBSQLite
    |        `- error: could not build C module 'GRDBSQLite'
 11 | #endif
 12 |
<module-includes>:1:10: note: in file included from <module-includes>:1:
1 | #include "shim.h"
  |          `- note: in file included from <module-includes>:1:
2 |
/host/spi-builder-workspace/.build/checkouts/GRDB.swift/Sources/GRDBSQLite/shim.h:1:10: error: 'sqlite3.h' file not found
 1 | #include <sqlite3.h>
   |          `- error: 'sqlite3.h' file not found
 2 |
 3 | typedef void(*_errorLogCallback)(void *pArg, int iErrCode, const char *zMsg);
/host/spi-builder-workspace/.build/checkouts/GRDB.swift/GRDB/Core/Configuration.swift:10:8: error: could not build C module 'GRDBSQLite'
  8 | import SQLCipher
  9 | #else // Default SPM trait must be the default. It impossible to detect from Xcode.
 10 | import GRDBSQLite
    |        `- error: could not build C module 'GRDBSQLite'
 11 | #endif
 12 |
<module-includes>:1:10: note: in file included from <module-includes>:1:
1 | #include "shim.h"
  |          `- note: in file included from <module-includes>:1:
2 |
/host/spi-builder-workspace/.build/checkouts/GRDB.swift/Sources/GRDBSQLite/shim.h:1:10: error: 'sqlite3.h' file not found
 1 | #include <sqlite3.h>
   |          `- error: 'sqlite3.h' file not found
 2 |
 3 | typedef void(*_errorLogCallback)(void *pArg, int iErrCode, const char *zMsg);
/host/spi-builder-workspace/.build/checkouts/GRDB.swift/GRDB/Core/Configuration.swift:10:8: error: could not build C module 'GRDBSQLite'
  8 | import SQLCipher
  9 | #else // Default SPM trait must be the default. It impossible to detect from Xcode.
 10 | import GRDBSQLite
    |        `- error: could not build C module 'GRDBSQLite'
 11 | #endif
 12 |
<module-includes>:1:10: note: in file included from <module-includes>:1:
1 | #include "shim.h"
  |          `- note: in file included from <module-includes>:1:
2 |
/host/spi-builder-workspace/.build/checkouts/GRDB.swift/Sources/GRDBSQLite/shim.h:1:10: error: 'sqlite3.h' file not found
 1 | #include <sqlite3.h>
   |          `- error: 'sqlite3.h' file not found
 2 |
 3 | typedef void(*_errorLogCallback)(void *pArg, int iErrCode, const char *zMsg);
/host/spi-builder-workspace/.build/checkouts/GRDB.swift/GRDB/Core/Configuration.swift:10:8: error: could not build C module 'GRDBSQLite'
  8 | import SQLCipher
  9 | #else // Default SPM trait must be the default. It impossible to detect from Xcode.
 10 | import GRDBSQLite
    |        `- error: could not build C module 'GRDBSQLite'
 11 | #endif
 12 |
<module-includes>:1:10: note: in file included from <module-includes>:1:
1 | #include "shim.h"
  |          `- note: in file included from <module-includes>:1:
2 |
/host/spi-builder-workspace/.build/checkouts/GRDB.swift/Sources/GRDBSQLite/shim.h:1:10: error: 'sqlite3.h' file not found
 1 | #include <sqlite3.h>
   |          `- error: 'sqlite3.h' file not found
 2 |
 3 | typedef void(*_errorLogCallback)(void *pArg, int iErrCode, const char *zMsg);
/host/spi-builder-workspace/.build/checkouts/GRDB.swift/GRDB/Core/Configuration.swift:10:8: error: could not build C module 'GRDBSQLite'
  8 | import SQLCipher
  9 | #else // Default SPM trait must be the default. It impossible to detect from Xcode.
 10 | import GRDBSQLite
    |        `- error: could not build C module 'GRDBSQLite'
 11 | #endif
 12 |
<module-includes>:1:10: note: in file included from <module-includes>:1:
1 | #include "shim.h"
  |          `- note: in file included from <module-includes>:1:
2 |
/host/spi-builder-workspace/.build/checkouts/GRDB.swift/Sources/GRDBSQLite/shim.h:1:10: error: 'sqlite3.h' file not found
 1 | #include <sqlite3.h>
   |          `- error: 'sqlite3.h' file not found
 2 |
 3 | typedef void(*_errorLogCallback)(void *pArg, int iErrCode, const char *zMsg);
/host/spi-builder-workspace/.build/checkouts/GRDB.swift/GRDB/Core/Configuration.swift:10:8: error: could not build C module 'GRDBSQLite'
  8 | import SQLCipher
  9 | #else // Default SPM trait must be the default. It impossible to detect from Xcode.
 10 | import GRDBSQLite
    |        `- error: could not build C module 'GRDBSQLite'
 11 | #endif
 12 |
<module-includes>:1:10: note: in file included from <module-includes>:1:
1 | #include "shim.h"
  |          `- note: in file included from <module-includes>:1:
2 |
/host/spi-builder-workspace/.build/checkouts/GRDB.swift/Sources/GRDBSQLite/shim.h:1:10: error: 'sqlite3.h' file not found
 1 | #include <sqlite3.h>
   |          `- error: 'sqlite3.h' file not found
 2 |
 3 | typedef void(*_errorLogCallback)(void *pArg, int iErrCode, const char *zMsg);
/host/spi-builder-workspace/.build/checkouts/GRDB.swift/GRDB/Core/Configuration.swift:10:8: error: could not build C module 'GRDBSQLite'
  8 | import SQLCipher
  9 | #else // Default SPM trait must be the default. It impossible to detect from Xcode.
 10 | import GRDBSQLite
    |        `- error: could not build C module 'GRDBSQLite'
 11 | #endif
 12 |
<module-includes>:1:10: note: in file included from <module-includes>:1:
1 | #include "shim.h"
  |          `- note: in file included from <module-includes>:1:
2 |
/host/spi-builder-workspace/.build/checkouts/GRDB.swift/Sources/GRDBSQLite/shim.h:1:10: error: 'sqlite3.h' file not found
 1 | #include <sqlite3.h>
   |          `- error: 'sqlite3.h' file not found
 2 |
 3 | typedef void(*_errorLogCallback)(void *pArg, int iErrCode, const char *zMsg);
/host/spi-builder-workspace/.build/checkouts/GRDB.swift/GRDB/Core/Configuration.swift:10:8: error: could not build C module 'GRDBSQLite'
  8 | import SQLCipher
  9 | #else // Default SPM trait must be the default. It impossible to detect from Xcode.
 10 | import GRDBSQLite
    |        `- error: could not build C module 'GRDBSQLite'
 11 | #endif
 12 |
<module-includes>:1:10: note: in file included from <module-includes>:1:
1 | #include "shim.h"
  |          `- note: in file included from <module-includes>:1:
2 |
/host/spi-builder-workspace/.build/checkouts/GRDB.swift/Sources/GRDBSQLite/shim.h:1:10: error: 'sqlite3.h' file not found
 1 | #include <sqlite3.h>
   |          `- error: 'sqlite3.h' file not found
 2 |
 3 | typedef void(*_errorLogCallback)(void *pArg, int iErrCode, const char *zMsg);
/host/spi-builder-workspace/.build/checkouts/GRDB.swift/GRDB/Core/Configuration.swift:10:8: error: could not build C module 'GRDBSQLite'
  8 | import SQLCipher
  9 | #else // Default SPM trait must be the default. It impossible to detect from Xcode.
 10 | import GRDBSQLite
    |        `- error: could not build C module 'GRDBSQLite'
 11 | #endif
 12 |
<module-includes>:1:10: note: in file included from <module-includes>:1:
1 | #include "shim.h"
  |          `- note: in file included from <module-includes>:1:
2 |
/host/spi-builder-workspace/.build/checkouts/GRDB.swift/Sources/GRDBSQLite/shim.h:1:10: error: 'sqlite3.h' file not found
 1 | #include <sqlite3.h>
   |          `- error: 'sqlite3.h' file not found
 2 |
 3 | typedef void(*_errorLogCallback)(void *pArg, int iErrCode, const char *zMsg);
/host/spi-builder-workspace/.build/checkouts/GRDB.swift/GRDB/Core/Configuration.swift:10:8: error: could not build C module 'GRDBSQLite'
  8 | import SQLCipher
  9 | #else // Default SPM trait must be the default. It impossible to detect from Xcode.
 10 | import GRDBSQLite
    |        `- error: could not build C module 'GRDBSQLite'
 11 | #endif
 12 |
<module-includes>:1:10: note: in file included from <module-includes>:1:
1 | #include "shim.h"
  |          `- note: in file included from <module-includes>:1:
2 |
/host/spi-builder-workspace/.build/checkouts/GRDB.swift/Sources/GRDBSQLite/shim.h:1:10: error: 'sqlite3.h' file not found
 1 | #include <sqlite3.h>
   |          `- error: 'sqlite3.h' file not found
 2 |
 3 | typedef void(*_errorLogCallback)(void *pArg, int iErrCode, const char *zMsg);
/host/spi-builder-workspace/.build/checkouts/GRDB.swift/GRDB/Core/Configuration.swift:10:8: error: could not build C module 'GRDBSQLite'
  8 | import SQLCipher
  9 | #else // Default SPM trait must be the default. It impossible to detect from Xcode.
 10 | import GRDBSQLite
    |        `- error: could not build C module 'GRDBSQLite'
 11 | #endif
 12 |
<module-includes>:1:10: note: in file included from <module-includes>:1:
1 | #include "shim.h"
  |          `- note: in file included from <module-includes>:1:
2 |
/host/spi-builder-workspace/.build/checkouts/GRDB.swift/Sources/GRDBSQLite/shim.h:1:10: error: 'sqlite3.h' file not found
 1 | #include <sqlite3.h>
   |          `- error: 'sqlite3.h' file not found
 2 |
 3 | typedef void(*_errorLogCallback)(void *pArg, int iErrCode, const char *zMsg);
/host/spi-builder-workspace/.build/checkouts/GRDB.swift/GRDB/Core/Configuration.swift:10:8: error: could not build C module 'GRDBSQLite'
  8 | import SQLCipher
  9 | #else // Default SPM trait must be the default. It impossible to detect from Xcode.
 10 | import GRDBSQLite
    |        `- error: could not build C module 'GRDBSQLite'
 11 | #endif
 12 |
[158/272] Compiling SwiftProtobuf TextFormatEncodingOptions.swift
<module-includes>:1:10: note: in file included from <module-includes>:1:
1 | #include "shim.h"
  |          `- note: in file included from <module-includes>:1:
2 |
/host/spi-builder-workspace/.build/checkouts/GRDB.swift/Sources/GRDBSQLite/shim.h:1:10: error: 'sqlite3.h' file not found
 1 | #include <sqlite3.h>
   |          `- error: 'sqlite3.h' file not found
 2 |
 3 | typedef void(*_errorLogCallback)(void *pArg, int iErrCode, const char *zMsg);
/host/spi-builder-workspace/.build/checkouts/GRDB.swift/GRDB/Core/Configuration.swift:10:8: error: could not build C module 'GRDBSQLite'
  8 | import SQLCipher
  9 | #else // Default SPM trait must be the default. It impossible to detect from Xcode.
 10 | import GRDBSQLite
    |        `- error: could not build C module 'GRDBSQLite'
 11 | #endif
 12 |
[159/272] Compiling SwiftProtobuf TextFormatEncodingVisitor.swift
<module-includes>:1:10: note: in file included from <module-includes>:1:
1 | #include "shim.h"
  |          `- note: in file included from <module-includes>:1:
2 |
/host/spi-builder-workspace/.build/checkouts/GRDB.swift/Sources/GRDBSQLite/shim.h:1:10: error: 'sqlite3.h' file not found
 1 | #include <sqlite3.h>
   |          `- error: 'sqlite3.h' file not found
 2 |
 3 | typedef void(*_errorLogCallback)(void *pArg, int iErrCode, const char *zMsg);
/host/spi-builder-workspace/.build/checkouts/GRDB.swift/GRDB/Core/Configuration.swift:10:8: error: could not build C module 'GRDBSQLite'
  8 | import SQLCipher
  9 | #else // Default SPM trait must be the default. It impossible to detect from Xcode.
 10 | import GRDBSQLite
    |        `- error: could not build C module 'GRDBSQLite'
 11 | #endif
 12 |
[160/272] Compiling SwiftProtobuf TextFormatScanner.swift
<module-includes>:1:10: note: in file included from <module-includes>:1:
1 | #include "shim.h"
  |          `- note: in file included from <module-includes>:1:
2 |
/host/spi-builder-workspace/.build/checkouts/GRDB.swift/Sources/GRDBSQLite/shim.h:1:10: error: 'sqlite3.h' file not found
 1 | #include <sqlite3.h>
   |          `- error: 'sqlite3.h' file not found
 2 |
 3 | typedef void(*_errorLogCallback)(void *pArg, int iErrCode, const char *zMsg);
/host/spi-builder-workspace/.build/checkouts/GRDB.swift/GRDB/Core/Configuration.swift:10:8: error: could not build C module 'GRDBSQLite'
  8 | import SQLCipher
  9 | #else // Default SPM trait must be the default. It impossible to detect from Xcode.
 10 | import GRDBSQLite
    |        `- error: could not build C module 'GRDBSQLite'
 11 | #endif
 12 |
[173/272] Compiling SwiftProtobuf api.pb.swift
<module-includes>:1:10: note: in file included from <module-includes>:1:
1 | #include "shim.h"
  |          `- note: in file included from <module-includes>:1:
2 |
/host/spi-builder-workspace/.build/checkouts/GRDB.swift/Sources/GRDBSQLite/shim.h:1:10: error: 'sqlite3.h' file not found
 1 | #include <sqlite3.h>
   |          `- error: 'sqlite3.h' file not found
 2 |
 3 | typedef void(*_errorLogCallback)(void *pArg, int iErrCode, const char *zMsg);
/host/spi-builder-workspace/.build/checkouts/GRDB.swift/GRDB/Core/Configuration.swift:10:8: error: could not build C module 'GRDBSQLite'
  8 | import SQLCipher
  9 | #else // Default SPM trait must be the default. It impossible to detect from Xcode.
 10 | import GRDBSQLite
    |        `- error: could not build C module 'GRDBSQLite'
 11 | #endif
 12 |
[174/272] Compiling SwiftProtobuf descriptor.pb.swift
<module-includes>:1:10: note: in file included from <module-includes>:1:
1 | #include "shim.h"
  |          `- note: in file included from <module-includes>:1:
2 |
/host/spi-builder-workspace/.build/checkouts/GRDB.swift/Sources/GRDBSQLite/shim.h:1:10: error: 'sqlite3.h' file not found
 1 | #include <sqlite3.h>
   |          `- error: 'sqlite3.h' file not found
 2 |
 3 | typedef void(*_errorLogCallback)(void *pArg, int iErrCode, const char *zMsg);
/host/spi-builder-workspace/.build/checkouts/GRDB.swift/GRDB/Core/Configuration.swift:10:8: error: could not build C module 'GRDBSQLite'
  8 | import SQLCipher
  9 | #else // Default SPM trait must be the default. It impossible to detect from Xcode.
 10 | import GRDBSQLite
    |        `- error: could not build C module 'GRDBSQLite'
 11 | #endif
 12 |
[175/272] Compiling SwiftProtobuf duration.pb.swift
<module-includes>:1:10: note: in file included from <module-includes>:1:
1 | #include "shim.h"
  |          `- note: in file included from <module-includes>:1:
2 |
/host/spi-builder-workspace/.build/checkouts/GRDB.swift/Sources/GRDBSQLite/shim.h:1:10: error: 'sqlite3.h' file not found
 1 | #include <sqlite3.h>
   |          `- error: 'sqlite3.h' file not found
 2 |
 3 | typedef void(*_errorLogCallback)(void *pArg, int iErrCode, const char *zMsg);
/host/spi-builder-workspace/.build/checkouts/GRDB.swift/GRDB/Core/Configuration.swift:10:8: error: could not build C module 'GRDBSQLite'
  8 | import SQLCipher
  9 | #else // Default SPM trait must be the default. It impossible to detect from Xcode.
 10 | import GRDBSQLite
    |        `- error: could not build C module 'GRDBSQLite'
 11 | #endif
 12 |
[176/272] Compiling SwiftProtobuf empty.pb.swift
<module-includes>:1:10: note: in file included from <module-includes>:1:
1 | #include "shim.h"
  |          `- note: in file included from <module-includes>:1:
2 |
/host/spi-builder-workspace/.build/checkouts/GRDB.swift/Sources/GRDBSQLite/shim.h:1:10: error: 'sqlite3.h' file not found
 1 | #include <sqlite3.h>
   |          `- error: 'sqlite3.h' file not found
 2 |
 3 | typedef void(*_errorLogCallback)(void *pArg, int iErrCode, const char *zMsg);
/host/spi-builder-workspace/.build/checkouts/GRDB.swift/GRDB/Core/Configuration.swift:10:8: error: could not build C module 'GRDBSQLite'
  8 | import SQLCipher
  9 | #else // Default SPM trait must be the default. It impossible to detect from Xcode.
 10 | import GRDBSQLite
    |        `- error: could not build C module 'GRDBSQLite'
 11 | #endif
 12 |
[177/272] Compiling SwiftProtobuf field_mask.pb.swift
<module-includes>:1:10: note: in file included from <module-includes>:1:
1 | #include "shim.h"
  |          `- note: in file included from <module-includes>:1:
2 |
/host/spi-builder-workspace/.build/checkouts/GRDB.swift/Sources/GRDBSQLite/shim.h:1:10: error: 'sqlite3.h' file not found
 1 | #include <sqlite3.h>
   |          `- error: 'sqlite3.h' file not found
 2 |
 3 | typedef void(*_errorLogCallback)(void *pArg, int iErrCode, const char *zMsg);
/host/spi-builder-workspace/.build/checkouts/GRDB.swift/GRDB/Core/Configuration.swift:10:8: error: could not build C module 'GRDBSQLite'
  8 | import SQLCipher
  9 | #else // Default SPM trait must be the default. It impossible to detect from Xcode.
 10 | import GRDBSQLite
    |        `- error: could not build C module 'GRDBSQLite'
 11 | #endif
 12 |
[178/272] Compiling SwiftProtobuf source_context.pb.swift
<module-includes>:1:10: note: in file included from <module-includes>:1:
1 | #include "shim.h"
  |          `- note: in file included from <module-includes>:1:
2 |
/host/spi-builder-workspace/.build/checkouts/GRDB.swift/Sources/GRDBSQLite/shim.h:1:10: error: 'sqlite3.h' file not found
 1 | #include <sqlite3.h>
   |          `- error: 'sqlite3.h' file not found
 2 |
 3 | typedef void(*_errorLogCallback)(void *pArg, int iErrCode, const char *zMsg);
/host/spi-builder-workspace/.build/checkouts/GRDB.swift/GRDB/Core/Configuration.swift:10:8: error: could not build C module 'GRDBSQLite'
  8 | import SQLCipher
  9 | #else // Default SPM trait must be the default. It impossible to detect from Xcode.
 10 | import GRDBSQLite
    |        `- error: could not build C module 'GRDBSQLite'
 11 | #endif
 12 |
[179/272] Compiling SwiftProtobuf struct.pb.swift
<module-includes>:1:10: note: in file included from <module-includes>:1:
1 | #include "shim.h"
  |          `- note: in file included from <module-includes>:1:
2 |
/host/spi-builder-workspace/.build/checkouts/GRDB.swift/Sources/GRDBSQLite/shim.h:1:10: error: 'sqlite3.h' file not found
 1 | #include <sqlite3.h>
   |          `- error: 'sqlite3.h' file not found
 2 |
 3 | typedef void(*_errorLogCallback)(void *pArg, int iErrCode, const char *zMsg);
/host/spi-builder-workspace/.build/checkouts/GRDB.swift/GRDB/Core/Configuration.swift:10:8: error: could not build C module 'GRDBSQLite'
  8 | import SQLCipher
  9 | #else // Default SPM trait must be the default. It impossible to detect from Xcode.
 10 | import GRDBSQLite
    |        `- error: could not build C module 'GRDBSQLite'
 11 | #endif
 12 |
[180/272] Compiling SwiftProtobuf timestamp.pb.swift
<module-includes>:1:10: note: in file included from <module-includes>:1:
1 | #include "shim.h"
  |          `- note: in file included from <module-includes>:1:
2 |
/host/spi-builder-workspace/.build/checkouts/GRDB.swift/Sources/GRDBSQLite/shim.h:1:10: error: 'sqlite3.h' file not found
 1 | #include <sqlite3.h>
   |          `- error: 'sqlite3.h' file not found
 2 |
 3 | typedef void(*_errorLogCallback)(void *pArg, int iErrCode, const char *zMsg);
/host/spi-builder-workspace/.build/checkouts/GRDB.swift/GRDB/Core/Configuration.swift:10:8: error: could not build C module 'GRDBSQLite'
  8 | import SQLCipher
  9 | #else // Default SPM trait must be the default. It impossible to detect from Xcode.
 10 | import GRDBSQLite
    |        `- error: could not build C module 'GRDBSQLite'
 11 | #endif
 12 |
[181/272] Compiling SwiftProtobuf type.pb.swift
<module-includes>:1:10: note: in file included from <module-includes>:1:
1 | #include "shim.h"
  |          `- note: in file included from <module-includes>:1:
2 |
/host/spi-builder-workspace/.build/checkouts/GRDB.swift/Sources/GRDBSQLite/shim.h:1:10: error: 'sqlite3.h' file not found
 1 | #include <sqlite3.h>
   |          `- error: 'sqlite3.h' file not found
 2 |
 3 | typedef void(*_errorLogCallback)(void *pArg, int iErrCode, const char *zMsg);
/host/spi-builder-workspace/.build/checkouts/GRDB.swift/GRDB/Core/Configuration.swift:10:8: error: could not build C module 'GRDBSQLite'
  8 | import SQLCipher
  9 | #else // Default SPM trait must be the default. It impossible to detect from Xcode.
 10 | import GRDBSQLite
    |        `- error: could not build C module 'GRDBSQLite'
 11 | #endif
 12 |
[182/272] Compiling SwiftProtobuf wrappers.pb.swift
<module-includes>:1:10: note: in file included from <module-includes>:1:
1 | #include "shim.h"
  |          `- note: in file included from <module-includes>:1:
2 |
/host/spi-builder-workspace/.build/checkouts/GRDB.swift/Sources/GRDBSQLite/shim.h:1:10: error: 'sqlite3.h' file not found
 1 | #include <sqlite3.h>
   |          `- error: 'sqlite3.h' file not found
 2 |
 3 | typedef void(*_errorLogCallback)(void *pArg, int iErrCode, const char *zMsg);
/host/spi-builder-workspace/.build/checkouts/GRDB.swift/GRDB/Core/Configuration.swift:10:8: error: could not build C module 'GRDBSQLite'
  8 | import SQLCipher
  9 | #else // Default SPM trait must be the default. It impossible to detect from Xcode.
 10 | import GRDBSQLite
    |        `- error: could not build C module 'GRDBSQLite'
 11 | #endif
 12 |
[183/272] Compiling GRDB SchedulingWatchdog.swift
<module-includes>:1:10: note: in file included from <module-includes>:1:
1 | #include "shim.h"
  |          `- note: in file included from <module-includes>:1:
2 |
/host/spi-builder-workspace/.build/checkouts/GRDB.swift/Sources/GRDBSQLite/shim.h:1:10: error: 'sqlite3.h' file not found
 1 | #include <sqlite3.h>
   |          `- error: 'sqlite3.h' file not found
 2 |
 3 | typedef void(*_errorLogCallback)(void *pArg, int iErrCode, const char *zMsg);
/host/spi-builder-workspace/.build/checkouts/GRDB.swift/GRDB/Core/Configuration.swift:10:8: error: could not build C module 'GRDBSQLite'
  8 | import SQLCipher
  9 | #else // Default SPM trait must be the default. It impossible to detect from Xcode.
 10 | import GRDBSQLite
    |        `- error: could not build C module 'GRDBSQLite'
 11 | #endif
 12 |
[184/272] Compiling GRDB SerializedDatabase.swift
<module-includes>:1:10: note: in file included from <module-includes>:1:
1 | #include "shim.h"
  |          `- note: in file included from <module-includes>:1:
2 |
/host/spi-builder-workspace/.build/checkouts/GRDB.swift/Sources/GRDBSQLite/shim.h:1:10: error: 'sqlite3.h' file not found
 1 | #include <sqlite3.h>
   |          `- error: 'sqlite3.h' file not found
 2 |
 3 | typedef void(*_errorLogCallback)(void *pArg, int iErrCode, const char *zMsg);
/host/spi-builder-workspace/.build/checkouts/GRDB.swift/GRDB/Core/Configuration.swift:10:8: error: could not build C module 'GRDBSQLite'
  8 | import SQLCipher
  9 | #else // Default SPM trait must be the default. It impossible to detect from Xcode.
 10 | import GRDBSQLite
    |        `- error: could not build C module 'GRDBSQLite'
 11 | #endif
 12 |
[185/272] Compiling GRDB Statement.swift
<module-includes>:1:10: note: in file included from <module-includes>:1:
1 | #include "shim.h"
  |          `- note: in file included from <module-includes>:1:
2 |
/host/spi-builder-workspace/.build/checkouts/GRDB.swift/Sources/GRDBSQLite/shim.h:1:10: error: 'sqlite3.h' file not found
 1 | #include <sqlite3.h>
   |          `- error: 'sqlite3.h' file not found
 2 |
 3 | typedef void(*_errorLogCallback)(void *pArg, int iErrCode, const char *zMsg);
/host/spi-builder-workspace/.build/checkouts/GRDB.swift/GRDB/Core/Configuration.swift:10:8: error: could not build C module 'GRDBSQLite'
  8 | import SQLCipher
  9 | #else // Default SPM trait must be the default. It impossible to detect from Xcode.
 10 | import GRDBSQLite
    |        `- error: could not build C module 'GRDBSQLite'
 11 | #endif
 12 |
[186/272] Compiling GRDB StatementAuthorizer.swift
<module-includes>:1:10: note: in file included from <module-includes>:1:
1 | #include "shim.h"
  |          `- note: in file included from <module-includes>:1:
2 |
/host/spi-builder-workspace/.build/checkouts/GRDB.swift/Sources/GRDBSQLite/shim.h:1:10: error: 'sqlite3.h' file not found
 1 | #include <sqlite3.h>
   |          `- error: 'sqlite3.h' file not found
 2 |
 3 | typedef void(*_errorLogCallback)(void *pArg, int iErrCode, const char *zMsg);
/host/spi-builder-workspace/.build/checkouts/GRDB.swift/GRDB/Core/Configuration.swift:10:8: error: could not build C module 'GRDBSQLite'
  8 | import SQLCipher
  9 | #else // Default SPM trait must be the default. It impossible to detect from Xcode.
 10 | import GRDBSQLite
    |        `- error: could not build C module 'GRDBSQLite'
 11 | #endif
 12 |
[187/272] Compiling GRDB StatementColumnConvertible.swift
<module-includes>:1:10: note: in file included from <module-includes>:1:
1 | #include "shim.h"
  |          `- note: in file included from <module-includes>:1:
2 |
/host/spi-builder-workspace/.build/checkouts/GRDB.swift/Sources/GRDBSQLite/shim.h:1:10: error: 'sqlite3.h' file not found
 1 | #include <sqlite3.h>
   |          `- error: 'sqlite3.h' file not found
 2 |
 3 | typedef void(*_errorLogCallback)(void *pArg, int iErrCode, const char *zMsg);
/host/spi-builder-workspace/.build/checkouts/GRDB.swift/GRDB/Core/Configuration.swift:10:8: error: could not build C module 'GRDBSQLite'
  8 | import SQLCipher
  9 | #else // Default SPM trait must be the default. It impossible to detect from Xcode.
 10 | import GRDBSQLite
    |        `- error: could not build C module 'GRDBSQLite'
 11 | #endif
 12 |
[188/272] Compiling GRDB CGFloat.swift
<module-includes>:1:10: note: in file included from <module-includes>:1:
1 | #include "shim.h"
  |          `- note: in file included from <module-includes>:1:
2 |
/host/spi-builder-workspace/.build/checkouts/GRDB.swift/Sources/GRDBSQLite/shim.h:1:10: error: 'sqlite3.h' file not found
 1 | #include <sqlite3.h>
   |          `- error: 'sqlite3.h' file not found
 2 |
 3 | typedef void(*_errorLogCallback)(void *pArg, int iErrCode, const char *zMsg);
/host/spi-builder-workspace/.build/checkouts/GRDB.swift/GRDB/Core/Configuration.swift:10:8: error: could not build C module 'GRDBSQLite'
  8 | import SQLCipher
  9 | #else // Default SPM trait must be the default. It impossible to detect from Xcode.
 10 | import GRDBSQLite
    |        `- error: could not build C module 'GRDBSQLite'
 11 | #endif
 12 |
[189/272] Compiling GRDB Data.swift
<module-includes>:1:10: note: in file included from <module-includes>:1:
1 | #include "shim.h"
  |          `- note: in file included from <module-includes>:1:
2 |
/host/spi-builder-workspace/.build/checkouts/GRDB.swift/Sources/GRDBSQLite/shim.h:1:10: error: 'sqlite3.h' file not found
 1 | #include <sqlite3.h>
   |          `- error: 'sqlite3.h' file not found
 2 |
 3 | typedef void(*_errorLogCallback)(void *pArg, int iErrCode, const char *zMsg);
/host/spi-builder-workspace/.build/checkouts/GRDB.swift/GRDB/Core/Configuration.swift:10:8: error: could not build C module 'GRDBSQLite'
  8 | import SQLCipher
  9 | #else // Default SPM trait must be the default. It impossible to detect from Xcode.
 10 | import GRDBSQLite
    |        `- error: could not build C module 'GRDBSQLite'
 11 | #endif
 12 |
[190/272] Compiling GRDB DatabaseDateComponents.swift
<module-includes>:1:10: note: in file included from <module-includes>:1:
1 | #include "shim.h"
  |          `- note: in file included from <module-includes>:1:
2 |
/host/spi-builder-workspace/.build/checkouts/GRDB.swift/Sources/GRDBSQLite/shim.h:1:10: error: 'sqlite3.h' file not found
 1 | #include <sqlite3.h>
   |          `- error: 'sqlite3.h' file not found
 2 |
 3 | typedef void(*_errorLogCallback)(void *pArg, int iErrCode, const char *zMsg);
/host/spi-builder-workspace/.build/checkouts/GRDB.swift/GRDB/Core/Configuration.swift:10:8: error: could not build C module 'GRDBSQLite'
  8 | import SQLCipher
  9 | #else // Default SPM trait must be the default. It impossible to detect from Xcode.
 10 | import GRDBSQLite
    |        `- error: could not build C module 'GRDBSQLite'
 11 | #endif
 12 |
[191/272] Compiling GRDB DatabaseValueConvertible+ReferenceConvertible.swift
<module-includes>:1:10: note: in file included from <module-includes>:1:
1 | #include "shim.h"
  |          `- note: in file included from <module-includes>:1:
2 |
/host/spi-builder-workspace/.build/checkouts/GRDB.swift/Sources/GRDBSQLite/shim.h:1:10: error: 'sqlite3.h' file not found
 1 | #include <sqlite3.h>
   |          `- error: 'sqlite3.h' file not found
 2 |
 3 | typedef void(*_errorLogCallback)(void *pArg, int iErrCode, const char *zMsg);
/host/spi-builder-workspace/.build/checkouts/GRDB.swift/GRDB/Core/Configuration.swift:10:8: error: could not build C module 'GRDBSQLite'
  8 | import SQLCipher
  9 | #else // Default SPM trait must be the default. It impossible to detect from Xcode.
 10 | import GRDBSQLite
    |        `- error: could not build C module 'GRDBSQLite'
 11 | #endif
 12 |
[192/272] Compiling GRDB Date.swift
<module-includes>:1:10: note: in file included from <module-includes>:1:
1 | #include "shim.h"
  |          `- note: in file included from <module-includes>:1:
2 |
/host/spi-builder-workspace/.build/checkouts/GRDB.swift/Sources/GRDBSQLite/shim.h:1:10: error: 'sqlite3.h' file not found
 1 | #include <sqlite3.h>
   |          `- error: 'sqlite3.h' file not found
 2 |
 3 | typedef void(*_errorLogCallback)(void *pArg, int iErrCode, const char *zMsg);
/host/spi-builder-workspace/.build/checkouts/GRDB.swift/GRDB/Core/Configuration.swift:10:8: error: could not build C module 'GRDBSQLite'
  8 | import SQLCipher
  9 | #else // Default SPM trait must be the default. It impossible to detect from Xcode.
 10 | import GRDBSQLite
    |        `- error: could not build C module 'GRDBSQLite'
 11 | #endif
 12 |
[193/272] Compiling GRDB Decimal.swift
<module-includes>:1:10: note: in file included from <module-includes>:1:
1 | #include "shim.h"
  |          `- note: in file included from <module-includes>:1:
2 |
/host/spi-builder-workspace/.build/checkouts/GRDB.swift/Sources/GRDBSQLite/shim.h:1:10: error: 'sqlite3.h' file not found
 1 | #include <sqlite3.h>
   |          `- error: 'sqlite3.h' file not found
 2 |
 3 | typedef void(*_errorLogCallback)(void *pArg, int iErrCode, const char *zMsg);
/host/spi-builder-workspace/.build/checkouts/GRDB.swift/GRDB/Core/Configuration.swift:10:8: error: could not build C module 'GRDBSQLite'
  8 | import SQLCipher
  9 | #else // Default SPM trait must be the default. It impossible to detect from Xcode.
 10 | import GRDBSQLite
    |        `- error: could not build C module 'GRDBSQLite'
 11 | #endif
 12 |
[206/272] Compiling GRDB FTS5+QueryInterface.swift
<module-includes>:1:10: note: in file included from <module-includes>:1:
1 | #include "shim.h"
  |          `- note: in file included from <module-includes>:1:
2 |
/host/spi-builder-workspace/.build/checkouts/GRDB.swift/Sources/GRDBSQLite/shim.h:1:10: error: 'sqlite3.h' file not found
 1 | #include <sqlite3.h>
   |          `- error: 'sqlite3.h' file not found
 2 |
 3 | typedef void(*_errorLogCallback)(void *pArg, int iErrCode, const char *zMsg);
/host/spi-builder-workspace/.build/checkouts/GRDB.swift/GRDB/Core/Configuration.swift:10:8: error: could not build C module 'GRDBSQLite'
  8 | import SQLCipher
  9 | #else // Default SPM trait must be the default. It impossible to detect from Xcode.
 10 | import GRDBSQLite
    |        `- error: could not build C module 'GRDBSQLite'
 11 | #endif
 12 |
[207/272] Compiling GRDB ForeignKey.swift
<module-includes>:1:10: note: in file included from <module-includes>:1:
1 | #include "shim.h"
  |          `- note: in file included from <module-includes>:1:
2 |
/host/spi-builder-workspace/.build/checkouts/GRDB.swift/Sources/GRDBSQLite/shim.h:1:10: error: 'sqlite3.h' file not found
 1 | #include <sqlite3.h>
   |          `- error: 'sqlite3.h' file not found
 2 |
 3 | typedef void(*_errorLogCallback)(void *pArg, int iErrCode, const char *zMsg);
/host/spi-builder-workspace/.build/checkouts/GRDB.swift/GRDB/Core/Configuration.swift:10:8: error: could not build C module 'GRDBSQLite'
  8 | import SQLCipher
  9 | #else // Default SPM trait must be the default. It impossible to detect from Xcode.
 10 | import GRDBSQLite
    |        `- error: could not build C module 'GRDBSQLite'
 11 | #endif
 12 |
[208/272] Compiling GRDB Association.swift
<module-includes>:1:10: note: in file included from <module-includes>:1:
1 | #include "shim.h"
  |          `- note: in file included from <module-includes>:1:
2 |
/host/spi-builder-workspace/.build/checkouts/GRDB.swift/Sources/GRDBSQLite/shim.h:1:10: error: 'sqlite3.h' file not found
 1 | #include <sqlite3.h>
   |          `- error: 'sqlite3.h' file not found
 2 |
 3 | typedef void(*_errorLogCallback)(void *pArg, int iErrCode, const char *zMsg);
/host/spi-builder-workspace/.build/checkouts/GRDB.swift/GRDB/Core/Configuration.swift:10:8: error: could not build C module 'GRDBSQLite'
  8 | import SQLCipher
  9 | #else // Default SPM trait must be the default. It impossible to detect from Xcode.
 10 | import GRDBSQLite
    |        `- error: could not build C module 'GRDBSQLite'
 11 | #endif
 12 |
[209/272] Compiling GRDB AssociationAggregate.swift
<module-includes>:1:10: note: in file included from <module-includes>:1:
1 | #include "shim.h"
  |          `- note: in file included from <module-includes>:1:
2 |
/host/spi-builder-workspace/.build/checkouts/GRDB.swift/Sources/GRDBSQLite/shim.h:1:10: error: 'sqlite3.h' file not found
 1 | #include <sqlite3.h>
   |          `- error: 'sqlite3.h' file not found
 2 |
 3 | typedef void(*_errorLogCallback)(void *pArg, int iErrCode, const char *zMsg);
/host/spi-builder-workspace/.build/checkouts/GRDB.swift/GRDB/Core/Configuration.swift:10:8: error: could not build C module 'GRDBSQLite'
  8 | import SQLCipher
  9 | #else // Default SPM trait must be the default. It impossible to detect from Xcode.
 10 | import GRDBSQLite
    |        `- error: could not build C module 'GRDBSQLite'
 11 | #endif
 12 |
[210/272] Compiling GRDB BelongsToAssociation.swift
<module-includes>:1:10: note: in file included from <module-includes>:1:
1 | #include "shim.h"
  |          `- note: in file included from <module-includes>:1:
2 |
/host/spi-builder-workspace/.build/checkouts/GRDB.swift/Sources/GRDBSQLite/shim.h:1:10: error: 'sqlite3.h' file not found
 1 | #include <sqlite3.h>
   |          `- error: 'sqlite3.h' file not found
 2 |
 3 | typedef void(*_errorLogCallback)(void *pArg, int iErrCode, const char *zMsg);
/host/spi-builder-workspace/.build/checkouts/GRDB.swift/GRDB/Core/Configuration.swift:10:8: error: could not build C module 'GRDBSQLite'
  8 | import SQLCipher
  9 | #else // Default SPM trait must be the default. It impossible to detect from Xcode.
 10 | import GRDBSQLite
    |        `- error: could not build C module 'GRDBSQLite'
 11 | #endif
 12 |
[211/272] Compiling GRDB HasManyAssociation.swift
<module-includes>:1:10: note: in file included from <module-includes>:1:
1 | #include "shim.h"
  |          `- note: in file included from <module-includes>:1:
2 |
/host/spi-builder-workspace/.build/checkouts/GRDB.swift/Sources/GRDBSQLite/shim.h:1:10: error: 'sqlite3.h' file not found
 1 | #include <sqlite3.h>
   |          `- error: 'sqlite3.h' file not found
 2 |
 3 | typedef void(*_errorLogCallback)(void *pArg, int iErrCode, const char *zMsg);
/host/spi-builder-workspace/.build/checkouts/GRDB.swift/GRDB/Core/Configuration.swift:10:8: error: could not build C module 'GRDBSQLite'
  8 | import SQLCipher
  9 | #else // Default SPM trait must be the default. It impossible to detect from Xcode.
 10 | import GRDBSQLite
    |        `- error: could not build C module 'GRDBSQLite'
 11 | #endif
 12 |
[212/272] Compiling GRDB HasManyThroughAssociation.swift
<module-includes>:1:10: note: in file included from <module-includes>:1:
1 | #include "shim.h"
  |          `- note: in file included from <module-includes>:1:
2 |
/host/spi-builder-workspace/.build/checkouts/GRDB.swift/Sources/GRDBSQLite/shim.h:1:10: error: 'sqlite3.h' file not found
 1 | #include <sqlite3.h>
   |          `- error: 'sqlite3.h' file not found
 2 |
 3 | typedef void(*_errorLogCallback)(void *pArg, int iErrCode, const char *zMsg);
/host/spi-builder-workspace/.build/checkouts/GRDB.swift/GRDB/Core/Configuration.swift:10:8: error: could not build C module 'GRDBSQLite'
  8 | import SQLCipher
  9 | #else // Default SPM trait must be the default. It impossible to detect from Xcode.
 10 | import GRDBSQLite
    |        `- error: could not build C module 'GRDBSQLite'
 11 | #endif
 12 |
[213/272] Compiling GRDB HasOneAssociation.swift
<module-includes>:1:10: note: in file included from <module-includes>:1:
1 | #include "shim.h"
  |          `- note: in file included from <module-includes>:1:
2 |
/host/spi-builder-workspace/.build/checkouts/GRDB.swift/Sources/GRDBSQLite/shim.h:1:10: error: 'sqlite3.h' file not found
 1 | #include <sqlite3.h>
   |          `- error: 'sqlite3.h' file not found
 2 |
 3 | typedef void(*_errorLogCallback)(void *pArg, int iErrCode, const char *zMsg);
/host/spi-builder-workspace/.build/checkouts/GRDB.swift/GRDB/Core/Configuration.swift:10:8: error: could not build C module 'GRDBSQLite'
  8 | import SQLCipher
  9 | #else // Default SPM trait must be the default. It impossible to detect from Xcode.
 10 | import GRDBSQLite
    |        `- error: could not build C module 'GRDBSQLite'
 11 | #endif
 12 |
[214/272] Compiling GRDB HasOneThroughAssociation.swift
<module-includes>:1:10: note: in file included from <module-includes>:1:
1 | #include "shim.h"
  |          `- note: in file included from <module-includes>:1:
2 |
/host/spi-builder-workspace/.build/checkouts/GRDB.swift/Sources/GRDBSQLite/shim.h:1:10: error: 'sqlite3.h' file not found
 1 | #include <sqlite3.h>
   |          `- error: 'sqlite3.h' file not found
 2 |
 3 | typedef void(*_errorLogCallback)(void *pArg, int iErrCode, const char *zMsg);
/host/spi-builder-workspace/.build/checkouts/GRDB.swift/GRDB/Core/Configuration.swift:10:8: error: could not build C module 'GRDBSQLite'
  8 | import SQLCipher
  9 | #else // Default SPM trait must be the default. It impossible to detect from Xcode.
 10 | import GRDBSQLite
    |        `- error: could not build C module 'GRDBSQLite'
 11 | #endif
 12 |
[215/272] Compiling GRDB JoinAssociation.swift
<module-includes>:1:10: note: in file included from <module-includes>:1:
1 | #include "shim.h"
  |          `- note: in file included from <module-includes>:1:
2 |
/host/spi-builder-workspace/.build/checkouts/GRDB.swift/Sources/GRDBSQLite/shim.h:1:10: error: 'sqlite3.h' file not found
 1 | #include <sqlite3.h>
   |          `- error: 'sqlite3.h' file not found
 2 |
 3 | typedef void(*_errorLogCallback)(void *pArg, int iErrCode, const char *zMsg);
/host/spi-builder-workspace/.build/checkouts/GRDB.swift/GRDB/Core/Configuration.swift:10:8: error: could not build C module 'GRDBSQLite'
  8 | import SQLCipher
  9 | #else // Default SPM trait must be the default. It impossible to detect from Xcode.
 10 | import GRDBSQLite
    |        `- error: could not build C module 'GRDBSQLite'
 11 | #endif
 12 |
[216/272] Compiling GRDB CommonTableExpression.swift
<module-includes>:1:10: note: in file included from <module-includes>:1:
1 | #include "shim.h"
  |          `- note: in file included from <module-includes>:1:
2 |
/host/spi-builder-workspace/.build/checkouts/GRDB.swift/Sources/GRDBSQLite/shim.h:1:10: error: 'sqlite3.h' file not found
 1 | #include <sqlite3.h>
   |          `- error: 'sqlite3.h' file not found
 2 |
 3 | typedef void(*_errorLogCallback)(void *pArg, int iErrCode, const char *zMsg);
/host/spi-builder-workspace/.build/checkouts/GRDB.swift/GRDB/Core/Configuration.swift:10:8: error: could not build C module 'GRDBSQLite'
  8 | import SQLCipher
  9 | #else // Default SPM trait must be the default. It impossible to detect from Xcode.
 10 | import GRDBSQLite
    |        `- error: could not build C module 'GRDBSQLite'
 11 | #endif
 12 |
[217/272] Compiling GRDB QueryInterfaceRequest.swift
<module-includes>:1:10: note: in file included from <module-includes>:1:
1 | #include "shim.h"
  |          `- note: in file included from <module-includes>:1:
2 |
/host/spi-builder-workspace/.build/checkouts/GRDB.swift/Sources/GRDBSQLite/shim.h:1:10: error: 'sqlite3.h' file not found
 1 | #include <sqlite3.h>
   |          `- error: 'sqlite3.h' file not found
 2 |
 3 | typedef void(*_errorLogCallback)(void *pArg, int iErrCode, const char *zMsg);
/host/spi-builder-workspace/.build/checkouts/GRDB.swift/GRDB/Core/Configuration.swift:10:8: error: could not build C module 'GRDBSQLite'
  8 | import SQLCipher
  9 | #else // Default SPM trait must be the default. It impossible to detect from Xcode.
 10 | import GRDBSQLite
    |        `- error: could not build C module 'GRDBSQLite'
 11 | #endif
 12 |
[218/272] Compiling GRDB RequestProtocols.swift
<module-includes>:1:10: note: in file included from <module-includes>:1:
1 | #include "shim.h"
  |          `- note: in file included from <module-includes>:1:
2 |
/host/spi-builder-workspace/.build/checkouts/GRDB.swift/Sources/GRDBSQLite/shim.h:1:10: error: 'sqlite3.h' file not found
 1 | #include <sqlite3.h>
   |          `- error: 'sqlite3.h' file not found
 2 |
 3 | typedef void(*_errorLogCallback)(void *pArg, int iErrCode, const char *zMsg);
/host/spi-builder-workspace/.build/checkouts/GRDB.swift/GRDB/Core/Configuration.swift:10:8: error: could not build C module 'GRDBSQLite'
  8 | import SQLCipher
  9 | #else // Default SPM trait must be the default. It impossible to detect from Xcode.
 10 | import GRDBSQLite
    |        `- error: could not build C module 'GRDBSQLite'
 11 | #endif
 12 |
[219/272] Compiling GRDB Column.swift
<module-includes>:1:10: note: in file included from <module-includes>:1:
1 | #include "shim.h"
  |          `- note: in file included from <module-includes>:1:
2 |
/host/spi-builder-workspace/.build/checkouts/GRDB.swift/Sources/GRDBSQLite/shim.h:1:10: error: 'sqlite3.h' file not found
 1 | #include <sqlite3.h>
   |          `- error: 'sqlite3.h' file not found
 2 |
 3 | typedef void(*_errorLogCallback)(void *pArg, int iErrCode, const char *zMsg);
/host/spi-builder-workspace/.build/checkouts/GRDB.swift/GRDB/Core/Configuration.swift:10:8: error: could not build C module 'GRDBSQLite'
  8 | import SQLCipher
  9 | #else // Default SPM trait must be the default. It impossible to detect from Xcode.
 10 | import GRDBSQLite
    |        `- error: could not build C module 'GRDBSQLite'
 11 | #endif
 12 |
[220/272] Compiling GRDB DatabasePromise.swift
<module-includes>:1:10: note: in file included from <module-includes>:1:
1 | #include "shim.h"
  |          `- note: in file included from <module-includes>:1:
2 |
/host/spi-builder-workspace/.build/checkouts/GRDB.swift/Sources/GRDBSQLite/shim.h:1:10: error: 'sqlite3.h' file not found
 1 | #include <sqlite3.h>
   |          `- error: 'sqlite3.h' file not found
 2 |
 3 | typedef void(*_errorLogCallback)(void *pArg, int iErrCode, const char *zMsg);
/host/spi-builder-workspace/.build/checkouts/GRDB.swift/GRDB/Core/Configuration.swift:10:8: error: could not build C module 'GRDBSQLite'
  8 | import SQLCipher
  9 | #else // Default SPM trait must be the default. It impossible to detect from Xcode.
 10 | import GRDBSQLite
    |        `- error: could not build C module 'GRDBSQLite'
 11 | #endif
 12 |
[221/272] Compiling GRDB SQLAssociation.swift
<module-includes>:1:10: note: in file included from <module-includes>:1:
1 | #include "shim.h"
  |          `- note: in file included from <module-includes>:1:
2 |
/host/spi-builder-workspace/.build/checkouts/GRDB.swift/Sources/GRDBSQLite/shim.h:1:10: error: 'sqlite3.h' file not found
 1 | #include <sqlite3.h>
   |          `- error: 'sqlite3.h' file not found
 2 |
 3 | typedef void(*_errorLogCallback)(void *pArg, int iErrCode, const char *zMsg);
/host/spi-builder-workspace/.build/checkouts/GRDB.swift/GRDB/Core/Configuration.swift:10:8: error: could not build C module 'GRDBSQLite'
  8 | import SQLCipher
  9 | #else // Default SPM trait must be the default. It impossible to detect from Xcode.
 10 | import GRDBSQLite
    |        `- error: could not build C module 'GRDBSQLite'
 11 | #endif
 12 |
[222/272] Compiling GRDB SQLCollection.swift
<module-includes>:1:10: note: in file included from <module-includes>:1:
1 | #include "shim.h"
  |          `- note: in file included from <module-includes>:1:
2 |
/host/spi-builder-workspace/.build/checkouts/GRDB.swift/Sources/GRDBSQLite/shim.h:1:10: error: 'sqlite3.h' file not found
 1 | #include <sqlite3.h>
   |          `- error: 'sqlite3.h' file not found
 2 |
 3 | typedef void(*_errorLogCallback)(void *pArg, int iErrCode, const char *zMsg);
/host/spi-builder-workspace/.build/checkouts/GRDB.swift/GRDB/Core/Configuration.swift:10:8: error: could not build C module 'GRDBSQLite'
  8 | import SQLCipher
  9 | #else // Default SPM trait must be the default. It impossible to detect from Xcode.
 10 | import GRDBSQLite
    |        `- error: could not build C module 'GRDBSQLite'
 11 | #endif
 12 |
[223/272] Compiling GRDB SQLExpression.swift
<module-includes>:1:10: note: in file included from <module-includes>:1:
1 | #include "shim.h"
  |          `- note: in file included from <module-includes>:1:
2 |
/host/spi-builder-workspace/.build/checkouts/GRDB.swift/Sources/GRDBSQLite/shim.h:1:10: error: 'sqlite3.h' file not found
 1 | #include <sqlite3.h>
   |          `- error: 'sqlite3.h' file not found
 2 |
 3 | typedef void(*_errorLogCallback)(void *pArg, int iErrCode, const char *zMsg);
/host/spi-builder-workspace/.build/checkouts/GRDB.swift/GRDB/Core/Configuration.swift:10:8: error: could not build C module 'GRDBSQLite'
  8 | import SQLCipher
  9 | #else // Default SPM trait must be the default. It impossible to detect from Xcode.
 10 | import GRDBSQLite
    |        `- error: could not build C module 'GRDBSQLite'
 11 | #endif
 12 |
[224/272] Compiling GRDB SQLForeignKeyRequest.swift
<module-includes>:1:10: note: in file included from <module-includes>:1:
1 | #include "shim.h"
  |          `- note: in file included from <module-includes>:1:
2 |
/host/spi-builder-workspace/.build/checkouts/GRDB.swift/Sources/GRDBSQLite/shim.h:1:10: error: 'sqlite3.h' file not found
 1 | #include <sqlite3.h>
   |          `- error: 'sqlite3.h' file not found
 2 |
 3 | typedef void(*_errorLogCallback)(void *pArg, int iErrCode, const char *zMsg);
/host/spi-builder-workspace/.build/checkouts/GRDB.swift/GRDB/Core/Configuration.swift:10:8: error: could not build C module 'GRDBSQLite'
  8 | import SQLCipher
  9 | #else // Default SPM trait must be the default. It impossible to detect from Xcode.
 10 | import GRDBSQLite
    |        `- error: could not build C module 'GRDBSQLite'
 11 | #endif
 12 |
[225/272] Compiling GRDB SQLFunctions.swift
<module-includes>:1:10: note: in file included from <module-includes>:1:
1 | #include "shim.h"
  |          `- note: in file included from <module-includes>:1:
2 |
/host/spi-builder-workspace/.build/checkouts/GRDB.swift/Sources/GRDBSQLite/shim.h:1:10: error: 'sqlite3.h' file not found
 1 | #include <sqlite3.h>
   |          `- error: 'sqlite3.h' file not found
 2 |
 3 | typedef void(*_errorLogCallback)(void *pArg, int iErrCode, const char *zMsg);
/host/spi-builder-workspace/.build/checkouts/GRDB.swift/GRDB/Core/Configuration.swift:10:8: error: could not build C module 'GRDBSQLite'
  8 | import SQLCipher
  9 | #else // Default SPM trait must be the default. It impossible to detect from Xcode.
 10 | import GRDBSQLite
    |        `- error: could not build C module 'GRDBSQLite'
 11 | #endif
 12 |
[226/272] Compiling GRDB SQLOperators.swift
<module-includes>:1:10: note: in file included from <module-includes>:1:
1 | #include "shim.h"
  |          `- note: in file included from <module-includes>:1:
2 |
/host/spi-builder-workspace/.build/checkouts/GRDB.swift/Sources/GRDBSQLite/shim.h:1:10: error: 'sqlite3.h' file not found
 1 | #include <sqlite3.h>
   |          `- error: 'sqlite3.h' file not found
 2 |
 3 | typedef void(*_errorLogCallback)(void *pArg, int iErrCode, const char *zMsg);
/host/spi-builder-workspace/.build/checkouts/GRDB.swift/GRDB/Core/Configuration.swift:10:8: error: could not build C module 'GRDBSQLite'
  8 | import SQLCipher
  9 | #else // Default SPM trait must be the default. It impossible to detect from Xcode.
 10 | import GRDBSQLite
    |        `- error: could not build C module 'GRDBSQLite'
 11 | #endif
 12 |
BUILD FAILURE 6.3 wasm