Build Information
Failed to build SwiftCurses, reference 1.1.0 (bdaa97), with Swift 6.4 for macOS (Xcode) using Xcode 27.0 on 21 Sep 2026 16:37:42 UTC.
Build Command
env DEVELOPER_DIR=/Applications/Xcode-27.0.0-Release.Candidate.app xcrun xcodebuild -IDEClonedSourcePackagesDirPathOverride=$PWD/.dependencies -skipMacroValidation -skipPackagePluginValidation -derivedDataPath $PWD/.derivedData build -scheme SwiftCurses-Package -destination platform=macOS,arch=arm64Build Log
========================================
RunAll
========================================
Builder version: 5.1.0
Interrupt handler set up.
========================================
Checkout
========================================
Clone URL: https://github.com/Jomy10/SwiftCurses.git
Reference: 1.1.0
Initialized empty Git repository in /Users/admin/builder/spi-builder-workspace/.git/
From https://github.com/Jomy10/SwiftCurses
* tag 1.1.0 -> FETCH_HEAD
HEAD is now at bdaa972 handle sigint to cleanup ncurses
Cloned https://github.com/Jomy10/SwiftCurses.git
Revision (git rev-parse @):
bdaa97277f6b16d510e543c8a3669f0cc8352ac9
SPI manifest file found: $PWD/.spi.yml
SUCCESS checkout https://github.com/Jomy10/SwiftCurses.git at 1.1.0
========================================
Build
========================================
Selected platform: macosXcodebuild
Swift version: 6.4
Building package at path: $PWD
https://github.com/Jomy10/SwiftCurses.git
Command line invocation:
/Applications/Xcode-27.0.0-Release.Candidate.app/Contents/Developer/usr/bin/xcodebuild -IDEClonedSourcePackagesDirPathOverride=/Users/admin/builder/spi-builder-workspace/.dependencies -resolvePackageDependencies
Resolve Package Graph
Fetching from https://github.com/Genaro-Chris/SignalHandler.git
Creating working copy of package ‘SignalHandler’
Checking out main (bb52b9c) of package ‘SignalHandler’
failed to retrieve search paths with pkg-config; maybe pkg-config is not installedcouldn't find pc file for ncursesResolve Package Graph
couldn't find pc file for ncurses
Resolved source packages:
SwiftCurses: /Users/admin/builder/spi-builder-workspace
SignalHandler: https://github.com/Genaro-Chris/SignalHandler.git @ main (bb52b9c)
resolved source packages: SwiftCurses, SignalHandler
2026-09-21 12:36:46.461 xcodebuild[529:3050] [MT] IDERunDestination: Supported platforms for the buildables in the current scheme is empty.
{
"dependencies" : [
{
"identity" : "signalhandler",
"requirement" : {
"branch" : [
"main"
]
},
"type" : "sourceControl",
"url" : "https://github.com/Genaro-Chris/SignalHandler.git"
}
],
"manifest_display_name" : "SwiftCurses",
"name" : "SwiftCurses",
"path" : "/Users/admin/builder/spi-builder-workspace",
"platforms" : [
{
"name" : "macos",
"version" : "10.15"
}
],
"products" : [
{
"name" : "SwiftCurses",
"targets" : [
"SwiftCurses"
],
"type" : {
"library" : [
"automatic"
]
}
},
{
"name" : "Examples",
"targets" : [
"Examples"
],
"type" : {
"executable" : null
}
}
],
"targets" : [
{
"c99name" : "ncursesTests",
"module_type" : "SwiftTarget",
"name" : "ncursesTests",
"path" : "Tests/ncursesTests",
"sources" : [
"ncursesTests.swift"
],
"target_dependencies" : [
"SwiftCurses"
],
"type" : "test"
},
{
"c99name" : "SwiftCurses",
"module_type" : "SwiftTarget",
"name" : "SwiftCurses",
"path" : "Sources/SwiftCurses",
"product_dependencies" : [
"SignalHandler"
],
"product_memberships" : [
"SwiftCurses",
"Examples"
],
"sources" : [
"LinuxCompatibility.swift",
"Window+attributes.swift",
"Window+border.swift",
"Window+clear.swift",
"Window+controls.swift",
"Window+dump.swift",
"Window+input.swift",
"Window+mouse.swift",
"Window+output.swift",
"Window+util.swift",
"Window.swift",
"color.swift",
"error.swift",
"initScreen.swift",
"kernel.swift",
"keycode.swift",
"mouseEvent.swift",
"settings.swift"
],
"target_dependencies" : [
"C_ncurses",
"C_ncursesBinds"
],
"type" : "library"
},
{
"c99name" : "Examples",
"module_type" : "SwiftTarget",
"name" : "Examples",
"path" : "Sources/Examples",
"product_memberships" : [
"Examples"
],
"sources" : [
"01-helloWorld.swift",
"02-init.swift",
"03-print.swift",
"04-input.swift",
"05-attributes.swift",
"06-chgat.swift",
"07-window.swift",
"08-more-border-functions.swift",
"09-colors.swift",
"10-keybboard.swift",
"11-mouse.swift",
"12-temporarilyLeavingCursesMode.swift",
"main.swift",
"x01-color-definition.swift"
],
"target_dependencies" : [
"SwiftCurses"
],
"type" : "executable"
},
{
"c99name" : "C_ncursesBinds",
"module_type" : "ClangTarget",
"name" : "C_ncursesBinds",
"path" : "Sources/C_ncursesBinds",
"product_memberships" : [
"SwiftCurses",
"Examples"
],
"sources" : [
"C_ncursesBinds.c"
],
"target_dependencies" : [
"C_ncurses"
],
"type" : "library"
},
{
"c99name" : "C_ncurses",
"module_type" : "SystemLibraryTarget",
"name" : "C_ncurses",
"path" : "Sources/C_ncurses",
"product_memberships" : [
"SwiftCurses",
"Examples"
],
"sources" : [
],
"type" : "system-target"
}
],
"tools_version" : "5.7"
}
{
"workspace" : {
"name" : "SwiftCurses",
"schemes" : [
"Examples",
"SwiftCurses",
"SwiftCurses-Package"
]
}
}
2026-09-21 12:37:28.015 xcodebuild[689:4331] [MT] IDERunDestination: Supported platforms for the buildables in the current scheme is empty.
Running build ...
env DEVELOPER_DIR=/Applications/Xcode-27.0.0-Release.Candidate.app xcrun xcodebuild -IDEClonedSourcePackagesDirPathOverride=$PWD/.dependencies -skipMacroValidation -skipPackagePluginValidation -derivedDataPath $PWD/.derivedData build -scheme SwiftCurses-Package -destination platform=macOS,arch=arm64
Command line invocation:
/Applications/Xcode-27.0.0-Release.Candidate.app/Contents/Developer/usr/bin/xcodebuild -IDEClonedSourcePackagesDirPathOverride=/Users/admin/builder/spi-builder-workspace/.dependencies -skipMacroValidation -skipPackagePluginValidation -derivedDataPath /Users/admin/builder/spi-builder-workspace/.derivedData build -scheme SwiftCurses-Package -destination platform=macOS,arch=arm64
Resolve Package Graph
failed to retrieve search paths with pkg-config; maybe pkg-config is not installedcouldn't find pc file for ncurses
Resolve Package Graph
couldn't find pc file for ncurses
Resolved source packages:
SwiftCurses: /Users/admin/builder/spi-builder-workspace
SignalHandler: https://github.com/Genaro-Chris/SignalHandler.git @ main (bb52b9c)
ComputePackagePrebuildTargetDependencyGraph
Prepare packages
CreateBuildRequest
SendProjectDescription
CreateBuildOperation
ComputeTargetDependencyGraph
note: Building targets in dependency order
note: Target dependency graph (7 targets)
Target 'Examples-product' in project 'SwiftCurses'
➜ Explicit dependency on target 'C_ncurses' in project 'SwiftCurses'
➜ Explicit dependency on target 'C_ncursesBinds' in project 'SwiftCurses'
➜ Explicit dependency on target 'SwiftCurses' in project 'SwiftCurses'
➜ Explicit dependency on target 'SignalHandler-product' in project 'SignalHandler'
Target 'SwiftCurses-product' in project 'SwiftCurses'
➜ Explicit dependency on target 'SwiftCurses' in project 'SwiftCurses'
➜ Explicit dependency on target 'C_ncursesBinds' in project 'SwiftCurses'
➜ Explicit dependency on target 'SignalHandler-product' in project 'SignalHandler'
Target 'SwiftCurses' in project 'SwiftCurses'
➜ Explicit dependency on target 'C_ncurses' in project 'SwiftCurses'
➜ Explicit dependency on target 'C_ncursesBinds' in project 'SwiftCurses'
➜ Explicit dependency on target 'SignalHandler-product' in project 'SignalHandler'
Target 'SignalHandler-product' in project 'SignalHandler'
➜ Explicit dependency on target 'SignalHandler' in project 'SignalHandler'
Target 'SignalHandler' in project 'SignalHandler' (no dependencies)
Target 'C_ncursesBinds' in project 'SwiftCurses'
➜ Explicit dependency on target 'C_ncurses' in project 'SwiftCurses'
Target 'C_ncurses' in project 'SwiftCurses' (no dependencies)
GatherProvisioningInputs
CreateBuildDescription
ExecuteExternalTool /Applications/Xcode-27.0.0-Release.Candidate.app/Contents/Developer/Toolchains/XcodeDefault.xctoolchain/usr/bin/clang -v -E -dM -arch arm64 -isysroot /Applications/Xcode-27.0.0-Release.Candidate.app/Contents/Developer/Platforms/MacOSX.platform/Developer/SDKs/MacOSX27.0.sdk -x c -c /dev/null
ExecuteExternalTool /Applications/Xcode-27.0.0-Release.Candidate.app/Contents/Developer/Toolchains/XcodeDefault.xctoolchain/usr/bin/swiftc --version
ExecuteExternalTool /Applications/Xcode-27.0.0-Release.Candidate.app/Contents/Developer/Toolchains/XcodeDefault.xctoolchain/usr/bin/clang -v -E -dM -isysroot /Applications/Xcode-27.0.0-Release.Candidate.app/Contents/Developer/Platforms/MacOSX.platform/Developer/SDKs/MacOSX27.0.sdk -x c -c /dev/null
ExecuteExternalTool /Applications/Xcode-27.0.0-Release.Candidate.app/Contents/Developer/Toolchains/XcodeDefault.xctoolchain/usr/bin/ld -version_details
Build description signature: d4b07f85c4f04959cc576b1944b03a0e
Build description path: /Users/admin/builder/spi-builder-workspace/.derivedData/Build/Intermediates.noindex/XCBuildData/d4b07f85c4f04959cc576b1944b03a0e.xcbuilddata
CreateBuildDirectory /Users/admin/builder/spi-builder-workspace/.derivedData/SDKExplicitPrecompiledModules
cd /Users/admin/builder/spi-builder-workspace/.swiftpm/xcode
builtin-create-build-directory /Users/admin/builder/spi-builder-workspace/.derivedData/SDKExplicitPrecompiledModules
CreateBuildDirectory /Users/admin/builder/spi-builder-workspace/.derivedData/ModuleCache.noindex
cd /Users/admin/builder/spi-builder-workspace/.swiftpm/xcode
builtin-create-build-directory /Users/admin/builder/spi-builder-workspace/.derivedData/ModuleCache.noindex
CreateBuildDirectory /Users/admin/builder/spi-builder-workspace/.derivedData/CompilationCache.noindex
cd /Users/admin/builder/spi-builder-workspace/.swiftpm/xcode
builtin-create-build-directory /Users/admin/builder/spi-builder-workspace/.derivedData/CompilationCache.noindex
CreateBuildDirectory /Users/admin/builder/spi-builder-workspace/.derivedData/Build/Products
cd /Users/admin/builder/spi-builder-workspace/.swiftpm/xcode
builtin-create-build-directory /Users/admin/builder/spi-builder-workspace/.derivedData/Build/Products
ClangStatCache /Applications/Xcode-27.0.0-Release.Candidate.app/Contents/Developer/Toolchains/XcodeDefault.xctoolchain/usr/bin/clang-stat-cache /Applications/Xcode-27.0.0-Release.Candidate.app/Contents/Developer/Platforms/MacOSX.platform/Developer/SDKs/MacOSX27.0.sdk /Users/admin/builder/spi-builder-workspace/.derivedData/SDKStatCaches.noindex/macosx27.0-26A425-e829b21a6f8c9b70876ba0858053c0446a22442a12e9d48fe1a705f55a1adfc4.sdkstatcache
cd /Users/admin/builder/spi-builder-workspace/.swiftpm/xcode
/Applications/Xcode-27.0.0-Release.Candidate.app/Contents/Developer/Toolchains/XcodeDefault.xctoolchain/usr/bin/clang-stat-cache /Applications/Xcode-27.0.0-Release.Candidate.app/Contents/Developer/Platforms/MacOSX.platform/Developer/SDKs/MacOSX27.0.sdk -o /Users/admin/builder/spi-builder-workspace/.derivedData/SDKStatCaches.noindex/macosx27.0-26A425-e829b21a6f8c9b70876ba0858053c0446a22442a12e9d48fe1a705f55a1adfc4.sdkstatcache
CreateBuildDirectory /Users/admin/builder/spi-builder-workspace/.derivedData/Build/Intermediates.noindex
cd /Users/admin/builder/spi-builder-workspace/.swiftpm/xcode
builtin-create-build-directory /Users/admin/builder/spi-builder-workspace/.derivedData/Build/Intermediates.noindex
CreateBuildDirectory /Users/admin/builder/spi-builder-workspace/.derivedData/Build/Intermediates.noindex/SwiftExplicitPrecompiledModules
cd /Users/admin/builder/spi-builder-workspace/.swiftpm/xcode
builtin-create-build-directory /Users/admin/builder/spi-builder-workspace/.derivedData/Build/Intermediates.noindex/SwiftExplicitPrecompiledModules
CreateBuildDirectory /Users/admin/builder/spi-builder-workspace/.derivedData/Build/Intermediates.noindex/PrecompiledHeaders
cd /Users/admin/builder/spi-builder-workspace/.swiftpm/xcode
builtin-create-build-directory /Users/admin/builder/spi-builder-workspace/.derivedData/Build/Intermediates.noindex/PrecompiledHeaders
CreateBuildDirectory /Users/admin/builder/spi-builder-workspace/.derivedData/Build/Intermediates.noindex/ExplicitPrecompiledModules
cd /Users/admin/builder/spi-builder-workspace/.swiftpm/xcode
builtin-create-build-directory /Users/admin/builder/spi-builder-workspace/.derivedData/Build/Intermediates.noindex/ExplicitPrecompiledModules
CreateBuildDirectory /Users/admin/builder/spi-builder-workspace/.derivedData/Build/Intermediates.noindex/EagerLinkingTBDs/Debug
cd /Users/admin/builder/spi-builder-workspace/.swiftpm/xcode
builtin-create-build-directory /Users/admin/builder/spi-builder-workspace/.derivedData/Build/Intermediates.noindex/EagerLinkingTBDs/Debug
CreateBuildDirectory /Users/admin/builder/spi-builder-workspace/.derivedData/Build/Products/Debug
cd /Users/admin/builder/spi-builder-workspace/.swiftpm/xcode
builtin-create-build-directory /Users/admin/builder/spi-builder-workspace/.derivedData/Build/Products/Debug
CreateBuildDirectory /Users/admin/builder/spi-builder-workspace/.derivedData/Build/Products/Debug/PackageFrameworks
cd /Users/admin/builder/spi-builder-workspace/.swiftpm/xcode
builtin-create-build-directory /Users/admin/builder/spi-builder-workspace/.derivedData/Build/Products/Debug/PackageFrameworks
WriteAuxiliaryFile /Users/admin/builder/spi-builder-workspace/.derivedData/Build/Intermediates.noindex/SwiftCurses.build/Debug/SwiftCurses-t.build/SwiftCurses.modulemap (in target 'SwiftCurses' from project 'SwiftCurses')
cd /Users/admin/builder/spi-builder-workspace
write-file /Users/admin/builder/spi-builder-workspace/.derivedData/Build/Intermediates.noindex/SwiftCurses.build/Debug/SwiftCurses-t.build/SwiftCurses.modulemap
WriteAuxiliaryFile /Users/admin/builder/spi-builder-workspace/.derivedData/Build/Intermediates.noindex/SwiftCurses.build/Debug/SwiftCurses-t.build/SwiftCurses.DependencyMetadataFileList (in target 'SwiftCurses' from project 'SwiftCurses')
cd /Users/admin/builder/spi-builder-workspace
write-file /Users/admin/builder/spi-builder-workspace/.derivedData/Build/Intermediates.noindex/SwiftCurses.build/Debug/SwiftCurses-t.build/SwiftCurses.DependencyMetadataFileList
WriteAuxiliaryFile /Users/admin/builder/spi-builder-workspace/.derivedData/Build/Intermediates.noindex/SwiftCurses.build/Debug/SwiftCurses-t.build/SwiftCurses.DependencyStaticMetadataFileList (in target 'SwiftCurses' from project 'SwiftCurses')
cd /Users/admin/builder/spi-builder-workspace
write-file /Users/admin/builder/spi-builder-workspace/.derivedData/Build/Intermediates.noindex/SwiftCurses.build/Debug/SwiftCurses-t.build/SwiftCurses.DependencyStaticMetadataFileList
WriteAuxiliaryFile /Users/admin/builder/spi-builder-workspace/.derivedData/Build/Intermediates.noindex/SwiftCurses.build/Debug/SwiftCurses-t.build/Objects-normal/arm64/SwiftCurses-OutputFileMap.json (in target 'SwiftCurses' from project 'SwiftCurses')
cd /Users/admin/builder/spi-builder-workspace
write-file /Users/admin/builder/spi-builder-workspace/.derivedData/Build/Intermediates.noindex/SwiftCurses.build/Debug/SwiftCurses-t.build/Objects-normal/arm64/SwiftCurses-OutputFileMap.json
WriteAuxiliaryFile /Users/admin/builder/spi-builder-workspace/.derivedData/Build/Intermediates.noindex/SwiftCurses.build/Debug/SwiftCurses-t.build/Objects-normal/arm64/SwiftCurses.LinkFileList (in target 'SwiftCurses' from project 'SwiftCurses')
cd /Users/admin/builder/spi-builder-workspace
write-file /Users/admin/builder/spi-builder-workspace/.derivedData/Build/Intermediates.noindex/SwiftCurses.build/Debug/SwiftCurses-t.build/Objects-normal/arm64/SwiftCurses.LinkFileList
WriteAuxiliaryFile /Users/admin/builder/spi-builder-workspace/.derivedData/Build/Intermediates.noindex/SwiftCurses.build/Debug/SwiftCurses-t.build/Objects-normal/arm64/SwiftCurses.SwiftFileList (in target 'SwiftCurses' from project 'SwiftCurses')
cd /Users/admin/builder/spi-builder-workspace
write-file /Users/admin/builder/spi-builder-workspace/.derivedData/Build/Intermediates.noindex/SwiftCurses.build/Debug/SwiftCurses-t.build/Objects-normal/arm64/SwiftCurses.SwiftFileList
WriteAuxiliaryFile /Users/admin/builder/spi-builder-workspace/.derivedData/Build/Intermediates.noindex/SwiftCurses.build/Debug/SwiftCurses-t.build/Objects-normal/arm64/SwiftCurses_const_extract_protocols.json (in target 'SwiftCurses' from project 'SwiftCurses')
cd /Users/admin/builder/spi-builder-workspace
write-file /Users/admin/builder/spi-builder-workspace/.derivedData/Build/Intermediates.noindex/SwiftCurses.build/Debug/SwiftCurses-t.build/Objects-normal/arm64/SwiftCurses_const_extract_protocols.json
WriteAuxiliaryFile /Users/admin/builder/spi-builder-workspace/.derivedData/Build/Intermediates.noindex/SwiftCurses.build/Debug/SwiftCurses-t.build/Objects-normal/arm64/SwiftCurses.SwiftConstValuesFileList (in target 'SwiftCurses' from project 'SwiftCurses')
cd /Users/admin/builder/spi-builder-workspace
write-file /Users/admin/builder/spi-builder-workspace/.derivedData/Build/Intermediates.noindex/SwiftCurses.build/Debug/SwiftCurses-t.build/Objects-normal/arm64/SwiftCurses.SwiftConstValuesFileList
Copy /Users/admin/builder/spi-builder-workspace/.derivedData/Build/Intermediates.noindex/GeneratedModuleMaps/SwiftCurses.modulemap /Users/admin/builder/spi-builder-workspace/.derivedData/Build/Intermediates.noindex/SwiftCurses.build/Debug/SwiftCurses-t.build/SwiftCurses.modulemap (in target 'SwiftCurses' from project 'SwiftCurses')
cd /Users/admin/builder/spi-builder-workspace
builtin-copy -exclude .DS_Store -exclude CVS -exclude .svn -exclude .git -exclude .hg -resolve-src-symlinks /Users/admin/builder/spi-builder-workspace/.derivedData/Build/Intermediates.noindex/SwiftCurses.build/Debug/SwiftCurses-t.build/SwiftCurses.modulemap /Users/admin/builder/spi-builder-workspace/.derivedData/Build/Intermediates.noindex/GeneratedModuleMaps
WriteAuxiliaryFile /Users/admin/builder/spi-builder-workspace/.derivedData/Build/Intermediates.noindex/SignalHandler.build/Debug/SignalHandler-t.build/SignalHandler.modulemap (in target 'SignalHandler' from project 'SignalHandler')
cd /Users/admin/builder/spi-builder-workspace/.dependencies/checkouts/SignalHandler
write-file /Users/admin/builder/spi-builder-workspace/.derivedData/Build/Intermediates.noindex/SignalHandler.build/Debug/SignalHandler-t.build/SignalHandler.modulemap
WriteAuxiliaryFile /Users/admin/builder/spi-builder-workspace/.derivedData/Build/Intermediates.noindex/SignalHandler.build/Debug/SignalHandler-t.build/SignalHandler.DependencyStaticMetadataFileList (in target 'SignalHandler' from project 'SignalHandler')
cd /Users/admin/builder/spi-builder-workspace/.dependencies/checkouts/SignalHandler
write-file /Users/admin/builder/spi-builder-workspace/.derivedData/Build/Intermediates.noindex/SignalHandler.build/Debug/SignalHandler-t.build/SignalHandler.DependencyStaticMetadataFileList
WriteAuxiliaryFile /Users/admin/builder/spi-builder-workspace/.derivedData/Build/Intermediates.noindex/SignalHandler.build/Debug/SignalHandler-t.build/SignalHandler.DependencyMetadataFileList (in target 'SignalHandler' from project 'SignalHandler')
cd /Users/admin/builder/spi-builder-workspace/.dependencies/checkouts/SignalHandler
write-file /Users/admin/builder/spi-builder-workspace/.derivedData/Build/Intermediates.noindex/SignalHandler.build/Debug/SignalHandler-t.build/SignalHandler.DependencyMetadataFileList
WriteAuxiliaryFile /Users/admin/builder/spi-builder-workspace/.derivedData/Build/Intermediates.noindex/SignalHandler.build/Debug/SignalHandler-t.build/Objects-normal/arm64/SignalHandler_const_extract_protocols.json (in target 'SignalHandler' from project 'SignalHandler')
cd /Users/admin/builder/spi-builder-workspace/.dependencies/checkouts/SignalHandler
write-file /Users/admin/builder/spi-builder-workspace/.derivedData/Build/Intermediates.noindex/SignalHandler.build/Debug/SignalHandler-t.build/Objects-normal/arm64/SignalHandler_const_extract_protocols.json
WriteAuxiliaryFile /Users/admin/builder/spi-builder-workspace/.derivedData/Build/Intermediates.noindex/SignalHandler.build/Debug/SignalHandler-t.build/Objects-normal/arm64/SignalHandler.SwiftFileList (in target 'SignalHandler' from project 'SignalHandler')
cd /Users/admin/builder/spi-builder-workspace/.dependencies/checkouts/SignalHandler
write-file /Users/admin/builder/spi-builder-workspace/.derivedData/Build/Intermediates.noindex/SignalHandler.build/Debug/SignalHandler-t.build/Objects-normal/arm64/SignalHandler.SwiftFileList
WriteAuxiliaryFile /Users/admin/builder/spi-builder-workspace/.derivedData/Build/Intermediates.noindex/SignalHandler.build/Debug/SignalHandler-t.build/Objects-normal/arm64/SignalHandler.SwiftConstValuesFileList (in target 'SignalHandler' from project 'SignalHandler')
cd /Users/admin/builder/spi-builder-workspace/.dependencies/checkouts/SignalHandler
write-file /Users/admin/builder/spi-builder-workspace/.derivedData/Build/Intermediates.noindex/SignalHandler.build/Debug/SignalHandler-t.build/Objects-normal/arm64/SignalHandler.SwiftConstValuesFileList
WriteAuxiliaryFile /Users/admin/builder/spi-builder-workspace/.derivedData/Build/Intermediates.noindex/SignalHandler.build/Debug/SignalHandler-t.build/Objects-normal/arm64/SignalHandler.LinkFileList (in target 'SignalHandler' from project 'SignalHandler')
cd /Users/admin/builder/spi-builder-workspace/.dependencies/checkouts/SignalHandler
write-file /Users/admin/builder/spi-builder-workspace/.derivedData/Build/Intermediates.noindex/SignalHandler.build/Debug/SignalHandler-t.build/Objects-normal/arm64/SignalHandler.LinkFileList
WriteAuxiliaryFile /Users/admin/builder/spi-builder-workspace/.derivedData/Build/Intermediates.noindex/SignalHandler.build/Debug/SignalHandler-t.build/Objects-normal/arm64/SignalHandler-OutputFileMap.json (in target 'SignalHandler' from project 'SignalHandler')
cd /Users/admin/builder/spi-builder-workspace/.dependencies/checkouts/SignalHandler
write-file /Users/admin/builder/spi-builder-workspace/.derivedData/Build/Intermediates.noindex/SignalHandler.build/Debug/SignalHandler-t.build/Objects-normal/arm64/SignalHandler-OutputFileMap.json
Copy /Users/admin/builder/spi-builder-workspace/.derivedData/Build/Intermediates.noindex/GeneratedModuleMaps/SignalHandler.modulemap /Users/admin/builder/spi-builder-workspace/.derivedData/Build/Intermediates.noindex/SignalHandler.build/Debug/SignalHandler-t.build/SignalHandler.modulemap (in target 'SignalHandler' from project 'SignalHandler')
cd /Users/admin/builder/spi-builder-workspace/.dependencies/checkouts/SignalHandler
builtin-copy -exclude .DS_Store -exclude CVS -exclude .svn -exclude .git -exclude .hg -resolve-src-symlinks /Users/admin/builder/spi-builder-workspace/.derivedData/Build/Intermediates.noindex/SignalHandler.build/Debug/SignalHandler-t.build/SignalHandler.modulemap /Users/admin/builder/spi-builder-workspace/.derivedData/Build/Intermediates.noindex/GeneratedModuleMaps
WriteAuxiliaryFile /Users/admin/builder/spi-builder-workspace/.derivedData/Build/Intermediates.noindex/SwiftCurses.build/Debug/Examples-p.build/Objects-normal/arm64/Examples.LinkFileList (in target 'Examples-product' from project 'SwiftCurses')
cd /Users/admin/builder/spi-builder-workspace
write-file /Users/admin/builder/spi-builder-workspace/.derivedData/Build/Intermediates.noindex/SwiftCurses.build/Debug/Examples-p.build/Objects-normal/arm64/Examples.LinkFileList
WriteAuxiliaryFile /Users/admin/builder/spi-builder-workspace/.derivedData/Build/Intermediates.noindex/SwiftCurses.build/Debug/Examples-p.build/Objects-normal/arm64/Examples-OutputFileMap.json (in target 'Examples-product' from project 'SwiftCurses')
cd /Users/admin/builder/spi-builder-workspace
write-file /Users/admin/builder/spi-builder-workspace/.derivedData/Build/Intermediates.noindex/SwiftCurses.build/Debug/Examples-p.build/Objects-normal/arm64/Examples-OutputFileMap.json
WriteAuxiliaryFile /Users/admin/builder/spi-builder-workspace/.derivedData/Build/Intermediates.noindex/SwiftCurses.build/Debug/Examples-p.build/Objects-normal/arm64/Examples_const_extract_protocols.json (in target 'Examples-product' from project 'SwiftCurses')
cd /Users/admin/builder/spi-builder-workspace
write-file /Users/admin/builder/spi-builder-workspace/.derivedData/Build/Intermediates.noindex/SwiftCurses.build/Debug/Examples-p.build/Objects-normal/arm64/Examples_const_extract_protocols.json
WriteAuxiliaryFile /Users/admin/builder/spi-builder-workspace/.derivedData/Build/Intermediates.noindex/SwiftCurses.build/Debug/Examples-p.build/Objects-normal/arm64/Examples.SwiftFileList (in target 'Examples-product' from project 'SwiftCurses')
cd /Users/admin/builder/spi-builder-workspace
write-file /Users/admin/builder/spi-builder-workspace/.derivedData/Build/Intermediates.noindex/SwiftCurses.build/Debug/Examples-p.build/Objects-normal/arm64/Examples.SwiftFileList
WriteAuxiliaryFile /Users/admin/builder/spi-builder-workspace/.derivedData/Build/Intermediates.noindex/SwiftCurses.build/Debug/Examples-p.build/Examples.DependencyStaticMetadataFileList (in target 'Examples-product' from project 'SwiftCurses')
cd /Users/admin/builder/spi-builder-workspace
write-file /Users/admin/builder/spi-builder-workspace/.derivedData/Build/Intermediates.noindex/SwiftCurses.build/Debug/Examples-p.build/Examples.DependencyStaticMetadataFileList
WriteAuxiliaryFile /Users/admin/builder/spi-builder-workspace/.derivedData/Build/Intermediates.noindex/SwiftCurses.build/Debug/Examples-p.build/Examples.DependencyMetadataFileList (in target 'Examples-product' from project 'SwiftCurses')
cd /Users/admin/builder/spi-builder-workspace
write-file /Users/admin/builder/spi-builder-workspace/.derivedData/Build/Intermediates.noindex/SwiftCurses.build/Debug/Examples-p.build/Examples.DependencyMetadataFileList
WriteAuxiliaryFile /Users/admin/builder/spi-builder-workspace/.derivedData/Build/Intermediates.noindex/SwiftCurses.build/Debug/C_ncursesBinds-t.build/C_ncursesBinds.modulemap (in target 'C_ncursesBinds' from project 'SwiftCurses')
cd /Users/admin/builder/spi-builder-workspace
write-file /Users/admin/builder/spi-builder-workspace/.derivedData/Build/Intermediates.noindex/SwiftCurses.build/Debug/C_ncursesBinds-t.build/C_ncursesBinds.modulemap
WriteAuxiliaryFile /Users/admin/builder/spi-builder-workspace/.derivedData/Build/Intermediates.noindex/SwiftCurses.build/Debug/C_ncursesBinds-t.build/C_ncursesBinds.DependencyMetadataFileList (in target 'C_ncursesBinds' from project 'SwiftCurses')
cd /Users/admin/builder/spi-builder-workspace
write-file /Users/admin/builder/spi-builder-workspace/.derivedData/Build/Intermediates.noindex/SwiftCurses.build/Debug/C_ncursesBinds-t.build/C_ncursesBinds.DependencyMetadataFileList
WriteAuxiliaryFile /Users/admin/builder/spi-builder-workspace/.derivedData/Build/Intermediates.noindex/SwiftCurses.build/Debug/C_ncursesBinds-t.build/C_ncursesBinds.DependencyStaticMetadataFileList (in target 'C_ncursesBinds' from project 'SwiftCurses')
cd /Users/admin/builder/spi-builder-workspace
write-file /Users/admin/builder/spi-builder-workspace/.derivedData/Build/Intermediates.noindex/SwiftCurses.build/Debug/C_ncursesBinds-t.build/C_ncursesBinds.DependencyStaticMetadataFileList
WriteAuxiliaryFile /Users/admin/builder/spi-builder-workspace/.derivedData/Build/Intermediates.noindex/SwiftCurses.build/Debug/C_ncursesBinds-t.build/Objects-normal/arm64/C_ncursesBinds.LinkFileList (in target 'C_ncursesBinds' from project 'SwiftCurses')
cd /Users/admin/builder/spi-builder-workspace
write-file /Users/admin/builder/spi-builder-workspace/.derivedData/Build/Intermediates.noindex/SwiftCurses.build/Debug/C_ncursesBinds-t.build/Objects-normal/arm64/C_ncursesBinds.LinkFileList
WriteAuxiliaryFile /Users/admin/builder/spi-builder-workspace/.derivedData/Build/Intermediates.noindex/SwiftCurses.build/Debug/C_ncursesBinds-t.build/Objects-normal/arm64/7187679823f38a2a940e0043cdf9d637-common-args.resp (in target 'C_ncursesBinds' from project 'SwiftCurses')
cd /Users/admin/builder/spi-builder-workspace
write-file /Users/admin/builder/spi-builder-workspace/.derivedData/Build/Intermediates.noindex/SwiftCurses.build/Debug/C_ncursesBinds-t.build/Objects-normal/arm64/7187679823f38a2a940e0043cdf9d637-common-args.resp
-fmodules -gmodules '-fmodules-cache-path=/Users/admin/builder/spi-builder-workspace/.derivedData/ModuleCache.noindex' '-fmodule-name=C_ncursesBinds' -fpascal-strings -O0 -DSWIFT_PACKAGE '-DDEBUG=1' -g -fprofile-instr-generate -fcoverage-mapping -I/Users/admin/builder/spi-builder-workspace/.derivedData/Build/Products/Debug/include -I/Users/admin/builder/spi-builder-workspace/Sources/C_ncursesBinds/include -I/Users/admin/builder/spi-builder-workspace/Sources/C_ncurses -I/Users/admin/builder/spi-builder-workspace/.derivedData/Build/Intermediates.noindex/SwiftCurses.build/Debug/C_ncursesBinds-t.build/DerivedSources-normal/arm64 -I/Users/admin/builder/spi-builder-workspace/.derivedData/Build/Intermediates.noindex/SwiftCurses.build/Debug/C_ncursesBinds-t.build/DerivedSources/arm64 -I/Users/admin/builder/spi-builder-workspace/.derivedData/Build/Intermediates.noindex/SwiftCurses.build/Debug/C_ncursesBinds-t.build/DerivedSources -F/Users/admin/builder/spi-builder-workspace/.derivedData/Build/Products/Debug -iframework /Applications/Xcode-27.0.0-Release.Candidate.app/Contents/Developer/Platforms/MacOSX.platform/Developer/Library/Frameworks '-fmodule-map-file=/Users/admin/builder/spi-builder-workspace/Sources/C_ncurses/module.modulemap' -DXcode
Copy /Users/admin/builder/spi-builder-workspace/.derivedData/Build/Intermediates.noindex/GeneratedModuleMaps/C_ncursesBinds.modulemap /Users/admin/builder/spi-builder-workspace/.derivedData/Build/Intermediates.noindex/SwiftCurses.build/Debug/C_ncursesBinds-t.build/C_ncursesBinds.modulemap (in target 'C_ncursesBinds' from project 'SwiftCurses')
cd /Users/admin/builder/spi-builder-workspace
builtin-copy -exclude .DS_Store -exclude CVS -exclude .svn -exclude .git -exclude .hg -resolve-src-symlinks /Users/admin/builder/spi-builder-workspace/.derivedData/Build/Intermediates.noindex/SwiftCurses.build/Debug/C_ncursesBinds-t.build/C_ncursesBinds.modulemap /Users/admin/builder/spi-builder-workspace/.derivedData/Build/Intermediates.noindex/GeneratedModuleMaps
SwiftDriver SignalHandler normal arm64 com.apple.xcode.tools.swift.compiler (in target 'SignalHandler' from project 'SignalHandler')
cd /Users/admin/builder/spi-builder-workspace/.swiftpm/xcode
builtin-SwiftDriver -- /Applications/Xcode-27.0.0-Release.Candidate.app/Contents/Developer/Toolchains/XcodeDefault.xctoolchain/usr/bin/swiftc -parse-as-library -module-name SignalHandler -Onone @/Users/admin/builder/spi-builder-workspace/.derivedData/Build/Intermediates.noindex/SignalHandler.build/Debug/SignalHandler-t.build/Objects-normal/arm64/SignalHandler.SwiftFileList -DSWIFT_PACKAGE -DDEBUG -DSWIFT_MODULE_RESOURCE_BUNDLE_UNAVAILABLE -DXcode -plugin-path /Applications/Xcode-27.0.0-Release.Candidate.app/Contents/Developer/Toolchains/XcodeDefault.xctoolchain/usr/lib/swift/host/plugins/testing -enable-experimental-feature DebugDescriptionMacro -sdk /Applications/Xcode-27.0.0-Release.Candidate.app/Contents/Developer/Platforms/MacOSX.platform/Developer/SDKs/MacOSX27.0.sdk -target arm64-apple-macos12.0 -g -module-cache-path /Users/admin/builder/spi-builder-workspace/.derivedData/ModuleCache.noindex -Xfrontend -serialize-debugging-options -profile-coverage-mapping -profile-generate -enable-testing -suppress-warnings -index-store-path /Users/admin/builder/spi-builder-workspace/.derivedData/Index.noindex/DataStore -Xcc -D_LIBCPP_HARDENING_MODE\=_LIBCPP_HARDENING_MODE_DEBUG -swift-version 5 -I /Users/admin/builder/spi-builder-workspace/.derivedData/Build/Products/Debug -Isystem /Applications/Xcode-27.0.0-Release.Candidate.app/Contents/Developer/Platforms/MacOSX.platform/Developer/usr/lib -F /Users/admin/builder/spi-builder-workspace/.derivedData/Build/Products/Debug -F /Applications/Xcode-27.0.0-Release.Candidate.app/Contents/Developer/Platforms/MacOSX.platform/Developer/Library/Frameworks -c -j10 -enable-batch-mode -incremental -Xcc -ivfsstatcache -Xcc /Users/admin/builder/spi-builder-workspace/.derivedData/SDKStatCaches.noindex/macosx27.0-26A425-e829b21a6f8c9b70876ba0858053c0446a22442a12e9d48fe1a705f55a1adfc4.sdkstatcache -output-file-map /Users/admin/builder/spi-builder-workspace/.derivedData/Build/Intermediates.noindex/SignalHandler.build/Debug/SignalHandler-t.build/Objects-normal/arm64/SignalHandler-OutputFileMap.json -save-temps -no-color-diagnostics -explicit-module-build -module-cache-path /Users/admin/builder/spi-builder-workspace/.derivedData/Build/Intermediates.noindex/SwiftExplicitPrecompiledModules -clang-scanner-module-cache-path /Users/admin/builder/spi-builder-workspace/.derivedData/ModuleCache.noindex -sdk-module-cache-path /Users/admin/builder/spi-builder-workspace/.derivedData/SDKExplicitPrecompiledModules -emit-dependencies -emit-module -emit-module-path /Users/admin/builder/spi-builder-workspace/.derivedData/Build/Intermediates.noindex/SignalHandler.build/Debug/SignalHandler-t.build/Objects-normal/arm64/SignalHandler.swiftmodule -serialize-diagnostics -dependency-scan-serialize-diagnostics-path /Users/admin/builder/spi-builder-workspace/.derivedData/Build/Intermediates.noindex/SignalHandler.build/Debug/SignalHandler-t.build/Objects-normal/arm64/SignalHandler-dependency-scan.dia -validate-clang-modules-once -clang-build-session-file /Users/admin/builder/spi-builder-workspace/.derivedData/ModuleCache.noindex/Session.modulevalidation -Xcc -fmodules-prune-interval\=86400 -Xcc -fmodules-prune-after\=345600 -emit-const-values -const-gather-protocols-list /Users/admin/builder/spi-builder-workspace/.derivedData/Build/Intermediates.noindex/SignalHandler.build/Debug/SignalHandler-t.build/Objects-normal/arm64/SignalHandler_const_extract_protocols.json -Xcc -I/Users/admin/builder/spi-builder-workspace/.derivedData/Build/Products/Debug/include -Xcc -I/Users/admin/builder/spi-builder-workspace/.derivedData/Build/Intermediates.noindex/SignalHandler.build/Debug/SignalHandler-t.build/DerivedSources-normal/arm64 -Xcc -I/Users/admin/builder/spi-builder-workspace/.derivedData/Build/Intermediates.noindex/SignalHandler.build/Debug/SignalHandler-t.build/DerivedSources/arm64 -Xcc -I/Users/admin/builder/spi-builder-workspace/.derivedData/Build/Intermediates.noindex/SignalHandler.build/Debug/SignalHandler-t.build/DerivedSources -Xcc -DSWIFT_PACKAGE -Xcc -DDEBUG\=1 -emit-objc-header -emit-objc-header-path /Users/admin/builder/spi-builder-workspace/.derivedData/Build/Intermediates.noindex/SignalHandler.build/Debug/SignalHandler-t.build/Objects-normal/arm64/SignalHandler-Swift.h -working-directory /Users/admin/builder/spi-builder-workspace/.swiftpm/xcode -experimental-emit-module-separately -disable-cmo
ScanDependencies /Users/admin/builder/spi-builder-workspace/.derivedData/Build/Intermediates.noindex/SwiftCurses.build/Debug/C_ncursesBinds-t.build/Objects-normal/arm64/C_ncursesBinds.o /Users/admin/builder/spi-builder-workspace/Sources/C_ncursesBinds/C_ncursesBinds.c normal arm64 c com.apple.compilers.llvm.clang.1_0.compiler (in target 'C_ncursesBinds' from project 'SwiftCurses')
cd /Users/admin/builder/spi-builder-workspace/.swiftpm/xcode
Using response file: /Users/admin/builder/spi-builder-workspace/.derivedData/Build/Intermediates.noindex/SwiftCurses.build/Debug/C_ncursesBinds-t.build/Objects-normal/arm64/7187679823f38a2a940e0043cdf9d637-common-args.resp
builtin-ScanDependencies -o /Users/admin/builder/spi-builder-workspace/.derivedData/Build/Intermediates.noindex/SwiftCurses.build/Debug/C_ncursesBinds-t.build/Objects-normal/arm64/C_ncursesBinds.o.scan -- /Applications/Xcode-27.0.0-Release.Candidate.app/Contents/Developer/Toolchains/XcodeDefault.xctoolchain/usr/bin/clang -x c -ivfsstatcache /Users/admin/builder/spi-builder-workspace/.derivedData/SDKStatCaches.noindex/macosx27.0-26A425-e829b21a6f8c9b70876ba0858053c0446a22442a12e9d48fe1a705f55a1adfc4.sdkstatcache -target arm64-apple-macos12.0 -fmessage-length\=0 -fdiagnostics-show-note-include-stack -fmacro-backtrace-limit\=0 -fno-color-diagnostics -fmodules-prune-interval\=86400 -fmodules-prune-after\=345600 -fbuild-session-file\=/Users/admin/builder/spi-builder-workspace/.derivedData/ModuleCache.noindex/Session.modulevalidation -fmodules-validate-once-per-build-session -Wnon-modular-include-in-framework-module -Werror\=non-modular-include-in-framework-module -Wno-trigraphs -Wno-missing-field-initializers -Wno-missing-prototypes -Wno-return-type -Wno-missing-braces -Wparentheses -Wswitch -Wno-unused-function -Wno-unused-label -Wno-unused-parameter -Wno-unused-variable -Wunused-value -Wno-empty-body -Wno-uninitialized -Wno-unknown-pragmas -Wno-shadow -Wno-four-char-constants -Wno-conversion -Wno-constant-conversion -Wno-int-conversion -Wno-bool-conversion -Wno-enum-conversion -Wno-float-conversion -Wno-non-literal-null-conversion -Wno-objc-literal-conversion -Wshorten-64-to-32 -Wpointer-sign -Wno-newline-eof -Wno-implicit-fallthrough -isysroot /Applications/Xcode-27.0.0-Release.Candidate.app/Contents/Developer/Platforms/MacOSX.platform/Developer/SDKs/MacOSX27.0.sdk -fstrict-aliasing -Wdeprecated-declarations -Wno-sign-conversion -Wno-infinite-recursion -Wno-comma -Wno-block-capture-autoreleasing -Wno-strict-prototypes -Wno-semicolon-before-method-body -index-store-path /Users/admin/builder/spi-builder-workspace/.derivedData/Index.noindex/DataStore @/Users/admin/builder/spi-builder-workspace/.derivedData/Build/Intermediates.noindex/SwiftCurses.build/Debug/C_ncursesBinds-t.build/Objects-normal/arm64/7187679823f38a2a940e0043cdf9d637-common-args.resp -MMD -MT dependencies -MF /Users/admin/builder/spi-builder-workspace/.derivedData/Build/Intermediates.noindex/SwiftCurses.build/Debug/C_ncursesBinds-t.build/Objects-normal/arm64/C_ncursesBinds.d --serialize-diagnostics /Users/admin/builder/spi-builder-workspace/.derivedData/Build/Intermediates.noindex/SwiftCurses.build/Debug/C_ncursesBinds-t.build/Objects-normal/arm64/C_ncursesBinds.dia -c /Users/admin/builder/spi-builder-workspace/Sources/C_ncursesBinds/C_ncursesBinds.c -o /Users/admin/builder/spi-builder-workspace/.derivedData/Build/Intermediates.noindex/SwiftCurses.build/Debug/C_ncursesBinds-t.build/Objects-normal/arm64/C_ncursesBinds.o -index-unit-output-path /SwiftCurses.build/Debug/C_ncursesBinds-t.build/Objects-normal/arm64/C_ncursesBinds.o
PrecompileModule /Users/admin/builder/spi-builder-workspace/.derivedData/Build/Intermediates.noindex/ExplicitPrecompiledModules/_AvailabilityInternal-AS40Z8MKYZKQXT7RVUC8819N1.scan
cd /
builtin-precompileModule /Users/admin/builder/spi-builder-workspace/.derivedData/Build/Intermediates.noindex/ExplicitPrecompiledModules/_AvailabilityInternal-AS40Z8MKYZKQXT7RVUC8819N1.scan
PrecompileModule /Users/admin/builder/spi-builder-workspace/.derivedData/Build/Intermediates.noindex/ExplicitPrecompiledModules/_Builtin_stdarg-FQQ6QZ1MRMN4993I1E1PCSHZ.scan
cd /
builtin-precompileModule /Users/admin/builder/spi-builder-workspace/.derivedData/Build/Intermediates.noindex/ExplicitPrecompiledModules/_Builtin_stdarg-FQQ6QZ1MRMN4993I1E1PCSHZ.scan
PrecompileModule /Users/admin/builder/spi-builder-workspace/.derivedData/Build/Intermediates.noindex/ExplicitPrecompiledModules/ptrcheck-2Y0N9XXGYS15ZR613ZPO2DI3E.scan
cd /
builtin-precompileModule /Users/admin/builder/spi-builder-workspace/.derivedData/Build/Intermediates.noindex/ExplicitPrecompiledModules/ptrcheck-2Y0N9XXGYS15ZR613ZPO2DI3E.scan
PrecompileModule /Users/admin/builder/spi-builder-workspace/.derivedData/Build/Intermediates.noindex/ExplicitPrecompiledModules/_Builtin_stdbool-38HS7Z9TXT31O6WNS601Z5EBI.scan
cd /
builtin-precompileModule /Users/admin/builder/spi-builder-workspace/.derivedData/Build/Intermediates.noindex/ExplicitPrecompiledModules/_Builtin_stdbool-38HS7Z9TXT31O6WNS601Z5EBI.scan
PrecompileModule /Users/admin/builder/spi-builder-workspace/.derivedData/Build/Intermediates.noindex/ExplicitPrecompiledModules/_Builtin_float-DZFE3ME63ISBKHIT2SAEGJ47W.scan
cd /
builtin-precompileModule /Users/admin/builder/spi-builder-workspace/.derivedData/Build/Intermediates.noindex/ExplicitPrecompiledModules/_Builtin_float-DZFE3ME63ISBKHIT2SAEGJ47W.scan
PrecompileModule /Users/admin/builder/spi-builder-workspace/.derivedData/Build/Intermediates.noindex/ExplicitPrecompiledModules/_Builtin_stddef-7NVUJVWTD2XM5R1HWHE6YAAKN.scan
cd /
builtin-precompileModule /Users/admin/builder/spi-builder-workspace/.derivedData/Build/Intermediates.noindex/ExplicitPrecompiledModules/_Builtin_stddef-7NVUJVWTD2XM5R1HWHE6YAAKN.scan
PrecompileModule /Users/admin/builder/spi-builder-workspace/.derivedData/Build/Intermediates.noindex/ExplicitPrecompiledModules/_DarwinFoundation1-5U4OBHR3DLA7MXW6LFKFJN5I3.scan
cd /
builtin-precompileModule /Users/admin/builder/spi-builder-workspace/.derivedData/Build/Intermediates.noindex/ExplicitPrecompiledModules/_DarwinFoundation1-5U4OBHR3DLA7MXW6LFKFJN5I3.scan
PrecompileModule /Users/admin/builder/spi-builder-workspace/.derivedData/Build/Intermediates.noindex/ExplicitPrecompiledModules/_DarwinFoundation2-A5HC8Z4AIZGWBOFI1GZQFS82O.scan
cd /
builtin-precompileModule /Users/admin/builder/spi-builder-workspace/.derivedData/Build/Intermediates.noindex/ExplicitPrecompiledModules/_DarwinFoundation2-A5HC8Z4AIZGWBOFI1GZQFS82O.scan
PrecompileModule /Users/admin/builder/spi-builder-workspace/.derivedData/Build/Intermediates.noindex/ExplicitPrecompiledModules/_Builtin_limits-1THS4JE9OBMP898H8JLPXZN34.scan
cd /
builtin-precompileModule /Users/admin/builder/spi-builder-workspace/.derivedData/Build/Intermediates.noindex/ExplicitPrecompiledModules/_Builtin_limits-1THS4JE9OBMP898H8JLPXZN34.scan
PrecompileModule /Users/admin/builder/spi-builder-workspace/.derivedData/Build/Intermediates.noindex/ExplicitPrecompiledModules/_Builtin_stdint-3L8RB09XVAS4MFU89SAZMPLFZ.scan
cd /
builtin-precompileModule /Users/admin/builder/spi-builder-workspace/.derivedData/Build/Intermediates.noindex/ExplicitPrecompiledModules/_Builtin_stdint-3L8RB09XVAS4MFU89SAZMPLFZ.scan
PrecompileModule /Users/admin/builder/spi-builder-workspace/.derivedData/Build/Intermediates.noindex/ExplicitPrecompiledModules/_DarwinFoundation3-BGV4FS3KNWQM8FZKAT4V0396U.scan
cd /
builtin-precompileModule /Users/admin/builder/spi-builder-workspace/.derivedData/Build/Intermediates.noindex/ExplicitPrecompiledModules/_DarwinFoundation3-BGV4FS3KNWQM8FZKAT4V0396U.scan
SwiftExplicitDependencyGeneratePcm arm64 /Users/admin/builder/spi-builder-workspace/.derivedData/SDKExplicitPrecompiledModules/_Builtin_stddef-3GI9GOKXSW3QCTFOI1USFLDZO.pcm
SwiftExplicitDependencyGeneratePcm arm64 /Users/admin/builder/spi-builder-workspace/.derivedData/SDKExplicitPrecompiledModules/_Builtin_float-105CRCDRP90FQCQO5ZX1LHV7H.pcm
SwiftExplicitDependencyGeneratePcm arm64 /Users/admin/builder/spi-builder-workspace/.derivedData/SDKExplicitPrecompiledModules/_Builtin_stdbool-KYV2HKP8IKLKMKQS9DGA2GUQ.pcm
SwiftExplicitDependencyGeneratePcm arm64 /Users/admin/builder/spi-builder-workspace/.derivedData/SDKExplicitPrecompiledModules/_SwiftConcurrencyShims-BLUUWKI6AGMD7TJ4RGYS7DP6T.pcm
SwiftExplicitDependencyGeneratePcm arm64 /Users/admin/builder/spi-builder-workspace/.derivedData/SDKExplicitPrecompiledModules/_AvailabilityInternal-CJTV5E7EL3MWRA437DUFPBVN2.pcm
SwiftExplicitDependencyGeneratePcm arm64 /Users/admin/builder/spi-builder-workspace/.derivedData/SDKExplicitPrecompiledModules/SwiftShims-C4V0DQ62WSTCYBYGILXXGQNO3.pcm
SwiftExplicitDependencyGeneratePcm arm64 /Users/admin/builder/spi-builder-workspace/.derivedData/SDKExplicitPrecompiledModules/ptrcheck-DHLCBWKPNUZOYTPJ1J3QVTCXK.pcm
SwiftExplicitDependencyGeneratePcm arm64 /Users/admin/builder/spi-builder-workspace/.derivedData/SDKExplicitPrecompiledModules/ptrauth-2W92ZJRLNJU99RJUQGGJG3OC3.pcm
SwiftExplicitDependencyGeneratePcm arm64 /Users/admin/builder/spi-builder-workspace/.derivedData/SDKExplicitPrecompiledModules/_Builtin_stdarg-7CFWA9OSW5N24E7PG4ZOCF1VH.pcm
PrecompileModule /Users/admin/builder/spi-builder-workspace/.derivedData/Build/Intermediates.noindex/ExplicitPrecompiledModules/_Builtin_inttypes-9N00XES659IQXXIUTRFJMO296.scan
cd /
builtin-precompileModule /Users/admin/builder/spi-builder-workspace/.derivedData/Build/Intermediates.noindex/ExplicitPrecompiledModules/_Builtin_inttypes-9N00XES659IQXXIUTRFJMO296.scan
PrecompileModule /Users/admin/builder/spi-builder-workspace/.derivedData/Build/Intermediates.noindex/ExplicitPrecompiledModules/Darwin-459CMPLO2CCJGMZMFNWOOFY72.scan
cd /
builtin-precompileModule /Users/admin/builder/spi-builder-workspace/.derivedData/Build/Intermediates.noindex/ExplicitPrecompiledModules/Darwin-459CMPLO2CCJGMZMFNWOOFY72.scan
SwiftExplicitDependencyGeneratePcm arm64 /Users/admin/builder/spi-builder-workspace/.derivedData/SDKExplicitPrecompiledModules/_DarwinFoundation1-7PRJIG163YE9KSKYA3BS35ZZP.pcm
SwiftExplicitDependencyGeneratePcm arm64 /Users/admin/builder/spi-builder-workspace/.derivedData/SDKExplicitPrecompiledModules/_DarwinFoundation2-94WUUGE4H5R03OWXE0QFZX1DN.pcm
SwiftExplicitDependencyGeneratePcm arm64 /Users/admin/builder/spi-builder-workspace/.derivedData/SDKExplicitPrecompiledModules/_Builtin_limits-AXGUGXBFPC0I7QDLJFB0K341Y.pcm
SwiftExplicitDependencyGeneratePcm arm64 /Users/admin/builder/spi-builder-workspace/.derivedData/SDKExplicitPrecompiledModules/string_h-10WPXBF3YFYMX5HUAW06LSABR.pcm
SwiftExplicitDependencyGeneratePcm arm64 /Users/admin/builder/spi-builder-workspace/.derivedData/SDKExplicitPrecompiledModules/sys_types-F4RNCN6UR5R5OWTLTOUM7TN3E.pcm
SwiftExplicitDependencyGeneratePcm arm64 /Users/admin/builder/spi-builder-workspace/.derivedData/SDKExplicitPrecompiledModules/_Builtin_stdint-22CBBOK8BNSF0UELDCAXSHGB.pcm
SwiftExplicitDependencyGeneratePcm arm64 /Users/admin/builder/spi-builder-workspace/.derivedData/SDKExplicitPrecompiledModules/_DarwinFoundation3-32PO5Q4RCB6WXH5VFO3HA3AVS.pcm
SwiftExplicitDependencyGeneratePcm arm64 /Users/admin/builder/spi-builder-workspace/.derivedData/SDKExplicitPrecompiledModules/libDER-5RCYOD0PCUUY2UGMBNE9LI8N9.pcm
SwiftExplicitDependencyGeneratePcm arm64 /Users/admin/builder/spi-builder-workspace/.derivedData/SDKExplicitPrecompiledModules/_Builtin_inttypes-1U6AP9A8AJ4G9WD98E9RHLGTJ.pcm
PrecompileModule /Users/admin/builder/spi-builder-workspace/.derivedData/Build/Intermediates.noindex/ExplicitPrecompiledModules/ncurses-6UH8EP27UZ1A3PBKYJE94M2RM.scan
cd /
builtin-precompileModule /Users/admin/builder/spi-builder-workspace/.derivedData/Build/Intermediates.noindex/ExplicitPrecompiledModules/ncurses-6UH8EP27UZ1A3PBKYJE94M2RM.scan
SwiftExplicitDependencyGeneratePcm arm64 /Users/admin/builder/spi-builder-workspace/.derivedData/SDKExplicitPrecompiledModules/Darwin-1RAAWNGKQM8YGHV0YJNNN5YDY.pcm
CompileC /Users/admin/builder/spi-builder-workspace/.derivedData/Build/Intermediates.noindex/SwiftCurses.build/Debug/C_ncursesBinds-t.build/Objects-normal/arm64/C_ncursesBinds.o /Users/admin/builder/spi-builder-workspace/Sources/C_ncursesBinds/C_ncursesBinds.c normal arm64 c com.apple.compilers.llvm.clang.1_0.compiler (in target 'C_ncursesBinds' from project 'SwiftCurses')
cd /Users/admin/builder/spi-builder-workspace/.swiftpm/xcode
Using response file: /Users/admin/builder/spi-builder-workspace/.derivedData/Build/Intermediates.noindex/SwiftCurses.build/Debug/C_ncursesBinds-t.build/Objects-normal/arm64/7187679823f38a2a940e0043cdf9d637-common-args.resp
/Applications/Xcode-27.0.0-Release.Candidate.app/Contents/Developer/Toolchains/XcodeDefault.xctoolchain/usr/bin/clang -x c -ivfsstatcache /Users/admin/builder/spi-builder-workspace/.derivedData/SDKStatCaches.noindex/macosx27.0-26A425-e829b21a6f8c9b70876ba0858053c0446a22442a12e9d48fe1a705f55a1adfc4.sdkstatcache -target arm64-apple-macos12.0 -fmessage-length\=0 -fdiagnostics-show-note-include-stack -fmacro-backtrace-limit\=0 -fno-color-diagnostics -fmodules-prune-interval\=86400 -fmodules-prune-after\=345600 -fbuild-session-file\=/Users/admin/builder/spi-builder-workspace/.derivedData/ModuleCache.noindex/Session.modulevalidation -fmodules-validate-once-per-build-session -Wnon-modular-include-in-framework-module -Werror\=non-modular-include-in-framework-module -Wno-trigraphs -Wno-missing-field-initializers -Wno-missing-prototypes -Wno-return-type -Wno-missing-braces -Wparentheses -Wswitch -Wno-unused-function -Wno-unused-label -Wno-unused-parameter -Wno-unused-variable -Wunused-value -Wno-empty-body -Wno-uninitialized -Wno-unknown-pragmas -Wno-shadow -Wno-four-char-constants -Wno-conversion -Wno-constant-conversion -Wno-int-conversion -Wno-bool-conversion -Wno-enum-conversion -Wno-float-conversion -Wno-non-literal-null-conversion -Wno-objc-literal-conversion -Wshorten-64-to-32 -Wpointer-sign -Wno-newline-eof -Wno-implicit-fallthrough -isysroot /Applications/Xcode-27.0.0-Release.Candidate.app/Contents/Developer/Platforms/MacOSX.platform/Developer/SDKs/MacOSX27.0.sdk -fstrict-aliasing -Wdeprecated-declarations -Wno-sign-conversion -Wno-infinite-recursion -Wno-comma -Wno-block-capture-autoreleasing -Wno-strict-prototypes -Wno-semicolon-before-method-body -index-store-path /Users/admin/builder/spi-builder-workspace/.derivedData/Index.noindex/DataStore @/Users/admin/builder/spi-builder-workspace/.derivedData/Build/Intermediates.noindex/SwiftCurses.build/Debug/C_ncursesBinds-t.build/Objects-normal/arm64/7187679823f38a2a940e0043cdf9d637-common-args.resp -MMD -MT dependencies -MF /Users/admin/builder/spi-builder-workspace/.derivedData/Build/Intermediates.noindex/SwiftCurses.build/Debug/C_ncursesBinds-t.build/Objects-normal/arm64/C_ncursesBinds.d --serialize-diagnostics /Users/admin/builder/spi-builder-workspace/.derivedData/Build/Intermediates.noindex/SwiftCurses.build/Debug/C_ncursesBinds-t.build/Objects-normal/arm64/C_ncursesBinds.dia -c /Users/admin/builder/spi-builder-workspace/Sources/C_ncursesBinds/C_ncursesBinds.c -o /Users/admin/builder/spi-builder-workspace/.derivedData/Build/Intermediates.noindex/SwiftCurses.build/Debug/C_ncursesBinds-t.build/Objects-normal/arm64/C_ncursesBinds.o -index-unit-output-path /SwiftCurses.build/Debug/C_ncursesBinds-t.build/Objects-normal/arm64/C_ncursesBinds.o
In file included from /Users/admin/builder/spi-builder-workspace/Sources/C_ncursesBinds/C_ncursesBinds.c:5:
/Users/admin/builder/spi-builder-workspace/Sources/C_ncursesBinds/include/C_ncursesBinds.h:4:9: warning: 'NCURSES_WIDECHAR' macro redefined [-Wmacro-redefined]
4 | #define NCURSES_WIDECHAR 1
| ^
In module 'Darwin' imported from /Users/admin/builder/spi-builder-workspace/Sources/C_ncursesBinds/C_ncursesBinds.c:2:
/Applications/Xcode-27.0.0-Release.Candidate.app/Contents/Developer/Platforms/MacOSX.platform/Developer/SDKs/MacOSX.sdk/usr/include/curses.h:177:9: note: previous definition is here
177 | #define NCURSES_WIDECHAR 0
| ^
1 warning generated.
Ld /Users/admin/builder/spi-builder-workspace/.derivedData/Build/Products/Debug/C_ncursesBinds.o normal (in target 'C_ncursesBinds' from project 'SwiftCurses')
cd /Users/admin/builder/spi-builder-workspace
/Applications/Xcode-27.0.0-Release.Candidate.app/Contents/Developer/Toolchains/XcodeDefault.xctoolchain/usr/bin/clang -Xlinker -reproducible -target arm64-apple-macos12.0 -r -isysroot /Applications/Xcode-27.0.0-Release.Candidate.app/Contents/Developer/Platforms/MacOSX.platform/Developer/SDKs/MacOSX27.0.sdk -O0 -Xlinker -no_warn_duplicate_libraries -F/Users/admin/builder/spi-builder-workspace/.derivedData/Build/Intermediates.noindex/EagerLinkingTBDs/Debug -F/Users/admin/builder/spi-builder-workspace/.derivedData/Build/Products/Debug -iframework /Applications/Xcode-27.0.0-Release.Candidate.app/Contents/Developer/Platforms/MacOSX.platform/Developer/Library/Frameworks -filelist /Users/admin/builder/spi-builder-workspace/.derivedData/Build/Intermediates.noindex/SwiftCurses.build/Debug/C_ncursesBinds-t.build/Objects-normal/arm64/C_ncursesBinds.LinkFileList -nostdlib -Xlinker -object_path_lto -Xlinker /Users/admin/builder/spi-builder-workspace/.derivedData/Build/Intermediates.noindex/SwiftCurses.build/Debug/C_ncursesBinds-t.build/Objects-normal/arm64/C_ncursesBinds_lto.o -Xlinker -no_deduplicate -Xlinker -debug_variant -Xlinker -dependency_info -Xlinker /Users/admin/builder/spi-builder-workspace/.derivedData/Build/Intermediates.noindex/SwiftCurses.build/Debug/C_ncursesBinds-t.build/Objects-normal/arm64/C_ncursesBinds_dependency_info.dat -o /Users/admin/builder/spi-builder-workspace/.derivedData/Build/Products/Debug/C_ncursesBinds.o
SwiftExplicitDependencyGeneratePcm arm64 /Users/admin/builder/spi-builder-workspace/.derivedData/SDKExplicitPrecompiledModules/launch-2XAORMJNLLVS0OVKC1M0752GY.pcm
SwiftExplicitDependencyGeneratePcm arm64 /Users/admin/builder/spi-builder-workspace/.derivedData/SDKExplicitPrecompiledModules/libkern-22MDXN9G35RPO3OLKX9B2PN16.pcm
SwiftExplicitDependencyGeneratePcm arm64 /Users/admin/builder/spi-builder-workspace/.derivedData/SDKExplicitPrecompiledModules/MachO-AWTJ65TFR7TMST2NUE6ZCC1SL.pcm
SwiftExplicitDependencyGeneratePcm arm64 /Users/admin/builder/spi-builder-workspace/.derivedData/SDKExplicitPrecompiledModules/ObjectiveC-B89IQP2TC4CFSWOUMTUZRI1VZ.pcm
SwiftExplicitDependencyGeneratePcm arm64 /Users/admin/builder/spi-builder-workspace/.derivedData/SDKExplicitPrecompiledModules/os_object-3KLCCI03OX6OQTLJ92KQH2KIO.pcm
SwiftExplicitDependencyGeneratePcm arm64 /Users/admin/builder/spi-builder-workspace/.derivedData/SDKExplicitPrecompiledModules/os_workgroup-10SJ5M8R2OB4BG1TPFL9SZMKV.pcm
SwiftExplicitDependencyGeneratePcm arm64 /Users/admin/builder/spi-builder-workspace/.derivedData/SDKExplicitPrecompiledModules/Dispatch-NAMWF9KN29KC7Z5OS3TTTAE8.pcm
SwiftExplicitDependencyGeneratePcm arm64 /Users/admin/builder/spi-builder-workspace/.derivedData/SDKExplicitPrecompiledModules/XPC-E1MSAZG4ZNL24S2WK6K6Y7GWW.pcm
SwiftExplicitDependencyGeneratePcm arm64 /Users/admin/builder/spi-builder-workspace/.derivedData/SDKExplicitPrecompiledModules/CoreFoundation-4ZIITQ30SOGUQE8KJAB99ZV0Q.pcm
SwiftExplicitDependencyGeneratePcm arm64 /Users/admin/builder/spi-builder-workspace/.derivedData/SDKExplicitPrecompiledModules/IOKit-6H3X691EDBH124EYTC2PEOP5T.pcm
SwiftExplicitDependencyGeneratePcm arm64 /Users/admin/builder/spi-builder-workspace/.derivedData/SDKExplicitPrecompiledModules/CFNetwork-CVHS5CT20191MFYXQIEDWSRGJ.pcm
SwiftExplicitDependencyGeneratePcm arm64 /Users/admin/builder/spi-builder-workspace/.derivedData/SDKExplicitPrecompiledModules/Security-ESPJ7FP0YAY1EL3VXBGY9MCZ8.pcm
SwiftExplicitDependencyGeneratePcm arm64 /Users/admin/builder/spi-builder-workspace/.derivedData/SDKExplicitPrecompiledModules/DiskArbitration-ZNZZU7T0SYELB0DAR56WQF0R.pcm
SwiftExplicitDependencyGeneratePcm arm64 /Users/admin/builder/spi-builder-workspace/.derivedData/SDKExplicitPrecompiledModules/CoreServices-CGCGY0FOMEQGSNMO3HQSC09XU.pcm
SwiftExplicitDependencyGeneratePcm arm64 /Users/admin/builder/spi-builder-workspace/.derivedData/SDKExplicitPrecompiledModules/Foundation-44WR0NU86C67CV5BW8W1MGKNG.pcm
SwiftCompile normal arm64 Compiling\ SignalHandler.swift /Users/admin/builder/spi-builder-workspace/.dependencies/checkouts/SignalHandler/Sources/SignalHandler/SignalHandler.swift (in target 'SignalHandler' from project 'SignalHandler')
SwiftCompile normal arm64 /Users/admin/builder/spi-builder-workspace/.dependencies/checkouts/SignalHandler/Sources/SignalHandler/SignalHandler.swift (in target 'SignalHandler' from project 'SignalHandler')
cd /Users/admin/builder/spi-builder-workspace/.swiftpm/xcode
builtin-SwiftPerFileCompile SignalHandler.swift
SwiftCompile normal arm64 Compiling\ Signals.swift /Users/admin/builder/spi-builder-workspace/.dependencies/checkouts/SignalHandler/Sources/SignalHandler/Signals.swift (in target 'SignalHandler' from project 'SignalHandler')
SwiftCompile normal arm64 /Users/admin/builder/spi-builder-workspace/.dependencies/checkouts/SignalHandler/Sources/SignalHandler/Signals.swift (in target 'SignalHandler' from project 'SignalHandler')
cd /Users/admin/builder/spi-builder-workspace/.swiftpm/xcode
builtin-SwiftPerFileCompile Signals.swift
SwiftCompile normal arm64 Compiling\ extensions.swift /Users/admin/builder/spi-builder-workspace/.dependencies/checkouts/SignalHandler/Sources/SignalHandler/extensions.swift (in target 'SignalHandler' from project 'SignalHandler')
SwiftCompile normal arm64 /Users/admin/builder/spi-builder-workspace/.dependencies/checkouts/SignalHandler/Sources/SignalHandler/extensions.swift (in target 'SignalHandler' from project 'SignalHandler')
cd /Users/admin/builder/spi-builder-workspace/.swiftpm/xcode
builtin-SwiftPerFileCompile extensions.swift
SwiftCompile normal arm64 Compiling\ SourceSequence.swift /Users/admin/builder/spi-builder-workspace/.dependencies/checkouts/SignalHandler/Sources/SignalHandler/SourceSequence.swift (in target 'SignalHandler' from project 'SignalHandler')
SwiftCompile normal arm64 /Users/admin/builder/spi-builder-workspace/.dependencies/checkouts/SignalHandler/Sources/SignalHandler/SourceSequence.swift (in target 'SignalHandler' from project 'SignalHandler')
cd /Users/admin/builder/spi-builder-workspace/.swiftpm/xcode
builtin-SwiftPerFileCompile SourceSequence.swift
SwiftEmitModule normal arm64 Emitting\ module\ for\ SignalHandler (in target 'SignalHandler' from project 'SignalHandler')
SwiftCompile normal arm64 (in target 'SignalHandler' from project 'SignalHandler')
cd /Users/admin/builder/spi-builder-workspace/.swiftpm/xcode
SwiftDriverJobDiscovery normal arm64 Emitting module for SignalHandler (in target 'SignalHandler' from project 'SignalHandler')
SwiftDriver\ Compilation\ Requirements SignalHandler normal arm64 com.apple.xcode.tools.swift.compiler (in target 'SignalHandler' from project 'SignalHandler')
cd /Users/admin/builder/spi-builder-workspace/.swiftpm/xcode
builtin-Swift-Compilation-Requirements -- /Applications/Xcode-27.0.0-Release.Candidate.app/Contents/Developer/Toolchains/XcodeDefault.xctoolchain/usr/bin/swiftc -parse-as-library -module-name SignalHandler -Onone @/Users/admin/builder/spi-builder-workspace/.derivedData/Build/Intermediates.noindex/SignalHandler.build/Debug/SignalHandler-t.build/Objects-normal/arm64/SignalHandler.SwiftFileList -DSWIFT_PACKAGE -DDEBUG -DSWIFT_MODULE_RESOURCE_BUNDLE_UNAVAILABLE -DXcode -plugin-path /Applications/Xcode-27.0.0-Release.Candidate.app/Contents/Developer/Toolchains/XcodeDefault.xctoolchain/usr/lib/swift/host/plugins/testing -enable-experimental-feature DebugDescriptionMacro -sdk /Applications/Xcode-27.0.0-Release.Candidate.app/Contents/Developer/Platforms/MacOSX.platform/Developer/SDKs/MacOSX27.0.sdk -target arm64-apple-macos12.0 -g -module-cache-path /Users/admin/builder/spi-builder-workspace/.derivedData/ModuleCache.noindex -Xfrontend -serialize-debugging-options -profile-coverage-mapping -profile-generate -enable-testing -suppress-warnings -index-store-path /Users/admin/builder/spi-builder-workspace/.derivedData/Index.noindex/DataStore -Xcc -D_LIBCPP_HARDENING_MODE\=_LIBCPP_HARDENING_MODE_DEBUG -swift-version 5 -I /Users/admin/builder/spi-builder-workspace/.derivedData/Build/Products/Debug -Isystem /Applications/Xcode-27.0.0-Release.Candidate.app/Contents/Developer/Platforms/MacOSX.platform/Developer/usr/lib -F /Users/admin/builder/spi-builder-workspace/.derivedData/Build/Products/Debug -F /Applications/Xcode-27.0.0-Release.Candidate.app/Contents/Developer/Platforms/MacOSX.platform/Developer/Library/Frameworks -c -j10 -enable-batch-mode -incremental -Xcc -ivfsstatcache -Xcc /Users/admin/builder/spi-builder-workspace/.derivedData/SDKStatCaches.noindex/macosx27.0-26A425-e829b21a6f8c9b70876ba0858053c0446a22442a12e9d48fe1a705f55a1adfc4.sdkstatcache -output-file-map /Users/admin/builder/spi-builder-workspace/.derivedData/Build/Intermediates.noindex/SignalHandler.build/Debug/SignalHandler-t.build/Objects-normal/arm64/SignalHandler-OutputFileMap.json -save-temps -no-color-diagnostics -explicit-module-build -module-cache-path /Users/admin/builder/spi-builder-workspace/.derivedData/Build/Intermediates.noindex/SwiftExplicitPrecompiledModules -clang-scanner-module-cache-path /Users/admin/builder/spi-builder-workspace/.derivedData/ModuleCache.noindex -sdk-module-cache-path /Users/admin/builder/spi-builder-workspace/.derivedData/SDKExplicitPrecompiledModules -emit-dependencies -emit-module -emit-module-path /Users/admin/builder/spi-builder-workspace/.derivedData/Build/Intermediates.noindex/SignalHandler.build/Debug/SignalHandler-t.build/Objects-normal/arm64/SignalHandler.swiftmodule -serialize-diagnostics -dependency-scan-serialize-diagnostics-path /Users/admin/builder/spi-builder-workspace/.derivedData/Build/Intermediates.noindex/SignalHandler.build/Debug/SignalHandler-t.build/Objects-normal/arm64/SignalHandler-dependency-scan.dia -validate-clang-modules-once -clang-build-session-file /Users/admin/builder/spi-builder-workspace/.derivedData/ModuleCache.noindex/Session.modulevalidation -Xcc -fmodules-prune-interval\=86400 -Xcc -fmodules-prune-after\=345600 -emit-const-values -const-gather-protocols-list /Users/admin/builder/spi-builder-workspace/.derivedData/Build/Intermediates.noindex/SignalHandler.build/Debug/SignalHandler-t.build/Objects-normal/arm64/SignalHandler_const_extract_protocols.json -Xcc -I/Users/admin/builder/spi-builder-workspace/.derivedData/Build/Products/Debug/include -Xcc -I/Users/admin/builder/spi-builder-workspace/.derivedData/Build/Intermediates.noindex/SignalHandler.build/Debug/SignalHandler-t.build/DerivedSources-normal/arm64 -Xcc -I/Users/admin/builder/spi-builder-workspace/.derivedData/Build/Intermediates.noindex/SignalHandler.build/Debug/SignalHandler-t.build/DerivedSources/arm64 -Xcc -I/Users/admin/builder/spi-builder-workspace/.derivedData/Build/Intermediates.noindex/SignalHandler.build/Debug/SignalHandler-t.build/DerivedSources -Xcc -DSWIFT_PACKAGE -Xcc -DDEBUG\=1 -emit-objc-header -emit-objc-header-path /Users/admin/builder/spi-builder-workspace/.derivedData/Build/Intermediates.noindex/SignalHandler.build/Debug/SignalHandler-t.build/Objects-normal/arm64/SignalHandler-Swift.h -working-directory /Users/admin/builder/spi-builder-workspace/.swiftpm/xcode -experimental-emit-module-separately -disable-cmo
SwiftMergeGeneratedHeaders /Users/admin/builder/spi-builder-workspace/.derivedData/Build/Intermediates.noindex/GeneratedModuleMaps/SignalHandler-Swift.h /Users/admin/builder/spi-builder-workspace/.derivedData/Build/Intermediates.noindex/SignalHandler.build/Debug/SignalHandler-t.build/Objects-normal/arm64/SignalHandler-Swift.h (in target 'SignalHandler' from project 'SignalHandler')
cd /Users/admin/builder/spi-builder-workspace/.dependencies/checkouts/SignalHandler
builtin-swiftHeaderTool -arch arm64 /Users/admin/builder/spi-builder-workspace/.derivedData/Build/Intermediates.noindex/SignalHandler.build/Debug/SignalHandler-t.build/Objects-normal/arm64/SignalHandler-Swift.h -o /Users/admin/builder/spi-builder-workspace/.derivedData/Build/Intermediates.noindex/GeneratedModuleMaps/SignalHandler-Swift.h
Copy /Users/admin/builder/spi-builder-workspace/.derivedData/Build/Products/Debug/SignalHandler.swiftmodule/arm64-apple-macos.swiftmodule /Users/admin/builder/spi-builder-workspace/.derivedData/Build/Intermediates.noindex/SignalHandler.build/Debug/SignalHandler-t.build/Objects-normal/arm64/SignalHandler.swiftmodule (in target 'SignalHandler' from project 'SignalHandler')
cd /Users/admin/builder/spi-builder-workspace/.dependencies/checkouts/SignalHandler
builtin-copy -exclude .DS_Store -exclude CVS -exclude .svn -exclude .git -exclude .hg -resolve-src-symlinks -rename /Users/admin/builder/spi-builder-workspace/.derivedData/Build/Intermediates.noindex/SignalHandler.build/Debug/SignalHandler-t.build/Objects-normal/arm64/SignalHandler.swiftmodule /Users/admin/builder/spi-builder-workspace/.derivedData/Build/Products/Debug/SignalHandler.swiftmodule/arm64-apple-macos.swiftmodule
Copy /Users/admin/builder/spi-builder-workspace/.derivedData/Build/Products/Debug/SignalHandler.swiftmodule/arm64-apple-macos.abi.json /Users/admin/builder/spi-builder-workspace/.derivedData/Build/Intermediates.noindex/SignalHandler.build/Debug/SignalHandler-t.build/Objects-normal/arm64/SignalHandler.abi.json (in target 'SignalHandler' from project 'SignalHandler')
cd /Users/admin/builder/spi-builder-workspace/.dependencies/checkouts/SignalHandler
builtin-copy -exclude .DS_Store -exclude CVS -exclude .svn -exclude .git -exclude .hg -resolve-src-symlinks -rename /Users/admin/builder/spi-builder-workspace/.derivedData/Build/Intermediates.noindex/SignalHandler.build/Debug/SignalHandler-t.build/Objects-normal/arm64/SignalHandler.abi.json /Users/admin/builder/spi-builder-workspace/.derivedData/Build/Products/Debug/SignalHandler.swiftmodule/arm64-apple-macos.abi.json
Copy /Users/admin/builder/spi-builder-workspace/.derivedData/Build/Products/Debug/SignalHandler.swiftmodule/arm64-apple-macos.swiftdoc /Users/admin/builder/spi-builder-workspace/.derivedData/Build/Intermediates.noindex/SignalHandler.build/Debug/SignalHandler-t.build/Objects-normal/arm64/SignalHandler.swiftdoc (in target 'SignalHandler' from project 'SignalHandler')
cd /Users/admin/builder/spi-builder-workspace/.dependencies/checkouts/SignalHandler
builtin-copy -exclude .DS_Store -exclude CVS -exclude .svn -exclude .git -exclude .hg -resolve-src-symlinks -rename /Users/admin/builder/spi-builder-workspace/.derivedData/Build/Intermediates.noindex/SignalHandler.build/Debug/SignalHandler-t.build/Objects-normal/arm64/SignalHandler.swiftdoc /Users/admin/builder/spi-builder-workspace/.derivedData/Build/Products/Debug/SignalHandler.swiftmodule/arm64-apple-macos.swiftdoc
Copy /Users/admin/builder/spi-builder-workspace/.derivedData/Build/Products/Debug/SignalHandler.swiftmodule/Project/arm64-apple-macos.swiftsourceinfo /Users/admin/builder/spi-builder-workspace/.derivedData/Build/Intermediates.noindex/SignalHandler.build/Debug/SignalHandler-t.build/Objects-normal/arm64/SignalHandler.swiftsourceinfo (in target 'SignalHandler' from project 'SignalHandler')
cd /Users/admin/builder/spi-builder-workspace/.dependencies/checkouts/SignalHandler
builtin-copy -exclude .DS_Store -exclude CVS -exclude .svn -exclude .git -exclude .hg -resolve-src-symlinks -rename /Users/admin/builder/spi-builder-workspace/.derivedData/Build/Intermediates.noindex/SignalHandler.build/Debug/SignalHandler-t.build/Objects-normal/arm64/SignalHandler.swiftsourceinfo /Users/admin/builder/spi-builder-workspace/.derivedData/Build/Products/Debug/SignalHandler.swiftmodule/Project/arm64-apple-macos.swiftsourceinfo
SwiftDriver SwiftCurses normal arm64 com.apple.xcode.tools.swift.compiler (in target 'SwiftCurses' from project 'SwiftCurses')
cd /Users/admin/builder/spi-builder-workspace/.swiftpm/xcode
builtin-SwiftDriver -- /Applications/Xcode-27.0.0-Release.Candidate.app/Contents/Developer/Toolchains/XcodeDefault.xctoolchain/usr/bin/swiftc -parse-as-library -module-name SwiftCurses -Onone @/Users/admin/builder/spi-builder-workspace/.derivedData/Build/Intermediates.noindex/SwiftCurses.build/Debug/SwiftCurses-t.build/Objects-normal/arm64/SwiftCurses.SwiftFileList -DSWIFT_PACKAGE -DDEBUG -DSWIFT_MODULE_RESOURCE_BUNDLE_UNAVAILABLE -DSWIFTCURSES_OPAQUE -Xcc -fmodule-map-file\=/Users/admin/builder/spi-builder-workspace/.derivedData/Build/Intermediates.noindex/GeneratedModuleMaps/C_ncursesBinds.modulemap -Xcc -fmodule-map-file\=/Users/admin/builder/spi-builder-workspace/Sources/C_ncurses/module.modulemap -DXcode -plugin-path /Applications/Xcode-27.0.0-Release.Candidate.app/Contents/Developer/Toolchains/XcodeDefault.xctoolchain/usr/lib/swift/host/plugins/testing -enable-experimental-feature DebugDescriptionMacro -sdk /Applications/Xcode-27.0.0-Release.Candidate.app/Contents/Developer/Platforms/MacOSX.platform/Developer/SDKs/MacOSX27.0.sdk -target arm64-apple-macos12.0 -g -module-cache-path /Users/admin/builder/spi-builder-workspace/.derivedData/ModuleCache.noindex -Xfrontend -serialize-debugging-options -profile-coverage-mapping -profile-generate -enable-testing -index-store-path /Users/admin/builder/spi-builder-workspace/.derivedData/Index.noindex/DataStore -Xcc -D_LIBCPP_HARDENING_MODE\=_LIBCPP_HARDENING_MODE_DEBUG -swift-version 5 -I /Users/admin/builder/spi-builder-workspace/.derivedData/Build/Products/Debug -Isystem /Applications/Xcode-27.0.0-Release.Candidate.app/Contents/Developer/Platforms/MacOSX.platform/Developer/usr/lib -F /Users/admin/builder/spi-builder-workspace/.derivedData/Build/Products/Debug/PackageFrameworks -F /Users/admin/builder/spi-builder-workspace/.derivedData/Build/Products/Debug -F /Applications/Xcode-27.0.0-Release.Candidate.app/Contents/Developer/Platforms/MacOSX.platform/Developer/Library/Frameworks -c -j10 -enable-batch-mode -incremental -Xcc -ivfsstatcache -Xcc /Users/admin/builder/spi-builder-workspace/.derivedData/SDKStatCaches.noindex/macosx27.0-26A425-e829b21a6f8c9b70876ba0858053c0446a22442a12e9d48fe1a705f55a1adfc4.sdkstatcache -output-file-map /Users/admin/builder/spi-builder-workspace/.derivedData/Build/Intermediates.noindex/SwiftCurses.build/Debug/SwiftCurses-t.build/Objects-normal/arm64/SwiftCurses-OutputFileMap.json -save-temps -no-color-diagnostics -explicit-module-build -module-cache-path /Users/admin/builder/spi-builder-workspace/.derivedData/Build/Intermediates.noindex/SwiftExplicitPrecompiledModules -clang-scanner-module-cache-path /Users/admin/builder/spi-builder-workspace/.derivedData/ModuleCache.noindex -sdk-module-cache-path /Users/admin/builder/spi-builder-workspace/.derivedData/SDKExplicitPrecompiledModules -emit-dependencies -emit-module -emit-module-path /Users/admin/builder/spi-builder-workspace/.derivedData/Build/Intermediates.noindex/SwiftCurses.build/Debug/SwiftCurses-t.build/Objects-normal/arm64/SwiftCurses.swiftmodule -serialize-diagnostics -dependency-scan-serialize-diagnostics-path /Users/admin/builder/spi-builder-workspace/.derivedData/Build/Intermediates.noindex/SwiftCurses.build/Debug/SwiftCurses-t.build/Objects-normal/arm64/SwiftCurses-dependency-scan.dia -validate-clang-modules-once -clang-build-session-file /Users/admin/builder/spi-builder-workspace/.derivedData/ModuleCache.noindex/Session.modulevalidation -Xcc -fmodules-prune-interval\=86400 -Xcc -fmodules-prune-after\=345600 -emit-const-values -const-gather-protocols-list /Users/admin/builder/spi-builder-workspace/.derivedData/Build/Intermediates.noindex/SwiftCurses.build/Debug/SwiftCurses-t.build/Objects-normal/arm64/SwiftCurses_const_extract_protocols.json -Xcc -I/Users/admin/builder/spi-builder-workspace/Sources/C_ncursesBinds/include -Xcc -I/Users/admin/builder/spi-builder-workspace/.derivedData/Build/Products/Debug/include -Xcc -I/Users/admin/builder/spi-builder-workspace/.derivedData/Build/Intermediates.noindex/SwiftCurses.build/Debug/SwiftCurses-t.build/DerivedSources-normal/arm64 -Xcc -I/Users/admin/builder/spi-builder-workspace/.derivedData/Build/Intermediates.noindex/SwiftCurses.build/Debug/SwiftCurses-t.build/DerivedSources/arm64 -Xcc -I/Users/admin/builder/spi-builder-workspace/.derivedData/Build/Intermediates.noindex/SwiftCurses.build/Debug/SwiftCurses-t.build/DerivedSources -Xcc -DSWIFT_PACKAGE -Xcc -DDEBUG\=1 -emit-objc-header -emit-objc-header-path /Users/admin/builder/spi-builder-workspace/.derivedData/Build/Intermediates.noindex/SwiftCurses.build/Debug/SwiftCurses-t.build/Objects-normal/arm64/SwiftCurses-Swift.h -working-directory /Users/admin/builder/spi-builder-workspace/.swiftpm/xcode -experimental-emit-module-separately -disable-cmo
SwiftDriverJobDiscovery normal arm64 Compiling SourceSequence.swift (in target 'SignalHandler' from project 'SignalHandler')
SwiftExplicitDependencyGeneratePcm arm64 /Users/admin/builder/spi-builder-workspace/.derivedData/Build/Intermediates.noindex/SwiftExplicitPrecompiledModules/C_ncursesBinds-DEOD4QL70IHWQZ9XL2QXH46PS.pcm
SwiftExplicitDependencyGeneratePcm arm64 /Users/admin/builder/spi-builder-workspace/.derivedData/Build/Intermediates.noindex/SwiftExplicitPrecompiledModules/ncurses-BAFG5ZOGXJVSV65JRRK628BM2.pcm
SwiftEmitModule normal arm64 Emitting\ module\ for\ SwiftCurses (in target 'SwiftCurses' from project 'SwiftCurses')
/Users/admin/builder/spi-builder-workspace/Sources/SwiftCurses/Window+attributes.swift:73:11: error: 'wattron' is only available in macOS 15.0 or newer
63 | }
64 |
65 | extension WindowProtocol {
| `- note: add '@available' attribute to enclosing extension
66 | @inlinable
67 | public func attrOn(_ attrs: Attribute...) {
:
70 |
71 | @inlinable
72 | public func attrOn(_ attrs: [Attribute]) {
| `- note: add '@available' attribute to enclosing instance method
73 | ncurses.wattron(self.window, attrs.combine())
| |- error: 'wattron' is only available in macOS 15.0 or newer
| `- note: add 'if #available' version check
74 | }
75 |
/Users/admin/builder/spi-builder-workspace/Sources/SwiftCurses/Window+attributes.swift:78:11: error: 'wattrset' is only available in macOS 15.0 or newer
63 | }
64 |
65 | extension WindowProtocol {
| `- note: add '@available' attribute to enclosing extension
66 | @inlinable
67 | public func attrOn(_ attrs: Attribute...) {
:
75 |
76 | @inlinable
77 | public func attrSet(_ attrs: Attribute...) {
| `- note: add '@available' attribute to enclosing instance method
78 | ncurses.wattrset(self.window, attrs.combine())
| |- error: 'wattrset' is only available in macOS 15.0 or newer
| `- note: add 'if #available' version check
79 | }
80 |
/Users/admin/builder/spi-builder-workspace/Sources/SwiftCurses/Window+attributes.swift:88:11: error: 'wattroff' is only available in macOS 15.0 or newer
63 | }
64 |
65 | extension WindowProtocol {
| `- note: add '@available' attribute to enclosing extension
66 | @inlinable
67 | public func attrOn(_ attrs: Attribute...) {
:
85 |
86 | @inlinable
87 | public func attrOff(_ attrs: [Attribute]) {
| `- note: add '@available' attribute to enclosing instance method
88 | ncurses.wattroff(self.window, attrs.combine())
| |- error: 'wattroff' is only available in macOS 15.0 or newer
| `- note: add 'if #available' version check
89 | }
90 |
/Users/admin/builder/spi-builder-workspace/Sources/SwiftCurses/Window+attributes.swift:102:11: error: 'wstandend' is only available in macOS 15.0 or newer
63 | }
64 |
65 | extension WindowProtocol {
| `- note: add '@available' attribute to enclosing extension
66 | @inlinable
67 | public func attrOn(_ attrs: Attribute...) {
:
99 |
100 | @inlinable
101 | public func standEnd() {
| `- note: add '@available' attribute to enclosing instance method
102 | ncurses.wstandend(self.window)
| |- error: 'wstandend' is only available in macOS 15.0 or newer
| `- note: add 'if #available' version check
103 | }
104 |
/Users/admin/builder/spi-builder-workspace/Sources/SwiftCurses/Window+attributes.swift:113:11: error: 'wchgat' is only available in macOS 15.0 or newer
63 | }
64 |
65 | extension WindowProtocol {
| `- note: add '@available' attribute to enclosing extension
66 | @inlinable
67 | public func attrOn(_ attrs: Attribute...) {
:
110 |
111 | @inlinable
112 | func chgat(_ n: Int32, _ attrs: [Attribute], color pair: Int16, opts: UnsafeRawPointer? = nil) {
| `- note: add '@available' attribute to enclosing instance method
113 | ncurses.wchgat(self.window, n, attr_t(attrs.combine()), pair, opts)
| |- error: 'wchgat' is only available in macOS 15.0 or newer
| `- note: add 'if #available' version check
114 | }
115 |
/Users/admin/builder/spi-builder-workspace/Sources/SwiftCurses/Window+border.swift:15:11: error: 'box' is only available in macOS 15.0 or newer
4 | // https://invisible-island.net/ncurses/man/curs_border.3x.html
5 | // X/Open does not define any error conditions. This implementation returns an error if the window pointer is null.
6 | extension WindowProtocol {
| `- note: add '@available' attribute to enclosing extension
7 | //=========
8 | // Borders
:
11 | // TODO: UTF-8 support
12 | @inlinable
13 | public func box(_ vertCh: Character = "\u{0}", _ horCh: Character = "\u{0}") {
| `- note: add '@available' attribute to enclosing instance method
14 | // X/Open does not define any error conditions. This implementation returns an error if the window pointer is null.
15 | ncurses.box(self.window, UInt32(vertCh.asciiValue!), UInt32(horCh.asciiValue!))
| |- error: 'box' is only available in macOS 15.0 or newer
| `- note: add 'if #available' version check
16 | }
17 |
/Users/admin/builder/spi-builder-workspace/Sources/SwiftCurses/Window+border.swift:21:11: error: 'box' is only available in macOS 15.0 or newer
4 | // https://invisible-island.net/ncurses/man/curs_border.3x.html
5 | // X/Open does not define any error conditions. This implementation returns an error if the window pointer is null.
6 | extension WindowProtocol {
| `- note: add '@available' attribute to enclosing extension
7 | //=========
8 | // Borders
:
17 |
18 | @inlinable
19 | public func box(_ vertCh: UInt32, _ horCh: UInt32) {
| `- note: add '@available' attribute to enclosing instance method
20 | // X/Open does not define any error conditions. This implementation returns an error if the window pointer is null.
21 | ncurses.box(self.window, vertCh, horCh)
| |- error: 'box' is only available in macOS 15.0 or newer
| `- note: add 'if #available' version check
22 | }
23 |
/Users/admin/builder/spi-builder-workspace/Sources/SwiftCurses/Window+clear.swift:27:11: error: 'wclear' is only available in macOS 15.0 or newer
13 | }
14 |
15 | extension WindowProtocol {
| `- note: add '@available' attribute to enclosing extension
16 | /// copy blanks to every position in the window, clearing the screen
17 | @inlinable
:
24 | /// from scratch
25 | @inlinable
26 | public func clear() {
| `- note: add '@available' attribute to enclosing instance method
27 | ncurses.wclear(self.window)
| |- error: 'wclear' is only available in macOS 15.0 or newer
| `- note: add 'if #available' version check
28 | }
29 |
/Users/admin/builder/spi-builder-workspace/Sources/SwiftCurses/Window+controls.swift:43:11: error: 'wrefresh' is only available in macOS 15.0 or newer
9 | }
10 |
11 | extension WindowProtocol {
| `- note: add '@available' attribute to enclosing extension
12 | /// move the cursor to `row`th row and `col`th column
13 | @inlinable
:
39 | /// Refreshes the screen, drawing anything that hasn't been drawn yet
40 | @inlinable
41 | public func refresh() {
| `- note: add '@available' attribute to enclosing instance method
42 | // X/Open does not define any error conditions.
43 | ncurses.wrefresh(self.window)
| |- error: 'wrefresh' is only available in macOS 15.0 or newer
| `- note: add 'if #available' version check
44 | }
45 | }
/Users/admin/builder/spi-builder-workspace/Sources/SwiftCurses/Window+dump.swift:16:26: error: 'getwin' is only available in macOS 15.0 or newer
6 | #endif
7 |
8 | extension WindowProtocol {
| `- note: add '@available' attribute to enclosing extension
9 | #if canImport(Foundation)
10 |
11 | @inlinable
12 | public func get<WinType: ManagedWindow>(file: URL) throws -> WinType {
| `- note: add '@available' attribute to enclosing instance method
13 | guard let filePtr = file.withUnsafeFileSystemRepresentation( { fopen($0, "w") } ) else {
14 | throw CursesError(.couldNotOpenFile)
15 | }
16 | return WinType(ncurses.getwin(filePtr))
| |- error: 'getwin' is only available in macOS 15.0 or newer
| `- note: add 'if #available' version check
17 | }
18 |
/Users/admin/builder/spi-builder-workspace/Sources/SwiftCurses/Window+dump.swift:24:14: error: 'putwin' is only available in macOS 15.0 or newer
6 | #endif
7 |
8 | extension WindowProtocol {
| `- note: add '@available' attribute to enclosing extension
9 | #if canImport(Foundation)
10 |
:
18 |
19 | @inlinable
20 | public func put(file: URL) throws {
| `- note: add '@available' attribute to enclosing instance method
21 | guard let filePtr = file.withUnsafeFileSystemRepresentation( { fopen($0, "w") } ) else {
22 | throw CursesError(.couldNotOpenFile)
23 | }
24 | if ncurses.putwin(self.window, filePtr) == ERR {
| |- error: 'putwin' is only available in macOS 15.0 or newer
| `- note: add 'if #available' version check
25 | throw CursesError(.couldNotOpenFile)
26 | }
/Users/admin/builder/spi-builder-workspace/Sources/SwiftCurses/Window+output.swift:36:20: error: 'waddstr' is only available in macOS 15.0 or newer
2 | import C_ncursesBinds
3 |
4 | extension WindowProtocol {
| `- note: add '@available' attribute to enclosing extension
5 | //========
6 | // printw
:
33 |
34 | @inlinable
35 | public func addStr(_ str: String) throws {
| `- note: add '@available' attribute to enclosing instance method
36 | if ncurses.waddstr(self.window, str) == ERR {
| |- error: 'waddstr' is only available in macOS 15.0 or newer
| `- note: add 'if #available' version check
37 | throw CursesError(.error, help: "https://invisible-island.net/ncurses/man/curs_addstr.3x.html#h2-RETURN-VALUE")
38 | }
/Users/admin/builder/spi-builder-workspace/Sources/SwiftCurses/Window.swift:84:29: error: 'newwin' is only available in macOS 15.0 or newer
81 | /// Create a new ncurses window
82 | @inlinable
83 | internal func newWindow(rows: Int32, cols: Int32, begin: (Int32, Int32), settings: [WindowSetting] = WindowSetting.defaultSettings) throws -> WindowPointer {
| `- note: add '@available' attribute to enclosing global function
84 | guard let win = ncurses.newwin(rows, cols, begin.0, begin.1) else {
| |- error: 'newwin' is only available in macOS 15.0 or newer
| `- note: add 'if #available' version check
85 | if begin.0 < 0 || begin.1 < 1 {
86 | throw CursesError(.negativeCoordinate, help: "The beginning coordinates of the window cannot be negative")
/Users/admin/builder/spi-builder-workspace/Sources/SwiftCurses/initScreen.swift:95:13: error: 'scr_dump' is only available in macOS 15.0 or newer
92 |
93 | @inlinable
94 | public func scrDump(filename: String) {
| `- note: add '@available' attribute to enclosing global function
95 | ncurses.scr_dump(filename)
| |- error: 'scr_dump' is only available in macOS 15.0 or newer
| `- note: add 'if #available' version check
96 | }
97 |
/Users/admin/builder/spi-builder-workspace/Sources/SwiftCurses/initScreen.swift:100:13: error: 'scr_restore' is only available in macOS 15.0 or newer
97 |
98 | @inlinable
99 | public func scrRestore(filename: String) {
| `- note: add '@available' attribute to enclosing global function
100 | ncurses.scr_restore(filename)
| |- error: 'scr_restore' is only available in macOS 15.0 or newer
| `- note: add 'if #available' version check
101 | }
102 |
/Users/admin/builder/spi-builder-workspace/Sources/SwiftCurses/initScreen.swift:105:13: error: 'scr_init' is only available in macOS 15.0 or newer
102 |
103 | @inlinable
104 | public func scrInit(filename: String) {
| `- note: add '@available' attribute to enclosing global function
105 | ncurses.scr_init(filename)
| |- error: 'scr_init' is only available in macOS 15.0 or newer
| `- note: add 'if #available' version check
106 | }
107 |
/Users/admin/builder/spi-builder-workspace/Sources/SwiftCurses/initScreen.swift:110:13: error: 'scr_set' is only available in macOS 15.0 or newer
107 |
108 | @inlinable
109 | public func scrSet(filename: String) {
| `- note: add '@available' attribute to enclosing global function
110 | ncurses.scr_set(filename)
| |- error: 'scr_set' is only available in macOS 15.0 or newer
| `- note: add 'if #available' version check
111 | }
112 |
Failed frontend command:
/Applications/Xcode-27.0.0-Release.Candidate.app/Contents/Developer/Toolchains/XcodeDefault.xctoolchain/usr/bin/swift-frontend -frontend -emit-module -experimental-skip-non-inlinable-function-bodies-without-types /Users/admin/builder/spi-builder-workspace/Sources/SwiftCurses/LinuxCompatibility.swift /Users/admin/builder/spi-builder-workspace/Sources/SwiftCurses/Window+attributes.swift /Users/admin/builder/spi-builder-workspace/Sources/SwiftCurses/Window+border.swift /Users/admin/builder/spi-builder-workspace/Sources/SwiftCurses/Window+clear.swift /Users/admin/builder/spi-builder-workspace/Sources/SwiftCurses/Window+controls.swift /Users/admin/builder/spi-builder-workspace/Sources/SwiftCurses/Window+dump.swift /Users/admin/builder/spi-builder-workspace/Sources/SwiftCurses/Window+input.swift /Users/admin/builder/spi-builder-workspace/Sources/SwiftCurses/Window+mouse.swift /Users/admin/builder/spi-builder-workspace/Sources/SwiftCurses/Window+output.swift /Users/admin/builder/spi-builder-workspace/Sources/SwiftCurses/Window+util.swift /Users/admin/builder/spi-builder-workspace/Sources/SwiftCurses/Window.swift /Users/admin/builder/spi-builder-workspace/Sources/SwiftCurses/color.swift /Users/admin/builder/spi-builder-workspace/Sources/SwiftCurses/error.swift /Users/admin/builder/spi-builder-workspace/Sources/SwiftCurses/initScreen.swift /Users/admin/builder/spi-builder-workspace/Sources/SwiftCurses/kernel.swift /Users/admin/builder/spi-builder-workspace/Sources/SwiftCurses/keycode.swift /Users/admin/builder/spi-builder-workspace/Sources/SwiftCurses/mouseEvent.swift /Users/admin/builder/spi-builder-workspace/Sources/SwiftCurses/settings.swift -target arm64-apple-macos12.0 -module-can-import-version Foundation 5027.0.69 5027.0.69 -disable-cross-import-overlay-search -load-resolved-plugin /Applications/Xcode-27.0.0-Release.Candidate.app/Contents/Developer/Platforms/MacOSX.platform/Developer/usr/lib/swift/host/plugins/libFoundationMacros.dylib\#/Applications/Xcode-27.0.0-Release.Candidate.app/Contents/Developer/Platforms/MacOSX.platform/Developer/usr/bin/swift-plugin-server\#FoundationMacros -load-resolved-plugin /Applications/Xcode-27.0.0-Release.Candidate.app/Contents/Developer/Platforms/MacOSX.platform/Developer/usr/lib/swift/host/plugins/libObservationMacros.dylib\#/Applications/Xcode-27.0.0-Release.Candidate.app/Contents/Developer/Platforms/MacOSX.platform/Developer/usr/bin/swift-plugin-server\#ObservationMacros -load-resolved-plugin /Applications/Xcode-27.0.0-Release.Candidate.app/Contents/Developer/Platforms/MacOSX.platform/Developer/usr/lib/swift/host/plugins/libSwiftMacros.dylib\#/Applications/Xcode-27.0.0-Release.Candidate.app/Contents/Developer/Platforms/MacOSX.platform/Developer/usr/bin/swift-plugin-server\#SwiftMacros -disable-implicit-swift-modules -Xcc -fno-implicit-modules -Xcc -fno-implicit-module-maps -explicit-swift-module-map-file /Users/admin/builder/spi-builder-workspace/.derivedData/Build/Intermediates.noindex/SwiftCurses.build/Debug/SwiftCurses-t.build/Objects-normal/arm64/SwiftCurses-dependencies-1.json -Xllvm -aarch64-use-tbi -enable-objc-interop -stack-check -sdk /Applications/Xcode-27.0.0-Release.Candidate.app/Contents/Developer/Platforms/MacOSX.platform/Developer/SDKs/MacOSX27.0.sdk -I /Users/admin/builder/spi-builder-workspace/.derivedData/Build/Products/Debug -Isystem /Applications/Xcode-27.0.0-Release.Candidate.app/Contents/Developer/Platforms/MacOSX.platform/Developer/usr/lib -F /Users/admin/builder/spi-builder-workspace/.derivedData/Build/Products/Debug/PackageFrameworks -F /Users/admin/builder/spi-builder-workspace/.derivedData/Build/Products/Debug -F /Applications/Xcode-27.0.0-Release.Candidate.app/Contents/Developer/Platforms/MacOSX.platform/Developer/Library/Frameworks -module-cache-path /Users/admin/builder/spi-builder-workspace/.derivedData/Build/Intermediates.noindex/SwiftExplicitPrecompiledModules -no-color-diagnostics -Xcc -fno-color-diagnostics -enable-testing -g -debug-info-format\=dwarf -dwarf-version\=4 -profile-generate -profile-coverage-mapping -swift-version 5 -Onone -D SWIFT_PACKAGE -D DEBUG -D SWIFT_MODULE_RESOURCE_BUNDLE_UNAVAILABLE -D SWIFTCURSES_OPAQUE -D Xcode -serialize-debugging-options -enable-experimental-feature DebugDescriptionMacro -empty-abi-descriptor -validate-clang-modules-once -clang-build-session-file /Users/admin/builder/spi-builder-workspace/.derivedData/ModuleCache.noindex/Session.modulevalidation -Xcc -working-directory -Xcc /Users/admin/builder/spi-builder-workspace/.swiftpm/xcode -enable-anonymous-context-mangled-names -file-compilation-dir /Users/admin/builder/spi-builder-workspace/.swiftpm/xcode -Xcc -fmodule-map-file\=/Users/admin/builder/spi-builder-workspace/.derivedData/Build/Intermediates.noindex/GeneratedModuleMaps/C_ncursesBinds.modulemap -Xcc -fmodule-map-file\=/Users/admin/builder/spi-builder-workspace/Sources/C_ncurses/module.modulemap -Xcc -D_LIBCPP_HARDENING_MODE\=_LIBCPP_HARDENING_MODE_DEBUG -Xcc -ivfsstatcache -Xcc /Users/admin/builder/spi-builder-workspace/.derivedData/SDKStatCaches.noindex/macosx27.0-26A425-e829b21a6f8c9b70876ba0858053c0446a22442a12e9d48fe1a705f55a1adfc4.sdkstatcache -Xcc -fmodules-prune-interval\=86400 -Xcc -fmodules-prune-after\=345600 -Xcc -I/Users/admin/builder/spi-builder-workspace/Sources/C_ncursesBinds/include -Xcc -I/Users/admin/builder/spi-builder-workspace/.derivedData/Build/Products/Debug/include -Xcc -I/Users/admin/builder/spi-builder-workspace/.derivedData/Build/Intermediates.noindex/SwiftCurses.build/Debug/SwiftCurses-t.build/DerivedSources-normal/arm64 -Xcc -I/Users/admin/builder/spi-builder-workspace/.derivedData/Build/Intermediates.noindex/SwiftCurses.build/Debug/SwiftCurses-t.build/DerivedSources/arm64 -Xcc -I/Users/admin/builder/spi-builder-workspace/.derivedData/Build/Intermediates.noindex/SwiftCurses.build/Debug/SwiftCurses-t.build/DerivedSources -Xcc -DSWIFT_PACKAGE -Xcc -DDEBUG\=1 -no-auto-bridging-header-chaining -module-name SwiftCurses -const-gather-protocols-file /Users/admin/builder/spi-builder-workspace/.derivedData/Build/Intermediates.noindex/SwiftCurses.build/Debug/SwiftCurses-t.build/Objects-normal/arm64/SwiftCurses_const_extract_protocols.json -disable-clang-spi -clang-target arm64-apple-macos27.0 -target-sdk-version 27.0 -target-sdk-name macosx27.0 -in-process-plugin-server-path /Applications/Xcode-27.0.0-Release.Candidate.app/Contents/Developer/Toolchains/XcodeDefault.xctoolchain/usr/lib/swift/host/libSwiftInProcPluginServer.dylib -emit-module-doc-path /Users/admin/builder/spi-builder-workspace/.derivedData/Build/Intermediates.noindex/SwiftCurses.build/Debug/SwiftCurses-t.build/Objects-normal/arm64/SwiftCurses.swiftdoc -emit-module-source-info-path /Users/admin/builder/spi-builder-workspace/.derivedData/Build/Intermediates.noindex/SwiftCurses.build/Debug/SwiftCurses-t.build/Objects-normal/arm64/SwiftCurses.swiftsourceinfo -emit-objc-header-path /Users/admin/builder/spi-builder-workspace/.derivedData/Build/Intermediates.noindex/SwiftCurses.build/Debug/SwiftCurses-t.build/Objects-normal/arm64/SwiftCurses-Swift.h -serialize-diagnostics-path /Users/admin/builder/spi-builder-workspace/.derivedData/Build/Intermediates.noindex/SwiftCurses.build/Debug/SwiftCurses-t.build/Objects-normal/arm64/SwiftCurses-primary-emit-module.dia -emit-dependencies-path /Users/admin/builder/spi-builder-workspace/.derivedData/Build/Intermediates.noindex/SwiftCurses.build/Debug/SwiftCurses-t.build/Objects-normal/arm64/SwiftCurses-primary-emit-module.d -parse-as-library -o /Users/admin/builder/spi-builder-workspace/.derivedData/Build/Intermediates.noindex/SwiftCurses.build/Debug/SwiftCurses-t.build/Objects-normal/arm64/SwiftCurses.swiftmodule -emit-abi-descriptor-path /Users/admin/builder/spi-builder-workspace/.derivedData/Build/Intermediates.noindex/SwiftCurses.build/Debug/SwiftCurses-t.build/Objects-normal/arm64/SwiftCurses.abi.json
SwiftCompile normal arm64 (in target 'SwiftCurses' from project 'SwiftCurses')
cd /Users/admin/builder/spi-builder-workspace/.swiftpm/xcode
SwiftCompile normal arm64 Compiling\ Window+output.swift,\ Window+util.swift /Users/admin/builder/spi-builder-workspace/Sources/SwiftCurses/Window+output.swift /Users/admin/builder/spi-builder-workspace/Sources/SwiftCurses/Window+util.swift (in target 'SwiftCurses' from project 'SwiftCurses')
/Users/admin/builder/spi-builder-workspace/Sources/SwiftCurses/Window+output.swift:36:20: error: 'waddstr' is only available in macOS 15.0 or newer
2 | import C_ncursesBinds
3 |
4 | extension WindowProtocol {
| `- note: add '@available' attribute to enclosing extension
5 | //========
6 | // printw
:
33 |
34 | @inlinable
35 | public func addStr(_ str: String) throws {
| `- note: add '@available' attribute to enclosing instance method
36 | if ncurses.waddstr(self.window, str) == ERR {
| |- error: 'waddstr' is only available in macOS 15.0 or newer
| `- note: add 'if #available' version check
37 | throw CursesError(.error, help: "https://invisible-island.net/ncurses/man/curs_addstr.3x.html#h2-RETURN-VALUE")
38 | }
SwiftCompile normal arm64 /Users/admin/builder/spi-builder-workspace/Sources/SwiftCurses/Window+output.swift (in target 'SwiftCurses' from project 'SwiftCurses')
cd /Users/admin/builder/spi-builder-workspace/.swiftpm/xcode
builtin-SwiftPerFileCompile Window+output.swift
SwiftCompile normal arm64 /Users/admin/builder/spi-builder-workspace/Sources/SwiftCurses/Window+util.swift (in target 'SwiftCurses' from project 'SwiftCurses')
cd /Users/admin/builder/spi-builder-workspace/.swiftpm/xcode
builtin-SwiftPerFileCompile Window+util.swift
SwiftCompile normal arm64 Compiling\ Window.swift,\ color.swift /Users/admin/builder/spi-builder-workspace/Sources/SwiftCurses/Window.swift /Users/admin/builder/spi-builder-workspace/Sources/SwiftCurses/color.swift (in target 'SwiftCurses' from project 'SwiftCurses')
/Users/admin/builder/spi-builder-workspace/Sources/SwiftCurses/Window.swift:84:29: error: 'newwin' is only available in macOS 15.0 or newer
81 | /// Create a new ncurses window
82 | @inlinable
83 | internal func newWindow(rows: Int32, cols: Int32, begin: (Int32, Int32), settings: [WindowSetting] = WindowSetting.defaultSettings) throws -> WindowPointer {
| `- note: add '@available' attribute to enclosing global function
84 | guard let win = ncurses.newwin(rows, cols, begin.0, begin.1) else {
| |- error: 'newwin' is only available in macOS 15.0 or newer
| `- note: add 'if #available' version check
85 | if begin.0 < 0 || begin.1 < 1 {
86 | throw CursesError(.negativeCoordinate, help: "The beginning coordinates of the window cannot be negative")
/Users/admin/builder/spi-builder-workspace/Sources/SwiftCurses/color.swift:37:14: error: 'init_color' is only available in macOS 15.0 or newer
6 |
7 | // TODO: conform to OptionSet
8 | public struct Color: Sendable, Hashable {
| `- note: add '@available' attribute to enclosing struct
9 | /// Whether the terminal can manipulate colors.
10 | ///
:
34 | }
35 |
36 | public static func define(_ id: ColorId, r: ColorRGB, g: ColorRGB, b: ColorRGB) throws {
| `- note: add '@available' attribute to enclosing static method
37 | if ncurses.init_color(id, r, g, b) == ERR {
| |- error: 'init_color' is only available in macOS 15.0 or newer
| `- note: add 'if #available' version check
38 | if !(0...1000).contains(r) {
39 | throw CursesError(
/Users/admin/builder/spi-builder-workspace/Sources/SwiftCurses/color.swift:72:11: error: 'color_content' is only available in macOS 15.0 or newer
6 |
7 | // TODO: conform to OptionSet
8 | public struct Color: Sendable, Hashable {
| `- note: add '@available' attribute to enclosing struct
9 | /// Whether the terminal can manipulate colors.
10 | ///
:
68 | }
69 |
70 | public static func content(for id: ColorId) throws -> Color.Content {
| `- note: add '@available' attribute to enclosing static method
71 | var content = Content()
72 | ncurses.color_content(id, &content.r, &content.g, &content.b)
| |- error: 'color_content' is only available in macOS 15.0 or newer
| `- note: add 'if #available' version check
73 | if [content.r, content.g, content.b].contains(-1) {
74 | throw CursesError(.colorChangeUnsupported)
/Users/admin/builder/spi-builder-workspace/Sources/SwiftCurses/color.swift:87:14: error: 'init_pair' is only available in macOS 15.0 or newer
78 | }
79 |
80 | public struct ColorPair {
| `- note: add '@available' attribute to enclosing struct
81 | public static let maxPairs = COLOR_PAIRS
82 |
:
84 | ///
85 | /// equal to the `init_pair` subroutine
86 | public static func define(_ id: ColorPairId, fg: ColorId, bg: ColorId) throws {
| `- note: add '@available' attribute to enclosing static method
87 | if ncurses.init_pair(id, fg, bg) == ERR {
| |- error: 'init_pair' is only available in macOS 15.0 or newer
| `- note: add 'if #available' version check
88 | if !(0..<Int16(ColorPair.maxPairs)).contains(id) {
89 | throw CursesError(
SwiftCompile normal arm64 /Users/admin/builder/spi-builder-workspace/Sources/SwiftCurses/Window.swift (in target 'SwiftCurses' from project 'SwiftCurses')
cd /Users/admin/builder/spi-builder-workspace/.swiftpm/xcode
builtin-SwiftPerFileCompile Window.swift
SwiftCompile normal arm64 /Users/admin/builder/spi-builder-workspace/Sources/SwiftCurses/color.swift (in target 'SwiftCurses' from project 'SwiftCurses')
cd /Users/admin/builder/spi-builder-workspace/.swiftpm/xcode
builtin-SwiftPerFileCompile color.swift
SwiftCompile normal arm64 Compiling\ error.swift,\ initScreen.swift /Users/admin/builder/spi-builder-workspace/Sources/SwiftCurses/error.swift /Users/admin/builder/spi-builder-workspace/Sources/SwiftCurses/initScreen.swift (in target 'SwiftCurses' from project 'SwiftCurses')
SwiftCompile normal arm64 /Users/admin/builder/spi-builder-workspace/Sources/SwiftCurses/error.swift (in target 'SwiftCurses' from project 'SwiftCurses')
cd /Users/admin/builder/spi-builder-workspace/.swiftpm/xcode
builtin-SwiftPerFileCompile error.swift
SwiftCompile normal arm64 /Users/admin/builder/spi-builder-workspace/Sources/SwiftCurses/initScreen.swift (in target 'SwiftCurses' from project 'SwiftCurses')
cd /Users/admin/builder/spi-builder-workspace/.swiftpm/xcode
builtin-SwiftPerFileCompile initScreen.swift
/Users/admin/builder/spi-builder-workspace/Sources/SwiftCurses/initScreen.swift:30:22: error: 'initscr()' is only available in macOS 15.0 or newer
21 | /// - `settings`: NCurses settings
22 | /// - `body`: The paramater passed to the `body` function can be used to call ncures functions on the screen that was created
23 | public func initScreen(
| `- note: add '@available' attribute to enclosing global function
24 | settings: [TermSetting] = TermSetting.defaultSettings,
25 | windowSettings: [WindowSetting] = WindowSetting.defaultSettings,
:
28 | setlocale(LC_ALL, "") // support for wide chars
29 |
30 | guard let _scr = initscr() else { // start curses mode
| |- error: 'initscr()' is only available in macOS 15.0 or newer
| `- note: add 'if #available' version check
31 | throw CursesError(.cannotCreateWindow)
32 | }
/Users/admin/builder/spi-builder-workspace/Sources/SwiftCurses/initScreen.swift:36:7: error: 'endwin()' is only available in macOS 15.0 or newer
21 | /// - `settings`: NCurses settings
22 | /// - `body`: The paramater passed to the `body` function can be used to call ncures functions on the screen that was created
23 | public func initScreen(
| `- note: add '@available' attribute to enclosing global function
24 | settings: [TermSetting] = TermSetting.defaultSettings,
25 | windowSettings: [WindowSetting] = WindowSetting.defaultSettings,
:
34 | #if !os(Windows)
35 | let exitHandler = SignalHandler(signals: .SIGINT) { _ in
36 | endwin()
| |- error: 'endwin()' is only available in macOS 15.0 or newer
| `- note: add 'if #available' version check
37 | exit(0)
38 | }
/Users/admin/builder/spi-builder-workspace/Sources/SwiftCurses/initScreen.swift:44:9: error: 'endwin()' is only available in macOS 15.0 or newer
21 | /// - `settings`: NCurses settings
22 | /// - `body`: The paramater passed to the `body` function can be used to call ncures functions on the screen that was created
23 | public func initScreen(
| `- note: add '@available' attribute to enclosing global function
24 | settings: [TermSetting] = TermSetting.defaultSettings,
25 | windowSettings: [WindowSetting] = WindowSetting.defaultSettings,
:
42 | #endif
43 | defer {
44 | endwin() // end curses mode
| |- error: 'endwin()' is only available in macOS 15.0 or newer
| `- note: add 'if #available' version check
45 | }
46 |
/Users/admin/builder/spi-builder-workspace/Sources/SwiftCurses/initScreen.swift:69:22: error: 'initscr()' is only available in macOS 15.0 or newer
67 | setlocale(LC_ALL, "") // support for wide chars
68 |
69 | guard let _scr = initscr() else { // start curses mode
| |- error: 'initscr()' is only available in macOS 15.0 or newer
| `- note: add 'if #available' version check
70 | throw CursesError(.cannotCreateWindow)
71 | }
/Users/admin/builder/spi-builder-workspace/Sources/SwiftCurses/initScreen.swift:75:7: error: 'endwin()' is only available in macOS 15.0 or newer
73 | #if !os(Windows)
74 | let exitHandler = SignalHandler(signals: .SIGINT) { _ in
75 | endwin()
| |- error: 'endwin()' is only available in macOS 15.0 or newer
| `- note: add 'if #available' version check
76 | exit(0)
77 | }
/Users/admin/builder/spi-builder-workspace/Sources/SwiftCurses/initScreen.swift:81:9: error: 'endwin()' is only available in macOS 15.0 or newer
79 | #endif
80 | defer {
81 | endwin() // end curses mode
| |- error: 'endwin()' is only available in macOS 15.0 or newer
| `- note: add 'if #available' version check
82 | }
83 |
/Users/admin/builder/spi-builder-workspace/Sources/SwiftCurses/initScreen.swift:95:13: error: 'scr_dump' is only available in macOS 15.0 or newer
92 |
93 | @inlinable
94 | public func scrDump(filename: String) {
| `- note: add '@available' attribute to enclosing global function
95 | ncurses.scr_dump(filename)
| |- error: 'scr_dump' is only available in macOS 15.0 or newer
| `- note: add 'if #available' version check
96 | }
97 |
/Users/admin/builder/spi-builder-workspace/Sources/SwiftCurses/initScreen.swift:100:13: error: 'scr_restore' is only available in macOS 15.0 or newer
97 |
98 | @inlinable
99 | public func scrRestore(filename: String) {
| `- note: add '@available' attribute to enclosing global function
100 | ncurses.scr_restore(filename)
| |- error: 'scr_restore' is only available in macOS 15.0 or newer
| `- note: add 'if #available' version check
101 | }
102 |
/Users/admin/builder/spi-builder-workspace/Sources/SwiftCurses/initScreen.swift:105:13: error: 'scr_init' is only available in macOS 15.0 or newer
102 |
103 | @inlinable
104 | public func scrInit(filename: String) {
| `- note: add '@available' attribute to enclosing global function
105 | ncurses.scr_init(filename)
| |- error: 'scr_init' is only available in macOS 15.0 or newer
| `- note: add 'if #available' version check
106 | }
107 |
SwiftCompile normal arm64 Compiling\ Window+input.swift,\ Window+mouse.swift /Users/admin/builder/spi-builder-workspace/Sources/SwiftCurses/Window+input.swift /Users/admin/builder/spi-builder-workspace/Sources/SwiftCurses/Window+mouse.swift (in target 'SwiftCurses' from project 'SwiftCurses')
/Users/admin/builder/spi-builder-workspace/Sources/SwiftCurses/Window+input.swift:61:25: error: 'wgetch' is only available in macOS 15.0 or newer
31 | }
32 |
33 | extension WindowProtocol {
| `- note: add '@available' attribute to enclosing extension
34 | //=======
35 | // getch
:
58 | /// Get the ASCII value of the character or keypress (when using keypad mode)
59 | @discardableResult
60 | public func getCharCode() throws -> Int32 {
| `- note: add '@available' attribute to enclosing instance method
61 | let c = ncurses.wgetch(self.window)
| |- error: 'wgetch' is only available in macOS 15.0 or newer
| `- note: add 'if #available' version check
62 | if c != OK {
63 | if c == ERR {
SwiftCompile normal arm64 /Users/admin/builder/spi-builder-workspace/Sources/SwiftCurses/Window+input.swift (in target 'SwiftCurses' from project 'SwiftCurses')
cd /Users/admin/builder/spi-builder-workspace/.swiftpm/xcode
builtin-SwiftPerFileCompile Window+input.swift
SwiftCompile normal arm64 /Users/admin/builder/spi-builder-workspace/Sources/SwiftCurses/Window+mouse.swift (in target 'SwiftCurses' from project 'SwiftCurses')
cd /Users/admin/builder/spi-builder-workspace/.swiftpm/xcode
builtin-SwiftPerFileCompile Window+mouse.swift
SwiftCompile normal arm64 Compiling\ kernel.swift,\ keycode.swift /Users/admin/builder/spi-builder-workspace/Sources/SwiftCurses/kernel.swift /Users/admin/builder/spi-builder-workspace/Sources/SwiftCurses/keycode.swift (in target 'SwiftCurses' from project 'SwiftCurses')
/Users/admin/builder/spi-builder-workspace/Sources/SwiftCurses/kernel.swift:17:10: error: 'endwin()' is only available in macOS 15.0 or newer
13 |
14 | /// Save the program, exit it to return to shell mode. Afterwards, restore the program
15 | public func shellMode(_ body: () throws -> ()) rethrows {
| `- note: add '@available' attribute to enclosing global function
16 | ncurses.def_prog_mode()
17 | ncurses.endwin()
| |- error: 'endwin()' is only available in macOS 15.0 or newer
| `- note: add 'if #available' version check
18 | // cooked mode
19 | try body()
SwiftCompile normal arm64 /Users/admin/builder/spi-builder-workspace/Sources/SwiftCurses/kernel.swift (in target 'SwiftCurses' from project 'SwiftCurses')
cd /Users/admin/builder/spi-builder-workspace/.swiftpm/xcode
builtin-SwiftPerFileCompile kernel.swift
SwiftCompile normal arm64 /Users/admin/builder/spi-builder-workspace/Sources/SwiftCurses/keycode.swift (in target 'SwiftCurses' from project 'SwiftCurses')
cd /Users/admin/builder/spi-builder-workspace/.swiftpm/xcode
builtin-SwiftPerFileCompile keycode.swift
SwiftCompile normal arm64 Compiling\ settings.swift /Users/admin/builder/spi-builder-workspace/Sources/SwiftCurses/settings.swift (in target 'SwiftCurses' from project 'SwiftCurses')
/Users/admin/builder/spi-builder-workspace/Sources/SwiftCurses/settings.swift:71:28: error: 'start_color()' is only available in macOS 15.0 or newer
47 | }
48 |
49 | extension TermSetting {
| `- note: add '@available' attribute to enclosing extension
50 | // TODO: error handling of options
51 | @usableFromInline
52 | func apply() throws {
| `- note: add '@available' attribute to enclosing instance method
53 | switch self {
54 | case .cbreak: ncurses.cbreak()
:
69 | case .typeahead(let fd): ncurses.typeahead(fd)
70 | case .colors:
71 | if ncurses.start_color() == ERR {
| |- error: 'start_color()' is only available in macOS 15.0 or newer
| `- note: add 'if #available' version check
72 | throw CursesError(.colorTableCannotBeAllocated)
73 | }
/Users/admin/builder/spi-builder-workspace/Sources/SwiftCurses/settings.swift:82:46: error: 'intrflush' is only available in macOS 15.0 or newer
76 | }
77 |
78 | extension WindowSetting {
| `- note: add '@available' attribute to enclosing extension
79 | @usableFromInline
80 | func apply(_ win: WindowPointer) {
| `- note: add '@available' attribute to enclosing instance method
81 | switch self {
82 | case .intrflush(let bf): ncurses.intrflush(win, bf)
| |- error: 'intrflush' is only available in macOS 15.0 or newer
| `- note: add 'if #available' version check
83 | case .keypad(let bf): ncurses.keypad(win, bf)
84 | case .meta(let bf): ncurses.meta(win, bf)
SwiftCompile normal arm64 /Users/admin/builder/spi-builder-workspace/Sources/SwiftCurses/settings.swift (in target 'SwiftCurses' from project 'SwiftCurses')
cd /Users/admin/builder/spi-builder-workspace/.swiftpm/xcode
builtin-SwiftPerFileCompile settings.swift
SwiftCompile normal arm64 Compiling\ Window+border.swift,\ Window+clear.swift /Users/admin/builder/spi-builder-workspace/Sources/SwiftCurses/Window+border.swift /Users/admin/builder/spi-builder-workspace/Sources/SwiftCurses/Window+clear.swift (in target 'SwiftCurses' from project 'SwiftCurses')
SwiftCompile normal arm64 /Users/admin/builder/spi-builder-workspace/Sources/SwiftCurses/Window+border.swift (in target 'SwiftCurses' from project 'SwiftCurses')
cd /Users/admin/builder/spi-builder-workspace/.swiftpm/xcode
builtin-SwiftPerFileCompile Window+border.swift
SwiftCompile normal arm64 /Users/admin/builder/spi-builder-workspace/Sources/SwiftCurses/Window+clear.swift (in target 'SwiftCurses' from project 'SwiftCurses')
cd /Users/admin/builder/spi-builder-workspace/.swiftpm/xcode
builtin-SwiftPerFileCompile Window+clear.swift
PruneExplicitPrecompiledModules /Users/admin/builder/spi-builder-workspace/.derivedData/Build/Intermediates.noindex/SwiftExplicitPrecompiledModules
PruneExplicitPrecompiledModules /Users/admin/builder/spi-builder-workspace/.derivedData/Build/Intermediates.noindex/ExplicitPrecompiledModules
PruneExplicitPrecompiledModules /Users/admin/builder/spi-builder-workspace/.derivedData/SDKExplicitPrecompiledModules
2026-09-21 12:37:30.287 xcodebuild[697:4386] [MT] IDERunDestination: Supported platforms for the buildables in the current scheme is empty.
--- xcodebuild: WARNING: Using the first of multiple matching destinations:
{ platform:macOS, arch:arm64, id:c294cf99a5af0699651ced6b2e2565d1924598aa, name:My Mac }
{ platform:macOS, arch:arm64, variant:Mac Catalyst, id:c294cf99a5af0699651ced6b2e2565d1924598aa, name:My Mac }
{ platform:macOS, arch:arm64, variant:DriverKit, id:c294cf99a5af0699651ced6b2e2565d1924598aa, name:My Mac }
{ platform:macOS, arch:arm64, variant:Designed for [iPad,iPhone], id:c294cf99a5af0699651ced6b2e2565d1924598aa, name:My Mac }
** BUILD FAILED **
The following build commands failed:
SwiftEmitModule normal arm64 Emitting\ module\ for\ SwiftCurses (in target 'SwiftCurses' from project 'SwiftCurses')
SwiftCompile normal arm64 (in target 'SwiftCurses' from project 'SwiftCurses')
Building workspace SwiftCurses with scheme SwiftCurses-Package
(3 failures)
Command line invocation:
/Applications/Xcode-27.0.0-Release.Candidate.app/Contents/Developer/usr/bin/xcodebuild -IDEClonedSourcePackagesDirPathOverride=/Users/admin/builder/spi-builder-workspace/.dependencies -resolvePackageDependencies
Resolve Package Graph
failed to retrieve search paths with pkg-config; maybe pkg-config is not installedcouldn't find pc file for ncurses
Resolved source packages:
SignalHandler: https://github.com/Genaro-Chris/SignalHandler.git @ main (bb52b9c)
SwiftCurses: /Users/admin/builder/spi-builder-workspace
resolved source packages: SignalHandler, SwiftCurses
2026-09-21 12:37:39.080 xcodebuild[794:4834] [MT] IDERunDestination: Supported platforms for the buildables in the current scheme is empty.
{
"dependencies" : [
{
"identity" : "signalhandler",
"requirement" : {
"branch" : [
"main"
]
},
"type" : "sourceControl",
"url" : "https://github.com/Genaro-Chris/SignalHandler.git"
}
],
"manifest_display_name" : "SwiftCurses",
"name" : "SwiftCurses",
"path" : "/Users/admin/builder/spi-builder-workspace",
"platforms" : [
{
"name" : "macos",
"version" : "10.15"
}
],
"products" : [
{
"name" : "SwiftCurses",
"targets" : [
"SwiftCurses"
],
"type" : {
"library" : [
"automatic"
]
}
},
{
"name" : "Examples",
"targets" : [
"Examples"
],
"type" : {
"executable" : null
}
}
],
"targets" : [
{
"c99name" : "ncursesTests",
"module_type" : "SwiftTarget",
"name" : "ncursesTests",
"path" : "Tests/ncursesTests",
"sources" : [
"ncursesTests.swift"
],
"target_dependencies" : [
"SwiftCurses"
],
"type" : "test"
},
{
"c99name" : "SwiftCurses",
"module_type" : "SwiftTarget",
"name" : "SwiftCurses",
"path" : "Sources/SwiftCurses",
"product_dependencies" : [
"SignalHandler"
],
"product_memberships" : [
"SwiftCurses",
"Examples"
],
"sources" : [
"LinuxCompatibility.swift",
"Window+attributes.swift",
"Window+border.swift",
"Window+clear.swift",
"Window+controls.swift",
"Window+dump.swift",
"Window+input.swift",
"Window+mouse.swift",
"Window+output.swift",
"Window+util.swift",
"Window.swift",
"color.swift",
"error.swift",
"initScreen.swift",
"kernel.swift",
"keycode.swift",
"mouseEvent.swift",
"settings.swift"
],
"target_dependencies" : [
"C_ncurses",
"C_ncursesBinds"
],
"type" : "library"
},
{
"c99name" : "Examples",
"module_type" : "SwiftTarget",
"name" : "Examples",
"path" : "Sources/Examples",
"product_memberships" : [
"Examples"
],
"sources" : [
"01-helloWorld.swift",
"02-init.swift",
"03-print.swift",
"04-input.swift",
"05-attributes.swift",
"06-chgat.swift",
"07-window.swift",
"08-more-border-functions.swift",
"09-colors.swift",
"10-keybboard.swift",
"11-mouse.swift",
"12-temporarilyLeavingCursesMode.swift",
"main.swift",
"x01-color-definition.swift"
],
"target_dependencies" : [
"SwiftCurses"
],
"type" : "executable"
},
{
"c99name" : "C_ncursesBinds",
"module_type" : "ClangTarget",
"name" : "C_ncursesBinds",
"path" : "Sources/C_ncursesBinds",
"product_memberships" : [
"SwiftCurses",
"Examples"
],
"sources" : [
"C_ncursesBinds.c"
],
"target_dependencies" : [
"C_ncurses"
],
"type" : "library"
},
{
"c99name" : "C_ncurses",
"module_type" : "SystemLibraryTarget",
"name" : "C_ncurses",
"path" : "Sources/C_ncurses",
"product_memberships" : [
"SwiftCurses",
"Examples"
],
"sources" : [
],
"type" : "system-target"
}
],
"tools_version" : "5.7"
}
{
"workspace" : {
"name" : "SwiftCurses",
"schemes" : [
"Examples",
"SwiftCurses",
"SwiftCurses-Package"
]
}
}
2026-09-21 12:37:40.357 xcodebuild[809:4912] [MT] IDERunDestination: Supported platforms for the buildables in the current scheme is empty.
Running build ...
env DEVELOPER_DIR=/Applications/Xcode-27.0.0-Release.Candidate.app xcrun xcodebuild -IDEClonedSourcePackagesDirPathOverride=$PWD/.dependencies -skipMacroValidation -skipPackagePluginValidation -derivedDataPath $PWD/.derivedData build -scheme SwiftCurses-Package -destination platform=macOS,arch=arm64
Command line invocation:
/Applications/Xcode-27.0.0-Release.Candidate.app/Contents/Developer/usr/bin/xcodebuild -IDEClonedSourcePackagesDirPathOverride=/Users/admin/builder/spi-builder-workspace/.dependencies -skipMacroValidation -skipPackagePluginValidation -derivedDataPath /Users/admin/builder/spi-builder-workspace/.derivedData build -scheme SwiftCurses-Package -destination platform=macOS,arch=arm64
Resolve Package Graph
failed to retrieve search paths with pkg-config; maybe pkg-config is not installedcouldn't find pc file for ncurses
Resolved source packages:
SwiftCurses: /Users/admin/builder/spi-builder-workspace
SignalHandler: https://github.com/Genaro-Chris/SignalHandler.git @ main (bb52b9c)
ComputePackagePrebuildTargetDependencyGraph
Prepare packages
CreateBuildRequest
SendProjectDescription
CreateBuildOperation
ComputeTargetDependencyGraph
note: Building targets in dependency order
note: Target dependency graph (7 targets)
Target 'Examples-product' in project 'SwiftCurses'
➜ Explicit dependency on target 'C_ncurses' in project 'SwiftCurses'
➜ Explicit dependency on target 'C_ncursesBinds' in project 'SwiftCurses'
➜ Explicit dependency on target 'SwiftCurses' in project 'SwiftCurses'
➜ Explicit dependency on target 'SignalHandler-product' in project 'SignalHandler'
Target 'SwiftCurses-product' in project 'SwiftCurses'
➜ Explicit dependency on target 'SwiftCurses' in project 'SwiftCurses'
➜ Explicit dependency on target 'C_ncursesBinds' in project 'SwiftCurses'
➜ Explicit dependency on target 'SignalHandler-product' in project 'SignalHandler'
Target 'SwiftCurses' in project 'SwiftCurses'
➜ Explicit dependency on target 'C_ncurses' in project 'SwiftCurses'
➜ Explicit dependency on target 'C_ncursesBinds' in project 'SwiftCurses'
➜ Explicit dependency on target 'SignalHandler-product' in project 'SignalHandler'
Target 'SignalHandler-product' in project 'SignalHandler'
➜ Explicit dependency on target 'SignalHandler' in project 'SignalHandler'
Target 'SignalHandler' in project 'SignalHandler' (no dependencies)
Target 'C_ncursesBinds' in project 'SwiftCurses'
➜ Explicit dependency on target 'C_ncurses' in project 'SwiftCurses'
Target 'C_ncurses' in project 'SwiftCurses' (no dependencies)
GatherProvisioningInputs
CreateBuildDescription
ClangStatCache /Applications/Xcode-27.0.0-Release.Candidate.app/Contents/Developer/Toolchains/XcodeDefault.xctoolchain/usr/bin/clang-stat-cache /Applications/Xcode-27.0.0-Release.Candidate.app/Contents/Developer/Platforms/MacOSX.platform/Developer/SDKs/MacOSX27.0.sdk /Users/admin/builder/spi-builder-workspace/.derivedData/SDKStatCaches.noindex/macosx27.0-26A425-e829b21a6f8c9b70876ba0858053c0446a22442a12e9d48fe1a705f55a1adfc4.sdkstatcache
cd /Users/admin/builder/spi-builder-workspace/.swiftpm/xcode
/Applications/Xcode-27.0.0-Release.Candidate.app/Contents/Developer/Toolchains/XcodeDefault.xctoolchain/usr/bin/clang-stat-cache /Applications/Xcode-27.0.0-Release.Candidate.app/Contents/Developer/Platforms/MacOSX.platform/Developer/SDKs/MacOSX27.0.sdk -o /Users/admin/builder/spi-builder-workspace/.derivedData/SDKStatCaches.noindex/macosx27.0-26A425-e829b21a6f8c9b70876ba0858053c0446a22442a12e9d48fe1a705f55a1adfc4.sdkstatcache
SwiftDriver SignalHandler normal arm64 com.apple.xcode.tools.swift.compiler (in target 'SignalHandler' from project 'SignalHandler')
cd /Users/admin/builder/spi-builder-workspace/.swiftpm/xcode
builtin-SwiftDriver -- /Applications/Xcode-27.0.0-Release.Candidate.app/Contents/Developer/Toolchains/XcodeDefault.xctoolchain/usr/bin/swiftc -parse-as-library -module-name SignalHandler -Onone @/Users/admin/builder/spi-builder-workspace/.derivedData/Build/Intermediates.noindex/SignalHandler.build/Debug/SignalHandler-t.build/Objects-normal/arm64/SignalHandler.SwiftFileList -DSWIFT_PACKAGE -DDEBUG -DSWIFT_MODULE_RESOURCE_BUNDLE_UNAVAILABLE -DXcode -plugin-path /Applications/Xcode-27.0.0-Release.Candidate.app/Contents/Developer/Toolchains/XcodeDefault.xctoolchain/usr/lib/swift/host/plugins/testing -enable-experimental-feature DebugDescriptionMacro -sdk /Applications/Xcode-27.0.0-Release.Candidate.app/Contents/Developer/Platforms/MacOSX.platform/Developer/SDKs/MacOSX27.0.sdk -target arm64-apple-macos12.0 -g -module-cache-path /Users/admin/builder/spi-builder-workspace/.derivedData/ModuleCache.noindex -Xfrontend -serialize-debugging-options -profile-coverage-mapping -profile-generate -enable-testing -suppress-warnings -index-store-path /Users/admin/builder/spi-builder-workspace/.derivedData/Index.noindex/DataStore -Xcc -D_LIBCPP_HARDENING_MODE\=_LIBCPP_HARDENING_MODE_DEBUG -swift-version 5 -I /Users/admin/builder/spi-builder-workspace/.derivedData/Build/Products/Debug -Isystem /Applications/Xcode-27.0.0-Release.Candidate.app/Contents/Developer/Platforms/MacOSX.platform/Developer/usr/lib -F /Users/admin/builder/spi-builder-workspace/.derivedData/Build/Products/Debug -F /Applications/Xcode-27.0.0-Release.Candidate.app/Contents/Developer/Platforms/MacOSX.platform/Developer/Library/Frameworks -c -j10 -enable-batch-mode -incremental -Xcc -ivfsstatcache -Xcc /Users/admin/builder/spi-builder-workspace/.derivedData/SDKStatCaches.noindex/macosx27.0-26A425-e829b21a6f8c9b70876ba0858053c0446a22442a12e9d48fe1a705f55a1adfc4.sdkstatcache -output-file-map /Users/admin/builder/spi-builder-workspace/.derivedData/Build/Intermediates.noindex/SignalHandler.build/Debug/SignalHandler-t.build/Objects-normal/arm64/SignalHandler-OutputFileMap.json -save-temps -no-color-diagnostics -explicit-module-build -module-cache-path /Users/admin/builder/spi-builder-workspace/.derivedData/Build/Intermediates.noindex/SwiftExplicitPrecompiledModules -clang-scanner-module-cache-path /Users/admin/builder/spi-builder-workspace/.derivedData/ModuleCache.noindex -sdk-module-cache-path /Users/admin/builder/spi-builder-workspace/.derivedData/SDKExplicitPrecompiledModules -emit-dependencies -emit-module -emit-module-path /Users/admin/builder/spi-builder-workspace/.derivedData/Build/Intermediates.noindex/SignalHandler.build/Debug/SignalHandler-t.build/Objects-normal/arm64/SignalHandler.swiftmodule -serialize-diagnostics -dependency-scan-serialize-diagnostics-path /Users/admin/builder/spi-builder-workspace/.derivedData/Build/Intermediates.noindex/SignalHandler.build/Debug/SignalHandler-t.build/Objects-normal/arm64/SignalHandler-dependency-scan.dia -validate-clang-modules-once -clang-build-session-file /Users/admin/builder/spi-builder-workspace/.derivedData/ModuleCache.noindex/Session.modulevalidation -Xcc -fmodules-prune-interval\=86400 -Xcc -fmodules-prune-after\=345600 -emit-const-values -const-gather-protocols-list /Users/admin/builder/spi-builder-workspace/.derivedData/Build/Intermediates.noindex/SignalHandler.build/Debug/SignalHandler-t.build/Objects-normal/arm64/SignalHandler_const_extract_protocols.json -Xcc -I/Users/admin/builder/spi-builder-workspace/.derivedData/Build/Products/Debug/include -Xcc -I/Users/admin/builder/spi-builder-workspace/.derivedData/Build/Intermediates.noindex/SignalHandler.build/Debug/SignalHandler-t.build/DerivedSources-normal/arm64 -Xcc -I/Users/admin/builder/spi-builder-workspace/.derivedData/Build/Intermediates.noindex/SignalHandler.build/Debug/SignalHandler-t.build/DerivedSources/arm64 -Xcc -I/Users/admin/builder/spi-builder-workspace/.derivedData/Build/Intermediates.noindex/SignalHandler.build/Debug/SignalHandler-t.build/DerivedSources -Xcc -DSWIFT_PACKAGE -Xcc -DDEBUG\=1 -emit-objc-header -emit-objc-header-path /Users/admin/builder/spi-builder-workspace/.derivedData/Build/Intermediates.noindex/SignalHandler.build/Debug/SignalHandler-t.build/Objects-normal/arm64/SignalHandler-Swift.h -working-directory /Users/admin/builder/spi-builder-workspace/.swiftpm/xcode -experimental-emit-module-separately -disable-cmo
SwiftDriver SwiftCurses normal arm64 com.apple.xcode.tools.swift.compiler (in target 'SwiftCurses' from project 'SwiftCurses')
cd /Users/admin/builder/spi-builder-workspace/.swiftpm/xcode
builtin-SwiftDriver -- /Applications/Xcode-27.0.0-Release.Candidate.app/Contents/Developer/Toolchains/XcodeDefault.xctoolchain/usr/bin/swiftc -parse-as-library -module-name SwiftCurses -Onone @/Users/admin/builder/spi-builder-workspace/.derivedData/Build/Intermediates.noindex/SwiftCurses.build/Debug/SwiftCurses-t.build/Objects-normal/arm64/SwiftCurses.SwiftFileList -DSWIFT_PACKAGE -DDEBUG -DSWIFT_MODULE_RESOURCE_BUNDLE_UNAVAILABLE -DSWIFTCURSES_OPAQUE -Xcc -fmodule-map-file\=/Users/admin/builder/spi-builder-workspace/.derivedData/Build/Intermediates.noindex/GeneratedModuleMaps/C_ncursesBinds.modulemap -Xcc -fmodule-map-file\=/Users/admin/builder/spi-builder-workspace/Sources/C_ncurses/module.modulemap -DXcode -plugin-path /Applications/Xcode-27.0.0-Release.Candidate.app/Contents/Developer/Toolchains/XcodeDefault.xctoolchain/usr/lib/swift/host/plugins/testing -enable-experimental-feature DebugDescriptionMacro -sdk /Applications/Xcode-27.0.0-Release.Candidate.app/Contents/Developer/Platforms/MacOSX.platform/Developer/SDKs/MacOSX27.0.sdk -target arm64-apple-macos12.0 -g -module-cache-path /Users/admin/builder/spi-builder-workspace/.derivedData/ModuleCache.noindex -Xfrontend -serialize-debugging-options -profile-coverage-mapping -profile-generate -enable-testing -index-store-path /Users/admin/builder/spi-builder-workspace/.derivedData/Index.noindex/DataStore -Xcc -D_LIBCPP_HARDENING_MODE\=_LIBCPP_HARDENING_MODE_DEBUG -swift-version 5 -I /Users/admin/builder/spi-builder-workspace/.derivedData/Build/Products/Debug -Isystem /Applications/Xcode-27.0.0-Release.Candidate.app/Contents/Developer/Platforms/MacOSX.platform/Developer/usr/lib -F /Users/admin/builder/spi-builder-workspace/.derivedData/Build/Products/Debug/PackageFrameworks -F /Users/admin/builder/spi-builder-workspace/.derivedData/Build/Products/Debug -F /Applications/Xcode-27.0.0-Release.Candidate.app/Contents/Developer/Platforms/MacOSX.platform/Developer/Library/Frameworks -c -j10 -enable-batch-mode -incremental -Xcc -ivfsstatcache -Xcc /Users/admin/builder/spi-builder-workspace/.derivedData/SDKStatCaches.noindex/macosx27.0-26A425-e829b21a6f8c9b70876ba0858053c0446a22442a12e9d48fe1a705f55a1adfc4.sdkstatcache -output-file-map /Users/admin/builder/spi-builder-workspace/.derivedData/Build/Intermediates.noindex/SwiftCurses.build/Debug/SwiftCurses-t.build/Objects-normal/arm64/SwiftCurses-OutputFileMap.json -save-temps -no-color-diagnostics -explicit-module-build -module-cache-path /Users/admin/builder/spi-builder-workspace/.derivedData/Build/Intermediates.noindex/SwiftExplicitPrecompiledModules -clang-scanner-module-cache-path /Users/admin/builder/spi-builder-workspace/.derivedData/ModuleCache.noindex -sdk-module-cache-path /Users/admin/builder/spi-builder-workspace/.derivedData/SDKExplicitPrecompiledModules -emit-dependencies -emit-module -emit-module-path /Users/admin/builder/spi-builder-workspace/.derivedData/Build/Intermediates.noindex/SwiftCurses.build/Debug/SwiftCurses-t.build/Objects-normal/arm64/SwiftCurses.swiftmodule -serialize-diagnostics -dependency-scan-serialize-diagnostics-path /Users/admin/builder/spi-builder-workspace/.derivedData/Build/Intermediates.noindex/SwiftCurses.build/Debug/SwiftCurses-t.build/Objects-normal/arm64/SwiftCurses-dependency-scan.dia -validate-clang-modules-once -clang-build-session-file /Users/admin/builder/spi-builder-workspace/.derivedData/ModuleCache.noindex/Session.modulevalidation -Xcc -fmodules-prune-interval\=86400 -Xcc -fmodules-prune-after\=345600 -emit-const-values -const-gather-protocols-list /Users/admin/builder/spi-builder-workspace/.derivedData/Build/Intermediates.noindex/SwiftCurses.build/Debug/SwiftCurses-t.build/Objects-normal/arm64/SwiftCurses_const_extract_protocols.json -Xcc -I/Users/admin/builder/spi-builder-workspace/Sources/C_ncursesBinds/include -Xcc -I/Users/admin/builder/spi-builder-workspace/.derivedData/Build/Products/Debug/include -Xcc -I/Users/admin/builder/spi-builder-workspace/.derivedData/Build/Intermediates.noindex/SwiftCurses.build/Debug/SwiftCurses-t.build/DerivedSources-normal/arm64 -Xcc -I/Users/admin/builder/spi-builder-workspace/.derivedData/Build/Intermediates.noindex/SwiftCurses.build/Debug/SwiftCurses-t.build/DerivedSources/arm64 -Xcc -I/Users/admin/builder/spi-builder-workspace/.derivedData/Build/Intermediates.noindex/SwiftCurses.build/Debug/SwiftCurses-t.build/DerivedSources -Xcc -DSWIFT_PACKAGE -Xcc -DDEBUG\=1 -emit-objc-header -emit-objc-header-path /Users/admin/builder/spi-builder-workspace/.derivedData/Build/Intermediates.noindex/SwiftCurses.build/Debug/SwiftCurses-t.build/Objects-normal/arm64/SwiftCurses-Swift.h -working-directory /Users/admin/builder/spi-builder-workspace/.swiftpm/xcode -experimental-emit-module-separately -disable-cmo
SwiftCompile normal arm64 Compiling\ extensions.swift /Users/admin/builder/spi-builder-workspace/.dependencies/checkouts/SignalHandler/Sources/SignalHandler/extensions.swift (in target 'SignalHandler' from project 'SignalHandler')
SwiftCompile normal arm64 /Users/admin/builder/spi-builder-workspace/.dependencies/checkouts/SignalHandler/Sources/SignalHandler/extensions.swift (in target 'SignalHandler' from project 'SignalHandler')
cd /Users/admin/builder/spi-builder-workspace/.swiftpm/xcode
builtin-SwiftPerFileCompile extensions.swift
SwiftEmitModule normal arm64 Emitting\ module\ for\ SignalHandler (in target 'SignalHandler' from project 'SignalHandler')
SwiftCompile normal arm64 (in target 'SignalHandler' from project 'SignalHandler')
cd /Users/admin/builder/spi-builder-workspace/.swiftpm/xcode
SwiftCompile normal arm64 Compiling\ Signals.swift /Users/admin/builder/spi-builder-workspace/.dependencies/checkouts/SignalHandler/Sources/SignalHandler/Signals.swift (in target 'SignalHandler' from project 'SignalHandler')
SwiftCompile normal arm64 /Users/admin/builder/spi-builder-workspace/.dependencies/checkouts/SignalHandler/Sources/SignalHandler/Signals.swift (in target 'SignalHandler' from project 'SignalHandler')
cd /Users/admin/builder/spi-builder-workspace/.swiftpm/xcode
builtin-SwiftPerFileCompile Signals.swift
SwiftCompile normal arm64 Compiling\ SignalHandler.swift /Users/admin/builder/spi-builder-workspace/.dependencies/checkouts/SignalHandler/Sources/SignalHandler/SignalHandler.swift (in target 'SignalHandler' from project 'SignalHandler')
SwiftCompile normal arm64 /Users/admin/builder/spi-builder-workspace/.dependencies/checkouts/SignalHandler/Sources/SignalHandler/SignalHandler.swift (in target 'SignalHandler' from project 'SignalHandler')
cd /Users/admin/builder/spi-builder-workspace/.swiftpm/xcode
builtin-SwiftPerFileCompile SignalHandler.swift
SwiftCompile normal arm64 Compiling\ Window+controls.swift,\ Window+dump.swift /Users/admin/builder/spi-builder-workspace/Sources/SwiftCurses/Window+controls.swift /Users/admin/builder/spi-builder-workspace/Sources/SwiftCurses/Window+dump.swift (in target 'SwiftCurses' from project 'SwiftCurses')
/Users/admin/builder/spi-builder-workspace/Sources/SwiftCurses/Window+controls.swift:43:11: error: 'wrefresh' is only available in macOS 15.0 or newer
9 | }
10 |
11 | extension WindowProtocol {
| `- note: add '@available' attribute to enclosing extension
12 | /// move the cursor to `row`th row and `col`th column
13 | @inlinable
:
39 | /// Refreshes the screen, drawing anything that hasn't been drawn yet
40 | @inlinable
41 | public func refresh() {
| `- note: add '@available' attribute to enclosing instance method
42 | // X/Open does not define any error conditions.
43 | ncurses.wrefresh(self.window)
| |- error: 'wrefresh' is only available in macOS 15.0 or newer
| `- note: add 'if #available' version check
44 | }
45 | }
/Users/admin/builder/spi-builder-workspace/Sources/SwiftCurses/Window+dump.swift:16:26: error: 'getwin' is only available in macOS 15.0 or newer
6 | #endif
7 |
8 | extension WindowProtocol {
| `- note: add '@available' attribute to enclosing extension
9 | #if canImport(Foundation)
10 |
11 | @inlinable
12 | public func get<WinType: ManagedWindow>(file: URL) throws -> WinType {
| `- note: add '@available' attribute to enclosing instance method
13 | guard let filePtr = file.withUnsafeFileSystemRepresentation( { fopen($0, "w") } ) else {
14 | throw CursesError(.couldNotOpenFile)
15 | }
16 | return WinType(ncurses.getwin(filePtr))
| |- error: 'getwin' is only available in macOS 15.0 or newer
| `- note: add 'if #available' version check
17 | }
18 |
SwiftCompile normal arm64 /Users/admin/builder/spi-builder-workspace/Sources/SwiftCurses/Window+controls.swift (in target 'SwiftCurses' from project 'SwiftCurses')
cd /Users/admin/builder/spi-builder-workspace/.swiftpm/xcode
builtin-SwiftPerFileCompile Window+controls.swift
SwiftCompile normal arm64 /Users/admin/builder/spi-builder-workspace/Sources/SwiftCurses/Window+dump.swift (in target 'SwiftCurses' from project 'SwiftCurses')
cd /Users/admin/builder/spi-builder-workspace/.swiftpm/xcode
builtin-SwiftPerFileCompile Window+dump.swift
SwiftCompile normal arm64 Compiling\ LinuxCompatibility.swift,\ Window+attributes.swift /Users/admin/builder/spi-builder-workspace/Sources/SwiftCurses/LinuxCompatibility.swift /Users/admin/builder/spi-builder-workspace/Sources/SwiftCurses/Window+attributes.swift (in target 'SwiftCurses' from project 'SwiftCurses')
/Users/admin/builder/spi-builder-workspace/Sources/SwiftCurses/Window+attributes.swift:73:11: error: 'wattron' is only available in macOS 15.0 or newer
63 | }
64 |
65 | extension WindowProtocol {
| `- note: add '@available' attribute to enclosing extension
66 | @inlinable
67 | public func attrOn(_ attrs: Attribute...) {
:
70 |
71 | @inlinable
72 | public func attrOn(_ attrs: [Attribute]) {
| `- note: add '@available' attribute to enclosing instance method
73 | ncurses.wattron(self.window, attrs.combine())
| |- error: 'wattron' is only available in macOS 15.0 or newer
| `- note: add 'if #available' version check
74 | }
75 |
/Users/admin/builder/spi-builder-workspace/Sources/SwiftCurses/Window+attributes.swift:78:11: error: 'wattrset' is only available in macOS 15.0 or newer
63 | }
64 |
65 | extension WindowProtocol {
| `- note: add '@available' attribute to enclosing extension
66 | @inlinable
67 | public func attrOn(_ attrs: Attribute...) {
:
75 |
76 | @inlinable
77 | public func attrSet(_ attrs: Attribute...) {
| `- note: add '@available' attribute to enclosing instance method
78 | ncurses.wattrset(self.window, attrs.combine())
| |- error: 'wattrset' is only available in macOS 15.0 or newer
| `- note: add 'if #available' version check
79 | }
80 |
/Users/admin/builder/spi-builder-workspace/Sources/SwiftCurses/Window+attributes.swift:88:11: error: 'wattroff' is only available in macOS 15.0 or newer
63 | }
64 |
65 | extension WindowProtocol {
| `- note: add '@available' attribute to enclosing extension
66 | @inlinable
67 | public func attrOn(_ attrs: Attribute...) {
:
85 |
86 | @inlinable
87 | public func attrOff(_ attrs: [Attribute]) {
| `- note: add '@available' attribute to enclosing instance method
88 | ncurses.wattroff(self.window, attrs.combine())
| |- error: 'wattroff' is only available in macOS 15.0 or newer
| `- note: add 'if #available' version check
89 | }
90 |
/Users/admin/builder/spi-builder-workspace/Sources/SwiftCurses/Window+attributes.swift:102:11: error: 'wstandend' is only available in macOS 15.0 or newer
63 | }
64 |
65 | extension WindowProtocol {
| `- note: add '@available' attribute to enclosing extension
66 | @inlinable
67 | public func attrOn(_ attrs: Attribute...) {
:
99 |
100 | @inlinable
101 | public func standEnd() {
| `- note: add '@available' attribute to enclosing instance method
102 | ncurses.wstandend(self.window)
| |- error: 'wstandend' is only available in macOS 15.0 or newer
| `- note: add 'if #available' version check
103 | }
104 |
SwiftCompile normal arm64 /Users/admin/builder/spi-builder-workspace/Sources/SwiftCurses/LinuxCompatibility.swift (in target 'SwiftCurses' from project 'SwiftCurses')
cd /Users/admin/builder/spi-builder-workspace/.swiftpm/xcode
builtin-SwiftPerFileCompile LinuxCompatibility.swift
SwiftCompile normal arm64 /Users/admin/builder/spi-builder-workspace/Sources/SwiftCurses/Window+attributes.swift (in target 'SwiftCurses' from project 'SwiftCurses')
cd /Users/admin/builder/spi-builder-workspace/.swiftpm/xcode
builtin-SwiftPerFileCompile Window+attributes.swift
SwiftEmitModule normal arm64 Emitting\ module\ for\ SwiftCurses (in target 'SwiftCurses' from project 'SwiftCurses')
/Users/admin/builder/spi-builder-workspace/Sources/SwiftCurses/Window+attributes.swift:73:11: error: 'wattron' is only available in macOS 15.0 or newer
63 | }
64 |
65 | extension WindowProtocol {
| `- note: add '@available' attribute to enclosing extension
66 | @inlinable
67 | public func attrOn(_ attrs: Attribute...) {
:
70 |
71 | @inlinable
72 | public func attrOn(_ attrs: [Attribute]) {
| `- note: add '@available' attribute to enclosing instance method
73 | ncurses.wattron(self.window, attrs.combine())
| |- error: 'wattron' is only available in macOS 15.0 or newer
| `- note: add 'if #available' version check
74 | }
75 |
/Users/admin/builder/spi-builder-workspace/Sources/SwiftCurses/Window+attributes.swift:78:11: error: 'wattrset' is only available in macOS 15.0 or newer
63 | }
64 |
65 | extension WindowProtocol {
| `- note: add '@available' attribute to enclosing extension
66 | @inlinable
67 | public func attrOn(_ attrs: Attribute...) {
:
75 |
76 | @inlinable
77 | public func attrSet(_ attrs: Attribute...) {
| `- note: add '@available' attribute to enclosing instance method
78 | ncurses.wattrset(self.window, attrs.combine())
| |- error: 'wattrset' is only available in macOS 15.0 or newer
| `- note: add 'if #available' version check
79 | }
80 |
/Users/admin/builder/spi-builder-workspace/Sources/SwiftCurses/Window+attributes.swift:88:11: error: 'wattroff' is only available in macOS 15.0 or newer
63 | }
64 |
65 | extension WindowProtocol {
| `- note: add '@available' attribute to enclosing extension
66 | @inlinable
67 | public func attrOn(_ attrs: Attribute...) {
:
85 |
86 | @inlinable
87 | public func attrOff(_ attrs: [Attribute]) {
| `- note: add '@available' attribute to enclosing instance method
88 | ncurses.wattroff(self.window, attrs.combine())
| |- error: 'wattroff' is only available in macOS 15.0 or newer
| `- note: add 'if #available' version check
89 | }
90 |
/Users/admin/builder/spi-builder-workspace/Sources/SwiftCurses/Window+attributes.swift:102:11: error: 'wstandend' is only available in macOS 15.0 or newer
63 | }
64 |
65 | extension WindowProtocol {
| `- note: add '@available' attribute to enclosing extension
66 | @inlinable
67 | public func attrOn(_ attrs: Attribute...) {
:
99 |
100 | @inlinable
101 | public func standEnd() {
| `- note: add '@available' attribute to enclosing instance method
102 | ncurses.wstandend(self.window)
| |- error: 'wstandend' is only available in macOS 15.0 or newer
| `- note: add 'if #available' version check
103 | }
104 |
/Users/admin/builder/spi-builder-workspace/Sources/SwiftCurses/Window+attributes.swift:113:11: error: 'wchgat' is only available in macOS 15.0 or newer
63 | }
64 |
65 | extension WindowProtocol {
| `- note: add '@available' attribute to enclosing extension
66 | @inlinable
67 | public func attrOn(_ attrs: Attribute...) {
:
110 |
111 | @inlinable
112 | func chgat(_ n: Int32, _ attrs: [Attribute], color pair: Int16, opts: UnsafeRawPointer? = nil) {
| `- note: add '@available' attribute to enclosing instance method
113 | ncurses.wchgat(self.window, n, attr_t(attrs.combine()), pair, opts)
| |- error: 'wchgat' is only available in macOS 15.0 or newer
| `- note: add 'if #available' version check
114 | }
115 |
/Users/admin/builder/spi-builder-workspace/Sources/SwiftCurses/Window+border.swift:15:11: error: 'box' is only available in macOS 15.0 or newer
4 | // https://invisible-island.net/ncurses/man/curs_border.3x.html
5 | // X/Open does not define any error conditions. This implementation returns an error if the window pointer is null.
6 | extension WindowProtocol {
| `- note: add '@available' attribute to enclosing extension
7 | //=========
8 | // Borders
:
11 | // TODO: UTF-8 support
12 | @inlinable
13 | public func box(_ vertCh: Character = "\u{0}", _ horCh: Character = "\u{0}") {
| `- note: add '@available' attribute to enclosing instance method
14 | // X/Open does not define any error conditions. This implementation returns an error if the window pointer is null.
15 | ncurses.box(self.window, UInt32(vertCh.asciiValue!), UInt32(horCh.asciiValue!))
| |- error: 'box' is only available in macOS 15.0 or newer
| `- note: add 'if #available' version check
16 | }
17 |
/Users/admin/builder/spi-builder-workspace/Sources/SwiftCurses/Window+border.swift:21:11: error: 'box' is only available in macOS 15.0 or newer
4 | // https://invisible-island.net/ncurses/man/curs_border.3x.html
5 | // X/Open does not define any error conditions. This implementation returns an error if the window pointer is null.
6 | extension WindowProtocol {
| `- note: add '@available' attribute to enclosing extension
7 | //=========
8 | // Borders
:
17 |
18 | @inlinable
19 | public func box(_ vertCh: UInt32, _ horCh: UInt32) {
| `- note: add '@available' attribute to enclosing instance method
20 | // X/Open does not define any error conditions. This implementation returns an error if the window pointer is null.
21 | ncurses.box(self.window, vertCh, horCh)
| |- error: 'box' is only available in macOS 15.0 or newer
| `- note: add 'if #available' version check
22 | }
23 |
/Users/admin/builder/spi-builder-workspace/Sources/SwiftCurses/Window+clear.swift:27:11: error: 'wclear' is only available in macOS 15.0 or newer
13 | }
14 |
15 | extension WindowProtocol {
| `- note: add '@available' attribute to enclosing extension
16 | /// copy blanks to every position in the window, clearing the screen
17 | @inlinable
:
24 | /// from scratch
25 | @inlinable
26 | public func clear() {
| `- note: add '@available' attribute to enclosing instance method
27 | ncurses.wclear(self.window)
| |- error: 'wclear' is only available in macOS 15.0 or newer
| `- note: add 'if #available' version check
28 | }
29 |
/Users/admin/builder/spi-builder-workspace/Sources/SwiftCurses/Window+controls.swift:43:11: error: 'wrefresh' is only available in macOS 15.0 or newer
9 | }
10 |
11 | extension WindowProtocol {
| `- note: add '@available' attribute to enclosing extension
12 | /// move the cursor to `row`th row and `col`th column
13 | @inlinable
:
39 | /// Refreshes the screen, drawing anything that hasn't been drawn yet
40 | @inlinable
41 | public func refresh() {
| `- note: add '@available' attribute to enclosing instance method
42 | // X/Open does not define any error conditions.
43 | ncurses.wrefresh(self.window)
| |- error: 'wrefresh' is only available in macOS 15.0 or newer
| `- note: add 'if #available' version check
44 | }
45 | }
/Users/admin/builder/spi-builder-workspace/Sources/SwiftCurses/Window+dump.swift:16:26: error: 'getwin' is only available in macOS 15.0 or newer
6 | #endif
7 |
8 | extension WindowProtocol {
| `- note: add '@available' attribute to enclosing extension
9 | #if canImport(Foundation)
10 |
11 | @inlinable
12 | public func get<WinType: ManagedWindow>(file: URL) throws -> WinType {
| `- note: add '@available' attribute to enclosing instance method
13 | guard let filePtr = file.withUnsafeFileSystemRepresentation( { fopen($0, "w") } ) else {
14 | throw CursesError(.couldNotOpenFile)
15 | }
16 | return WinType(ncurses.getwin(filePtr))
| |- error: 'getwin' is only available in macOS 15.0 or newer
| `- note: add 'if #available' version check
17 | }
18 |
/Users/admin/builder/spi-builder-workspace/Sources/SwiftCurses/Window+dump.swift:24:14: error: 'putwin' is only available in macOS 15.0 or newer
6 | #endif
7 |
8 | extension WindowProtocol {
| `- note: add '@available' attribute to enclosing extension
9 | #if canImport(Foundation)
10 |
:
18 |
19 | @inlinable
20 | public func put(file: URL) throws {
| `- note: add '@available' attribute to enclosing instance method
21 | guard let filePtr = file.withUnsafeFileSystemRepresentation( { fopen($0, "w") } ) else {
22 | throw CursesError(.couldNotOpenFile)
23 | }
24 | if ncurses.putwin(self.window, filePtr) == ERR {
| |- error: 'putwin' is only available in macOS 15.0 or newer
| `- note: add 'if #available' version check
25 | throw CursesError(.couldNotOpenFile)
26 | }
/Users/admin/builder/spi-builder-workspace/Sources/SwiftCurses/Window+output.swift:36:20: error: 'waddstr' is only available in macOS 15.0 or newer
2 | import C_ncursesBinds
3 |
4 | extension WindowProtocol {
| `- note: add '@available' attribute to enclosing extension
5 | //========
6 | // printw
:
33 |
34 | @inlinable
35 | public func addStr(_ str: String) throws {
| `- note: add '@available' attribute to enclosing instance method
36 | if ncurses.waddstr(self.window, str) == ERR {
| |- error: 'waddstr' is only available in macOS 15.0 or newer
| `- note: add 'if #available' version check
37 | throw CursesError(.error, help: "https://invisible-island.net/ncurses/man/curs_addstr.3x.html#h2-RETURN-VALUE")
38 | }
/Users/admin/builder/spi-builder-workspace/Sources/SwiftCurses/Window.swift:84:29: error: 'newwin' is only available in macOS 15.0 or newer
81 | /// Create a new ncurses window
82 | @inlinable
83 | internal func newWindow(rows: Int32, cols: Int32, begin: (Int32, Int32), settings: [WindowSetting] = WindowSetting.defaultSettings) throws -> WindowPointer {
| `- note: add '@available' attribute to enclosing global function
84 | guard let win = ncurses.newwin(rows, cols, begin.0, begin.1) else {
| |- error: 'newwin' is only available in macOS 15.0 or newer
| `- note: add 'if #available' version check
85 | if begin.0 < 0 || begin.1 < 1 {
86 | throw CursesError(.negativeCoordinate, help: "The beginning coordinates of the window cannot be negative")
/Users/admin/builder/spi-builder-workspace/Sources/SwiftCurses/initScreen.swift:95:13: error: 'scr_dump' is only available in macOS 15.0 or newer
92 |
93 | @inlinable
94 | public func scrDump(filename: String) {
| `- note: add '@available' attribute to enclosing global function
95 | ncurses.scr_dump(filename)
| |- error: 'scr_dump' is only available in macOS 15.0 or newer
| `- note: add 'if #available' version check
96 | }
97 |
/Users/admin/builder/spi-builder-workspace/Sources/SwiftCurses/initScreen.swift:100:13: error: 'scr_restore' is only available in macOS 15.0 or newer
97 |
98 | @inlinable
99 | public func scrRestore(filename: String) {
| `- note: add '@available' attribute to enclosing global function
100 | ncurses.scr_restore(filename)
| |- error: 'scr_restore' is only available in macOS 15.0 or newer
| `- note: add 'if #available' version check
101 | }
102 |
/Users/admin/builder/spi-builder-workspace/Sources/SwiftCurses/initScreen.swift:105:13: error: 'scr_init' is only available in macOS 15.0 or newer
102 |
103 | @inlinable
104 | public func scrInit(filename: String) {
| `- note: add '@available' attribute to enclosing global function
105 | ncurses.scr_init(filename)
| |- error: 'scr_init' is only available in macOS 15.0 or newer
| `- note: add 'if #available' version check
106 | }
107 |
/Users/admin/builder/spi-builder-workspace/Sources/SwiftCurses/initScreen.swift:110:13: error: 'scr_set' is only available in macOS 15.0 or newer
107 |
108 | @inlinable
109 | public func scrSet(filename: String) {
| `- note: add '@available' attribute to enclosing global function
110 | ncurses.scr_set(filename)
| |- error: 'scr_set' is only available in macOS 15.0 or newer
| `- note: add 'if #available' version check
111 | }
112 |
Failed frontend command:
/Applications/Xcode-27.0.0-Release.Candidate.app/Contents/Developer/Toolchains/XcodeDefault.xctoolchain/usr/bin/swift-frontend -frontend -emit-module -experimental-skip-non-inlinable-function-bodies-without-types /Users/admin/builder/spi-builder-workspace/Sources/SwiftCurses/LinuxCompatibility.swift /Users/admin/builder/spi-builder-workspace/Sources/SwiftCurses/Window+attributes.swift /Users/admin/builder/spi-builder-workspace/Sources/SwiftCurses/Window+border.swift /Users/admin/builder/spi-builder-workspace/Sources/SwiftCurses/Window+clear.swift /Users/admin/builder/spi-builder-workspace/Sources/SwiftCurses/Window+controls.swift /Users/admin/builder/spi-builder-workspace/Sources/SwiftCurses/Window+dump.swift /Users/admin/builder/spi-builder-workspace/Sources/SwiftCurses/Window+input.swift /Users/admin/builder/spi-builder-workspace/Sources/SwiftCurses/Window+mouse.swift /Users/admin/builder/spi-builder-workspace/Sources/SwiftCurses/Window+output.swift /Users/admin/builder/spi-builder-workspace/Sources/SwiftCurses/Window+util.swift /Users/admin/builder/spi-builder-workspace/Sources/SwiftCurses/Window.swift /Users/admin/builder/spi-builder-workspace/Sources/SwiftCurses/color.swift /Users/admin/builder/spi-builder-workspace/Sources/SwiftCurses/error.swift /Users/admin/builder/spi-builder-workspace/Sources/SwiftCurses/initScreen.swift /Users/admin/builder/spi-builder-workspace/Sources/SwiftCurses/kernel.swift /Users/admin/builder/spi-builder-workspace/Sources/SwiftCurses/keycode.swift /Users/admin/builder/spi-builder-workspace/Sources/SwiftCurses/mouseEvent.swift /Users/admin/builder/spi-builder-workspace/Sources/SwiftCurses/settings.swift -target arm64-apple-macos12.0 -module-can-import-version Foundation 5027.0.69 5027.0.69 -disable-cross-import-overlay-search -load-resolved-plugin /Applications/Xcode-27.0.0-Release.Candidate.app/Contents/Developer/Platforms/MacOSX.platform/Developer/usr/lib/swift/host/plugins/libFoundationMacros.dylib\#/Applications/Xcode-27.0.0-Release.Candidate.app/Contents/Developer/Platforms/MacOSX.platform/Developer/usr/bin/swift-plugin-server\#FoundationMacros -load-resolved-plugin /Applications/Xcode-27.0.0-Release.Candidate.app/Contents/Developer/Platforms/MacOSX.platform/Developer/usr/lib/swift/host/plugins/libObservationMacros.dylib\#/Applications/Xcode-27.0.0-Release.Candidate.app/Contents/Developer/Platforms/MacOSX.platform/Developer/usr/bin/swift-plugin-server\#ObservationMacros -load-resolved-plugin /Applications/Xcode-27.0.0-Release.Candidate.app/Contents/Developer/Platforms/MacOSX.platform/Developer/usr/lib/swift/host/plugins/libSwiftMacros.dylib\#/Applications/Xcode-27.0.0-Release.Candidate.app/Contents/Developer/Platforms/MacOSX.platform/Developer/usr/bin/swift-plugin-server\#SwiftMacros -disable-implicit-swift-modules -Xcc -fno-implicit-modules -Xcc -fno-implicit-module-maps -explicit-swift-module-map-file /Users/admin/builder/spi-builder-workspace/.derivedData/Build/Intermediates.noindex/SwiftCurses.build/Debug/SwiftCurses-t.build/Objects-normal/arm64/SwiftCurses-dependencies-1.json -Xllvm -aarch64-use-tbi -enable-objc-interop -stack-check -sdk /Applications/Xcode-27.0.0-Release.Candidate.app/Contents/Developer/Platforms/MacOSX.platform/Developer/SDKs/MacOSX27.0.sdk -I /Users/admin/builder/spi-builder-workspace/.derivedData/Build/Products/Debug -Isystem /Applications/Xcode-27.0.0-Release.Candidate.app/Contents/Developer/Platforms/MacOSX.platform/Developer/usr/lib -F /Users/admin/builder/spi-builder-workspace/.derivedData/Build/Products/Debug/PackageFrameworks -F /Users/admin/builder/spi-builder-workspace/.derivedData/Build/Products/Debug -F /Applications/Xcode-27.0.0-Release.Candidate.app/Contents/Developer/Platforms/MacOSX.platform/Developer/Library/Frameworks -module-cache-path /Users/admin/builder/spi-builder-workspace/.derivedData/Build/Intermediates.noindex/SwiftExplicitPrecompiledModules -no-color-diagnostics -Xcc -fno-color-diagnostics -enable-testing -g -debug-info-format\=dwarf -dwarf-version\=4 -profile-generate -profile-coverage-mapping -swift-version 5 -Onone -D SWIFT_PACKAGE -D DEBUG -D SWIFT_MODULE_RESOURCE_BUNDLE_UNAVAILABLE -D SWIFTCURSES_OPAQUE -D Xcode -serialize-debugging-options -enable-experimental-feature DebugDescriptionMacro -empty-abi-descriptor -validate-clang-modules-once -clang-build-session-file /Users/admin/builder/spi-builder-workspace/.derivedData/ModuleCache.noindex/Session.modulevalidation -Xcc -working-directory -Xcc /Users/admin/builder/spi-builder-workspace/.swiftpm/xcode -enable-anonymous-context-mangled-names -file-compilation-dir /Users/admin/builder/spi-builder-workspace/.swiftpm/xcode -Xcc -fmodule-map-file\=/Users/admin/builder/spi-builder-workspace/.derivedData/Build/Intermediates.noindex/GeneratedModuleMaps/C_ncursesBinds.modulemap -Xcc -fmodule-map-file\=/Users/admin/builder/spi-builder-workspace/Sources/C_ncurses/module.modulemap -Xcc -D_LIBCPP_HARDENING_MODE\=_LIBCPP_HARDENING_MODE_DEBUG -Xcc -ivfsstatcache -Xcc /Users/admin/builder/spi-builder-workspace/.derivedData/SDKStatCaches.noindex/macosx27.0-26A425-e829b21a6f8c9b70876ba0858053c0446a22442a12e9d48fe1a705f55a1adfc4.sdkstatcache -Xcc -fmodules-prune-interval\=86400 -Xcc -fmodules-prune-after\=345600 -Xcc -I/Users/admin/builder/spi-builder-workspace/Sources/C_ncursesBinds/include -Xcc -I/Users/admin/builder/spi-builder-workspace/.derivedData/Build/Products/Debug/include -Xcc -I/Users/admin/builder/spi-builder-workspace/.derivedData/Build/Intermediates.noindex/SwiftCurses.build/Debug/SwiftCurses-t.build/DerivedSources-normal/arm64 -Xcc -I/Users/admin/builder/spi-builder-workspace/.derivedData/Build/Intermediates.noindex/SwiftCurses.build/Debug/SwiftCurses-t.build/DerivedSources/arm64 -Xcc -I/Users/admin/builder/spi-builder-workspace/.derivedData/Build/Intermediates.noindex/SwiftCurses.build/Debug/SwiftCurses-t.build/DerivedSources -Xcc -DSWIFT_PACKAGE -Xcc -DDEBUG\=1 -no-auto-bridging-header-chaining -module-name SwiftCurses -const-gather-protocols-file /Users/admin/builder/spi-builder-workspace/.derivedData/Build/Intermediates.noindex/SwiftCurses.build/Debug/SwiftCurses-t.build/Objects-normal/arm64/SwiftCurses_const_extract_protocols.json -disable-clang-spi -clang-target arm64-apple-macos27.0 -target-sdk-version 27.0 -target-sdk-name macosx27.0 -in-process-plugin-server-path /Applications/Xcode-27.0.0-Release.Candidate.app/Contents/Developer/Toolchains/XcodeDefault.xctoolchain/usr/lib/swift/host/libSwiftInProcPluginServer.dylib -emit-module-doc-path /Users/admin/builder/spi-builder-workspace/.derivedData/Build/Intermediates.noindex/SwiftCurses.build/Debug/SwiftCurses-t.build/Objects-normal/arm64/SwiftCurses.swiftdoc -emit-module-source-info-path /Users/admin/builder/spi-builder-workspace/.derivedData/Build/Intermediates.noindex/SwiftCurses.build/Debug/SwiftCurses-t.build/Objects-normal/arm64/SwiftCurses.swiftsourceinfo -emit-objc-header-path /Users/admin/builder/spi-builder-workspace/.derivedData/Build/Intermediates.noindex/SwiftCurses.build/Debug/SwiftCurses-t.build/Objects-normal/arm64/SwiftCurses-Swift.h -serialize-diagnostics-path /Users/admin/builder/spi-builder-workspace/.derivedData/Build/Intermediates.noindex/SwiftCurses.build/Debug/SwiftCurses-t.build/Objects-normal/arm64/SwiftCurses-primary-emit-module.dia -emit-dependencies-path /Users/admin/builder/spi-builder-workspace/.derivedData/Build/Intermediates.noindex/SwiftCurses.build/Debug/SwiftCurses-t.build/Objects-normal/arm64/SwiftCurses-primary-emit-module.d -parse-as-library -o /Users/admin/builder/spi-builder-workspace/.derivedData/Build/Intermediates.noindex/SwiftCurses.build/Debug/SwiftCurses-t.build/Objects-normal/arm64/SwiftCurses.swiftmodule -emit-abi-descriptor-path /Users/admin/builder/spi-builder-workspace/.derivedData/Build/Intermediates.noindex/SwiftCurses.build/Debug/SwiftCurses-t.build/Objects-normal/arm64/SwiftCurses.abi.json
SwiftCompile normal arm64 (in target 'SwiftCurses' from project 'SwiftCurses')
cd /Users/admin/builder/spi-builder-workspace/.swiftpm/xcode
SwiftCompile normal arm64 Compiling\ kernel.swift,\ keycode.swift /Users/admin/builder/spi-builder-workspace/Sources/SwiftCurses/kernel.swift /Users/admin/builder/spi-builder-workspace/Sources/SwiftCurses/keycode.swift (in target 'SwiftCurses' from project 'SwiftCurses')
/Users/admin/builder/spi-builder-workspace/Sources/SwiftCurses/kernel.swift:17:10: error: 'endwin()' is only available in macOS 15.0 or newer
13 |
14 | /// Save the program, exit it to return to shell mode. Afterwards, restore the program
15 | public func shellMode(_ body: () throws -> ()) rethrows {
| `- note: add '@available' attribute to enclosing global function
16 | ncurses.def_prog_mode()
17 | ncurses.endwin()
| |- error: 'endwin()' is only available in macOS 15.0 or newer
| `- note: add 'if #available' version check
18 | // cooked mode
19 | try body()
SwiftCompile normal arm64 /Users/admin/builder/spi-builder-workspace/Sources/SwiftCurses/kernel.swift (in target 'SwiftCurses' from project 'SwiftCurses')
cd /Users/admin/builder/spi-builder-workspace/.swiftpm/xcode
builtin-SwiftPerFileCompile kernel.swift
SwiftCompile normal arm64 /Users/admin/builder/spi-builder-workspace/Sources/SwiftCurses/keycode.swift (in target 'SwiftCurses' from project 'SwiftCurses')
cd /Users/admin/builder/spi-builder-workspace/.swiftpm/xcode
builtin-SwiftPerFileCompile keycode.swift
SwiftCompile normal arm64 Compiling\ settings.swift /Users/admin/builder/spi-builder-workspace/Sources/SwiftCurses/settings.swift (in target 'SwiftCurses' from project 'SwiftCurses')
/Users/admin/builder/spi-builder-workspace/Sources/SwiftCurses/settings.swift:71:28: error: 'start_color()' is only available in macOS 15.0 or newer
47 | }
48 |
49 | extension TermSetting {
| `- note: add '@available' attribute to enclosing extension
50 | // TODO: error handling of options
51 | @usableFromInline
52 | func apply() throws {
| `- note: add '@available' attribute to enclosing instance method
53 | switch self {
54 | case .cbreak: ncurses.cbreak()
:
69 | case .typeahead(let fd): ncurses.typeahead(fd)
70 | case .colors:
71 | if ncurses.start_color() == ERR {
| |- error: 'start_color()' is only available in macOS 15.0 or newer
| `- note: add 'if #available' version check
72 | throw CursesError(.colorTableCannotBeAllocated)
73 | }
/Users/admin/builder/spi-builder-workspace/Sources/SwiftCurses/settings.swift:82:46: error: 'intrflush' is only available in macOS 15.0 or newer
76 | }
77 |
78 | extension WindowSetting {
| `- note: add '@available' attribute to enclosing extension
79 | @usableFromInline
80 | func apply(_ win: WindowPointer) {
| `- note: add '@available' attribute to enclosing instance method
81 | switch self {
82 | case .intrflush(let bf): ncurses.intrflush(win, bf)
| |- error: 'intrflush' is only available in macOS 15.0 or newer
| `- note: add 'if #available' version check
83 | case .keypad(let bf): ncurses.keypad(win, bf)
84 | case .meta(let bf): ncurses.meta(win, bf)
SwiftCompile normal arm64 /Users/admin/builder/spi-builder-workspace/Sources/SwiftCurses/settings.swift (in target 'SwiftCurses' from project 'SwiftCurses')
cd /Users/admin/builder/spi-builder-workspace/.swiftpm/xcode
builtin-SwiftPerFileCompile settings.swift
SwiftCompile normal arm64 Compiling\ Window+input.swift,\ Window+mouse.swift /Users/admin/builder/spi-builder-workspace/Sources/SwiftCurses/Window+input.swift /Users/admin/builder/spi-builder-workspace/Sources/SwiftCurses/Window+mouse.swift (in target 'SwiftCurses' from project 'SwiftCurses')
/Users/admin/builder/spi-builder-workspace/Sources/SwiftCurses/Window+input.swift:61:25: error: 'wgetch' is only available in macOS 15.0 or newer
31 | }
32 |
33 | extension WindowProtocol {
| `- note: add '@available' attribute to enclosing extension
34 | //=======
35 | // getch
:
58 | /// Get the ASCII value of the character or keypress (when using keypad mode)
59 | @discardableResult
60 | public func getCharCode() throws -> Int32 {
| `- note: add '@available' attribute to enclosing instance method
61 | let c = ncurses.wgetch(self.window)
| |- error: 'wgetch' is only available in macOS 15.0 or newer
| `- note: add 'if #available' version check
62 | if c != OK {
63 | if c == ERR {
SwiftCompile normal arm64 /Users/admin/builder/spi-builder-workspace/Sources/SwiftCurses/Window+input.swift (in target 'SwiftCurses' from project 'SwiftCurses')
cd /Users/admin/builder/spi-builder-workspace/.swiftpm/xcode
builtin-SwiftPerFileCompile Window+input.swift
SwiftCompile normal arm64 /Users/admin/builder/spi-builder-workspace/Sources/SwiftCurses/Window+mouse.swift (in target 'SwiftCurses' from project 'SwiftCurses')
cd /Users/admin/builder/spi-builder-workspace/.swiftpm/xcode
builtin-SwiftPerFileCompile Window+mouse.swift
SwiftCompile normal arm64 Compiling\ mouseEvent.swift /Users/admin/builder/spi-builder-workspace/Sources/SwiftCurses/mouseEvent.swift (in target 'SwiftCurses' from project 'SwiftCurses')
SwiftCompile normal arm64 /Users/admin/builder/spi-builder-workspace/Sources/SwiftCurses/mouseEvent.swift (in target 'SwiftCurses' from project 'SwiftCurses')
cd /Users/admin/builder/spi-builder-workspace/.swiftpm/xcode
builtin-SwiftPerFileCompile mouseEvent.swift
SwiftCompile normal arm64 Compiling\ Window+output.swift,\ Window+util.swift /Users/admin/builder/spi-builder-workspace/Sources/SwiftCurses/Window+output.swift /Users/admin/builder/spi-builder-workspace/Sources/SwiftCurses/Window+util.swift (in target 'SwiftCurses' from project 'SwiftCurses')
SwiftCompile normal arm64 /Users/admin/builder/spi-builder-workspace/Sources/SwiftCurses/Window+output.swift (in target 'SwiftCurses' from project 'SwiftCurses')
cd /Users/admin/builder/spi-builder-workspace/.swiftpm/xcode
builtin-SwiftPerFileCompile Window+output.swift
SwiftCompile normal arm64 /Users/admin/builder/spi-builder-workspace/Sources/SwiftCurses/Window+util.swift (in target 'SwiftCurses' from project 'SwiftCurses')
cd /Users/admin/builder/spi-builder-workspace/.swiftpm/xcode
builtin-SwiftPerFileCompile Window+util.swift
PruneExplicitPrecompiledModules /Users/admin/builder/spi-builder-workspace/.derivedData/Build/Intermediates.noindex/ExplicitPrecompiledModules
PruneExplicitPrecompiledModules /Users/admin/builder/spi-builder-workspace/.derivedData/Build/Intermediates.noindex/SwiftExplicitPrecompiledModules
PruneExplicitPrecompiledModules /Users/admin/builder/spi-builder-workspace/.derivedData/SDKExplicitPrecompiledModules
2026-09-21 12:37:41.357 xcodebuild[817:4943] [MT] IDERunDestination: Supported platforms for the buildables in the current scheme is empty.
--- xcodebuild: WARNING: Using the first of multiple matching destinations:
{ platform:macOS, arch:arm64, id:c294cf99a5af0699651ced6b2e2565d1924598aa, name:My Mac }
{ platform:macOS, arch:arm64, variant:Mac Catalyst, id:c294cf99a5af0699651ced6b2e2565d1924598aa, name:My Mac }
{ platform:macOS, arch:arm64, variant:DriverKit, id:c294cf99a5af0699651ced6b2e2565d1924598aa, name:My Mac }
{ platform:macOS, arch:arm64, variant:Designed for [iPad,iPhone], id:c294cf99a5af0699651ced6b2e2565d1924598aa, name:My Mac }
** BUILD FAILED **
The following build commands failed:
SwiftEmitModule normal arm64 Emitting\ module\ for\ SwiftCurses (in target 'SwiftCurses' from project 'SwiftCurses')
SwiftCompile normal arm64 (in target 'SwiftCurses' from project 'SwiftCurses')
Building workspace SwiftCurses with scheme SwiftCurses-Package
(3 failures)
BUILD FAILURE 6.4 macosXcodebuild