The Swift Package Index logo.Swift Package Index

Build Information

Failed to build swift-floating-rows, reference v0.1.0 (9ef9ba), with Swift 6.3 for Linux on 16 Aug 2026 05:15:51 UTC.

Build Command

bash -c docker run --pull=always --rm -v "checkouts-54344845-1":/host -w "$PWD" -e JAVA_HOME="/root/.sdkman/candidates/java/current" -e SPI_BUILD="1" -e SPI_PROCESSING="1" registry.gitlab.com/saguaro1/spi-images:basic-6.3-latest swift build --triple x86_64-unknown-linux-gnu 2>&1

Build Log

========================================
RunAll
========================================
Builder version: 5.0.1
Interrupt handler set up.
========================================
Checkout
========================================
Clone URL: https://github.com/Formkunft/swift-floating-rows.git
Reference: v0.1.0
Initialized empty Git repository in /host/spi-builder-workspace/.git/
hint: Using 'master' as the name for the initial branch. This default branch name
hint: is subject to change. To configure the initial branch name to use in all
hint: of your new repositories, which will suppress this warning, call:
hint:
hint: 	git config --global init.defaultBranch <name>
hint:
hint: Names commonly chosen instead of 'master' are 'main', 'trunk' and
hint: 'development'. The just-created branch can be renamed via this command:
hint:
hint: 	git branch -m <name>
From https://github.com/Formkunft/swift-floating-rows
 * tag               v0.1.0     -> FETCH_HEAD
HEAD is now at 9ef9ba3 Add readme
Cloned https://github.com/Formkunft/swift-floating-rows.git
Revision (git rev-parse @):
9ef9ba3c6cac7564989760ed38020f88b724df84
SUCCESS checkout https://github.com/Formkunft/swift-floating-rows.git at v0.1.0
========================================
Build
========================================
Selected platform:         linux
Swift version:             6.3
Building package at path:  $PWD
https://github.com/Formkunft/swift-floating-rows.git
Running build ...
bash -c docker run --pull=always --rm -v "checkouts-54344845-1":/host -w "$PWD" -e JAVA_HOME="/root/.sdkman/candidates/java/current" -e SPI_BUILD="1" -e SPI_PROCESSING="1" registry.gitlab.com/saguaro1/spi-images:basic-6.3-latest swift build --triple x86_64-unknown-linux-gnu 2>&1
basic-6.3-latest: Pulling from saguaro1/spi-images
Digest: sha256:b82c9ac2aaad9c671b7a7653c8e6eeaf006cac60f6a8910901b9357c067e0892
Status: Image is up to date for registry.gitlab.com/saguaro1/spi-images:basic-6.3-latest
Building for debugging...
[0/2] Write sources
[1/2] Write swift-version-24593BA9C3E375BF.txt
error: emit-module command failed with exit code 1 (use -v to see invocation)
[3/7] Emitting module FloatingRowStack
/host/spi-builder-workspace/Sources/FloatingRowStack/Configuration.swift:15:8: error: no such module 'AppKit'
13 | //  limitations under the License.
14 |
15 | import AppKit
   |        `- error: no such module 'AppKit'
16 |
17 | extension FloatingRowStack {
[4/7] Compiling FloatingRowStack Snapshot.swift
/host/spi-builder-workspace/Sources/FloatingRowStack/Configuration.swift:15:8: error: no such module 'AppKit'
13 | //  limitations under the License.
14 |
15 | import AppKit
   |        `- error: no such module 'AppKit'
16 |
17 | extension FloatingRowStack {
[5/7] Compiling FloatingRowStack Configuration.swift
/host/spi-builder-workspace/Sources/FloatingRowStack/Configuration.swift:15:8: error: no such module 'AppKit'
13 | //  limitations under the License.
14 |
15 | import AppKit
   |        `- error: no such module 'AppKit'
16 |
17 | extension FloatingRowStack {
[6/7] Compiling FloatingRowStack FloatingRowStack.swift
/host/spi-builder-workspace/Sources/FloatingRowStack/Configuration.swift:15:8: error: no such module 'AppKit'
13 | //  limitations under the License.
14 |
15 | import AppKit
   |        `- error: no such module 'AppKit'
16 |
17 | extension FloatingRowStack {
[7/7] Compiling FloatingRowStack RowView.swift
/host/spi-builder-workspace/Sources/FloatingRowStack/Configuration.swift:15:8: error: no such module 'AppKit'
13 | //  limitations under the License.
14 |
15 | import AppKit
   |        `- error: no such module 'AppKit'
16 |
17 | extension FloatingRowStack {
BUILD FAILURE 6.3 linux