The Swift Package Index logo.Swift Package Index

Build Information

Failed to build XCAppTest, reference main (755e86), with Swift 6.4 for Wasm on 23 Sep 2026 13:58:27 UTC.

Build Command

bash -c docker run --pull=always --rm -v "checkouts-54344845-0":/host -w "$PWD" -e JAVA_HOME="/root/.sdkman/candidates/java/current" -e SPI_BUILD="1" -e SPI_PROCESSING="1" registry.gitlab.com/saguaro1/spi-images:wasm-6.4-latest swift build --swift-sdk swift-6.4.x-DEVELOPMENT-SNAPSHOT-2026-09-04-a_wasm 2>&1

Build Log

========================================
RunAll
========================================
Builder version: 5.1.0
Interrupt handler set up.
========================================
Checkout
========================================
Clone URL: https://github.com/Tunous/XCAppTest.git
Reference: main
Initialized empty Git repository in /host/spi-builder-workspace/.git/
hint: Using 'master' as the name for the initial branch. This default branch name
hint: is subject to change. To configure the initial branch name to use in all
hint: of your new repositories, which will suppress this warning, call:
hint:
hint: 	git config --global init.defaultBranch <name>
hint:
hint: Names commonly chosen instead of 'master' are 'main', 'trunk' and
hint: 'development'. The just-created branch can be renamed via this command:
hint:
hint: 	git branch -m <name>
From https://github.com/Tunous/XCAppTest
 * branch            main       -> FETCH_HEAD
 * [new branch]      main       -> origin/main
HEAD is now at 755e86a Fix assertIsEmpty fails for text fields on macOS
Cloned https://github.com/Tunous/XCAppTest.git
Revision (git rev-parse @):
755e86afcd53d47041ac470f1adccf2e4c17c0d1
SPI manifest file found: $PWD/.spi.yml
SUCCESS checkout https://github.com/Tunous/XCAppTest.git at main
========================================
Build
========================================
Selected platform:         wasm
Swift version:             6.4
Building package at path:  $PWD
https://github.com/Tunous/XCAppTest.git
Running build ...
bash -c docker run --pull=always --rm -v "checkouts-54344845-0":/host -w "$PWD" -e JAVA_HOME="/root/.sdkman/candidates/java/current" -e SPI_BUILD="1" -e SPI_PROCESSING="1" registry.gitlab.com/saguaro1/spi-images:wasm-6.4-latest swift build --swift-sdk swift-6.4.x-DEVELOPMENT-SNAPSHOT-2026-09-04-a_wasm 2>&1
wasm-6.4-latest: Pulling from saguaro1/spi-images
Digest: sha256:4328fdb43c680d205c1d6761b1e3267aa38277eefdda9ddfb17b6a0f1a77857a
Status: Image is up to date for registry.gitlab.com/saguaro1/spi-images:wasm-6.4-latest
Building for debugging...
[Planning deferred tasks]
[26 / 35] XCAppTest
error: SwiftCompile normal wasm32 failed with a nonzero exit code. Command line:     cd /host

/host/spi-builder-workspace/Sources/XCAppTest/AssertionUtils.swift:3:11: error: cannot find type 'XCUIElementTypeQueryProvider' in scope
 1 | import XCTest
 2 |
 3 | extension XCUIElementTypeQueryProvider {
   |           `- error: cannot find type 'XCUIElementTypeQueryProvider' in scope
 4 |     func assert(
 5 |         named assertionName: String,
/host/spi-builder-workspace/Sources/XCAppTest/CGVector+Util.swift:3:11: error: cannot find type 'CGVector' in scope
 1 | import Foundation
 2 |
 3 | extension CGVector {
   |           `- error: cannot find type 'CGVector' in scope
 4 |
 5 |     /// Normalized offset to view's top left coordinate.
/host/spi-builder-workspace/Sources/XCAppTest/XCUIApplication+App.swift:3:11: error: cannot find type 'XCUIApplication' in scope
  1 | import XCTest
  2 |
  3 | extension XCUIApplication {
    |           `- error: cannot find type 'XCUIApplication' in scope
  4 |
  5 |     // MARK: - Other applications
/host/spi-builder-workspace/Sources/XCAppTest/XCUIApplication+App.swift:145:11: error: cannot find type 'XCUIApplication' in scope
143 | }
144 |
145 | extension XCUIApplication.State {
    |           `- error: cannot find type 'XCUIApplication' in scope
146 |     fileprivate var description: String {
147 |         switch self {
/host/spi-builder-workspace/Sources/XCAppTest/XCUIElement+Actions.swift:4:11: error: cannot find type 'XCUIElement' in scope
  2 | import XCTest
  3 |
  4 | extension XCUIElement {
    |           `- error: cannot find type 'XCUIElement' in scope
  5 |
  6 |     /// Waits for the element to exist, be hittable and enabled.
/host/spi-builder-workspace/Sources/XCAppTest/XCUIElement+Assertions.swift:3:11: error: cannot find type 'XCUIElement' in scope
  1 | import XCTest
  2 |
  3 | extension XCUIElement {
    |           `- error: cannot find type 'XCUIElement' in scope
  4 |
  5 |     // MARK: - Checking existence
/host/spi-builder-workspace/Sources/XCAppTest/XCUIElement+Properties.swift:3:11: error: cannot find type 'XCUIElement' in scope
 1 | import XCTest
 2 |
 3 | extension XCUIElement {
   |           `- error: cannot find type 'XCUIElement' in scope
 4 |
 5 |     /// The raw value attribute of the element cast to `String`.
/host/spi-builder-workspace/Sources/XCAppTest/XCUIElement+Types.swift:11:11: error: cannot find type 'XCUIElement' in scope
 9 | import XCTest
10 |
11 | extension XCUIElement.ElementType {
   |           `- error: cannot find type 'XCUIElement' in scope
12 |     /// A constant that represent an element type for banner notifications.
13 |     public static let bannerNotification = XCUIElement.ElementType(rawValue: 83)!
/host/spi-builder-workspace/Sources/XCAppTest/XCUIElement+Types.swift:16:11: error: cannot find type 'XCUIElement' in scope
14 | }
15 |
16 | extension XCUIElement {
   |           `- error: cannot find type 'XCUIElement' in scope
17 |     /// A query that matches banner notification elements.
18 |     public var bannerNotifications: XCUIElementQuery {
/host/spi-builder-workspace/Sources/XCAppTest/XCUIElement+Types.swift:23:11: error: cannot find type 'XCUIElementQuery' in scope
21 | }
22 |
23 | extension XCUIElementQuery {
   |           `- error: cannot find type 'XCUIElementQuery' in scope
24 |     /// A query that matches banner notification elements.
25 |     public var bannerNotifications: XCUIElementQuery {
/host/spi-builder-workspace/Sources/XCAppTest/XCUIElementQuery+Assertions.swift:3:11: error: cannot find type 'XCUIElementQuery' in scope
  1 | import XCTest
  2 |
  3 | extension XCUIElementQuery {
    |           `- error: cannot find type 'XCUIElementQuery' in scope
  4 |
  5 |     // MARK: - Checking number of elements
/host/spi-builder-workspace/Sources/XCAppTest/XCUIElementQuery+Matchers.swift:10:11: error: cannot find type 'XCUIElementQuery' in scope
 8 | import XCTest
 9 |
10 | extension XCUIElementQuery {
   |           `- error: cannot find type 'XCUIElementQuery' in scope
11 |     /// The last element that matches the query.
12 |     public var lastMatch: XCUIElement {
/host/spi-builder-workspace/Sources/XCAppTest/XCUIElementTypeQueryProvider+Properties.swift:10:11: error: cannot find type 'XCUIElementTypeQueryProvider' in scope
 8 | import XCTest
 9 |
10 | extension XCUIElementTypeQueryProvider {
   |           `- error: cannot find type 'XCUIElementTypeQueryProvider' in scope
11 |
12 |     /// The close window button on macOS.
Failed frontend command:
/usr/bin/swift-frontend -frontend -emit-module -experimental-skip-non-inlinable-function-bodies-without-types /host/spi-builder-workspace/Sources/XCAppTest/AssertionUtils.swift /host/spi-builder-workspace/Sources/XCAppTest/CGVector+Util.swift /host/spi-builder-workspace/Sources/XCAppTest/XCAppTestConfig.swift /host/spi-builder-workspace/Sources/XCAppTest/XCTestCase+Activity.swift /host/spi-builder-workspace/Sources/XCAppTest/XCUIApplication+App.swift /host/spi-builder-workspace/Sources/XCAppTest/XCUIElement+Actions.swift /host/spi-builder-workspace/Sources/XCAppTest/XCUIElement+Assertions.swift /host/spi-builder-workspace/Sources/XCAppTest/XCUIElement+Properties.swift /host/spi-builder-workspace/Sources/XCAppTest/XCUIElement+Types.swift /host/spi-builder-workspace/Sources/XCAppTest/XCUIElementQuery+Assertions.swift /host/spi-builder-workspace/Sources/XCAppTest/XCUIElementQuery+Matchers.swift /host/spi-builder-workspace/Sources/XCAppTest/XCUIElementTypeQueryProvider+Properties.swift -target wasm32-unknown-wasip1 -disable-objc-interop -sdk /root/.swiftpm/swift-sdks/swift-6.4.x-DEVELOPMENT-SNAPSHOT-2026-09-04-a_wasm.artifactbundle/swift-6.4.x-DEVELOPMENT-SNAPSHOT-2026-09-04-a_wasm/wasm32-unknown-wasip1/WASI.sdk -sysroot /root/.swiftpm/swift-sdks/swift-6.4.x-DEVELOPMENT-SNAPSHOT-2026-09-04-a_wasm.artifactbundle/swift-6.4.x-DEVELOPMENT-SNAPSHOT-2026-09-04-a_wasm/wasm32-unknown-wasip1/WASI.sdk -I /host/spi-builder-workspace/.build/out/Products/Debug-webassembly-wasm32 -module-cache-path /host/spi-builder-workspace/.build/out/ModuleCache.noindex -color-diagnostics -Xcc -fcolor-diagnostics -enable-testing -g -debug-info-format\=dwarf -dwarf-version\=4 -swift-version 5 -Onone -D SWIFT_PACKAGE -D DEBUG -D SWIFT_MODULE_RESOURCE_BUNDLE_UNAVAILABLE -D Xcode -serialize-debugging-options -enable-experimental-feature DebugDescriptionMacro -empty-abi-descriptor -external-plugin-path /usr/lib/swift/host/plugins/testing\#/usr/bin/swift-plugin-server -validate-clang-modules-once -clang-build-session-file /host/spi-builder-workspace/.build/out/ModuleCache.noindex/Session.modulevalidation -Xcc -working-directory -Xcc /host -resource-dir /root/.swiftpm/swift-sdks/swift-6.4.x-DEVELOPMENT-SNAPSHOT-2026-09-04-a_wasm.artifactbundle/swift-6.4.x-DEVELOPMENT-SNAPSHOT-2026-09-04-a_wasm/wasm32-unknown-wasip1/swift.xctoolchain/usr/lib/swift_static -use-static-resource-dir -enable-anonymous-context-mangled-names -file-compilation-dir /host -Xcc -resource-dir -Xcc /root/.swiftpm/swift-sdks/swift-6.4.x-DEVELOPMENT-SNAPSHOT-2026-09-04-a_wasm.artifactbundle/swift-6.4.x-DEVELOPMENT-SNAPSHOT-2026-09-04-a_wasm/wasm32-unknown-wasip1/swift.xctoolchain/usr/lib/swift_static/clang -Xcc -D_LIBCPP_HARDENING_MODE\=_LIBCPP_HARDENING_MODE_DEBUG -Xcc -fmodules-prune-interval\=86400 -Xcc -fmodules-prune-after\=345600 -Xcc -I/host/spi-builder-workspace/.build/out/Products/Debug-webassembly-wasm32/include -Xcc -I/host/spi-builder-workspace/.build/out/Intermediates.noindex/XCAppTest.build/Debug-webassembly-wasm32/XCAppTest-t.build/DerivedSources-normal/wasm32 -Xcc -I/host/spi-builder-workspace/.build/out/Intermediates.noindex/XCAppTest.build/Debug-webassembly-wasm32/XCAppTest-t.build/DerivedSources/wasm32 -Xcc -I/host/spi-builder-workspace/.build/out/Intermediates.noindex/XCAppTest.build/Debug-webassembly-wasm32/XCAppTest-t.build/DerivedSources -Xcc -DSWIFT_PACKAGE -Xcc -DDEBUG\=1 -no-auto-bridging-header-chaining -module-name XCAppTest -const-gather-protocols-file /host/spi-builder-workspace/.build/out/Intermediates.noindex/XCAppTest.build/Debug-webassembly-wasm32/XCAppTest-t.build/Objects-normal/wasm32/XCAppTest_const_extract_protocols.json -in-process-plugin-server-path /usr/lib/swift/host/libSwiftInProcPluginServer.so -plugin-path /usr/lib/swift/host/plugins -plugin-path /usr/local/lib/swift/host/plugins -emit-module-doc-path /host/spi-builder-workspace/.build/out/Intermediates.noindex/XCAppTest.build/Debug-webassembly-wasm32/XCAppTest-t.build/Objects-normal/wasm32/Modules/XCAppTest.swiftdoc -emit-module-source-info-path /host/spi-builder-workspace/.build/out/Intermediates.noindex/XCAppTest.build/Debug-webassembly-wasm32/XCAppTest-t.build/Objects-normal/wasm32/Modules/XCAppTest.swiftsourceinfo -emit-objc-header-path /host/spi-builder-workspace/.build/out/Intermediates.noindex/XCAppTest.build/Debug-webassembly-wasm32/XCAppTest-t.build/Objects-normal/wasm32/XCAppTest-Swift.h -serialize-diagnostics-path /host/spi-builder-workspace/.build/out/Intermediates.noindex/XCAppTest.build/Debug-webassembly-wasm32/XCAppTest-t.build/Objects-normal/wasm32/XCAppTest-primary-emit-module.dia -emit-dependencies-path /host/spi-builder-workspace/.build/out/Intermediates.noindex/XCAppTest.build/Debug-webassembly-wasm32/XCAppTest-t.build/Objects-normal/wasm32/XCAppTest-primary-emit-module.d -parse-as-library -o /host/spi-builder-workspace/.build/out/Intermediates.noindex/XCAppTest.build/Debug-webassembly-wasm32/XCAppTest-t.build/Objects-normal/wasm32/Modules/XCAppTest.swiftmodule
error: Build failed
BUILD FAILURE 6.4 wasm