The Swift Package Index logo.Swift Package Index

Build Information

Failed to build OCMockito, reference main (ab3f27), with Swift 6.2 for Linux on 9 Jul 2026 05:01:47 UTC.

Build Command

bash -c docker run --pull=always --rm -v "checkouts-53886770-0":/host -w "$PWD" -e JAVA_HOME="/root/.sdkman/candidates/java/current" -e SPI_BUILD="1" -e SPI_PROCESSING="1" registry.gitlab.com/saguaro1/spi-images:basic-6.2-latest swift build --triple x86_64-unknown-linux-gnu 2>&1

Build Log

========================================
RunAll
========================================
Builder version: 0e64495ecc1688c3b3e031a5ef1348b5c05091ae
Interrupt handler set up.
========================================
Checkout
========================================
Clone URL: https://github.com/jonreid/OCMockito.git
Reference: main
Initialized empty Git repository in /host/spi-builder-workspace/.git/
hint: Using 'master' as the name for the initial branch. This default branch name
hint: is subject to change. To configure the initial branch name to use in all
hint: of your new repositories, which will suppress this warning, call:
hint:
hint: 	git config --global init.defaultBranch <name>
hint:
hint: Names commonly chosen instead of 'master' are 'main', 'trunk' and
hint: 'development'. The just-created branch can be renamed via this command:
hint:
hint: 	git branch -m <name>
From https://github.com/jonreid/OCMockito
 * branch            main       -> FETCH_HEAD
 * [new branch]      main       -> origin/main
HEAD is now at ab3f274 Bump actions/checkout from 6 to 7
Cloned https://github.com/jonreid/OCMockito.git
Revision (git rev-parse @):
ab3f274149fd3315673accea5209afb5f9f045db
SUCCESS checkout https://github.com/jonreid/OCMockito.git at main
========================================
Build
========================================
Selected platform:         linux
Swift version:             6.2
Building package at path:  $PWD
https://github.com/jonreid/OCMockito.git
Running build ...
bash -c docker run --pull=always --rm -v "checkouts-53886770-0":/host -w "$PWD" -e JAVA_HOME="/root/.sdkman/candidates/java/current" -e SPI_BUILD="1" -e SPI_PROCESSING="1" registry.gitlab.com/saguaro1/spi-images:basic-6.2-latest swift build --triple x86_64-unknown-linux-gnu 2>&1
basic-6.2-latest: Pulling from saguaro1/spi-images
Digest: sha256:146297aca0eb7f3e338453cbf4c0aa72424647d7d0d3f35fda2f7ef7698dd3aa
Status: Image is up to date for registry.gitlab.com/saguaro1/spi-images:basic-6.2-latest
Fetching https://github.com/hamcrest/OCHamcrest
[1/20489] Fetching ochamcrest
Fetched https://github.com/hamcrest/OCHamcrest from cache (0.65s)
Computing version for https://github.com/hamcrest/OCHamcrest
Computed https://github.com/hamcrest/OCHamcrest at 9.1.1 (0.82s)
Creating working copy for https://github.com/hamcrest/OCHamcrest
Working copy of https://github.com/hamcrest/OCHamcrest resolved at 9.1.1
warning: 'spi-builder-workspace': ignoring target 'OCMockitoTests' in package 'spi-builder-workspace'; C language in tests is not yet supported
Building for debugging...
In file included from /host/spi-builder-workspace/Sources/OCMockito/Helpers/ArgumentGetters/MKTBoolArgumentGetter.m:5:
In file included from /host/spi-builder-workspace/Sources/OCMockito/Helpers/ArgumentGetters/MKTBoolArgumentGetter.h:5:
/host/spi-builder-workspace/Sources/OCMockito/Helpers/ArgumentGetters/MKTArgumentGetter.h:5:9: fatal error: 'Foundation/Foundation.h' file not found
    5 | #import <Foundation/Foundation.h>
      |         ^~~~~~~~~~~~~~~~~~~~~~~~~
1 error generated.
[0/74] Compiling MKTBoolArgumentGetter.m
In file included from /host/spi-builder-workspace/Sources/OCMockito/Helpers/ArgumentGetters/MKTArgumentGetter.m:5:
/host/spi-builder-workspace/Sources/OCMockito/Helpers/ArgumentGetters/MKTArgumentGetter.h:5:9: fatal error: 'Foundation/Foundation.h' file not found
    5 | #import <Foundation/Foundation.h>
      |         ^~~~~~~~~~~~~~~~~~~~~~~~~
1 error generated.
[0/74] Compiling MKTArgumentGetter.m
In file included from /host/spi-builder-workspace/Sources/OCMockito/Helpers/ArgumentGetters/MKTObjectArgumentGetter.m:5:
In file included from /host/spi-builder-workspace/Sources/OCMockito/Helpers/ArgumentGetters/MKTObjectArgumentGetter.h:5:
/host/spi-builder-workspace/Sources/OCMockito/Helpers/ArgumentGetters/MKTArgumentGetter.h:5:9: fatal error: 'Foundation/Foundation.h' file not found
    5 | #import <Foundation/Foundation.h>
      |         ^~~~~~~~~~~~~~~~~~~~~~~~~
1 error generated.
In file included from /host/spi-builder-workspace/Sources/OCMockito/Core/MKTTestLocation.m:5:
/host/spi-builder-workspace/Sources/OCMockito/Core/MKTTestLocation.h:5:9: fatal error: 'Foundation/Foundation.h' file not found
    5 | #import <Foundation/Foundation.h>
      |         ^~~~~~~~~~~~~~~~~~~~~~~~~
1 error generated.
[0/74] Compiling MKTTestLocation.m
[0/74] Compiling MKTObjectArgumentGetter.m
In file included from /host/spi-builder-workspace/Sources/OCMockito/Helpers/ArgumentGetters/MKTArgumentGetterChain.m:5:
/host/spi-builder-workspace/Sources/OCMockito/Helpers/ArgumentGetters/MKTArgumentGetterChain.h:5:9: fatal error: 'Foundation/Foundation.h' file not found
    5 | #import <Foundation/Foundation.h>
      |         ^~~~~~~~~~~~~~~~~~~~~~~~~
1 error generated.
[0/74] Compiling MKTArgumentGetterChain.m
In file included from /host/spi-builder-workspace/Sources/OCMockito/Verifying/MKTVerificationData.m:5:
/host/spi-builder-workspace/Sources/OCMockito/Verifying/MKTVerificationData.h:5:9: fatal error: 'Foundation/Foundation.h' file not found
    5 | #import <Foundation/Foundation.h>
      |         ^~~~~~~~~~~~~~~~~~~~~~~~~
1 error generated.
[0/74] Compiling MKTVerificationData.m
In file included from /host/spi-builder-workspace/Sources/OCMockito/Helpers/ArgumentGetters/MKTPointerArgumentGetter.m:5:
In file included from /host/spi-builder-workspace/Sources/OCMockito/Helpers/ArgumentGetters/MKTPointerArgumentGetter.h:5:
/host/spi-builder-workspace/Sources/OCMockito/Helpers/ArgumentGetters/MKTArgumentGetter.h:5:9: fatal error: 'Foundation/Foundation.h' file not found
    5 | #import <Foundation/Foundation.h>
      |         ^~~~~~~~~~~~~~~~~~~~~~~~~
1 error generated.
[0/74] Compiling MKTPointerArgumentGetter.m
In file included from /host/spi-builder-workspace/Sources/OCMockito/Core/OCMockito.m:5:
/host/spi-builder-workspace/Sources/OCMockito/Core/OCMockito.h:5:9: fatal error: 'Foundation/Foundation.h' file not found
    5 | #import <Foundation/Foundation.h>
      |         ^~~~~~~~~~~~~~~~~~~~~~~~~
[0/74] Compiling OCMockito.m
BUILD FAILURE 6.2 linux