The Swift Package Index logo.Swift Package Index

Build Information

Failed to build DoctorPretty, reference 0.5.0 (d481ee), with Swift 6.4 for tvOS using Xcode 27.0 on 15 Sep 2026 21:58:30 UTC.

Build Command

No build command. This typically means the build failed at an early stage where we determine the build command.

Build Log

========================================
RunAll
========================================
Builder version: 5.1.0
Interrupt handler set up.
========================================
Checkout
========================================
Clone URL: https://github.com/bkase/doctorpretty.git
Reference: 0.5.0
Initialized empty Git repository in /Users/admin/builder/spi-builder-workspace/.git/
From https://github.com/bkase/doctorpretty
 * tag               0.5.0      -> FETCH_HEAD
HEAD is now at d481eee Make the line continuation lazy. (#10)
Cloned https://github.com/bkase/doctorpretty.git
Revision (git rev-parse @):
d481eee167a362f005fc2555630a2da452198542
SUCCESS checkout https://github.com/bkase/doctorpretty.git at 0.5.0
========================================
Build
========================================
Selected platform:         tvOS
Swift version:             6.4
Building package at path:  $PWD
https://github.com/bkase/doctorpretty.git
Command line invocation:
    /Applications/Xcode-27.0.0-Release.Candidate.app/Contents/Developer/usr/bin/xcodebuild -IDEClonedSourcePackagesDirPathOverride=/Users/admin/builder/spi-builder-workspace/.dependencies -resolvePackageDependencies
Resolve Package Graph
Fetching from https://github.com/typelift/SwiftCheck.git
Fetching from https://github.com/typelift/Algebra.git
Fetching from https://github.com/typelift/Swiftx.git
Fetching from https://github.com/trill-lang/FileCheck.git
Fetching from https://github.com/typelift/Operadics.git
Resolve Package Graph
Updating from https://github.com/typelift/SwiftCheck.git
Updating from https://github.com/typelift/Algebra.git
Updating from https://github.com/typelift/Swiftx.git
Updating from https://github.com/trill-lang/FileCheck.git
Updating from https://github.com/typelift/Operadics.git
Resolve Package Graph
Updating from https://github.com/typelift/Algebra.git
Updating from https://github.com/typelift/SwiftCheck.git
Updating from https://github.com/typelift/Swiftx.git
Updating from https://github.com/trill-lang/FileCheck.git
Updating from https://github.com/typelift/Operadics.git
Resolve Package Graph
Updating from https://github.com/typelift/SwiftCheck.git
Updating from https://github.com/typelift/Algebra.git
Updating from https://github.com/typelift/Swiftx.git
Updating from https://github.com/trill-lang/FileCheck.git
Updating from https://github.com/typelift/Operadics.git
Resolved source packages:
  spi-builder-workspace: (null)
2026-09-15 17:58:27.725 xcodebuild[529:3026] Writing error result bundle to /var/folders/xq/y_g06wb113726d38xsyx71_h0000gn/T/ResultBundle_2026-15-09_17-58-0027.xcresult
xcodebuild: error: Could not resolve package dependencies:
  Failed to resolve dependencies Dependencies could not be resolved because 'algebra' contains incompatible tools version (3.1.0) and root depends on 'algebra' 0.2.0.
Command line invocation:
    /Applications/Xcode-27.0.0-Release.Candidate.app/Contents/Developer/usr/bin/xcodebuild -IDEClonedSourcePackagesDirPathOverride=/Users/admin/builder/spi-builder-workspace/.dependencies -resolvePackageDependencies
Resolve Package Graph
Updating from https://github.com/typelift/SwiftCheck.git
Updating from https://github.com/typelift/Swiftx.git
Updating from https://github.com/typelift/Algebra.git
Updating from https://github.com/trill-lang/FileCheck.git
Updating from https://github.com/typelift/Operadics.git
Resolved source packages:
  spi-builder-workspace: (null)
2026-09-15 17:58:30.693 xcodebuild[832:4387] Writing error result bundle to /var/folders/xq/y_g06wb113726d38xsyx71_h0000gn/T/ResultBundle_2026-15-09_17-58-0030.xcresult
xcodebuild: error: Could not resolve package dependencies:
  Failed to resolve dependencies Dependencies could not be resolved because 'algebra' contains incompatible tools version (3.1.0) and root depends on 'algebra' 0.2.0.
BUILD FAILURE 6.4 tvOS