Build Information
Failed to build SwiftApiAdapter, reference v2.0.0 (57af19), with Swift 6.4 for watchOS using Xcode 27.0 on 24 Sep 2026 03:26:56 UTC.
Build Command
env DEVELOPER_DIR=/Applications/Xcode-27.0.0-Release.Candidate.app xcrun xcodebuild -IDEClonedSourcePackagesDirPathOverride=$PWD/.dependencies -skipMacroValidation -skipPackagePluginValidation -derivedDataPath $PWD/.derivedData build -scheme SwiftApiAdapter -destination generic/platform=watchOSBuild Log
cd /Users/admin/builder/spi-builder-workspace/.swiftpm/xcode
builtin-SwiftPerFileCompile Cleaner.swift
SwiftCompile normal arm64_32 /Users/admin/builder/spi-builder-workspace/.dependencies/checkouts/SwiftSoup/Sources/Collector.swift (in target 'SwiftSoup' from project 'SwiftSoup')
cd /Users/admin/builder/spi-builder-workspace/.swiftpm/xcode
builtin-SwiftPerFileCompile Collector.swift
SwiftCompile normal arm64_32 /Users/admin/builder/spi-builder-workspace/.dependencies/checkouts/SwiftSoup/Sources/CombiningEvaluator.swift (in target 'SwiftSoup' from project 'SwiftSoup')
cd /Users/admin/builder/spi-builder-workspace/.swiftpm/xcode
builtin-SwiftPerFileCompile CombiningEvaluator.swift
SwiftCompile normal arm64_32 /Users/admin/builder/spi-builder-workspace/.dependencies/checkouts/SwiftSoup/Sources/Comment.swift (in target 'SwiftSoup' from project 'SwiftSoup')
cd /Users/admin/builder/spi-builder-workspace/.swiftpm/xcode
builtin-SwiftPerFileCompile Comment.swift
SwiftCompile normal arm64_32 /Users/admin/builder/spi-builder-workspace/.dependencies/checkouts/SwiftSoup/Sources/CssSelector.swift (in target 'SwiftSoup' from project 'SwiftSoup')
cd /Users/admin/builder/spi-builder-workspace/.swiftpm/xcode
builtin-SwiftPerFileCompile CssSelector.swift
SwiftCompile normal arm64_32 Compiling\ UTF8Arrays.swift,\ UnicodeScalar.swift,\ Validate.swift,\ Whitelist.swift,\ XmlDeclaration.swift,\ XmlTreeBuilder.swift /Users/admin/builder/spi-builder-workspace/.dependencies/checkouts/SwiftSoup/Sources/UTF8Arrays.swift /Users/admin/builder/spi-builder-workspace/.dependencies/checkouts/SwiftSoup/Sources/UnicodeScalar.swift /Users/admin/builder/spi-builder-workspace/.dependencies/checkouts/SwiftSoup/Sources/Validate.swift /Users/admin/builder/spi-builder-workspace/.dependencies/checkouts/SwiftSoup/Sources/Whitelist.swift /Users/admin/builder/spi-builder-workspace/.dependencies/checkouts/SwiftSoup/Sources/XmlDeclaration.swift /Users/admin/builder/spi-builder-workspace/.dependencies/checkouts/SwiftSoup/Sources/XmlTreeBuilder.swift (in target 'SwiftSoup' from project 'SwiftSoup')
SwiftCompile normal arm64_32 /Users/admin/builder/spi-builder-workspace/.dependencies/checkouts/SwiftSoup/Sources/UTF8Arrays.swift (in target 'SwiftSoup' from project 'SwiftSoup')
cd /Users/admin/builder/spi-builder-workspace/.swiftpm/xcode
builtin-SwiftPerFileCompile UTF8Arrays.swift
SwiftCompile normal arm64_32 /Users/admin/builder/spi-builder-workspace/.dependencies/checkouts/SwiftSoup/Sources/UnicodeScalar.swift (in target 'SwiftSoup' from project 'SwiftSoup')
cd /Users/admin/builder/spi-builder-workspace/.swiftpm/xcode
builtin-SwiftPerFileCompile UnicodeScalar.swift
SwiftCompile normal arm64_32 /Users/admin/builder/spi-builder-workspace/.dependencies/checkouts/SwiftSoup/Sources/Validate.swift (in target 'SwiftSoup' from project 'SwiftSoup')
cd /Users/admin/builder/spi-builder-workspace/.swiftpm/xcode
builtin-SwiftPerFileCompile Validate.swift
SwiftCompile normal arm64_32 /Users/admin/builder/spi-builder-workspace/.dependencies/checkouts/SwiftSoup/Sources/Whitelist.swift (in target 'SwiftSoup' from project 'SwiftSoup')
cd /Users/admin/builder/spi-builder-workspace/.swiftpm/xcode
builtin-SwiftPerFileCompile Whitelist.swift
SwiftCompile normal arm64_32 /Users/admin/builder/spi-builder-workspace/.dependencies/checkouts/SwiftSoup/Sources/XmlDeclaration.swift (in target 'SwiftSoup' from project 'SwiftSoup')
cd /Users/admin/builder/spi-builder-workspace/.swiftpm/xcode
builtin-SwiftPerFileCompile XmlDeclaration.swift
SwiftCompile normal arm64_32 /Users/admin/builder/spi-builder-workspace/.dependencies/checkouts/SwiftSoup/Sources/XmlTreeBuilder.swift (in target 'SwiftSoup' from project 'SwiftSoup')
cd /Users/admin/builder/spi-builder-workspace/.swiftpm/xcode
builtin-SwiftPerFileCompile XmlTreeBuilder.swift
SwiftDriverJobDiscovery normal arm64_32 Compiling Attribute.swift, Attributes.swift, BinarySearch.swift, BooleanAttribute.swift, ByteSlice.swift, CharacterExt.swift (in target 'SwiftSoup' from project 'SwiftSoup')
SwiftCompile normal arm64 Compiling\ HtmlTreeBuilderState.swift,\ LRUCache.swift,\ Mutex.swift,\ Node.swift,\ NodeTraversor.swift,\ NodeVisitor.swift /Users/admin/builder/spi-builder-workspace/.dependencies/checkouts/SwiftSoup/Sources/HtmlTreeBuilderState.swift /Users/admin/builder/spi-builder-workspace/.dependencies/checkouts/SwiftSoup/Sources/LRUCache.swift /Users/admin/builder/spi-builder-workspace/.dependencies/checkouts/SwiftSoup/Sources/Mutex.swift /Users/admin/builder/spi-builder-workspace/.dependencies/checkouts/SwiftSoup/Sources/Node.swift /Users/admin/builder/spi-builder-workspace/.dependencies/checkouts/SwiftSoup/Sources/NodeTraversor.swift /Users/admin/builder/spi-builder-workspace/.dependencies/checkouts/SwiftSoup/Sources/NodeVisitor.swift (in target 'SwiftSoup' from project 'SwiftSoup')
SwiftCompile normal arm64 /Users/admin/builder/spi-builder-workspace/.dependencies/checkouts/SwiftSoup/Sources/HtmlTreeBuilderState.swift (in target 'SwiftSoup' from project 'SwiftSoup')
cd /Users/admin/builder/spi-builder-workspace/.swiftpm/xcode
builtin-SwiftPerFileCompile HtmlTreeBuilderState.swift
SwiftCompile normal arm64 /Users/admin/builder/spi-builder-workspace/.dependencies/checkouts/SwiftSoup/Sources/LRUCache.swift (in target 'SwiftSoup' from project 'SwiftSoup')
cd /Users/admin/builder/spi-builder-workspace/.swiftpm/xcode
builtin-SwiftPerFileCompile LRUCache.swift
SwiftCompile normal arm64 /Users/admin/builder/spi-builder-workspace/.dependencies/checkouts/SwiftSoup/Sources/Mutex.swift (in target 'SwiftSoup' from project 'SwiftSoup')
cd /Users/admin/builder/spi-builder-workspace/.swiftpm/xcode
builtin-SwiftPerFileCompile Mutex.swift
SwiftCompile normal arm64 /Users/admin/builder/spi-builder-workspace/.dependencies/checkouts/SwiftSoup/Sources/Node.swift (in target 'SwiftSoup' from project 'SwiftSoup')
cd /Users/admin/builder/spi-builder-workspace/.swiftpm/xcode
builtin-SwiftPerFileCompile Node.swift
SwiftCompile normal arm64 /Users/admin/builder/spi-builder-workspace/.dependencies/checkouts/SwiftSoup/Sources/NodeTraversor.swift (in target 'SwiftSoup' from project 'SwiftSoup')
cd /Users/admin/builder/spi-builder-workspace/.swiftpm/xcode
builtin-SwiftPerFileCompile NodeTraversor.swift
SwiftCompile normal arm64 /Users/admin/builder/spi-builder-workspace/.dependencies/checkouts/SwiftSoup/Sources/NodeVisitor.swift (in target 'SwiftSoup' from project 'SwiftSoup')
cd /Users/admin/builder/spi-builder-workspace/.swiftpm/xcode
builtin-SwiftPerFileCompile NodeVisitor.swift
SwiftDriverJobDiscovery normal arm64_32 Emitting module for SwiftSoup (in target 'SwiftSoup' from project 'SwiftSoup')
SwiftDriver\ Compilation\ Requirements SwiftSoup normal arm64_32 com.apple.xcode.tools.swift.compiler (in target 'SwiftSoup' from project 'SwiftSoup')
cd /Users/admin/builder/spi-builder-workspace/.swiftpm/xcode
builtin-Swift-Compilation-Requirements -- /Applications/Xcode-27.0.0-Release.Candidate.app/Contents/Developer/Toolchains/XcodeDefault.xctoolchain/usr/bin/swiftc -parse-as-library -module-name SwiftSoup -Onone @/Users/admin/builder/spi-builder-workspace/.derivedData/Build/Intermediates.noindex/SwiftSoup.build/Debug-watchos/SwiftSoup-t.build/Objects-normal/arm64_32/SwiftSoup.SwiftFileList -DSWIFT_PACKAGE -DDEBUG -DSWIFT_MODULE_RESOURCE_BUNDLE_UNAVAILABLE -DXcode -plugin-path /Applications/Xcode-27.0.0-Release.Candidate.app/Contents/Developer/Toolchains/XcodeDefault.xctoolchain/usr/lib/swift/host/plugins/testing -enable-experimental-feature DebugDescriptionMacro -sdk /Applications/Xcode-27.0.0-Release.Candidate.app/Contents/Developer/Platforms/WatchOS.platform/Developer/SDKs/WatchOS27.0.sdk -target arm64_32-apple-watchos9.0 -g -module-cache-path /Users/admin/builder/spi-builder-workspace/.derivedData/ModuleCache.noindex -Xfrontend -serialize-debugging-options -profile-coverage-mapping -profile-generate -enable-testing -suppress-warnings -index-store-path /Users/admin/builder/spi-builder-workspace/.derivedData/Index.noindex/DataStore -Xcc -D_LIBCPP_HARDENING_MODE\=_LIBCPP_HARDENING_MODE_DEBUG -swift-version 6 -I /Users/admin/builder/spi-builder-workspace/.derivedData/Build/Products/Debug-watchos -Isystem /Applications/Xcode-27.0.0-Release.Candidate.app/Contents/Developer/Platforms/WatchOS.platform/Developer/usr/lib -F /Users/admin/builder/spi-builder-workspace/.derivedData/Build/Products/Debug-watchos -F /Applications/Xcode-27.0.0-Release.Candidate.app/Contents/Developer/Platforms/WatchOS.platform/Developer/Library/Frameworks -F /Applications/Xcode-27.0.0-Release.Candidate.app/Contents/Developer/Platforms/WatchOS.platform/Developer/SDKs/WatchOS27.0.sdk/Developer/Library/Frameworks -c -j10 -enable-batch-mode -incremental -Xcc -ivfsstatcache -Xcc /Users/admin/builder/spi-builder-workspace/.derivedData/SDKStatCaches.noindex/watchos27.0-24R360-e829b21a6f8c9b70876ba0858053c04477534ef55a1706bf4c1112bbb242f0a2.sdkstatcache -output-file-map /Users/admin/builder/spi-builder-workspace/.derivedData/Build/Intermediates.noindex/SwiftSoup.build/Debug-watchos/SwiftSoup-t.build/Objects-normal/arm64_32/SwiftSoup-OutputFileMap.json -save-temps -no-color-diagnostics -explicit-module-build -module-cache-path /Users/admin/builder/spi-builder-workspace/.derivedData/Build/Intermediates.noindex/SwiftExplicitPrecompiledModules -clang-scanner-module-cache-path /Users/admin/builder/spi-builder-workspace/.derivedData/ModuleCache.noindex -sdk-module-cache-path /Users/admin/builder/spi-builder-workspace/.derivedData/SDKExplicitPrecompiledModules -emit-dependencies -emit-module -emit-module-path /Users/admin/builder/spi-builder-workspace/.derivedData/Build/Intermediates.noindex/SwiftSoup.build/Debug-watchos/SwiftSoup-t.build/Objects-normal/arm64_32/SwiftSoup.swiftmodule -serialize-diagnostics -dependency-scan-serialize-diagnostics-path /Users/admin/builder/spi-builder-workspace/.derivedData/Build/Intermediates.noindex/SwiftSoup.build/Debug-watchos/SwiftSoup-t.build/Objects-normal/arm64_32/SwiftSoup-dependency-scan.dia -user-module-version 2.13.9 -validate-clang-modules-once -clang-build-session-file /Users/admin/builder/spi-builder-workspace/.derivedData/ModuleCache.noindex/Session.modulevalidation -Xcc -fmodules-prune-interval\=86400 -Xcc -fmodules-prune-after\=345600 -package-name swiftsoup -emit-const-values -const-gather-protocols-list /Users/admin/builder/spi-builder-workspace/.derivedData/Build/Intermediates.noindex/SwiftSoup.build/Debug-watchos/SwiftSoup-t.build/Objects-normal/arm64_32/SwiftSoup_const_extract_protocols.json -Xcc -I/Users/admin/builder/spi-builder-workspace/.derivedData/Build/Products/Debug-watchos/include -Xcc -I/Users/admin/builder/spi-builder-workspace/.derivedData/Build/Intermediates.noindex/SwiftSoup.build/Debug-watchos/SwiftSoup-t.build/DerivedSources-normal/arm64_32 -Xcc -I/Users/admin/builder/spi-builder-workspace/.derivedData/Build/Intermediates.noindex/SwiftSoup.build/Debug-watchos/SwiftSoup-t.build/DerivedSources/arm64_32 -Xcc -I/Users/admin/builder/spi-builder-workspace/.derivedData/Build/Intermediates.noindex/SwiftSoup.build/Debug-watchos/SwiftSoup-t.build/DerivedSources -Xcc -DSWIFT_PACKAGE -Xcc -DDEBUG\=1 -emit-objc-header -emit-objc-header-path /Users/admin/builder/spi-builder-workspace/.derivedData/Build/Intermediates.noindex/SwiftSoup.build/Debug-watchos/SwiftSoup-t.build/Objects-normal/arm64_32/SwiftSoup-Swift.h -working-directory /Users/admin/builder/spi-builder-workspace/.swiftpm/xcode -experimental-emit-module-separately -disable-cmo
SwiftDriverJobDiscovery normal arm64 Compiling Elements.swift, Entities.swift, Evaluator.swift, Exception.swift, FormElement.swift, HtmlTreeBuilder.swift (in target 'SwiftSoup' from project 'SwiftSoup')
SwiftCompile normal arm64 Compiling\ DataNode.swift,\ DebugTrace.swift,\ Document.swift,\ DocumentType.swift,\ Element.swift,\ ElementQuery.swift /Users/admin/builder/spi-builder-workspace/.dependencies/checkouts/SwiftSoup/Sources/DataNode.swift /Users/admin/builder/spi-builder-workspace/.dependencies/checkouts/SwiftSoup/Sources/DebugTrace.swift /Users/admin/builder/spi-builder-workspace/.dependencies/checkouts/SwiftSoup/Sources/Document.swift /Users/admin/builder/spi-builder-workspace/.dependencies/checkouts/SwiftSoup/Sources/DocumentType.swift /Users/admin/builder/spi-builder-workspace/.dependencies/checkouts/SwiftSoup/Sources/Element.swift /Users/admin/builder/spi-builder-workspace/.dependencies/checkouts/SwiftSoup/Sources/ElementQuery.swift (in target 'SwiftSoup' from project 'SwiftSoup')
SwiftCompile normal arm64 /Users/admin/builder/spi-builder-workspace/.dependencies/checkouts/SwiftSoup/Sources/DataNode.swift (in target 'SwiftSoup' from project 'SwiftSoup')
cd /Users/admin/builder/spi-builder-workspace/.swiftpm/xcode
builtin-SwiftPerFileCompile DataNode.swift
SwiftCompile normal arm64 /Users/admin/builder/spi-builder-workspace/.dependencies/checkouts/SwiftSoup/Sources/DebugTrace.swift (in target 'SwiftSoup' from project 'SwiftSoup')
cd /Users/admin/builder/spi-builder-workspace/.swiftpm/xcode
builtin-SwiftPerFileCompile DebugTrace.swift
SwiftCompile normal arm64 /Users/admin/builder/spi-builder-workspace/.dependencies/checkouts/SwiftSoup/Sources/Document.swift (in target 'SwiftSoup' from project 'SwiftSoup')
cd /Users/admin/builder/spi-builder-workspace/.swiftpm/xcode
builtin-SwiftPerFileCompile Document.swift
SwiftCompile normal arm64 /Users/admin/builder/spi-builder-workspace/.dependencies/checkouts/SwiftSoup/Sources/DocumentType.swift (in target 'SwiftSoup' from project 'SwiftSoup')
cd /Users/admin/builder/spi-builder-workspace/.swiftpm/xcode
builtin-SwiftPerFileCompile DocumentType.swift
SwiftCompile normal arm64 /Users/admin/builder/spi-builder-workspace/.dependencies/checkouts/SwiftSoup/Sources/Element.swift (in target 'SwiftSoup' from project 'SwiftSoup')
cd /Users/admin/builder/spi-builder-workspace/.swiftpm/xcode
builtin-SwiftPerFileCompile Element.swift
SwiftCompile normal arm64 /Users/admin/builder/spi-builder-workspace/.dependencies/checkouts/SwiftSoup/Sources/ElementQuery.swift (in target 'SwiftSoup' from project 'SwiftSoup')
cd /Users/admin/builder/spi-builder-workspace/.swiftpm/xcode
builtin-SwiftPerFileCompile ElementQuery.swift
SwiftMergeGeneratedHeaders /Users/admin/builder/spi-builder-workspace/.derivedData/Build/Intermediates.noindex/GeneratedModuleMaps-watchos/SwiftSoup-Swift.h /Users/admin/builder/spi-builder-workspace/.derivedData/Build/Intermediates.noindex/SwiftSoup.build/Debug-watchos/SwiftSoup-t.build/Objects-normal/arm64/SwiftSoup-Swift.h /Users/admin/builder/spi-builder-workspace/.derivedData/Build/Intermediates.noindex/SwiftSoup.build/Debug-watchos/SwiftSoup-t.build/Objects-normal/arm64_32/SwiftSoup-Swift.h (in target 'SwiftSoup' from project 'SwiftSoup')
cd /Users/admin/builder/spi-builder-workspace/.dependencies/checkouts/SwiftSoup
builtin-swiftHeaderTool -arch arm64 /Users/admin/builder/spi-builder-workspace/.derivedData/Build/Intermediates.noindex/SwiftSoup.build/Debug-watchos/SwiftSoup-t.build/Objects-normal/arm64/SwiftSoup-Swift.h -arch arm64_32 /Users/admin/builder/spi-builder-workspace/.derivedData/Build/Intermediates.noindex/SwiftSoup.build/Debug-watchos/SwiftSoup-t.build/Objects-normal/arm64_32/SwiftSoup-Swift.h -o /Users/admin/builder/spi-builder-workspace/.derivedData/Build/Intermediates.noindex/GeneratedModuleMaps-watchos/SwiftSoup-Swift.h
SwiftDriverJobDiscovery normal arm64 Compiling TextNode.swift, Token.swift, TokenQueue.swift, Tokeniser.swift, TokeniserState.swift, TreeBuilder.swift (in target 'SwiftSoup' from project 'SwiftSoup')
Copy /Users/admin/builder/spi-builder-workspace/.derivedData/Build/Products/Debug-watchos/SwiftSoup.swiftmodule/arm64_32-apple-watchos.swiftmodule /Users/admin/builder/spi-builder-workspace/.derivedData/Build/Intermediates.noindex/SwiftSoup.build/Debug-watchos/SwiftSoup-t.build/Objects-normal/arm64_32/SwiftSoup.swiftmodule (in target 'SwiftSoup' from project 'SwiftSoup')
cd /Users/admin/builder/spi-builder-workspace/.dependencies/checkouts/SwiftSoup
builtin-copy -exclude .DS_Store -exclude CVS -exclude .svn -exclude .git -exclude .hg -resolve-src-symlinks -rename /Users/admin/builder/spi-builder-workspace/.derivedData/Build/Intermediates.noindex/SwiftSoup.build/Debug-watchos/SwiftSoup-t.build/Objects-normal/arm64_32/SwiftSoup.swiftmodule /Users/admin/builder/spi-builder-workspace/.derivedData/Build/Products/Debug-watchos/SwiftSoup.swiftmodule/arm64_32-apple-watchos.swiftmodule
Copy /Users/admin/builder/spi-builder-workspace/.derivedData/Build/Products/Debug-watchos/SwiftSoup.swiftmodule/arm64_32-apple-watchos.swiftdoc /Users/admin/builder/spi-builder-workspace/.derivedData/Build/Intermediates.noindex/SwiftSoup.build/Debug-watchos/SwiftSoup-t.build/Objects-normal/arm64_32/SwiftSoup.swiftdoc (in target 'SwiftSoup' from project 'SwiftSoup')
cd /Users/admin/builder/spi-builder-workspace/.dependencies/checkouts/SwiftSoup
builtin-copy -exclude .DS_Store -exclude CVS -exclude .svn -exclude .git -exclude .hg -resolve-src-symlinks -rename /Users/admin/builder/spi-builder-workspace/.derivedData/Build/Intermediates.noindex/SwiftSoup.build/Debug-watchos/SwiftSoup-t.build/Objects-normal/arm64_32/SwiftSoup.swiftdoc /Users/admin/builder/spi-builder-workspace/.derivedData/Build/Products/Debug-watchos/SwiftSoup.swiftmodule/arm64_32-apple-watchos.swiftdoc
Copy /Users/admin/builder/spi-builder-workspace/.derivedData/Build/Products/Debug-watchos/SwiftSoup.swiftmodule/arm64_32-apple-watchos.abi.json /Users/admin/builder/spi-builder-workspace/.derivedData/Build/Intermediates.noindex/SwiftSoup.build/Debug-watchos/SwiftSoup-t.build/Objects-normal/arm64_32/SwiftSoup.abi.json (in target 'SwiftSoup' from project 'SwiftSoup')
cd /Users/admin/builder/spi-builder-workspace/.dependencies/checkouts/SwiftSoup
builtin-copy -exclude .DS_Store -exclude CVS -exclude .svn -exclude .git -exclude .hg -resolve-src-symlinks -rename /Users/admin/builder/spi-builder-workspace/.derivedData/Build/Intermediates.noindex/SwiftSoup.build/Debug-watchos/SwiftSoup-t.build/Objects-normal/arm64_32/SwiftSoup.abi.json /Users/admin/builder/spi-builder-workspace/.derivedData/Build/Products/Debug-watchos/SwiftSoup.swiftmodule/arm64_32-apple-watchos.abi.json
Copy /Users/admin/builder/spi-builder-workspace/.derivedData/Build/Products/Debug-watchos/SwiftSoup.swiftmodule/Project/arm64_32-apple-watchos.swiftsourceinfo /Users/admin/builder/spi-builder-workspace/.derivedData/Build/Intermediates.noindex/SwiftSoup.build/Debug-watchos/SwiftSoup-t.build/Objects-normal/arm64_32/SwiftSoup.swiftsourceinfo (in target 'SwiftSoup' from project 'SwiftSoup')
cd /Users/admin/builder/spi-builder-workspace/.dependencies/checkouts/SwiftSoup
builtin-copy -exclude .DS_Store -exclude CVS -exclude .svn -exclude .git -exclude .hg -resolve-src-symlinks -rename /Users/admin/builder/spi-builder-workspace/.derivedData/Build/Intermediates.noindex/SwiftSoup.build/Debug-watchos/SwiftSoup-t.build/Objects-normal/arm64_32/SwiftSoup.swiftsourceinfo /Users/admin/builder/spi-builder-workspace/.derivedData/Build/Products/Debug-watchos/SwiftSoup.swiftmodule/Project/arm64_32-apple-watchos.swiftsourceinfo
SwiftCompile normal arm64_32 Compiling\ Elements.swift,\ Entities.swift,\ Evaluator.swift,\ Exception.swift,\ FormElement.swift,\ HtmlTreeBuilder.swift /Users/admin/builder/spi-builder-workspace/.dependencies/checkouts/SwiftSoup/Sources/Elements.swift /Users/admin/builder/spi-builder-workspace/.dependencies/checkouts/SwiftSoup/Sources/Entities.swift /Users/admin/builder/spi-builder-workspace/.dependencies/checkouts/SwiftSoup/Sources/Evaluator.swift /Users/admin/builder/spi-builder-workspace/.dependencies/checkouts/SwiftSoup/Sources/Exception.swift /Users/admin/builder/spi-builder-workspace/.dependencies/checkouts/SwiftSoup/Sources/FormElement.swift /Users/admin/builder/spi-builder-workspace/.dependencies/checkouts/SwiftSoup/Sources/HtmlTreeBuilder.swift (in target 'SwiftSoup' from project 'SwiftSoup')
SwiftCompile normal arm64_32 /Users/admin/builder/spi-builder-workspace/.dependencies/checkouts/SwiftSoup/Sources/Elements.swift (in target 'SwiftSoup' from project 'SwiftSoup')
cd /Users/admin/builder/spi-builder-workspace/.swiftpm/xcode
builtin-SwiftPerFileCompile Elements.swift
SwiftCompile normal arm64_32 /Users/admin/builder/spi-builder-workspace/.dependencies/checkouts/SwiftSoup/Sources/Entities.swift (in target 'SwiftSoup' from project 'SwiftSoup')
cd /Users/admin/builder/spi-builder-workspace/.swiftpm/xcode
builtin-SwiftPerFileCompile Entities.swift
SwiftCompile normal arm64_32 /Users/admin/builder/spi-builder-workspace/.dependencies/checkouts/SwiftSoup/Sources/Evaluator.swift (in target 'SwiftSoup' from project 'SwiftSoup')
cd /Users/admin/builder/spi-builder-workspace/.swiftpm/xcode
builtin-SwiftPerFileCompile Evaluator.swift
SwiftCompile normal arm64_32 /Users/admin/builder/spi-builder-workspace/.dependencies/checkouts/SwiftSoup/Sources/Exception.swift (in target 'SwiftSoup' from project 'SwiftSoup')
cd /Users/admin/builder/spi-builder-workspace/.swiftpm/xcode
builtin-SwiftPerFileCompile Exception.swift
SwiftCompile normal arm64_32 /Users/admin/builder/spi-builder-workspace/.dependencies/checkouts/SwiftSoup/Sources/FormElement.swift (in target 'SwiftSoup' from project 'SwiftSoup')
cd /Users/admin/builder/spi-builder-workspace/.swiftpm/xcode
builtin-SwiftPerFileCompile FormElement.swift
SwiftCompile normal arm64_32 /Users/admin/builder/spi-builder-workspace/.dependencies/checkouts/SwiftSoup/Sources/HtmlTreeBuilder.swift (in target 'SwiftSoup' from project 'SwiftSoup')
cd /Users/admin/builder/spi-builder-workspace/.swiftpm/xcode
builtin-SwiftPerFileCompile HtmlTreeBuilder.swift
SwiftDriverJobDiscovery normal arm64 Compiling Pattern.swift, Profiler.swift, QueryParser.swift, QueryParserCache.swift, SourceRange.swift, StreamReader.swift (in target 'SwiftSoup' from project 'SwiftSoup')
SwiftCompile normal arm64 Compiling\ String.swift,\ StringBuilder.swift,\ StringUtil.swift,\ StructuralEvaluator.swift,\ SwiftSoup.swift,\ Tag.swift /Users/admin/builder/spi-builder-workspace/.dependencies/checkouts/SwiftSoup/Sources/String.swift /Users/admin/builder/spi-builder-workspace/.dependencies/checkouts/SwiftSoup/Sources/StringBuilder.swift /Users/admin/builder/spi-builder-workspace/.dependencies/checkouts/SwiftSoup/Sources/StringUtil.swift /Users/admin/builder/spi-builder-workspace/.dependencies/checkouts/SwiftSoup/Sources/StructuralEvaluator.swift /Users/admin/builder/spi-builder-workspace/.dependencies/checkouts/SwiftSoup/Sources/SwiftSoup.swift /Users/admin/builder/spi-builder-workspace/.dependencies/checkouts/SwiftSoup/Sources/Tag.swift (in target 'SwiftSoup' from project 'SwiftSoup')
SwiftCompile normal arm64 /Users/admin/builder/spi-builder-workspace/.dependencies/checkouts/SwiftSoup/Sources/String.swift (in target 'SwiftSoup' from project 'SwiftSoup')
cd /Users/admin/builder/spi-builder-workspace/.swiftpm/xcode
builtin-SwiftPerFileCompile String.swift
SwiftCompile normal arm64 /Users/admin/builder/spi-builder-workspace/.dependencies/checkouts/SwiftSoup/Sources/StringBuilder.swift (in target 'SwiftSoup' from project 'SwiftSoup')
cd /Users/admin/builder/spi-builder-workspace/.swiftpm/xcode
builtin-SwiftPerFileCompile StringBuilder.swift
SwiftCompile normal arm64 /Users/admin/builder/spi-builder-workspace/.dependencies/checkouts/SwiftSoup/Sources/StringUtil.swift (in target 'SwiftSoup' from project 'SwiftSoup')
cd /Users/admin/builder/spi-builder-workspace/.swiftpm/xcode
builtin-SwiftPerFileCompile StringUtil.swift
SwiftCompile normal arm64 /Users/admin/builder/spi-builder-workspace/.dependencies/checkouts/SwiftSoup/Sources/StructuralEvaluator.swift (in target 'SwiftSoup' from project 'SwiftSoup')
cd /Users/admin/builder/spi-builder-workspace/.swiftpm/xcode
builtin-SwiftPerFileCompile StructuralEvaluator.swift
SwiftCompile normal arm64 /Users/admin/builder/spi-builder-workspace/.dependencies/checkouts/SwiftSoup/Sources/SwiftSoup.swift (in target 'SwiftSoup' from project 'SwiftSoup')
cd /Users/admin/builder/spi-builder-workspace/.swiftpm/xcode
builtin-SwiftPerFileCompile SwiftSoup.swift
SwiftCompile normal arm64 /Users/admin/builder/spi-builder-workspace/.dependencies/checkouts/SwiftSoup/Sources/Tag.swift (in target 'SwiftSoup' from project 'SwiftSoup')
cd /Users/admin/builder/spi-builder-workspace/.swiftpm/xcode
builtin-SwiftPerFileCompile Tag.swift
SwiftDriverJobDiscovery normal arm64 Compiling Attribute.swift, Attributes.swift, BinarySearch.swift, BooleanAttribute.swift, ByteSlice.swift, CharacterExt.swift (in target 'SwiftSoup' from project 'SwiftSoup')
SwiftCompile normal arm64_32 Compiling\ DataNode.swift,\ DebugTrace.swift,\ Document.swift,\ DocumentType.swift,\ Element.swift,\ ElementQuery.swift /Users/admin/builder/spi-builder-workspace/.dependencies/checkouts/SwiftSoup/Sources/DataNode.swift /Users/admin/builder/spi-builder-workspace/.dependencies/checkouts/SwiftSoup/Sources/DebugTrace.swift /Users/admin/builder/spi-builder-workspace/.dependencies/checkouts/SwiftSoup/Sources/Document.swift /Users/admin/builder/spi-builder-workspace/.dependencies/checkouts/SwiftSoup/Sources/DocumentType.swift /Users/admin/builder/spi-builder-workspace/.dependencies/checkouts/SwiftSoup/Sources/Element.swift /Users/admin/builder/spi-builder-workspace/.dependencies/checkouts/SwiftSoup/Sources/ElementQuery.swift (in target 'SwiftSoup' from project 'SwiftSoup')
SwiftCompile normal arm64_32 /Users/admin/builder/spi-builder-workspace/.dependencies/checkouts/SwiftSoup/Sources/DataNode.swift (in target 'SwiftSoup' from project 'SwiftSoup')
cd /Users/admin/builder/spi-builder-workspace/.swiftpm/xcode
builtin-SwiftPerFileCompile DataNode.swift
SwiftCompile normal arm64_32 /Users/admin/builder/spi-builder-workspace/.dependencies/checkouts/SwiftSoup/Sources/DebugTrace.swift (in target 'SwiftSoup' from project 'SwiftSoup')
cd /Users/admin/builder/spi-builder-workspace/.swiftpm/xcode
builtin-SwiftPerFileCompile DebugTrace.swift
SwiftCompile normal arm64_32 /Users/admin/builder/spi-builder-workspace/.dependencies/checkouts/SwiftSoup/Sources/Document.swift (in target 'SwiftSoup' from project 'SwiftSoup')
cd /Users/admin/builder/spi-builder-workspace/.swiftpm/xcode
builtin-SwiftPerFileCompile Document.swift
SwiftCompile normal arm64_32 /Users/admin/builder/spi-builder-workspace/.dependencies/checkouts/SwiftSoup/Sources/DocumentType.swift (in target 'SwiftSoup' from project 'SwiftSoup')
cd /Users/admin/builder/spi-builder-workspace/.swiftpm/xcode
builtin-SwiftPerFileCompile DocumentType.swift
SwiftCompile normal arm64_32 /Users/admin/builder/spi-builder-workspace/.dependencies/checkouts/SwiftSoup/Sources/Element.swift (in target 'SwiftSoup' from project 'SwiftSoup')
cd /Users/admin/builder/spi-builder-workspace/.swiftpm/xcode
builtin-SwiftPerFileCompile Element.swift
SwiftCompile normal arm64_32 /Users/admin/builder/spi-builder-workspace/.dependencies/checkouts/SwiftSoup/Sources/ElementQuery.swift (in target 'SwiftSoup' from project 'SwiftSoup')
cd /Users/admin/builder/spi-builder-workspace/.swiftpm/xcode
builtin-SwiftPerFileCompile ElementQuery.swift
SwiftDriverJobDiscovery normal arm64_32 Compiling HtmlTreeBuilderState.swift, LRUCache.swift, Mutex.swift, Node.swift, NodeTraversor.swift, NodeVisitor.swift (in target 'SwiftSoup' from project 'SwiftSoup')
Ld /Users/admin/builder/spi-builder-workspace/.derivedData/Build/Intermediates.noindex/SwiftyJSON.build/Debug-watchos/SwiftyJSON-t.build/Objects-normal/arm64_32/Binary/SwiftyJSON.o normal arm64_32 (in target 'SwiftyJSON' from project 'SwiftyJSON')
cd /Users/admin/builder/spi-builder-workspace/.dependencies/checkouts/SwiftyJSON
/Applications/Xcode-27.0.0-Release.Candidate.app/Contents/Developer/Toolchains/XcodeDefault.xctoolchain/usr/bin/clang -Xlinker -reproducible -target arm64_32-apple-watchos9.0 -r -isysroot /Applications/Xcode-27.0.0-Release.Candidate.app/Contents/Developer/Platforms/WatchOS.platform/Developer/SDKs/WatchOS27.0.sdk -O0 -w -Xlinker -no_warn_duplicate_libraries -F/Users/admin/builder/spi-builder-workspace/.derivedData/Build/Intermediates.noindex/EagerLinkingTBDs/Debug-watchos -F/Users/admin/builder/spi-builder-workspace/.derivedData/Build/Products/Debug-watchos -iframework /Applications/Xcode-27.0.0-Release.Candidate.app/Contents/Developer/Platforms/WatchOS.platform/Developer/Library/Frameworks -iframework /Applications/Xcode-27.0.0-Release.Candidate.app/Contents/Developer/Platforms/WatchOS.platform/Developer/SDKs/WatchOS27.0.sdk/Developer/Library/Frameworks -filelist /Users/admin/builder/spi-builder-workspace/.derivedData/Build/Intermediates.noindex/SwiftyJSON.build/Debug-watchos/SwiftyJSON-t.build/Objects-normal/arm64_32/SwiftyJSON.LinkFileList -nostdlib -Xlinker -object_path_lto -Xlinker /Users/admin/builder/spi-builder-workspace/.derivedData/Build/Intermediates.noindex/SwiftyJSON.build/Debug-watchos/SwiftyJSON-t.build/Objects-normal/arm64_32/SwiftyJSON_lto.o -Xlinker -no_deduplicate -Xlinker -debug_variant -Xlinker -dependency_info -Xlinker /Users/admin/builder/spi-builder-workspace/.derivedData/Build/Intermediates.noindex/SwiftyJSON.build/Debug-watchos/SwiftyJSON-t.build/Objects-normal/arm64_32/SwiftyJSON_dependency_info.dat -fobjc-link-runtime -L/Applications/Xcode-27.0.0-Release.Candidate.app/Contents/Developer/Toolchains/XcodeDefault.xctoolchain/usr/lib/swift/watchos -L/usr/lib/swift -Xlinker -add_ast_path -Xlinker /Users/admin/builder/spi-builder-workspace/.derivedData/Build/Intermediates.noindex/SwiftyJSON.build/Debug-watchos/SwiftyJSON-t.build/Objects-normal/arm64_32/SwiftyJSON.swiftmodule -o /Users/admin/builder/spi-builder-workspace/.derivedData/Build/Intermediates.noindex/SwiftyJSON.build/Debug-watchos/SwiftyJSON-t.build/Objects-normal/arm64_32/Binary/SwiftyJSON.o
Ld /Users/admin/builder/spi-builder-workspace/.derivedData/Build/Intermediates.noindex/SwiftyJSON.build/Debug-watchos/SwiftyJSON-t.build/Objects-normal/arm64/Binary/SwiftyJSON.o normal arm64 (in target 'SwiftyJSON' from project 'SwiftyJSON')
cd /Users/admin/builder/spi-builder-workspace/.dependencies/checkouts/SwiftyJSON
/Applications/Xcode-27.0.0-Release.Candidate.app/Contents/Developer/Toolchains/XcodeDefault.xctoolchain/usr/bin/clang -Xlinker -reproducible -target arm64-apple-watchos9.0 -r -isysroot /Applications/Xcode-27.0.0-Release.Candidate.app/Contents/Developer/Platforms/WatchOS.platform/Developer/SDKs/WatchOS27.0.sdk -O0 -w -Xlinker -no_warn_duplicate_libraries -F/Users/admin/builder/spi-builder-workspace/.derivedData/Build/Intermediates.noindex/EagerLinkingTBDs/Debug-watchos -F/Users/admin/builder/spi-builder-workspace/.derivedData/Build/Products/Debug-watchos -iframework /Applications/Xcode-27.0.0-Release.Candidate.app/Contents/Developer/Platforms/WatchOS.platform/Developer/Library/Frameworks -iframework /Applications/Xcode-27.0.0-Release.Candidate.app/Contents/Developer/Platforms/WatchOS.platform/Developer/SDKs/WatchOS27.0.sdk/Developer/Library/Frameworks -filelist /Users/admin/builder/spi-builder-workspace/.derivedData/Build/Intermediates.noindex/SwiftyJSON.build/Debug-watchos/SwiftyJSON-t.build/Objects-normal/arm64/SwiftyJSON.LinkFileList -nostdlib -Xlinker -object_path_lto -Xlinker /Users/admin/builder/spi-builder-workspace/.derivedData/Build/Intermediates.noindex/SwiftyJSON.build/Debug-watchos/SwiftyJSON-t.build/Objects-normal/arm64/SwiftyJSON_lto.o -Xlinker -no_deduplicate -Xlinker -debug_variant -Xlinker -dependency_info -Xlinker /Users/admin/builder/spi-builder-workspace/.derivedData/Build/Intermediates.noindex/SwiftyJSON.build/Debug-watchos/SwiftyJSON-t.build/Objects-normal/arm64/SwiftyJSON_dependency_info.dat -fobjc-link-runtime -L/Applications/Xcode-27.0.0-Release.Candidate.app/Contents/Developer/Toolchains/XcodeDefault.xctoolchain/usr/lib/swift/watchos -L/usr/lib/swift -Xlinker -add_ast_path -Xlinker /Users/admin/builder/spi-builder-workspace/.derivedData/Build/Intermediates.noindex/SwiftyJSON.build/Debug-watchos/SwiftyJSON-t.build/Objects-normal/arm64/SwiftyJSON.swiftmodule -o /Users/admin/builder/spi-builder-workspace/.derivedData/Build/Intermediates.noindex/SwiftyJSON.build/Debug-watchos/SwiftyJSON-t.build/Objects-normal/arm64/Binary/SwiftyJSON.o
CreateUniversalBinary /Users/admin/builder/spi-builder-workspace/.derivedData/Build/Products/Debug-watchos/SwiftyJSON.o normal arm64\ arm64_32 (in target 'SwiftyJSON' from project 'SwiftyJSON')
cd /Users/admin/builder/spi-builder-workspace/.dependencies/checkouts/SwiftyJSON
/Applications/Xcode-27.0.0-Release.Candidate.app/Contents/Developer/Toolchains/XcodeDefault.xctoolchain/usr/bin/lipo -create /Users/admin/builder/spi-builder-workspace/.derivedData/Build/Intermediates.noindex/SwiftyJSON.build/Debug-watchos/SwiftyJSON-t.build/Objects-normal/arm64/Binary/SwiftyJSON.o /Users/admin/builder/spi-builder-workspace/.derivedData/Build/Intermediates.noindex/SwiftyJSON.build/Debug-watchos/SwiftyJSON-t.build/Objects-normal/arm64_32/Binary/SwiftyJSON.o -output /Users/admin/builder/spi-builder-workspace/.derivedData/Build/Products/Debug-watchos/SwiftyJSON.o
ExtractAppIntentsMetadata (in target 'SwiftyJSON' from project 'SwiftyJSON')
cd /Users/admin/builder/spi-builder-workspace/.dependencies/checkouts/SwiftyJSON
/Applications/Xcode-27.0.0-Release.Candidate.app/Contents/Developer/Toolchains/XcodeDefault.xctoolchain/usr/bin/appintentsmetadataprocessor --toolchain-dir /var/run/com.apple.security.cryptexd/mnt/com.apple.MobileAsset.MetalToolchain-v27.1.266.1.uKhFsy/Metal.xctoolchain --module-name SwiftyJSON --sdk-root /Applications/Xcode-27.0.0-Release.Candidate.app/Contents/Developer/Platforms/WatchOS.platform/Developer/SDKs/WatchOS27.0.sdk --xcode-version 27A266a --platform-family watchOS --deployment-target 9.0 --bundle-identifier swiftyjson.SwiftyJSON --output /Users/admin/builder/spi-builder-workspace/.derivedData/Build/Products/Debug-watchos/SwiftyJSON.appintents --target-triple arm64-apple-watchos9.0 --target-triple arm64_32-apple-watchos9.0 --binary-file /Users/admin/builder/spi-builder-workspace/.derivedData/Build/Products/Debug-watchos/SwiftyJSON.o --dependency-file /Users/admin/builder/spi-builder-workspace/.derivedData/Build/Intermediates.noindex/SwiftyJSON.build/Debug-watchos/SwiftyJSON-t.build/Objects-normal/arm64/SwiftyJSON_dependency_info.dat --dependency-file /Users/admin/builder/spi-builder-workspace/.derivedData/Build/Intermediates.noindex/SwiftyJSON.build/Debug-watchos/SwiftyJSON-t.build/Objects-normal/arm64_32/SwiftyJSON_dependency_info.dat --stringsdata-file /Users/admin/builder/spi-builder-workspace/.derivedData/Build/Intermediates.noindex/SwiftyJSON.build/Debug-watchos/SwiftyJSON-t.build/Objects-normal/arm64/ExtractedAppShortcutsMetadata.stringsdata --stringsdata-file /Users/admin/builder/spi-builder-workspace/.derivedData/Build/Intermediates.noindex/SwiftyJSON.build/Debug-watchos/SwiftyJSON-t.build/Objects-normal/arm64_32/ExtractedAppShortcutsMetadata.stringsdata --source-file-list /Users/admin/builder/spi-builder-workspace/.derivedData/Build/Intermediates.noindex/SwiftyJSON.build/Debug-watchos/SwiftyJSON-t.build/Objects-normal/arm64/SwiftyJSON.SwiftFileList --source-file-list /Users/admin/builder/spi-builder-workspace/.derivedData/Build/Intermediates.noindex/SwiftyJSON.build/Debug-watchos/SwiftyJSON-t.build/Objects-normal/arm64_32/SwiftyJSON.SwiftFileList --metadata-file-list /Users/admin/builder/spi-builder-workspace/.derivedData/Build/Intermediates.noindex/SwiftyJSON.build/Debug-watchos/SwiftyJSON-t.build/SwiftyJSON.DependencyMetadataFileList --static-metadata-file-list /Users/admin/builder/spi-builder-workspace/.derivedData/Build/Intermediates.noindex/SwiftyJSON.build/Debug-watchos/SwiftyJSON-t.build/SwiftyJSON.DependencyStaticMetadataFileList --swift-const-vals-list /Users/admin/builder/spi-builder-workspace/.derivedData/Build/Intermediates.noindex/SwiftyJSON.build/Debug-watchos/SwiftyJSON-t.build/Objects-normal/arm64/SwiftyJSON.SwiftConstValuesFileList --swift-const-vals-list /Users/admin/builder/spi-builder-workspace/.derivedData/Build/Intermediates.noindex/SwiftyJSON.build/Debug-watchos/SwiftyJSON-t.build/Objects-normal/arm64_32/SwiftyJSON.SwiftConstValuesFileList --force --compile-time-extraction --deployment-aware-processing --no-app-shortcuts-localization
2026-09-23 23:26:47.667 appintentsmetadataprocessor[891:5147] Starting appintentsmetadataprocessor export
2026-09-23 23:26:47.772 appintentsmetadataprocessor[891:5147] Extracted no relevant App Intents symbols, skipping writing output
SwiftDriverJobDiscovery normal arm64_32 Compiling UTF8Arrays.swift, UnicodeScalar.swift, Validate.swift, Whitelist.swift, XmlDeclaration.swift, XmlTreeBuilder.swift (in target 'SwiftSoup' from project 'SwiftSoup')
SwiftDriver SwiftApiAdapter normal arm64_32 com.apple.xcode.tools.swift.compiler (in target 'SwiftApiAdapter' from project 'SwiftApiAdapter')
cd /Users/admin/builder/spi-builder-workspace/.swiftpm/xcode
builtin-SwiftDriver -- /Applications/Xcode-27.0.0-Release.Candidate.app/Contents/Developer/Toolchains/XcodeDefault.xctoolchain/usr/bin/swiftc -parse-as-library -module-name SwiftApiAdapter -Onone @/Users/admin/builder/spi-builder-workspace/.derivedData/Build/Intermediates.noindex/SwiftApiAdapter.build/Debug-watchos/SwiftApiAdapter-t.build/Objects-normal/arm64_32/SwiftApiAdapter.SwiftFileList -DSWIFT_PACKAGE -DDEBUG -DSWIFT_MODULE_RESOURCE_BUNDLE_UNAVAILABLE -DXcode -plugin-path /Applications/Xcode-27.0.0-Release.Candidate.app/Contents/Developer/Toolchains/XcodeDefault.xctoolchain/usr/lib/swift/host/plugins/testing -enable-experimental-feature DebugDescriptionMacro -sdk /Applications/Xcode-27.0.0-Release.Candidate.app/Contents/Developer/Platforms/WatchOS.platform/Developer/SDKs/WatchOS27.0.sdk -target arm64_32-apple-watchos9.0 -g -module-cache-path /Users/admin/builder/spi-builder-workspace/.derivedData/ModuleCache.noindex -Xfrontend -serialize-debugging-options -profile-coverage-mapping -profile-generate -enable-testing -index-store-path /Users/admin/builder/spi-builder-workspace/.derivedData/Index.noindex/DataStore -Xcc -D_LIBCPP_HARDENING_MODE\=_LIBCPP_HARDENING_MODE_DEBUG -swift-version 5 -I /Users/admin/builder/spi-builder-workspace/.derivedData/Build/Products/Debug-watchos -Isystem /Applications/Xcode-27.0.0-Release.Candidate.app/Contents/Developer/Platforms/WatchOS.platform/Developer/usr/lib -F /Users/admin/builder/spi-builder-workspace/.derivedData/Build/Products/Debug-watchos/PackageFrameworks -F /Users/admin/builder/spi-builder-workspace/.derivedData/Build/Products/Debug-watchos -F /Applications/Xcode-27.0.0-Release.Candidate.app/Contents/Developer/Platforms/WatchOS.platform/Developer/Library/Frameworks -F /Applications/Xcode-27.0.0-Release.Candidate.app/Contents/Developer/Platforms/WatchOS.platform/Developer/SDKs/WatchOS27.0.sdk/Developer/Library/Frameworks -c -j10 -enable-batch-mode -incremental -Xcc -ivfsstatcache -Xcc /Users/admin/builder/spi-builder-workspace/.derivedData/SDKStatCaches.noindex/watchos27.0-24R360-e829b21a6f8c9b70876ba0858053c04477534ef55a1706bf4c1112bbb242f0a2.sdkstatcache -output-file-map /Users/admin/builder/spi-builder-workspace/.derivedData/Build/Intermediates.noindex/SwiftApiAdapter.build/Debug-watchos/SwiftApiAdapter-t.build/Objects-normal/arm64_32/SwiftApiAdapter-OutputFileMap.json -save-temps -no-color-diagnostics -explicit-module-build -module-cache-path /Users/admin/builder/spi-builder-workspace/.derivedData/Build/Intermediates.noindex/SwiftExplicitPrecompiledModules -clang-scanner-module-cache-path /Users/admin/builder/spi-builder-workspace/.derivedData/ModuleCache.noindex -sdk-module-cache-path /Users/admin/builder/spi-builder-workspace/.derivedData/SDKExplicitPrecompiledModules -emit-dependencies -emit-module -emit-module-path /Users/admin/builder/spi-builder-workspace/.derivedData/Build/Intermediates.noindex/SwiftApiAdapter.build/Debug-watchos/SwiftApiAdapter-t.build/Objects-normal/arm64_32/SwiftApiAdapter.swiftmodule -serialize-diagnostics -dependency-scan-serialize-diagnostics-path /Users/admin/builder/spi-builder-workspace/.derivedData/Build/Intermediates.noindex/SwiftApiAdapter.build/Debug-watchos/SwiftApiAdapter-t.build/Objects-normal/arm64_32/SwiftApiAdapter-dependency-scan.dia -validate-clang-modules-once -clang-build-session-file /Users/admin/builder/spi-builder-workspace/.derivedData/ModuleCache.noindex/Session.modulevalidation -Xcc -fmodules-prune-interval\=86400 -Xcc -fmodules-prune-after\=345600 -package-name spi_builder_workspace -emit-const-values -const-gather-protocols-list /Users/admin/builder/spi-builder-workspace/.derivedData/Build/Intermediates.noindex/SwiftApiAdapter.build/Debug-watchos/SwiftApiAdapter-t.build/Objects-normal/arm64_32/SwiftApiAdapter_const_extract_protocols.json -Xcc -I/Users/admin/builder/spi-builder-workspace/.derivedData/Build/Products/Debug-watchos/include -Xcc -I/Users/admin/builder/spi-builder-workspace/.derivedData/Build/Intermediates.noindex/SwiftApiAdapter.build/Debug-watchos/SwiftApiAdapter-t.build/DerivedSources-normal/arm64_32 -Xcc -I/Users/admin/builder/spi-builder-workspace/.derivedData/Build/Intermediates.noindex/SwiftApiAdapter.build/Debug-watchos/SwiftApiAdapter-t.build/DerivedSources/arm64_32 -Xcc -I/Users/admin/builder/spi-builder-workspace/.derivedData/Build/Intermediates.noindex/SwiftApiAdapter.build/Debug-watchos/SwiftApiAdapter-t.build/DerivedSources -Xcc -DSWIFT_PACKAGE -Xcc -DDEBUG\=1 -emit-objc-header -emit-objc-header-path /Users/admin/builder/spi-builder-workspace/.derivedData/Build/Intermediates.noindex/SwiftApiAdapter.build/Debug-watchos/SwiftApiAdapter-t.build/Objects-normal/arm64_32/SwiftApiAdapter-Swift.h -working-directory /Users/admin/builder/spi-builder-workspace/.swiftpm/xcode -experimental-emit-module-separately -disable-cmo
SwiftDriver SwiftApiAdapter normal arm64 com.apple.xcode.tools.swift.compiler (in target 'SwiftApiAdapter' from project 'SwiftApiAdapter')
cd /Users/admin/builder/spi-builder-workspace/.swiftpm/xcode
builtin-SwiftDriver -- /Applications/Xcode-27.0.0-Release.Candidate.app/Contents/Developer/Toolchains/XcodeDefault.xctoolchain/usr/bin/swiftc -parse-as-library -module-name SwiftApiAdapter -Onone @/Users/admin/builder/spi-builder-workspace/.derivedData/Build/Intermediates.noindex/SwiftApiAdapter.build/Debug-watchos/SwiftApiAdapter-t.build/Objects-normal/arm64/SwiftApiAdapter.SwiftFileList -DSWIFT_PACKAGE -DDEBUG -DSWIFT_MODULE_RESOURCE_BUNDLE_UNAVAILABLE -DXcode -plugin-path /Applications/Xcode-27.0.0-Release.Candidate.app/Contents/Developer/Toolchains/XcodeDefault.xctoolchain/usr/lib/swift/host/plugins/testing -enable-experimental-feature DebugDescriptionMacro -sdk /Applications/Xcode-27.0.0-Release.Candidate.app/Contents/Developer/Platforms/WatchOS.platform/Developer/SDKs/WatchOS27.0.sdk -target arm64-apple-watchos9.0 -g -module-cache-path /Users/admin/builder/spi-builder-workspace/.derivedData/ModuleCache.noindex -Xfrontend -serialize-debugging-options -profile-coverage-mapping -profile-generate -enable-testing -index-store-path /Users/admin/builder/spi-builder-workspace/.derivedData/Index.noindex/DataStore -Xcc -D_LIBCPP_HARDENING_MODE\=_LIBCPP_HARDENING_MODE_DEBUG -swift-version 5 -I /Users/admin/builder/spi-builder-workspace/.derivedData/Build/Products/Debug-watchos -Isystem /Applications/Xcode-27.0.0-Release.Candidate.app/Contents/Developer/Platforms/WatchOS.platform/Developer/usr/lib -F /Users/admin/builder/spi-builder-workspace/.derivedData/Build/Products/Debug-watchos/PackageFrameworks -F /Users/admin/builder/spi-builder-workspace/.derivedData/Build/Products/Debug-watchos -F /Applications/Xcode-27.0.0-Release.Candidate.app/Contents/Developer/Platforms/WatchOS.platform/Developer/Library/Frameworks -F /Applications/Xcode-27.0.0-Release.Candidate.app/Contents/Developer/Platforms/WatchOS.platform/Developer/SDKs/WatchOS27.0.sdk/Developer/Library/Frameworks -c -j10 -enable-batch-mode -incremental -Xcc -ivfsstatcache -Xcc /Users/admin/builder/spi-builder-workspace/.derivedData/SDKStatCaches.noindex/watchos27.0-24R360-e829b21a6f8c9b70876ba0858053c04477534ef55a1706bf4c1112bbb242f0a2.sdkstatcache -output-file-map /Users/admin/builder/spi-builder-workspace/.derivedData/Build/Intermediates.noindex/SwiftApiAdapter.build/Debug-watchos/SwiftApiAdapter-t.build/Objects-normal/arm64/SwiftApiAdapter-OutputFileMap.json -save-temps -no-color-diagnostics -explicit-module-build -module-cache-path /Users/admin/builder/spi-builder-workspace/.derivedData/Build/Intermediates.noindex/SwiftExplicitPrecompiledModules -clang-scanner-module-cache-path /Users/admin/builder/spi-builder-workspace/.derivedData/ModuleCache.noindex -sdk-module-cache-path /Users/admin/builder/spi-builder-workspace/.derivedData/SDKExplicitPrecompiledModules -emit-dependencies -emit-module -emit-module-path /Users/admin/builder/spi-builder-workspace/.derivedData/Build/Intermediates.noindex/SwiftApiAdapter.build/Debug-watchos/SwiftApiAdapter-t.build/Objects-normal/arm64/SwiftApiAdapter.swiftmodule -serialize-diagnostics -dependency-scan-serialize-diagnostics-path /Users/admin/builder/spi-builder-workspace/.derivedData/Build/Intermediates.noindex/SwiftApiAdapter.build/Debug-watchos/SwiftApiAdapter-t.build/Objects-normal/arm64/SwiftApiAdapter-dependency-scan.dia -validate-clang-modules-once -clang-build-session-file /Users/admin/builder/spi-builder-workspace/.derivedData/ModuleCache.noindex/Session.modulevalidation -Xcc -fmodules-prune-interval\=86400 -Xcc -fmodules-prune-after\=345600 -package-name spi_builder_workspace -emit-const-values -const-gather-protocols-list /Users/admin/builder/spi-builder-workspace/.derivedData/Build/Intermediates.noindex/SwiftApiAdapter.build/Debug-watchos/SwiftApiAdapter-t.build/Objects-normal/arm64/SwiftApiAdapter_const_extract_protocols.json -Xcc -I/Users/admin/builder/spi-builder-workspace/.derivedData/Build/Products/Debug-watchos/include -Xcc -I/Users/admin/builder/spi-builder-workspace/.derivedData/Build/Intermediates.noindex/SwiftApiAdapter.build/Debug-watchos/SwiftApiAdapter-t.build/DerivedSources-normal/arm64 -Xcc -I/Users/admin/builder/spi-builder-workspace/.derivedData/Build/Intermediates.noindex/SwiftApiAdapter.build/Debug-watchos/SwiftApiAdapter-t.build/DerivedSources/arm64 -Xcc -I/Users/admin/builder/spi-builder-workspace/.derivedData/Build/Intermediates.noindex/SwiftApiAdapter.build/Debug-watchos/SwiftApiAdapter-t.build/DerivedSources -Xcc -DSWIFT_PACKAGE -Xcc -DDEBUG\=1 -emit-objc-header -emit-objc-header-path /Users/admin/builder/spi-builder-workspace/.derivedData/Build/Intermediates.noindex/SwiftApiAdapter.build/Debug-watchos/SwiftApiAdapter-t.build/Objects-normal/arm64/SwiftApiAdapter-Swift.h -working-directory /Users/admin/builder/spi-builder-workspace/.swiftpm/xcode -experimental-emit-module-separately -disable-cmo
SwiftExplicitDependencyGeneratePcm arm64 /Users/admin/builder/spi-builder-workspace/.derivedData/SDKExplicitPrecompiledModules/DataDetection-7BNVI1SZW5ISQL5SX4WL2X7I5.pcm
SwiftExplicitDependencyGeneratePcm arm64 /Users/admin/builder/spi-builder-workspace/.derivedData/SDKExplicitPrecompiledModules/_Builtin_stdatomic-7JEFA3KBJJJN6TKJWY3OG1VG5.pcm
SwiftExplicitDependencyGeneratePcm arm64_32 /Users/admin/builder/spi-builder-workspace/.derivedData/SDKExplicitPrecompiledModules/DeveloperToolsSupport-DZU5G1OCMNWU0AQRULIFHUJ1Z.pcm
SwiftDriverJobDiscovery normal arm64 Compiling HtmlTreeBuilderState.swift, LRUCache.swift, Mutex.swift, Node.swift, NodeTraversor.swift, NodeVisitor.swift (in target 'SwiftSoup' from project 'SwiftSoup')
SwiftExplicitDependencyGeneratePcm arm64_32 /Users/admin/builder/spi-builder-workspace/.derivedData/SDKExplicitPrecompiledModules/UniformTypeIdentifiers-CJZ3NTHPSBH4XWX5EVOG56UZS.pcm
SwiftExplicitDependencyGeneratePcm arm64_32 /Users/admin/builder/spi-builder-workspace/.derivedData/SDKExplicitPrecompiledModules/CoreGraphics-9FDXYX6BKBUT6TJ2VF819E7T5.pcm
SwiftExplicitDependencyGeneratePcm arm64_32 /Users/admin/builder/spi-builder-workspace/.derivedData/SDKExplicitPrecompiledModules/DataDetection-U9BF7WHFVA6BZGFXXXP272PS.pcm
SwiftDriverJobDiscovery normal arm64_32 Compiling String.swift, StringBuilder.swift, StringUtil.swift, StructuralEvaluator.swift, SwiftSoup.swift, Tag.swift (in target 'SwiftSoup' from project 'SwiftSoup')
SwiftExplicitDependencyGeneratePcm arm64_32 /Users/admin/builder/spi-builder-workspace/.derivedData/SDKExplicitPrecompiledModules/_LocationEssentials-AQ1OL9QKC3LQLY5CNSRM1HB53.pcm
SwiftDriverJobDiscovery normal arm64 Compiling DataNode.swift, DebugTrace.swift, Document.swift, DocumentType.swift, Element.swift, ElementQuery.swift (in target 'SwiftSoup' from project 'SwiftSoup')
SwiftExplicitDependencyGeneratePcm arm64_32 /Users/admin/builder/spi-builder-workspace/.derivedData/SDKExplicitPrecompiledModules/_Builtin_intrinsics-196IIAKDQVU42DLOZP9OQCV76.pcm
SwiftExplicitDependencyGeneratePcm arm64_32 /Users/admin/builder/spi-builder-workspace/.derivedData/SDKExplicitPrecompiledModules/UIUtilities-9YFVNIMRC5HRVOIARNWHP1E3H.pcm
SwiftExplicitDependencyGeneratePcm arm64 /Users/admin/builder/spi-builder-workspace/.derivedData/SDKExplicitPrecompiledModules/CoreGraphics-DWNZ73GEH98SBJXZ7DEXB420K.pcm
SwiftExplicitDependencyGeneratePcm arm64 /Users/admin/builder/spi-builder-workspace/.derivedData/SDKExplicitPrecompiledModules/_Builtin_tgmath-8NQ96OZ0YHXEC24JI95P01UF8.pcm
SwiftExplicitDependencyGeneratePcm arm64 /Users/admin/builder/spi-builder-workspace/.derivedData/SDKExplicitPrecompiledModules/UserNotifications-ARAH8MEQ0C2L0FBO39HITJMAO.pcm
SwiftExplicitDependencyGeneratePcm arm64_32 /Users/admin/builder/spi-builder-workspace/.derivedData/SDKExplicitPrecompiledModules/Accessibility-F385OMZ5GYBUY5O4QAJB4NRII.pcm
SwiftExplicitDependencyGeneratePcm arm64_32 /Users/admin/builder/spi-builder-workspace/.derivedData/SDKExplicitPrecompiledModules/_Builtin_tgmath-23PGCKURCQILXMK0MYZRYDCOU.pcm
SwiftExplicitDependencyGeneratePcm arm64 /Users/admin/builder/spi-builder-workspace/.derivedData/SDKExplicitPrecompiledModules/_Builtin_intrinsics-75960HIPCIYA06IUW8FIIPQT.pcm
SwiftDriverJobDiscovery normal arm64_32 Compiling CharacterReader.swift, Cleaner.swift, Collector.swift, CombiningEvaluator.swift, Comment.swift, CssSelector.swift (in target 'SwiftSoup' from project 'SwiftSoup')
SwiftExplicitDependencyGeneratePcm arm64 /Users/admin/builder/spi-builder-workspace/.derivedData/SDKExplicitPrecompiledModules/CoreTransferable-9PPG3SLJ55T4LITIFYX2M0NOZ.pcm
SwiftExplicitDependencyGeneratePcm arm64 /Users/admin/builder/spi-builder-workspace/.derivedData/SDKExplicitPrecompiledModules/Accessibility-27QMG6ZQ1NKYTNBYFPM1XKNFC.pcm
SwiftExplicitDependencyGeneratePcm arm64 /Users/admin/builder/spi-builder-workspace/.derivedData/SDKExplicitPrecompiledModules/CoreText-970YJN6NIYGK1316L35Z0O8QT.pcm
SwiftExplicitDependencyGeneratePcm arm64 /Users/admin/builder/spi-builder-workspace/.derivedData/SDKExplicitPrecompiledModules/CoreVideo-8MRR5MNWUOAW2DBPGUQ8FKK4.pcm
SwiftExplicitDependencyGeneratePcm arm64 /Users/admin/builder/spi-builder-workspace/.derivedData/SDKExplicitPrecompiledModules/ImageIO-208F4GO13XRG67XXLAMH07N4X.pcm
SwiftExplicitDependencyGeneratePcm arm64 /Users/admin/builder/spi-builder-workspace/.derivedData/SDKExplicitPrecompiledModules/MachO-2U90NNSAQILBNBPS1SA4F8TYP.pcm
SwiftExplicitDependencyGeneratePcm arm64_32 /Users/admin/builder/spi-builder-workspace/.derivedData/SDKExplicitPrecompiledModules/_Builtin_stdatomic-1TY035TURL76BF2U98PZPPZRX.pcm
SwiftExplicitDependencyGeneratePcm arm64_32 /Users/admin/builder/spi-builder-workspace/.derivedData/SDKExplicitPrecompiledModules/simd-21UNWYOBUZI1LVSQ99S1XBLMO.pcm
SwiftExplicitDependencyGeneratePcm arm64 /Users/admin/builder/spi-builder-workspace/.derivedData/SDKExplicitPrecompiledModules/UniformTypeIdentifiers-8L08Q8DQJV8C4AW84YVGFGTRN.pcm
SwiftExplicitDependencyGeneratePcm arm64_32 /Users/admin/builder/spi-builder-workspace/.derivedData/SDKExplicitPrecompiledModules/ImageIO-2Y4S05VUFWLNTRW92S35BUMG8.pcm
SwiftExplicitDependencyGeneratePcm arm64_32 /Users/admin/builder/spi-builder-workspace/.derivedData/SDKExplicitPrecompiledModules/MachO-56838ZJ0NC1EBAJ0O6O8QMPDX.pcm
SwiftExplicitDependencyGeneratePcm arm64_32 /Users/admin/builder/spi-builder-workspace/.derivedData/SDKExplicitPrecompiledModules/CoreText-C9X2REPZN2V5BSU4G80FCETDR.pcm
SwiftExplicitDependencyGeneratePcm arm64 /Users/admin/builder/spi-builder-workspace/.derivedData/SDKExplicitPrecompiledModules/os-5DIL6Z9LFIGLMZAHM7X2T5435.pcm
SwiftDriverJobDiscovery normal arm64_32 Compiling TextNode.swift, Token.swift, TokenQueue.swift, Tokeniser.swift, TokeniserState.swift, TreeBuilder.swift (in target 'SwiftSoup' from project 'SwiftSoup')
SwiftExplicitDependencyGeneratePcm arm64 /Users/admin/builder/spi-builder-workspace/.derivedData/SDKExplicitPrecompiledModules/DeveloperToolsSupport-E7CNISCB36UE8XQ9IOHK9XDX1.pcm
SwiftExplicitDependencyGeneratePcm arm64_32 /Users/admin/builder/spi-builder-workspace/.derivedData/SDKExplicitPrecompiledModules/UserNotifications-6TBN8TEAKO014N1T2QD926XED.pcm
SwiftExplicitDependencyGeneratePcm arm64 /Users/admin/builder/spi-builder-workspace/.derivedData/SDKExplicitPrecompiledModules/simd-EH08NODU6574T74ZKU61VP9BW.pcm
SwiftExplicitDependencyGeneratePcm arm64_32 /Users/admin/builder/spi-builder-workspace/.derivedData/SDKExplicitPrecompiledModules/os-E5IGB442IA6SBB25TTCOLK2OC.pcm
SwiftExplicitDependencyGeneratePcm arm64 /Users/admin/builder/spi-builder-workspace/.derivedData/SDKExplicitPrecompiledModules/_LocationEssentials-5ZZDGDXB6HLQUC72SJW7YJ7MK.pcm
SwiftExplicitDependencyGeneratePcm arm64 /Users/admin/builder/spi-builder-workspace/.derivedData/SDKExplicitPrecompiledModules/OSLog-B7VGO357Y3GJG35TST7DKDSI3.pcm
SwiftExplicitDependencyGeneratePcm arm64 /Users/admin/builder/spi-builder-workspace/.derivedData/SDKExplicitPrecompiledModules/UIUtilities-IR7RNW23VAUKYI9MLCS9NL9A.pcm
SwiftExplicitDependencyGeneratePcm arm64_32 /Users/admin/builder/spi-builder-workspace/.derivedData/SDKExplicitPrecompiledModules/CoreTransferable-5D4IR6X37682FPHJ5CBPTKQV6.pcm
SwiftExplicitDependencyGeneratePcm arm64 /Users/admin/builder/spi-builder-workspace/.derivedData/SDKExplicitPrecompiledModules/Symbols-3EFABTJ9L5PQDJ7RQCYQWEJMM.pcm
SwiftExplicitDependencyGeneratePcm arm64 /Users/admin/builder/spi-builder-workspace/.derivedData/SDKExplicitPrecompiledModules/QuartzCore-94KFMWNOU7ZLUZNB4T5DLZC9D.pcm
SwiftExplicitDependencyGeneratePcm arm64 /Users/admin/builder/spi-builder-workspace/.derivedData/SDKExplicitPrecompiledModules/CoreLocation-ACKJ9K7ABI14F97Y46Y6SRR17.pcm
SwiftExplicitDependencyGeneratePcm arm64_32 /Users/admin/builder/spi-builder-workspace/.derivedData/SDKExplicitPrecompiledModules/CoreVideo-2P8HI0403J99LBDPKNFJ5D4DL.pcm
SwiftExplicitDependencyGeneratePcm arm64_32 /Users/admin/builder/spi-builder-workspace/.derivedData/SDKExplicitPrecompiledModules/CoreLocation-8XU5YMYM4P11RQMYCQAG65ITK.pcm
SwiftExplicitDependencyGeneratePcm arm64_32 /Users/admin/builder/spi-builder-workspace/.derivedData/SDKExplicitPrecompiledModules/Symbols-1H97WMG76HU94F5VGJR19PXFY.pcm
SwiftExplicitDependencyGeneratePcm arm64_32 /Users/admin/builder/spi-builder-workspace/.derivedData/SDKExplicitPrecompiledModules/OSLog-D9AVFY0KWO7RVBIQ73CBIJVCN.pcm
SwiftExplicitDependencyGeneratePcm arm64 /Users/admin/builder/spi-builder-workspace/.derivedData/SDKExplicitPrecompiledModules/CoreMotion-6RD5K48QT1F4L9CATNFD2O7YB.pcm
SwiftExplicitDependencyGeneratePcm arm64_32 /Users/admin/builder/spi-builder-workspace/.derivedData/SDKExplicitPrecompiledModules/QuartzCore-6375NPYACK5NYVHPMC1QQ8MC2.pcm
SwiftExplicitDependencyGeneratePcm arm64 /Users/admin/builder/spi-builder-workspace/.derivedData/SDKExplicitPrecompiledModules/SwiftUICore-C1DST1IX2Z0PTH5SJJZ1IULRB.pcm
SwiftExplicitDependencyGeneratePcm arm64_32 /Users/admin/builder/spi-builder-workspace/.derivedData/SDKExplicitPrecompiledModules/CoreMotion-1XGTVTE5PP32UHME8AC63TL6.pcm
SwiftExplicitDependencyGeneratePcm arm64 /Users/admin/builder/spi-builder-workspace/.derivedData/SDKExplicitPrecompiledModules/UIKit-27R3P1YMV4C6JLDT661G3MRIA.pcm
SwiftExplicitDependencyGeneratePcm arm64_32 /Users/admin/builder/spi-builder-workspace/.derivedData/SDKExplicitPrecompiledModules/SwiftUICore-3Q7WLRD8MR9R3NGIPUBQCP6F6.pcm
SwiftExplicitDependencyGeneratePcm arm64_32 /Users/admin/builder/spi-builder-workspace/.derivedData/SDKExplicitPrecompiledModules/Spatial-CWVWNML3T0NXVHZDKVLD3X1YZ.pcm
SwiftExplicitDependencyGeneratePcm arm64_32 /Users/admin/builder/spi-builder-workspace/.derivedData/SDKExplicitPrecompiledModules/UIKit-6PPV7YPZ89CZPHYAP072QH8B6.pcm
SwiftDriverJobDiscovery normal arm64 Compiling String.swift, StringBuilder.swift, StringUtil.swift, StructuralEvaluator.swift, SwiftSoup.swift, Tag.swift (in target 'SwiftSoup' from project 'SwiftSoup')
SwiftDriver\ Compilation SwiftSoup normal arm64 com.apple.xcode.tools.swift.compiler (in target 'SwiftSoup' from project 'SwiftSoup')
cd /Users/admin/builder/spi-builder-workspace/.swiftpm/xcode
builtin-Swift-Compilation -- /Applications/Xcode-27.0.0-Release.Candidate.app/Contents/Developer/Toolchains/XcodeDefault.xctoolchain/usr/bin/swiftc -parse-as-library -module-name SwiftSoup -Onone @/Users/admin/builder/spi-builder-workspace/.derivedData/Build/Intermediates.noindex/SwiftSoup.build/Debug-watchos/SwiftSoup-t.build/Objects-normal/arm64/SwiftSoup.SwiftFileList -DSWIFT_PACKAGE -DDEBUG -DSWIFT_MODULE_RESOURCE_BUNDLE_UNAVAILABLE -DXcode -plugin-path /Applications/Xcode-27.0.0-Release.Candidate.app/Contents/Developer/Toolchains/XcodeDefault.xctoolchain/usr/lib/swift/host/plugins/testing -enable-experimental-feature DebugDescriptionMacro -sdk /Applications/Xcode-27.0.0-Release.Candidate.app/Contents/Developer/Platforms/WatchOS.platform/Developer/SDKs/WatchOS27.0.sdk -target arm64-apple-watchos9.0 -g -module-cache-path /Users/admin/builder/spi-builder-workspace/.derivedData/ModuleCache.noindex -Xfrontend -serialize-debugging-options -profile-coverage-mapping -profile-generate -enable-testing -suppress-warnings -index-store-path /Users/admin/builder/spi-builder-workspace/.derivedData/Index.noindex/DataStore -Xcc -D_LIBCPP_HARDENING_MODE\=_LIBCPP_HARDENING_MODE_DEBUG -swift-version 6 -I /Users/admin/builder/spi-builder-workspace/.derivedData/Build/Products/Debug-watchos -Isystem /Applications/Xcode-27.0.0-Release.Candidate.app/Contents/Developer/Platforms/WatchOS.platform/Developer/usr/lib -F /Users/admin/builder/spi-builder-workspace/.derivedData/Build/Products/Debug-watchos -F /Applications/Xcode-27.0.0-Release.Candidate.app/Contents/Developer/Platforms/WatchOS.platform/Developer/Library/Frameworks -F /Applications/Xcode-27.0.0-Release.Candidate.app/Contents/Developer/Platforms/WatchOS.platform/Developer/SDKs/WatchOS27.0.sdk/Developer/Library/Frameworks -c -j10 -enable-batch-mode -incremental -Xcc -ivfsstatcache -Xcc /Users/admin/builder/spi-builder-workspace/.derivedData/SDKStatCaches.noindex/watchos27.0-24R360-e829b21a6f8c9b70876ba0858053c04477534ef55a1706bf4c1112bbb242f0a2.sdkstatcache -output-file-map /Users/admin/builder/spi-builder-workspace/.derivedData/Build/Intermediates.noindex/SwiftSoup.build/Debug-watchos/SwiftSoup-t.build/Objects-normal/arm64/SwiftSoup-OutputFileMap.json -save-temps -no-color-diagnostics -explicit-module-build -module-cache-path /Users/admin/builder/spi-builder-workspace/.derivedData/Build/Intermediates.noindex/SwiftExplicitPrecompiledModules -clang-scanner-module-cache-path /Users/admin/builder/spi-builder-workspace/.derivedData/ModuleCache.noindex -sdk-module-cache-path /Users/admin/builder/spi-builder-workspace/.derivedData/SDKExplicitPrecompiledModules -emit-dependencies -emit-module -emit-module-path /Users/admin/builder/spi-builder-workspace/.derivedData/Build/Intermediates.noindex/SwiftSoup.build/Debug-watchos/SwiftSoup-t.build/Objects-normal/arm64/SwiftSoup.swiftmodule -serialize-diagnostics -dependency-scan-serialize-diagnostics-path /Users/admin/builder/spi-builder-workspace/.derivedData/Build/Intermediates.noindex/SwiftSoup.build/Debug-watchos/SwiftSoup-t.build/Objects-normal/arm64/SwiftSoup-dependency-scan.dia -user-module-version 2.13.9 -validate-clang-modules-once -clang-build-session-file /Users/admin/builder/spi-builder-workspace/.derivedData/ModuleCache.noindex/Session.modulevalidation -Xcc -fmodules-prune-interval\=86400 -Xcc -fmodules-prune-after\=345600 -package-name swiftsoup -emit-const-values -const-gather-protocols-list /Users/admin/builder/spi-builder-workspace/.derivedData/Build/Intermediates.noindex/SwiftSoup.build/Debug-watchos/SwiftSoup-t.build/Objects-normal/arm64/SwiftSoup_const_extract_protocols.json -Xcc -I/Users/admin/builder/spi-builder-workspace/.derivedData/Build/Products/Debug-watchos/include -Xcc -I/Users/admin/builder/spi-builder-workspace/.derivedData/Build/Intermediates.noindex/SwiftSoup.build/Debug-watchos/SwiftSoup-t.build/DerivedSources-normal/arm64 -Xcc -I/Users/admin/builder/spi-builder-workspace/.derivedData/Build/Intermediates.noindex/SwiftSoup.build/Debug-watchos/SwiftSoup-t.build/DerivedSources/arm64 -Xcc -I/Users/admin/builder/spi-builder-workspace/.derivedData/Build/Intermediates.noindex/SwiftSoup.build/Debug-watchos/SwiftSoup-t.build/DerivedSources -Xcc -DSWIFT_PACKAGE -Xcc -DDEBUG\=1 -emit-objc-header -emit-objc-header-path /Users/admin/builder/spi-builder-workspace/.derivedData/Build/Intermediates.noindex/SwiftSoup.build/Debug-watchos/SwiftSoup-t.build/Objects-normal/arm64/SwiftSoup-Swift.h -working-directory /Users/admin/builder/spi-builder-workspace/.swiftpm/xcode -experimental-emit-module-separately -disable-cmo
Ld /Users/admin/builder/spi-builder-workspace/.derivedData/Build/Intermediates.noindex/SwiftSoup.build/Debug-watchos/SwiftSoup-t.build/Objects-normal/arm64/Binary/SwiftSoup.o normal arm64 (in target 'SwiftSoup' from project 'SwiftSoup')
cd /Users/admin/builder/spi-builder-workspace/.dependencies/checkouts/SwiftSoup
/Applications/Xcode-27.0.0-Release.Candidate.app/Contents/Developer/Toolchains/XcodeDefault.xctoolchain/usr/bin/clang -Xlinker -reproducible -target arm64-apple-watchos9.0 -r -isysroot /Applications/Xcode-27.0.0-Release.Candidate.app/Contents/Developer/Platforms/WatchOS.platform/Developer/SDKs/WatchOS27.0.sdk -O0 -w -Xlinker -no_warn_duplicate_libraries -F/Users/admin/builder/spi-builder-workspace/.derivedData/Build/Intermediates.noindex/EagerLinkingTBDs/Debug-watchos -F/Users/admin/builder/spi-builder-workspace/.derivedData/Build/Products/Debug-watchos -iframework /Applications/Xcode-27.0.0-Release.Candidate.app/Contents/Developer/Platforms/WatchOS.platform/Developer/Library/Frameworks -iframework /Applications/Xcode-27.0.0-Release.Candidate.app/Contents/Developer/Platforms/WatchOS.platform/Developer/SDKs/WatchOS27.0.sdk/Developer/Library/Frameworks -filelist /Users/admin/builder/spi-builder-workspace/.derivedData/Build/Intermediates.noindex/SwiftSoup.build/Debug-watchos/SwiftSoup-t.build/Objects-normal/arm64/SwiftSoup.LinkFileList -nostdlib -Xlinker -object_path_lto -Xlinker /Users/admin/builder/spi-builder-workspace/.derivedData/Build/Intermediates.noindex/SwiftSoup.build/Debug-watchos/SwiftSoup-t.build/Objects-normal/arm64/SwiftSoup_lto.o -Xlinker -no_deduplicate -Xlinker -debug_variant -Xlinker -dependency_info -Xlinker /Users/admin/builder/spi-builder-workspace/.derivedData/Build/Intermediates.noindex/SwiftSoup.build/Debug-watchos/SwiftSoup-t.build/Objects-normal/arm64/SwiftSoup_dependency_info.dat -fobjc-link-runtime -L/Applications/Xcode-27.0.0-Release.Candidate.app/Contents/Developer/Toolchains/XcodeDefault.xctoolchain/usr/lib/swift/watchos -L/usr/lib/swift -Xlinker -add_ast_path -Xlinker /Users/admin/builder/spi-builder-workspace/.derivedData/Build/Intermediates.noindex/SwiftSoup.build/Debug-watchos/SwiftSoup-t.build/Objects-normal/arm64/SwiftSoup.swiftmodule -o /Users/admin/builder/spi-builder-workspace/.derivedData/Build/Intermediates.noindex/SwiftSoup.build/Debug-watchos/SwiftSoup-t.build/Objects-normal/arm64/Binary/SwiftSoup.o
SwiftExplicitDependencyGeneratePcm arm64 /Users/admin/builder/spi-builder-workspace/.derivedData/SDKExplicitPrecompiledModules/Spatial-44FJGYXFAT2AQAW9Z6T7YS02U.pcm
SwiftDriverJobDiscovery normal arm64_32 Compiling Elements.swift, Entities.swift, Evaluator.swift, Exception.swift, FormElement.swift, HtmlTreeBuilder.swift (in target 'SwiftSoup' from project 'SwiftSoup')
SwiftDriverJobDiscovery normal arm64_32 Compiling DataNode.swift, DebugTrace.swift, Document.swift, DocumentType.swift, Element.swift, ElementQuery.swift (in target 'SwiftSoup' from project 'SwiftSoup')
SwiftDriver\ Compilation SwiftSoup normal arm64_32 com.apple.xcode.tools.swift.compiler (in target 'SwiftSoup' from project 'SwiftSoup')
cd /Users/admin/builder/spi-builder-workspace/.swiftpm/xcode
builtin-Swift-Compilation -- /Applications/Xcode-27.0.0-Release.Candidate.app/Contents/Developer/Toolchains/XcodeDefault.xctoolchain/usr/bin/swiftc -parse-as-library -module-name SwiftSoup -Onone @/Users/admin/builder/spi-builder-workspace/.derivedData/Build/Intermediates.noindex/SwiftSoup.build/Debug-watchos/SwiftSoup-t.build/Objects-normal/arm64_32/SwiftSoup.SwiftFileList -DSWIFT_PACKAGE -DDEBUG -DSWIFT_MODULE_RESOURCE_BUNDLE_UNAVAILABLE -DXcode -plugin-path /Applications/Xcode-27.0.0-Release.Candidate.app/Contents/Developer/Toolchains/XcodeDefault.xctoolchain/usr/lib/swift/host/plugins/testing -enable-experimental-feature DebugDescriptionMacro -sdk /Applications/Xcode-27.0.0-Release.Candidate.app/Contents/Developer/Platforms/WatchOS.platform/Developer/SDKs/WatchOS27.0.sdk -target arm64_32-apple-watchos9.0 -g -module-cache-path /Users/admin/builder/spi-builder-workspace/.derivedData/ModuleCache.noindex -Xfrontend -serialize-debugging-options -profile-coverage-mapping -profile-generate -enable-testing -suppress-warnings -index-store-path /Users/admin/builder/spi-builder-workspace/.derivedData/Index.noindex/DataStore -Xcc -D_LIBCPP_HARDENING_MODE\=_LIBCPP_HARDENING_MODE_DEBUG -swift-version 6 -I /Users/admin/builder/spi-builder-workspace/.derivedData/Build/Products/Debug-watchos -Isystem /Applications/Xcode-27.0.0-Release.Candidate.app/Contents/Developer/Platforms/WatchOS.platform/Developer/usr/lib -F /Users/admin/builder/spi-builder-workspace/.derivedData/Build/Products/Debug-watchos -F /Applications/Xcode-27.0.0-Release.Candidate.app/Contents/Developer/Platforms/WatchOS.platform/Developer/Library/Frameworks -F /Applications/Xcode-27.0.0-Release.Candidate.app/Contents/Developer/Platforms/WatchOS.platform/Developer/SDKs/WatchOS27.0.sdk/Developer/Library/Frameworks -c -j10 -enable-batch-mode -incremental -Xcc -ivfsstatcache -Xcc /Users/admin/builder/spi-builder-workspace/.derivedData/SDKStatCaches.noindex/watchos27.0-24R360-e829b21a6f8c9b70876ba0858053c04477534ef55a1706bf4c1112bbb242f0a2.sdkstatcache -output-file-map /Users/admin/builder/spi-builder-workspace/.derivedData/Build/Intermediates.noindex/SwiftSoup.build/Debug-watchos/SwiftSoup-t.build/Objects-normal/arm64_32/SwiftSoup-OutputFileMap.json -save-temps -no-color-diagnostics -explicit-module-build -module-cache-path /Users/admin/builder/spi-builder-workspace/.derivedData/Build/Intermediates.noindex/SwiftExplicitPrecompiledModules -clang-scanner-module-cache-path /Users/admin/builder/spi-builder-workspace/.derivedData/ModuleCache.noindex -sdk-module-cache-path /Users/admin/builder/spi-builder-workspace/.derivedData/SDKExplicitPrecompiledModules -emit-dependencies -emit-module -emit-module-path /Users/admin/builder/spi-builder-workspace/.derivedData/Build/Intermediates.noindex/SwiftSoup.build/Debug-watchos/SwiftSoup-t.build/Objects-normal/arm64_32/SwiftSoup.swiftmodule -serialize-diagnostics -dependency-scan-serialize-diagnostics-path /Users/admin/builder/spi-builder-workspace/.derivedData/Build/Intermediates.noindex/SwiftSoup.build/Debug-watchos/SwiftSoup-t.build/Objects-normal/arm64_32/SwiftSoup-dependency-scan.dia -user-module-version 2.13.9 -validate-clang-modules-once -clang-build-session-file /Users/admin/builder/spi-builder-workspace/.derivedData/ModuleCache.noindex/Session.modulevalidation -Xcc -fmodules-prune-interval\=86400 -Xcc -fmodules-prune-after\=345600 -package-name swiftsoup -emit-const-values -const-gather-protocols-list /Users/admin/builder/spi-builder-workspace/.derivedData/Build/Intermediates.noindex/SwiftSoup.build/Debug-watchos/SwiftSoup-t.build/Objects-normal/arm64_32/SwiftSoup_const_extract_protocols.json -Xcc -I/Users/admin/builder/spi-builder-workspace/.derivedData/Build/Products/Debug-watchos/include -Xcc -I/Users/admin/builder/spi-builder-workspace/.derivedData/Build/Intermediates.noindex/SwiftSoup.build/Debug-watchos/SwiftSoup-t.build/DerivedSources-normal/arm64_32 -Xcc -I/Users/admin/builder/spi-builder-workspace/.derivedData/Build/Intermediates.noindex/SwiftSoup.build/Debug-watchos/SwiftSoup-t.build/DerivedSources/arm64_32 -Xcc -I/Users/admin/builder/spi-builder-workspace/.derivedData/Build/Intermediates.noindex/SwiftSoup.build/Debug-watchos/SwiftSoup-t.build/DerivedSources -Xcc -DSWIFT_PACKAGE -Xcc -DDEBUG\=1 -emit-objc-header -emit-objc-header-path /Users/admin/builder/spi-builder-workspace/.derivedData/Build/Intermediates.noindex/SwiftSoup.build/Debug-watchos/SwiftSoup-t.build/Objects-normal/arm64_32/SwiftSoup-Swift.h -working-directory /Users/admin/builder/spi-builder-workspace/.swiftpm/xcode -experimental-emit-module-separately -disable-cmo
Ld /Users/admin/builder/spi-builder-workspace/.derivedData/Build/Intermediates.noindex/SwiftSoup.build/Debug-watchos/SwiftSoup-t.build/Objects-normal/arm64_32/Binary/SwiftSoup.o normal arm64_32 (in target 'SwiftSoup' from project 'SwiftSoup')
cd /Users/admin/builder/spi-builder-workspace/.dependencies/checkouts/SwiftSoup
/Applications/Xcode-27.0.0-Release.Candidate.app/Contents/Developer/Toolchains/XcodeDefault.xctoolchain/usr/bin/clang -Xlinker -reproducible -target arm64_32-apple-watchos9.0 -r -isysroot /Applications/Xcode-27.0.0-Release.Candidate.app/Contents/Developer/Platforms/WatchOS.platform/Developer/SDKs/WatchOS27.0.sdk -O0 -w -Xlinker -no_warn_duplicate_libraries -F/Users/admin/builder/spi-builder-workspace/.derivedData/Build/Intermediates.noindex/EagerLinkingTBDs/Debug-watchos -F/Users/admin/builder/spi-builder-workspace/.derivedData/Build/Products/Debug-watchos -iframework /Applications/Xcode-27.0.0-Release.Candidate.app/Contents/Developer/Platforms/WatchOS.platform/Developer/Library/Frameworks -iframework /Applications/Xcode-27.0.0-Release.Candidate.app/Contents/Developer/Platforms/WatchOS.platform/Developer/SDKs/WatchOS27.0.sdk/Developer/Library/Frameworks -filelist /Users/admin/builder/spi-builder-workspace/.derivedData/Build/Intermediates.noindex/SwiftSoup.build/Debug-watchos/SwiftSoup-t.build/Objects-normal/arm64_32/SwiftSoup.LinkFileList -nostdlib -Xlinker -object_path_lto -Xlinker /Users/admin/builder/spi-builder-workspace/.derivedData/Build/Intermediates.noindex/SwiftSoup.build/Debug-watchos/SwiftSoup-t.build/Objects-normal/arm64_32/SwiftSoup_lto.o -Xlinker -no_deduplicate -Xlinker -debug_variant -Xlinker -dependency_info -Xlinker /Users/admin/builder/spi-builder-workspace/.derivedData/Build/Intermediates.noindex/SwiftSoup.build/Debug-watchos/SwiftSoup-t.build/Objects-normal/arm64_32/SwiftSoup_dependency_info.dat -fobjc-link-runtime -L/Applications/Xcode-27.0.0-Release.Candidate.app/Contents/Developer/Toolchains/XcodeDefault.xctoolchain/usr/lib/swift/watchos -L/usr/lib/swift -Xlinker -add_ast_path -Xlinker /Users/admin/builder/spi-builder-workspace/.derivedData/Build/Intermediates.noindex/SwiftSoup.build/Debug-watchos/SwiftSoup-t.build/Objects-normal/arm64_32/SwiftSoup.swiftmodule -o /Users/admin/builder/spi-builder-workspace/.derivedData/Build/Intermediates.noindex/SwiftSoup.build/Debug-watchos/SwiftSoup-t.build/Objects-normal/arm64_32/Binary/SwiftSoup.o
CreateUniversalBinary /Users/admin/builder/spi-builder-workspace/.derivedData/Build/Products/Debug-watchos/SwiftSoup.o normal arm64\ arm64_32 (in target 'SwiftSoup' from project 'SwiftSoup')
cd /Users/admin/builder/spi-builder-workspace/.dependencies/checkouts/SwiftSoup
/Applications/Xcode-27.0.0-Release.Candidate.app/Contents/Developer/Toolchains/XcodeDefault.xctoolchain/usr/bin/lipo -create /Users/admin/builder/spi-builder-workspace/.derivedData/Build/Intermediates.noindex/SwiftSoup.build/Debug-watchos/SwiftSoup-t.build/Objects-normal/arm64/Binary/SwiftSoup.o /Users/admin/builder/spi-builder-workspace/.derivedData/Build/Intermediates.noindex/SwiftSoup.build/Debug-watchos/SwiftSoup-t.build/Objects-normal/arm64_32/Binary/SwiftSoup.o -output /Users/admin/builder/spi-builder-workspace/.derivedData/Build/Products/Debug-watchos/SwiftSoup.o
ExtractAppIntentsMetadata (in target 'SwiftSoup' from project 'SwiftSoup')
cd /Users/admin/builder/spi-builder-workspace/.dependencies/checkouts/SwiftSoup
/Applications/Xcode-27.0.0-Release.Candidate.app/Contents/Developer/Toolchains/XcodeDefault.xctoolchain/usr/bin/appintentsmetadataprocessor --toolchain-dir /var/run/com.apple.security.cryptexd/mnt/com.apple.MobileAsset.MetalToolchain-v27.1.266.1.uKhFsy/Metal.xctoolchain --module-name SwiftSoup --sdk-root /Applications/Xcode-27.0.0-Release.Candidate.app/Contents/Developer/Platforms/WatchOS.platform/Developer/SDKs/WatchOS27.0.sdk --xcode-version 27A266a --platform-family watchOS --deployment-target 9.0 --bundle-identifier swiftsoup.SwiftSoup --output /Users/admin/builder/spi-builder-workspace/.derivedData/Build/Products/Debug-watchos/SwiftSoup.appintents --target-triple arm64-apple-watchos9.0 --target-triple arm64_32-apple-watchos9.0 --binary-file /Users/admin/builder/spi-builder-workspace/.derivedData/Build/Products/Debug-watchos/SwiftSoup.o --dependency-file /Users/admin/builder/spi-builder-workspace/.derivedData/Build/Intermediates.noindex/SwiftSoup.build/Debug-watchos/SwiftSoup-t.build/Objects-normal/arm64/SwiftSoup_dependency_info.dat --dependency-file /Users/admin/builder/spi-builder-workspace/.derivedData/Build/Intermediates.noindex/SwiftSoup.build/Debug-watchos/SwiftSoup-t.build/Objects-normal/arm64_32/SwiftSoup_dependency_info.dat --stringsdata-file /Users/admin/builder/spi-builder-workspace/.derivedData/Build/Intermediates.noindex/SwiftSoup.build/Debug-watchos/SwiftSoup-t.build/Objects-normal/arm64/ExtractedAppShortcutsMetadata.stringsdata --stringsdata-file /Users/admin/builder/spi-builder-workspace/.derivedData/Build/Intermediates.noindex/SwiftSoup.build/Debug-watchos/SwiftSoup-t.build/Objects-normal/arm64_32/ExtractedAppShortcutsMetadata.stringsdata --source-file-list /Users/admin/builder/spi-builder-workspace/.derivedData/Build/Intermediates.noindex/SwiftSoup.build/Debug-watchos/SwiftSoup-t.build/Objects-normal/arm64/SwiftSoup.SwiftFileList --source-file-list /Users/admin/builder/spi-builder-workspace/.derivedData/Build/Intermediates.noindex/SwiftSoup.build/Debug-watchos/SwiftSoup-t.build/Objects-normal/arm64_32/SwiftSoup.SwiftFileList --metadata-file-list /Users/admin/builder/spi-builder-workspace/.derivedData/Build/Intermediates.noindex/SwiftSoup.build/Debug-watchos/SwiftSoup-t.build/SwiftSoup.DependencyMetadataFileList --static-metadata-file-list /Users/admin/builder/spi-builder-workspace/.derivedData/Build/Intermediates.noindex/SwiftSoup.build/Debug-watchos/SwiftSoup-t.build/SwiftSoup.DependencyStaticMetadataFileList --swift-const-vals-list /Users/admin/builder/spi-builder-workspace/.derivedData/Build/Intermediates.noindex/SwiftSoup.build/Debug-watchos/SwiftSoup-t.build/Objects-normal/arm64/SwiftSoup.SwiftConstValuesFileList --swift-const-vals-list /Users/admin/builder/spi-builder-workspace/.derivedData/Build/Intermediates.noindex/SwiftSoup.build/Debug-watchos/SwiftSoup-t.build/Objects-normal/arm64_32/SwiftSoup.SwiftConstValuesFileList --force --compile-time-extraction --deployment-aware-processing --no-app-shortcuts-localization
2026-09-23 23:26:49.659 appintentsmetadataprocessor[949:5448] Starting appintentsmetadataprocessor export
2026-09-23 23:26:49.726 appintentsmetadataprocessor[949:5448] Extracted no relevant App Intents symbols, skipping writing output
SwiftEmitModule normal arm64 Emitting\ module\ for\ SwiftApiAdapter (in target 'SwiftApiAdapter' from project 'SwiftApiAdapter')
SwiftCompile normal arm64 (in target 'SwiftApiAdapter' from project 'SwiftApiAdapter')
cd /Users/admin/builder/spi-builder-workspace/.swiftpm/xcode
SwiftCompile normal arm64 Compiling\ Model.swift /Users/admin/builder/spi-builder-workspace/Sources/SwiftApiAdapter/Model.swift (in target 'SwiftApiAdapter' from project 'SwiftApiAdapter')
SwiftCompile normal arm64 /Users/admin/builder/spi-builder-workspace/Sources/SwiftApiAdapter/Model.swift (in target 'SwiftApiAdapter' from project 'SwiftApiAdapter')
cd /Users/admin/builder/spi-builder-workspace/.swiftpm/xcode
builtin-SwiftPerFileCompile Model.swift
SwiftCompile normal arm64 Compiling\ Loader.swift /Users/admin/builder/spi-builder-workspace/Sources/SwiftApiAdapter/Loader.swift (in target 'SwiftApiAdapter' from project 'SwiftApiAdapter')
/Users/admin/builder/spi-builder-workspace/Sources/SwiftApiAdapter/Loader.swift:95:22: error: 'LanguageModelSession' is only available in watchOS 27.0 or newer
85 |
86 | @available(iOS 26.0, macOS 26.0, visionOS 26.0, *)
87 | struct FoundationModelsGenerator {
| `- note: add '@available' attribute to enclosing struct
88 | static func generate(prompt: String,
| `- note: add '@available' attribute to enclosing static method
89 | instructions: String? = nil,
90 | temperature: Double? = nil,
:
93 | #if canImport(FoundationModels)
94 | // Create or reuse a session
95 | let session: LanguageModelSession = {
| |- error: 'LanguageModelSession' is only available in watchOS 27.0 or newer
| `- note: add 'if #available' version check
96 | if let instructions, !instructions.isEmpty {
97 | return LanguageModelSession(instructions: instructions)
/Users/admin/builder/spi-builder-workspace/Sources/SwiftApiAdapter/Loader.swift:97:24: error: 'LanguageModelSession' is only available in watchOS 27.0 or newer
85 |
86 | @available(iOS 26.0, macOS 26.0, visionOS 26.0, *)
87 | struct FoundationModelsGenerator {
| `- note: add '@available' attribute to enclosing struct
88 | static func generate(prompt: String,
| `- note: add '@available' attribute to enclosing static method
89 | instructions: String? = nil,
90 | temperature: Double? = nil,
:
95 | let session: LanguageModelSession = {
96 | if let instructions, !instructions.isEmpty {
97 | return LanguageModelSession(instructions: instructions)
| |- error: 'LanguageModelSession' is only available in watchOS 27.0 or newer
| `- note: add 'if #available' version check
98 | } else {
99 | return LanguageModelSession()
/Users/admin/builder/spi-builder-workspace/Sources/SwiftApiAdapter/Loader.swift:97:24: error: 'init(model:tools:instructions:)' is unavailable in watchOS
95 | let session: LanguageModelSession = {
96 | if let instructions, !instructions.isEmpty {
97 | return LanguageModelSession(instructions: instructions)
| `- error: 'init(model:tools:instructions:)' is unavailable in watchOS
98 | } else {
99 | return LanguageModelSession()
FoundationModels.LanguageModelSession.init:2:20: note: 'init(model:tools:instructions:)' has been explicitly marked unavailable here
1 | class LanguageModelSession {
2 | public convenience init(model: SystemLanguageModel = .default, tools: [any Tool] = [], instructions: String? = nil)}
| `- note: 'init(model:tools:instructions:)' has been explicitly marked unavailable here
3 |
/Users/admin/builder/spi-builder-workspace/Sources/SwiftApiAdapter/Loader.swift:99:24: error: 'LanguageModelSession' is only available in watchOS 27.0 or newer
85 |
86 | @available(iOS 26.0, macOS 26.0, visionOS 26.0, *)
87 | struct FoundationModelsGenerator {
| `- note: add '@available' attribute to enclosing struct
88 | static func generate(prompt: String,
| `- note: add '@available' attribute to enclosing static method
89 | instructions: String? = nil,
90 | temperature: Double? = nil,
:
97 | return LanguageModelSession(instructions: instructions)
98 | } else {
99 | return LanguageModelSession()
| |- error: 'LanguageModelSession' is only available in watchOS 27.0 or newer
| `- note: add 'if #available' version check
100 | }
101 | }()
/Users/admin/builder/spi-builder-workspace/Sources/SwiftApiAdapter/Loader.swift:99:24: error: 'init(model:tools:instructions:)' is unavailable in watchOS
97 | return LanguageModelSession(instructions: instructions)
98 | } else {
99 | return LanguageModelSession()
| `- error: 'init(model:tools:instructions:)' is unavailable in watchOS
100 | }
101 | }()
FoundationModels.LanguageModelSession.init:2:20: note: 'init(model:tools:instructions:)' has been explicitly marked unavailable here
1 | class LanguageModelSession {
2 | public convenience init(model: SystemLanguageModel = .default, tools: [any Tool] = [], instructions: Instructions? = nil)}
| `- note: 'init(model:tools:instructions:)' has been explicitly marked unavailable here
3 |
/Users/admin/builder/spi-builder-workspace/Sources/SwiftApiAdapter/Loader.swift:104:20: error: 'GenerationOptions' is only available in watchOS 27.0 or newer
85 |
86 | @available(iOS 26.0, macOS 26.0, visionOS 26.0, *)
87 | struct FoundationModelsGenerator {
| `- note: add '@available' attribute to enclosing struct
88 | static func generate(prompt: String,
| `- note: add '@available' attribute to enclosing static method
89 | instructions: String? = nil,
90 | temperature: Double? = nil,
:
102 |
103 | // Prepare generation options (all are optional)
104 | var opts = GenerationOptions()
| |- error: 'GenerationOptions' is only available in watchOS 27.0 or newer
| `- note: add 'if #available' version check
105 | if let temperature { opts.temperature = temperature }
106 | if let maxTokens { opts.maximumResponseTokens = maxTokens }
/Users/admin/builder/spi-builder-workspace/Sources/SwiftApiAdapter/Loader.swift:104:20: error: 'init(samplingMode:temperature:maximumResponseTokens:)' is only available in watchOS 27.0 or newer
85 |
86 | @available(iOS 26.0, macOS 26.0, visionOS 26.0, *)
87 | struct FoundationModelsGenerator {
| `- note: add '@available' attribute to enclosing struct
88 | static func generate(prompt: String,
| `- note: add '@available' attribute to enclosing static method
89 | instructions: String? = nil,
90 | temperature: Double? = nil,
:
102 |
103 | // Prepare generation options (all are optional)
104 | var opts = GenerationOptions()
| |- error: 'init(samplingMode:temperature:maximumResponseTokens:)' is only available in watchOS 27.0 or newer
| `- note: add 'if #available' version check
105 | if let temperature { opts.temperature = temperature }
106 | if let maxTokens { opts.maximumResponseTokens = maxTokens }
/Users/admin/builder/spi-builder-workspace/Sources/SwiftApiAdapter/Loader.swift:105:35: error: 'temperature' is only available in watchOS 27.0 or newer
85 |
86 | @available(iOS 26.0, macOS 26.0, visionOS 26.0, *)
87 | struct FoundationModelsGenerator {
| `- note: add '@available' attribute to enclosing struct
88 | static func generate(prompt: String,
| `- note: add '@available' attribute to enclosing static method
89 | instructions: String? = nil,
90 | temperature: Double? = nil,
:
103 | // Prepare generation options (all are optional)
104 | var opts = GenerationOptions()
105 | if let temperature { opts.temperature = temperature }
| |- error: 'temperature' is only available in watchOS 27.0 or newer
| `- note: add 'if #available' version check
106 | if let maxTokens { opts.maximumResponseTokens = maxTokens }
107 |
/Users/admin/builder/spi-builder-workspace/Sources/SwiftApiAdapter/Loader.swift:106:35: error: 'maximumResponseTokens' is only available in watchOS 27.0 or newer
85 |
86 | @available(iOS 26.0, macOS 26.0, visionOS 26.0, *)
87 | struct FoundationModelsGenerator {
| `- note: add '@available' attribute to enclosing struct
88 | static func generate(prompt: String,
| `- note: add '@available' attribute to enclosing static method
89 | instructions: String? = nil,
90 | temperature: Double? = nil,
:
104 | var opts = GenerationOptions()
105 | if let temperature { opts.temperature = temperature }
106 | if let maxTokens { opts.maximumResponseTokens = maxTokens }
| |- error: 'maximumResponseTokens' is only available in watchOS 27.0 or newer
| `- note: add 'if #available' version check
107 |
108 | // Ask the model
/Users/admin/builder/spi-builder-workspace/Sources/SwiftApiAdapter/Loader.swift:109:42: error: 'respond(to:options:)' is only available in watchOS 27.0 or newer
85 |
86 | @available(iOS 26.0, macOS 26.0, visionOS 26.0, *)
87 | struct FoundationModelsGenerator {
| `- note: add '@available' attribute to enclosing struct
88 | static func generate(prompt: String,
| `- note: add '@available' attribute to enclosing static method
89 | instructions: String? = nil,
90 | temperature: Double? = nil,
:
107 |
108 | // Ask the model
109 | let response = try await session.respond(to: prompt, options: opts)
| |- error: 'respond(to:options:)' is only available in watchOS 27.0 or newer
| `- note: add 'if #available' version check
110 | return response.content
111 | #else
SwiftCompile normal arm64 /Users/admin/builder/spi-builder-workspace/Sources/SwiftApiAdapter/Loader.swift (in target 'SwiftApiAdapter' from project 'SwiftApiAdapter')
cd /Users/admin/builder/spi-builder-workspace/.swiftpm/xcode
builtin-SwiftPerFileCompile Loader.swift
/Users/admin/builder/spi-builder-workspace/Sources/SwiftApiAdapter/Loader.swift:109:13: warning: conformance of 'String' to 'Generable' is only available in watchOS 27.0 or newer; this is an error in the Swift 6 language mode
85 |
86 | @available(iOS 26.0, macOS 26.0, visionOS 26.0, *)
87 | struct FoundationModelsGenerator {
| `- note: add '@available' attribute to enclosing struct
88 | static func generate(prompt: String,
| `- note: add '@available' attribute to enclosing static method
89 | instructions: String? = nil,
90 | temperature: Double? = nil,
:
107 |
108 | // Ask the model
109 | let response = try await session.respond(to: prompt, options: opts)
| |- warning: conformance of 'String' to 'Generable' is only available in watchOS 27.0 or newer; this is an error in the Swift 6 language mode
| `- note: add 'if #available' version check
110 | return response.content
111 | #else
/Users/admin/builder/spi-builder-workspace/Sources/SwiftApiAdapter/Loader.swift:110:25: warning: conformance of 'String' to 'Generable' is only available in watchOS 27.0 or newer; this is an error in the Swift 6 language mode
85 |
86 | @available(iOS 26.0, macOS 26.0, visionOS 26.0, *)
87 | struct FoundationModelsGenerator {
| `- note: add '@available' attribute to enclosing struct
88 | static func generate(prompt: String,
| `- note: add '@available' attribute to enclosing static method
89 | instructions: String? = nil,
90 | temperature: Double? = nil,
:
108 | // Ask the model
109 | let response = try await session.respond(to: prompt, options: opts)
110 | return response.content
| |- warning: conformance of 'String' to 'Generable' is only available in watchOS 27.0 or newer; this is an error in the Swift 6 language mode
| `- note: add 'if #available' version check
111 | #else
112 | throw FoundationModelsGeneratorError.osTooOld
Failed frontend command:
/Applications/Xcode-27.0.0-Release.Candidate.app/Contents/Developer/Toolchains/XcodeDefault.xctoolchain/usr/bin/swift-frontend -frontend -c /Users/admin/builder/spi-builder-workspace/Sources/SwiftApiAdapter/Connector.swift -primary-file /Users/admin/builder/spi-builder-workspace/Sources/SwiftApiAdapter/Loader.swift /Users/admin/builder/spi-builder-workspace/Sources/SwiftApiAdapter/Model.swift /Users/admin/builder/spi-builder-workspace/Sources/SwiftApiAdapter/Tools.swift -emit-dependencies-path /Users/admin/builder/spi-builder-workspace/.derivedData/Build/Intermediates.noindex/SwiftApiAdapter.build/Debug-watchos/SwiftApiAdapter-t.build/Objects-normal/arm64/Loader.d -emit-const-values-path /Users/admin/builder/spi-builder-workspace/.derivedData/Build/Intermediates.noindex/SwiftApiAdapter.build/Debug-watchos/SwiftApiAdapter-t.build/Objects-normal/arm64/Loader.swiftconstvalues -emit-reference-dependencies-path /Users/admin/builder/spi-builder-workspace/.derivedData/Build/Intermediates.noindex/SwiftApiAdapter.build/Debug-watchos/SwiftApiAdapter-t.build/Objects-normal/arm64/Loader.swiftdeps -serialize-diagnostics-path /Users/admin/builder/spi-builder-workspace/.derivedData/Build/Intermediates.noindex/SwiftApiAdapter.build/Debug-watchos/SwiftApiAdapter-t.build/Objects-normal/arm64/Loader.dia -target arm64-apple-watchos9.0 -module-can-import-version FoundationModels 2.0.68.1 0 -module-can-import-version UIKit 9127.0.84.1 9127.0.84 -disable-cross-import-overlay-search -load-resolved-plugin /Applications/Xcode-27.0.0-Release.Candidate.app/Contents/Developer/Platforms/WatchOS.platform/Developer/usr/lib/swift/host/plugins/libFoundationMacros.dylib\#/Applications/Xcode-27.0.0-Release.Candidate.app/Contents/Developer/Platforms/WatchOS.platform/Developer/usr/bin/swift-plugin-server\#FoundationMacros -load-resolved-plugin /Applications/Xcode-27.0.0-Release.Candidate.app/Contents/Developer/Platforms/WatchOS.platform/Developer/usr/lib/swift/host/plugins/libFoundationModelsMacros.dylib\#/Applications/Xcode-27.0.0-Release.Candidate.app/Contents/Developer/Platforms/WatchOS.platform/Developer/usr/bin/swift-plugin-server\#FoundationModelsMacros -load-resolved-plugin /Applications/Xcode-27.0.0-Release.Candidate.app/Contents/Developer/Platforms/WatchOS.platform/Developer/usr/lib/swift/host/plugins/libObservationMacros.dylib\#/Applications/Xcode-27.0.0-Release.Candidate.app/Contents/Developer/Platforms/WatchOS.platform/Developer/usr/bin/swift-plugin-server\#ObservationMacros -load-resolved-plugin /Applications/Xcode-27.0.0-Release.Candidate.app/Contents/Developer/Platforms/WatchOS.platform/Developer/usr/lib/swift/host/plugins/libSwiftMacros.dylib\#/Applications/Xcode-27.0.0-Release.Candidate.app/Contents/Developer/Platforms/WatchOS.platform/Developer/usr/bin/swift-plugin-server\#SwiftMacros -load-resolved-plugin /Applications/Xcode-27.0.0-Release.Candidate.app/Contents/Developer/Platforms/WatchOS.platform/Developer/usr/lib/swift/host/plugins/libSwiftUIMacros.dylib\#/Applications/Xcode-27.0.0-Release.Candidate.app/Contents/Developer/Platforms/WatchOS.platform/Developer/usr/bin/swift-plugin-server\#SwiftUIMacros -disable-implicit-swift-modules -Xcc -fno-implicit-modules -Xcc -fno-implicit-module-maps -explicit-swift-module-map-file /Users/admin/builder/spi-builder-workspace/.derivedData/Build/Intermediates.noindex/SwiftApiAdapter.build/Debug-watchos/SwiftApiAdapter-t.build/Objects-normal/arm64/SwiftApiAdapter-dependencies-2.json -Xllvm -aarch64-use-tbi -enable-objc-interop -stack-check -sdk /Applications/Xcode-27.0.0-Release.Candidate.app/Contents/Developer/Platforms/WatchOS.platform/Developer/SDKs/WatchOS27.0.sdk -I /Users/admin/builder/spi-builder-workspace/.derivedData/Build/Products/Debug-watchos -Isystem /Applications/Xcode-27.0.0-Release.Candidate.app/Contents/Developer/Platforms/WatchOS.platform/Developer/usr/lib -F /Users/admin/builder/spi-builder-workspace/.derivedData/Build/Products/Debug-watchos/PackageFrameworks -F /Users/admin/builder/spi-builder-workspace/.derivedData/Build/Products/Debug-watchos -F /Applications/Xcode-27.0.0-Release.Candidate.app/Contents/Developer/Platforms/WatchOS.platform/Developer/Library/Frameworks -F /Applications/Xcode-27.0.0-Release.Candidate.app/Contents/Developer/Platforms/WatchOS.platform/Developer/SDKs/WatchOS27.0.sdk/Developer/Library/Frameworks -module-cache-path /Users/admin/builder/spi-builder-workspace/.derivedData/Build/Intermediates.noindex/SwiftExplicitPrecompiledModules -no-color-diagnostics -Xcc -fno-color-diagnostics -enable-testing -g -debug-info-format\=dwarf -dwarf-version\=4 -profile-generate -profile-coverage-mapping -swift-version 5 -Onone -D SWIFT_PACKAGE -D DEBUG -D SWIFT_MODULE_RESOURCE_BUNDLE_UNAVAILABLE -D Xcode -serialize-debugging-options -enable-experimental-feature DebugDescriptionMacro -empty-abi-descriptor -validate-clang-modules-once -clang-build-session-file /Users/admin/builder/spi-builder-workspace/.derivedData/ModuleCache.noindex/Session.modulevalidation -Xcc -working-directory -Xcc /Users/admin/builder/spi-builder-workspace/.swiftpm/xcode -enable-anonymous-context-mangled-names -file-compilation-dir /Users/admin/builder/spi-builder-workspace/.swiftpm/xcode -Xcc -D_LIBCPP_HARDENING_MODE\=_LIBCPP_HARDENING_MODE_DEBUG -Xcc -ivfsstatcache -Xcc /Users/admin/builder/spi-builder-workspace/.derivedData/SDKStatCaches.noindex/watchos27.0-24R360-e829b21a6f8c9b70876ba0858053c04477534ef55a1706bf4c1112bbb242f0a2.sdkstatcache -Xcc -fmodules-prune-interval\=86400 -Xcc -fmodules-prune-after\=345600 -Xcc -I/Users/admin/builder/spi-builder-workspace/.derivedData/Build/Products/Debug-watchos/include -Xcc -I/Users/admin/builder/spi-builder-workspace/.derivedData/Build/Intermediates.noindex/SwiftApiAdapter.build/Debug-watchos/SwiftApiAdapter-t.build/DerivedSources-normal/arm64 -Xcc -I/Users/admin/builder/spi-builder-workspace/.derivedData/Build/Intermediates.noindex/SwiftApiAdapter.build/Debug-watchos/SwiftApiAdapter-t.build/DerivedSources/arm64 -Xcc -I/Users/admin/builder/spi-builder-workspace/.derivedData/Build/Intermediates.noindex/SwiftApiAdapter.build/Debug-watchos/SwiftApiAdapter-t.build/DerivedSources -Xcc -DSWIFT_PACKAGE -Xcc -DDEBUG\=1 -no-auto-bridging-header-chaining -module-name SwiftApiAdapter -package-name spi_builder_workspace -const-gather-protocols-file /Users/admin/builder/spi-builder-workspace/.derivedData/Build/Intermediates.noindex/SwiftApiAdapter.build/Debug-watchos/SwiftApiAdapter-t.build/Objects-normal/arm64/SwiftApiAdapter_const_extract_protocols.json -disable-clang-spi -clang-target arm64-apple-watchos27.0 -target-sdk-version 27.0 -target-sdk-name watchos27.0 -in-process-plugin-server-path /Applications/Xcode-27.0.0-Release.Candidate.app/Contents/Developer/Toolchains/XcodeDefault.xctoolchain/usr/lib/swift/host/libSwiftInProcPluginServer.dylib -parse-as-library -o /Users/admin/builder/spi-builder-workspace/.derivedData/Build/Intermediates.noindex/SwiftApiAdapter.build/Debug-watchos/SwiftApiAdapter-t.build/Objects-normal/arm64/Loader.o -debug-module-path /Users/admin/builder/spi-builder-workspace/.derivedData/Build/Intermediates.noindex/SwiftApiAdapter.build/Debug-watchos/SwiftApiAdapter-t.build/Objects-normal/arm64/SwiftApiAdapter.swiftmodule -index-unit-output-path /SwiftApiAdapter.build/Debug-watchos/SwiftApiAdapter-t.build/Objects-normal/arm64/Loader.o -index-store-path /Users/admin/builder/spi-builder-workspace/.derivedData/Index.noindex/DataStore -index-system-modules
SwiftCompile normal arm64 Compiling\ Tools.swift /Users/admin/builder/spi-builder-workspace/Sources/SwiftApiAdapter/Tools.swift (in target 'SwiftApiAdapter' from project 'SwiftApiAdapter')
SwiftCompile normal arm64 /Users/admin/builder/spi-builder-workspace/Sources/SwiftApiAdapter/Tools.swift (in target 'SwiftApiAdapter' from project 'SwiftApiAdapter')
cd /Users/admin/builder/spi-builder-workspace/.swiftpm/xcode
builtin-SwiftPerFileCompile Tools.swift
SwiftCompile normal arm64 Compiling\ Connector.swift /Users/admin/builder/spi-builder-workspace/Sources/SwiftApiAdapter/Connector.swift (in target 'SwiftApiAdapter' from project 'SwiftApiAdapter')
SwiftCompile normal arm64 /Users/admin/builder/spi-builder-workspace/Sources/SwiftApiAdapter/Connector.swift (in target 'SwiftApiAdapter' from project 'SwiftApiAdapter')
cd /Users/admin/builder/spi-builder-workspace/.swiftpm/xcode
builtin-SwiftPerFileCompile Connector.swift
SwiftCompile normal arm64_32 Compiling\ Loader.swift /Users/admin/builder/spi-builder-workspace/Sources/SwiftApiAdapter/Loader.swift (in target 'SwiftApiAdapter' from project 'SwiftApiAdapter')
/Users/admin/builder/spi-builder-workspace/Sources/SwiftApiAdapter/Loader.swift:95:22: error: 'LanguageModelSession' is only available in watchOS 27.0 or newer
85 |
86 | @available(iOS 26.0, macOS 26.0, visionOS 26.0, *)
87 | struct FoundationModelsGenerator {
| `- note: add '@available' attribute to enclosing struct
88 | static func generate(prompt: String,
| `- note: add '@available' attribute to enclosing static method
89 | instructions: String? = nil,
90 | temperature: Double? = nil,
:
93 | #if canImport(FoundationModels)
94 | // Create or reuse a session
95 | let session: LanguageModelSession = {
| |- error: 'LanguageModelSession' is only available in watchOS 27.0 or newer
| `- note: add 'if #available' version check
96 | if let instructions, !instructions.isEmpty {
97 | return LanguageModelSession(instructions: instructions)
/Users/admin/builder/spi-builder-workspace/Sources/SwiftApiAdapter/Loader.swift:97:24: error: 'LanguageModelSession' is only available in watchOS 27.0 or newer
85 |
86 | @available(iOS 26.0, macOS 26.0, visionOS 26.0, *)
87 | struct FoundationModelsGenerator {
| `- note: add '@available' attribute to enclosing struct
88 | static func generate(prompt: String,
| `- note: add '@available' attribute to enclosing static method
89 | instructions: String? = nil,
90 | temperature: Double? = nil,
:
95 | let session: LanguageModelSession = {
96 | if let instructions, !instructions.isEmpty {
97 | return LanguageModelSession(instructions: instructions)
| |- error: 'LanguageModelSession' is only available in watchOS 27.0 or newer
| `- note: add 'if #available' version check
98 | } else {
99 | return LanguageModelSession()
/Users/admin/builder/spi-builder-workspace/Sources/SwiftApiAdapter/Loader.swift:97:24: error: 'init(model:tools:instructions:)' is unavailable in watchOS
95 | let session: LanguageModelSession = {
96 | if let instructions, !instructions.isEmpty {
97 | return LanguageModelSession(instructions: instructions)
| `- error: 'init(model:tools:instructions:)' is unavailable in watchOS
98 | } else {
99 | return LanguageModelSession()
FoundationModels.LanguageModelSession.init:2:20: note: 'init(model:tools:instructions:)' has been explicitly marked unavailable here
1 | class LanguageModelSession {
2 | public convenience init(model: SystemLanguageModel = .default, tools: [any Tool] = [], instructions: String? = nil)}
| `- note: 'init(model:tools:instructions:)' has been explicitly marked unavailable here
3 |
/Users/admin/builder/spi-builder-workspace/Sources/SwiftApiAdapter/Loader.swift:99:24: error: 'LanguageModelSession' is only available in watchOS 27.0 or newer
85 |
86 | @available(iOS 26.0, macOS 26.0, visionOS 26.0, *)
87 | struct FoundationModelsGenerator {
| `- note: add '@available' attribute to enclosing struct
88 | static func generate(prompt: String,
| `- note: add '@available' attribute to enclosing static method
89 | instructions: String? = nil,
90 | temperature: Double? = nil,
:
97 | return LanguageModelSession(instructions: instructions)
98 | } else {
99 | return LanguageModelSession()
| |- error: 'LanguageModelSession' is only available in watchOS 27.0 or newer
| `- note: add 'if #available' version check
100 | }
101 | }()
/Users/admin/builder/spi-builder-workspace/Sources/SwiftApiAdapter/Loader.swift:99:24: error: 'init(model:tools:instructions:)' is unavailable in watchOS
97 | return LanguageModelSession(instructions: instructions)
98 | } else {
99 | return LanguageModelSession()
| `- error: 'init(model:tools:instructions:)' is unavailable in watchOS
100 | }
101 | }()
FoundationModels.LanguageModelSession.init:2:20: note: 'init(model:tools:instructions:)' has been explicitly marked unavailable here
1 | class LanguageModelSession {
2 | public convenience init(model: SystemLanguageModel = .default, tools: [any Tool] = [], instructions: Instructions? = nil)}
| `- note: 'init(model:tools:instructions:)' has been explicitly marked unavailable here
3 |
/Users/admin/builder/spi-builder-workspace/Sources/SwiftApiAdapter/Loader.swift:104:20: error: 'GenerationOptions' is only available in watchOS 27.0 or newer
85 |
86 | @available(iOS 26.0, macOS 26.0, visionOS 26.0, *)
87 | struct FoundationModelsGenerator {
| `- note: add '@available' attribute to enclosing struct
88 | static func generate(prompt: String,
| `- note: add '@available' attribute to enclosing static method
89 | instructions: String? = nil,
90 | temperature: Double? = nil,
:
102 |
103 | // Prepare generation options (all are optional)
104 | var opts = GenerationOptions()
| |- error: 'GenerationOptions' is only available in watchOS 27.0 or newer
| `- note: add 'if #available' version check
105 | if let temperature { opts.temperature = temperature }
106 | if let maxTokens { opts.maximumResponseTokens = maxTokens }
/Users/admin/builder/spi-builder-workspace/Sources/SwiftApiAdapter/Loader.swift:104:20: error: 'init(samplingMode:temperature:maximumResponseTokens:)' is only available in watchOS 27.0 or newer
85 |
86 | @available(iOS 26.0, macOS 26.0, visionOS 26.0, *)
87 | struct FoundationModelsGenerator {
| `- note: add '@available' attribute to enclosing struct
88 | static func generate(prompt: String,
| `- note: add '@available' attribute to enclosing static method
89 | instructions: String? = nil,
90 | temperature: Double? = nil,
:
102 |
103 | // Prepare generation options (all are optional)
104 | var opts = GenerationOptions()
| |- error: 'init(samplingMode:temperature:maximumResponseTokens:)' is only available in watchOS 27.0 or newer
| `- note: add 'if #available' version check
105 | if let temperature { opts.temperature = temperature }
106 | if let maxTokens { opts.maximumResponseTokens = maxTokens }
/Users/admin/builder/spi-builder-workspace/Sources/SwiftApiAdapter/Loader.swift:105:35: error: 'temperature' is only available in watchOS 27.0 or newer
85 |
86 | @available(iOS 26.0, macOS 26.0, visionOS 26.0, *)
87 | struct FoundationModelsGenerator {
| `- note: add '@available' attribute to enclosing struct
88 | static func generate(prompt: String,
| `- note: add '@available' attribute to enclosing static method
89 | instructions: String? = nil,
90 | temperature: Double? = nil,
:
103 | // Prepare generation options (all are optional)
104 | var opts = GenerationOptions()
105 | if let temperature { opts.temperature = temperature }
| |- error: 'temperature' is only available in watchOS 27.0 or newer
| `- note: add 'if #available' version check
106 | if let maxTokens { opts.maximumResponseTokens = maxTokens }
107 |
/Users/admin/builder/spi-builder-workspace/Sources/SwiftApiAdapter/Loader.swift:106:35: error: 'maximumResponseTokens' is only available in watchOS 27.0 or newer
85 |
86 | @available(iOS 26.0, macOS 26.0, visionOS 26.0, *)
87 | struct FoundationModelsGenerator {
| `- note: add '@available' attribute to enclosing struct
88 | static func generate(prompt: String,
| `- note: add '@available' attribute to enclosing static method
89 | instructions: String? = nil,
90 | temperature: Double? = nil,
:
104 | var opts = GenerationOptions()
105 | if let temperature { opts.temperature = temperature }
106 | if let maxTokens { opts.maximumResponseTokens = maxTokens }
| |- error: 'maximumResponseTokens' is only available in watchOS 27.0 or newer
| `- note: add 'if #available' version check
107 |
108 | // Ask the model
/Users/admin/builder/spi-builder-workspace/Sources/SwiftApiAdapter/Loader.swift:109:42: error: 'respond(to:options:)' is only available in watchOS 27.0 or newer
85 |
86 | @available(iOS 26.0, macOS 26.0, visionOS 26.0, *)
87 | struct FoundationModelsGenerator {
| `- note: add '@available' attribute to enclosing struct
88 | static func generate(prompt: String,
| `- note: add '@available' attribute to enclosing static method
89 | instructions: String? = nil,
90 | temperature: Double? = nil,
:
107 |
108 | // Ask the model
109 | let response = try await session.respond(to: prompt, options: opts)
| |- error: 'respond(to:options:)' is only available in watchOS 27.0 or newer
| `- note: add 'if #available' version check
110 | return response.content
111 | #else
/Users/admin/builder/spi-builder-workspace/Sources/SwiftApiAdapter/Loader.swift:109:13: warning: conformance of 'String' to 'Generable' is only available in watchOS 27.0 or newer; this is an error in the Swift 6 language mode
85 |
86 | @available(iOS 26.0, macOS 26.0, visionOS 26.0, *)
87 | struct FoundationModelsGenerator {
| `- note: add '@available' attribute to enclosing struct
88 | static func generate(prompt: String,
| `- note: add '@available' attribute to enclosing static method
89 | instructions: String? = nil,
90 | temperature: Double? = nil,
:
107 |
108 | // Ask the model
109 | let response = try await session.respond(to: prompt, options: opts)
| |- warning: conformance of 'String' to 'Generable' is only available in watchOS 27.0 or newer; this is an error in the Swift 6 language mode
| `- note: add 'if #available' version check
110 | return response.content
111 | #else
/Users/admin/builder/spi-builder-workspace/Sources/SwiftApiAdapter/Loader.swift:110:25: warning: conformance of 'String' to 'Generable' is only available in watchOS 27.0 or newer; this is an error in the Swift 6 language mode
85 |
86 | @available(iOS 26.0, macOS 26.0, visionOS 26.0, *)
87 | struct FoundationModelsGenerator {
| `- note: add '@available' attribute to enclosing struct
88 | static func generate(prompt: String,
| `- note: add '@available' attribute to enclosing static method
89 | instructions: String? = nil,
90 | temperature: Double? = nil,
:
108 | // Ask the model
109 | let response = try await session.respond(to: prompt, options: opts)
110 | return response.content
| |- warning: conformance of 'String' to 'Generable' is only available in watchOS 27.0 or newer; this is an error in the Swift 6 language mode
| `- note: add 'if #available' version check
111 | #else
112 | throw FoundationModelsGeneratorError.osTooOld
Failed frontend command:
/Applications/Xcode-27.0.0-Release.Candidate.app/Contents/Developer/Toolchains/XcodeDefault.xctoolchain/usr/bin/swift-frontend -frontend -c /Users/admin/builder/spi-builder-workspace/Sources/SwiftApiAdapter/Connector.swift -primary-file /Users/admin/builder/spi-builder-workspace/Sources/SwiftApiAdapter/Loader.swift /Users/admin/builder/spi-builder-workspace/Sources/SwiftApiAdapter/Model.swift /Users/admin/builder/spi-builder-workspace/Sources/SwiftApiAdapter/Tools.swift -emit-dependencies-path /Users/admin/builder/spi-builder-workspace/.derivedData/Build/Intermediates.noindex/SwiftApiAdapter.build/Debug-watchos/SwiftApiAdapter-t.build/Objects-normal/arm64_32/Loader.d -emit-const-values-path /Users/admin/builder/spi-builder-workspace/.derivedData/Build/Intermediates.noindex/SwiftApiAdapter.build/Debug-watchos/SwiftApiAdapter-t.build/Objects-normal/arm64_32/Loader.swiftconstvalues -emit-reference-dependencies-path /Users/admin/builder/spi-builder-workspace/.derivedData/Build/Intermediates.noindex/SwiftApiAdapter.build/Debug-watchos/SwiftApiAdapter-t.build/Objects-normal/arm64_32/Loader.swiftdeps -serialize-diagnostics-path /Users/admin/builder/spi-builder-workspace/.derivedData/Build/Intermediates.noindex/SwiftApiAdapter.build/Debug-watchos/SwiftApiAdapter-t.build/Objects-normal/arm64_32/Loader.dia -target arm64_32-apple-watchos9.0 -module-can-import-version FoundationModels 2.0.68.1 0 -module-can-import-version UIKit 9127.0.84.1 9127.0.84 -disable-cross-import-overlay-search -load-resolved-plugin /Applications/Xcode-27.0.0-Release.Candidate.app/Contents/Developer/Platforms/WatchOS.platform/Developer/usr/lib/swift/host/plugins/libFoundationMacros.dylib\#/Applications/Xcode-27.0.0-Release.Candidate.app/Contents/Developer/Platforms/WatchOS.platform/Developer/usr/bin/swift-plugin-server\#FoundationMacros -load-resolved-plugin /Applications/Xcode-27.0.0-Release.Candidate.app/Contents/Developer/Platforms/WatchOS.platform/Developer/usr/lib/swift/host/plugins/libFoundationModelsMacros.dylib\#/Applications/Xcode-27.0.0-Release.Candidate.app/Contents/Developer/Platforms/WatchOS.platform/Developer/usr/bin/swift-plugin-server\#FoundationModelsMacros -load-resolved-plugin /Applications/Xcode-27.0.0-Release.Candidate.app/Contents/Developer/Platforms/WatchOS.platform/Developer/usr/lib/swift/host/plugins/libObservationMacros.dylib\#/Applications/Xcode-27.0.0-Release.Candidate.app/Contents/Developer/Platforms/WatchOS.platform/Developer/usr/bin/swift-plugin-server\#ObservationMacros -load-resolved-plugin /Applications/Xcode-27.0.0-Release.Candidate.app/Contents/Developer/Platforms/WatchOS.platform/Developer/usr/lib/swift/host/plugins/libSwiftMacros.dylib\#/Applications/Xcode-27.0.0-Release.Candidate.app/Contents/Developer/Platforms/WatchOS.platform/Developer/usr/bin/swift-plugin-server\#SwiftMacros -load-resolved-plugin /Applications/Xcode-27.0.0-Release.Candidate.app/Contents/Developer/Platforms/WatchOS.platform/Developer/usr/lib/swift/host/plugins/libSwiftUIMacros.dylib\#/Applications/Xcode-27.0.0-Release.Candidate.app/Contents/Developer/Platforms/WatchOS.platform/Developer/usr/bin/swift-plugin-server\#SwiftUIMacros -disable-implicit-swift-modules -Xcc -fno-implicit-modules -Xcc -fno-implicit-module-maps -explicit-swift-module-map-file /Users/admin/builder/spi-builder-workspace/.derivedData/Build/Intermediates.noindex/SwiftApiAdapter.build/Debug-watchos/SwiftApiAdapter-t.build/Objects-normal/arm64_32/SwiftApiAdapter-dependencies-1.json -enable-objc-interop -sdk /Applications/Xcode-27.0.0-Release.Candidate.app/Contents/Developer/Platforms/WatchOS.platform/Developer/SDKs/WatchOS27.0.sdk -I /Users/admin/builder/spi-builder-workspace/.derivedData/Build/Products/Debug-watchos -Isystem /Applications/Xcode-27.0.0-Release.Candidate.app/Contents/Developer/Platforms/WatchOS.platform/Developer/usr/lib -F /Users/admin/builder/spi-builder-workspace/.derivedData/Build/Products/Debug-watchos/PackageFrameworks -F /Users/admin/builder/spi-builder-workspace/.derivedData/Build/Products/Debug-watchos -F /Applications/Xcode-27.0.0-Release.Candidate.app/Contents/Developer/Platforms/WatchOS.platform/Developer/Library/Frameworks -F /Applications/Xcode-27.0.0-Release.Candidate.app/Contents/Developer/Platforms/WatchOS.platform/Developer/SDKs/WatchOS27.0.sdk/Developer/Library/Frameworks -module-cache-path /Users/admin/builder/spi-builder-workspace/.derivedData/Build/Intermediates.noindex/SwiftExplicitPrecompiledModules -no-color-diagnostics -Xcc -fno-color-diagnostics -enable-testing -g -debug-info-format\=dwarf -dwarf-version\=4 -profile-generate -profile-coverage-mapping -swift-version 5 -Onone -D SWIFT_PACKAGE -D DEBUG -D SWIFT_MODULE_RESOURCE_BUNDLE_UNAVAILABLE -D Xcode -serialize-debugging-options -enable-experimental-feature DebugDescriptionMacro -empty-abi-descriptor -validate-clang-modules-once -clang-build-session-file /Users/admin/builder/spi-builder-workspace/.derivedData/ModuleCache.noindex/Session.modulevalidation -Xcc -working-directory -Xcc /Users/admin/builder/spi-builder-workspace/.swiftpm/xcode -enable-anonymous-context-mangled-names -file-compilation-dir /Users/admin/builder/spi-builder-workspace/.swiftpm/xcode -Xcc -D_LIBCPP_HARDENING_MODE\=_LIBCPP_HARDENING_MODE_DEBUG -Xcc -ivfsstatcache -Xcc /Users/admin/builder/spi-builder-workspace/.derivedData/SDKStatCaches.noindex/watchos27.0-24R360-e829b21a6f8c9b70876ba0858053c04477534ef55a1706bf4c1112bbb242f0a2.sdkstatcache -Xcc -fmodules-prune-interval\=86400 -Xcc -fmodules-prune-after\=345600 -Xcc -I/Users/admin/builder/spi-builder-workspace/.derivedData/Build/Products/Debug-watchos/include -Xcc -I/Users/admin/builder/spi-builder-workspace/.derivedData/Build/Intermediates.noindex/SwiftApiAdapter.build/Debug-watchos/SwiftApiAdapter-t.build/DerivedSources-normal/arm64_32 -Xcc -I/Users/admin/builder/spi-builder-workspace/.derivedData/Build/Intermediates.noindex/SwiftApiAdapter.build/Debug-watchos/SwiftApiAdapter-t.build/DerivedSources/arm64_32 -Xcc -I/Users/admin/builder/spi-builder-workspace/.derivedData/Build/Intermediates.noindex/SwiftApiAdapter.build/Debug-watchos/SwiftApiAdapter-t.build/DerivedSources -Xcc -DSWIFT_PACKAGE -Xcc -DDEBUG\=1 -no-auto-bridging-header-chaining -module-name SwiftApiAdapter -package-name spi_builder_workspace -const-gather-protocols-file /Users/admin/builder/spi-builder-workspace/.derivedData/Build/Intermediates.noindex/SwiftApiAdapter.build/Debug-watchos/SwiftApiAdapter-t.build/Objects-normal/arm64_32/SwiftApiAdapter_const_extract_protocols.json -disable-clang-spi -clang-target arm64_32-apple-watchos27.0 -target-sdk-version 27.0 -target-sdk-name watchos27.0 -in-process-plugin-server-path /Applications/Xcode-27.0.0-Release.Candidate.app/Contents/Developer/Toolchains/XcodeDefault.xctoolchain/usr/lib/swift/host/libSwiftInProcPluginServer.dylib -parse-as-library -o /Users/admin/builder/spi-builder-workspace/.derivedData/Build/Intermediates.noindex/SwiftApiAdapter.build/Debug-watchos/SwiftApiAdapter-t.build/Objects-normal/arm64_32/Loader.o -debug-module-path /Users/admin/builder/spi-builder-workspace/.derivedData/Build/Intermediates.noindex/SwiftApiAdapter.build/Debug-watchos/SwiftApiAdapter-t.build/Objects-normal/arm64_32/SwiftApiAdapter.swiftmodule -index-unit-output-path /SwiftApiAdapter.build/Debug-watchos/SwiftApiAdapter-t.build/Objects-normal/arm64_32/Loader.o -index-store-path /Users/admin/builder/spi-builder-workspace/.derivedData/Index.noindex/DataStore -index-system-modules
SwiftCompile normal arm64_32 /Users/admin/builder/spi-builder-workspace/Sources/SwiftApiAdapter/Loader.swift (in target 'SwiftApiAdapter' from project 'SwiftApiAdapter')
cd /Users/admin/builder/spi-builder-workspace/.swiftpm/xcode
builtin-SwiftPerFileCompile Loader.swift
SwiftCompile normal arm64_32 Compiling\ Tools.swift /Users/admin/builder/spi-builder-workspace/Sources/SwiftApiAdapter/Tools.swift (in target 'SwiftApiAdapter' from project 'SwiftApiAdapter')
SwiftCompile normal arm64_32 /Users/admin/builder/spi-builder-workspace/Sources/SwiftApiAdapter/Tools.swift (in target 'SwiftApiAdapter' from project 'SwiftApiAdapter')
cd /Users/admin/builder/spi-builder-workspace/.swiftpm/xcode
builtin-SwiftPerFileCompile Tools.swift
SwiftCompile normal arm64_32 Compiling\ Model.swift /Users/admin/builder/spi-builder-workspace/Sources/SwiftApiAdapter/Model.swift (in target 'SwiftApiAdapter' from project 'SwiftApiAdapter')
SwiftCompile normal arm64_32 /Users/admin/builder/spi-builder-workspace/Sources/SwiftApiAdapter/Model.swift (in target 'SwiftApiAdapter' from project 'SwiftApiAdapter')
cd /Users/admin/builder/spi-builder-workspace/.swiftpm/xcode
builtin-SwiftPerFileCompile Model.swift
SwiftCompile normal arm64_32 Compiling\ Connector.swift /Users/admin/builder/spi-builder-workspace/Sources/SwiftApiAdapter/Connector.swift (in target 'SwiftApiAdapter' from project 'SwiftApiAdapter')
SwiftCompile normal arm64_32 /Users/admin/builder/spi-builder-workspace/Sources/SwiftApiAdapter/Connector.swift (in target 'SwiftApiAdapter' from project 'SwiftApiAdapter')
cd /Users/admin/builder/spi-builder-workspace/.swiftpm/xcode
builtin-SwiftPerFileCompile Connector.swift
SwiftEmitModule normal arm64_32 Emitting\ module\ for\ SwiftApiAdapter (in target 'SwiftApiAdapter' from project 'SwiftApiAdapter')
SwiftCompile normal arm64_32 (in target 'SwiftApiAdapter' from project 'SwiftApiAdapter')
cd /Users/admin/builder/spi-builder-workspace/.swiftpm/xcode
SwiftDriverJobDiscovery normal arm64 Compiling Tools.swift (in target 'SwiftApiAdapter' from project 'SwiftApiAdapter')
SwiftDriverJobDiscovery normal arm64_32 Compiling Tools.swift (in target 'SwiftApiAdapter' from project 'SwiftApiAdapter')
SwiftDriverJobDiscovery normal arm64 Emitting module for SwiftApiAdapter (in target 'SwiftApiAdapter' from project 'SwiftApiAdapter')
SwiftDriver\ Compilation\ Requirements SwiftApiAdapter normal arm64 com.apple.xcode.tools.swift.compiler (in target 'SwiftApiAdapter' from project 'SwiftApiAdapter')
cd /Users/admin/builder/spi-builder-workspace/.swiftpm/xcode
builtin-Swift-Compilation-Requirements -- /Applications/Xcode-27.0.0-Release.Candidate.app/Contents/Developer/Toolchains/XcodeDefault.xctoolchain/usr/bin/swiftc -parse-as-library -module-name SwiftApiAdapter -Onone @/Users/admin/builder/spi-builder-workspace/.derivedData/Build/Intermediates.noindex/SwiftApiAdapter.build/Debug-watchos/SwiftApiAdapter-t.build/Objects-normal/arm64/SwiftApiAdapter.SwiftFileList -DSWIFT_PACKAGE -DDEBUG -DSWIFT_MODULE_RESOURCE_BUNDLE_UNAVAILABLE -DXcode -plugin-path /Applications/Xcode-27.0.0-Release.Candidate.app/Contents/Developer/Toolchains/XcodeDefault.xctoolchain/usr/lib/swift/host/plugins/testing -enable-experimental-feature DebugDescriptionMacro -sdk /Applications/Xcode-27.0.0-Release.Candidate.app/Contents/Developer/Platforms/WatchOS.platform/Developer/SDKs/WatchOS27.0.sdk -target arm64-apple-watchos9.0 -g -module-cache-path /Users/admin/builder/spi-builder-workspace/.derivedData/ModuleCache.noindex -Xfrontend -serialize-debugging-options -profile-coverage-mapping -profile-generate -enable-testing -index-store-path /Users/admin/builder/spi-builder-workspace/.derivedData/Index.noindex/DataStore -Xcc -D_LIBCPP_HARDENING_MODE\=_LIBCPP_HARDENING_MODE_DEBUG -swift-version 5 -I /Users/admin/builder/spi-builder-workspace/.derivedData/Build/Products/Debug-watchos -Isystem /Applications/Xcode-27.0.0-Release.Candidate.app/Contents/Developer/Platforms/WatchOS.platform/Developer/usr/lib -F /Users/admin/builder/spi-builder-workspace/.derivedData/Build/Products/Debug-watchos/PackageFrameworks -F /Users/admin/builder/spi-builder-workspace/.derivedData/Build/Products/Debug-watchos -F /Applications/Xcode-27.0.0-Release.Candidate.app/Contents/Developer/Platforms/WatchOS.platform/Developer/Library/Frameworks -F /Applications/Xcode-27.0.0-Release.Candidate.app/Contents/Developer/Platforms/WatchOS.platform/Developer/SDKs/WatchOS27.0.sdk/Developer/Library/Frameworks -c -j10 -enable-batch-mode -incremental -Xcc -ivfsstatcache -Xcc /Users/admin/builder/spi-builder-workspace/.derivedData/SDKStatCaches.noindex/watchos27.0-24R360-e829b21a6f8c9b70876ba0858053c04477534ef55a1706bf4c1112bbb242f0a2.sdkstatcache -output-file-map /Users/admin/builder/spi-builder-workspace/.derivedData/Build/Intermediates.noindex/SwiftApiAdapter.build/Debug-watchos/SwiftApiAdapter-t.build/Objects-normal/arm64/SwiftApiAdapter-OutputFileMap.json -save-temps -no-color-diagnostics -explicit-module-build -module-cache-path /Users/admin/builder/spi-builder-workspace/.derivedData/Build/Intermediates.noindex/SwiftExplicitPrecompiledModules -clang-scanner-module-cache-path /Users/admin/builder/spi-builder-workspace/.derivedData/ModuleCache.noindex -sdk-module-cache-path /Users/admin/builder/spi-builder-workspace/.derivedData/SDKExplicitPrecompiledModules -emit-dependencies -emit-module -emit-module-path /Users/admin/builder/spi-builder-workspace/.derivedData/Build/Intermediates.noindex/SwiftApiAdapter.build/Debug-watchos/SwiftApiAdapter-t.build/Objects-normal/arm64/SwiftApiAdapter.swiftmodule -serialize-diagnostics -dependency-scan-serialize-diagnostics-path /Users/admin/builder/spi-builder-workspace/.derivedData/Build/Intermediates.noindex/SwiftApiAdapter.build/Debug-watchos/SwiftApiAdapter-t.build/Objects-normal/arm64/SwiftApiAdapter-dependency-scan.dia -validate-clang-modules-once -clang-build-session-file /Users/admin/builder/spi-builder-workspace/.derivedData/ModuleCache.noindex/Session.modulevalidation -Xcc -fmodules-prune-interval\=86400 -Xcc -fmodules-prune-after\=345600 -package-name spi_builder_workspace -emit-const-values -const-gather-protocols-list /Users/admin/builder/spi-builder-workspace/.derivedData/Build/Intermediates.noindex/SwiftApiAdapter.build/Debug-watchos/SwiftApiAdapter-t.build/Objects-normal/arm64/SwiftApiAdapter_const_extract_protocols.json -Xcc -I/Users/admin/builder/spi-builder-workspace/.derivedData/Build/Products/Debug-watchos/include -Xcc -I/Users/admin/builder/spi-builder-workspace/.derivedData/Build/Intermediates.noindex/SwiftApiAdapter.build/Debug-watchos/SwiftApiAdapter-t.build/DerivedSources-normal/arm64 -Xcc -I/Users/admin/builder/spi-builder-workspace/.derivedData/Build/Intermediates.noindex/SwiftApiAdapter.build/Debug-watchos/SwiftApiAdapter-t.build/DerivedSources/arm64 -Xcc -I/Users/admin/builder/spi-builder-workspace/.derivedData/Build/Intermediates.noindex/SwiftApiAdapter.build/Debug-watchos/SwiftApiAdapter-t.build/DerivedSources -Xcc -DSWIFT_PACKAGE -Xcc -DDEBUG\=1 -emit-objc-header -emit-objc-header-path /Users/admin/builder/spi-builder-workspace/.derivedData/Build/Intermediates.noindex/SwiftApiAdapter.build/Debug-watchos/SwiftApiAdapter-t.build/Objects-normal/arm64/SwiftApiAdapter-Swift.h -working-directory /Users/admin/builder/spi-builder-workspace/.swiftpm/xcode -experimental-emit-module-separately -disable-cmo
Copy /Users/admin/builder/spi-builder-workspace/.derivedData/Build/Products/Debug-watchos/SwiftApiAdapter.swiftmodule/arm64-apple-watchos.swiftdoc /Users/admin/builder/spi-builder-workspace/.derivedData/Build/Intermediates.noindex/SwiftApiAdapter.build/Debug-watchos/SwiftApiAdapter-t.build/Objects-normal/arm64/SwiftApiAdapter.swiftdoc (in target 'SwiftApiAdapter' from project 'SwiftApiAdapter')
cd /Users/admin/builder/spi-builder-workspace
builtin-copy -exclude .DS_Store -exclude CVS -exclude .svn -exclude .git -exclude .hg -resolve-src-symlinks -rename /Users/admin/builder/spi-builder-workspace/.derivedData/Build/Intermediates.noindex/SwiftApiAdapter.build/Debug-watchos/SwiftApiAdapter-t.build/Objects-normal/arm64/SwiftApiAdapter.swiftdoc /Users/admin/builder/spi-builder-workspace/.derivedData/Build/Products/Debug-watchos/SwiftApiAdapter.swiftmodule/arm64-apple-watchos.swiftdoc
Copy /Users/admin/builder/spi-builder-workspace/.derivedData/Build/Products/Debug-watchos/SwiftApiAdapter.swiftmodule/arm64-apple-watchos.swiftmodule /Users/admin/builder/spi-builder-workspace/.derivedData/Build/Intermediates.noindex/SwiftApiAdapter.build/Debug-watchos/SwiftApiAdapter-t.build/Objects-normal/arm64/SwiftApiAdapter.swiftmodule (in target 'SwiftApiAdapter' from project 'SwiftApiAdapter')
cd /Users/admin/builder/spi-builder-workspace
builtin-copy -exclude .DS_Store -exclude CVS -exclude .svn -exclude .git -exclude .hg -resolve-src-symlinks -rename /Users/admin/builder/spi-builder-workspace/.derivedData/Build/Intermediates.noindex/SwiftApiAdapter.build/Debug-watchos/SwiftApiAdapter-t.build/Objects-normal/arm64/SwiftApiAdapter.swiftmodule /Users/admin/builder/spi-builder-workspace/.derivedData/Build/Products/Debug-watchos/SwiftApiAdapter.swiftmodule/arm64-apple-watchos.swiftmodule
Copy /Users/admin/builder/spi-builder-workspace/.derivedData/Build/Products/Debug-watchos/SwiftApiAdapter.swiftmodule/arm64-apple-watchos.abi.json /Users/admin/builder/spi-builder-workspace/.derivedData/Build/Intermediates.noindex/SwiftApiAdapter.build/Debug-watchos/SwiftApiAdapter-t.build/Objects-normal/arm64/SwiftApiAdapter.abi.json (in target 'SwiftApiAdapter' from project 'SwiftApiAdapter')
cd /Users/admin/builder/spi-builder-workspace
builtin-copy -exclude .DS_Store -exclude CVS -exclude .svn -exclude .git -exclude .hg -resolve-src-symlinks -rename /Users/admin/builder/spi-builder-workspace/.derivedData/Build/Intermediates.noindex/SwiftApiAdapter.build/Debug-watchos/SwiftApiAdapter-t.build/Objects-normal/arm64/SwiftApiAdapter.abi.json /Users/admin/builder/spi-builder-workspace/.derivedData/Build/Products/Debug-watchos/SwiftApiAdapter.swiftmodule/arm64-apple-watchos.abi.json
Copy /Users/admin/builder/spi-builder-workspace/.derivedData/Build/Products/Debug-watchos/SwiftApiAdapter.swiftmodule/Project/arm64-apple-watchos.swiftsourceinfo /Users/admin/builder/spi-builder-workspace/.derivedData/Build/Intermediates.noindex/SwiftApiAdapter.build/Debug-watchos/SwiftApiAdapter-t.build/Objects-normal/arm64/SwiftApiAdapter.swiftsourceinfo (in target 'SwiftApiAdapter' from project 'SwiftApiAdapter')
cd /Users/admin/builder/spi-builder-workspace
builtin-copy -exclude .DS_Store -exclude CVS -exclude .svn -exclude .git -exclude .hg -resolve-src-symlinks -rename /Users/admin/builder/spi-builder-workspace/.derivedData/Build/Intermediates.noindex/SwiftApiAdapter.build/Debug-watchos/SwiftApiAdapter-t.build/Objects-normal/arm64/SwiftApiAdapter.swiftsourceinfo /Users/admin/builder/spi-builder-workspace/.derivedData/Build/Products/Debug-watchos/SwiftApiAdapter.swiftmodule/Project/arm64-apple-watchos.swiftsourceinfo
SwiftDriverJobDiscovery normal arm64_32 Emitting module for SwiftApiAdapter (in target 'SwiftApiAdapter' from project 'SwiftApiAdapter')
SwiftDriver\ Compilation\ Requirements SwiftApiAdapter normal arm64_32 com.apple.xcode.tools.swift.compiler (in target 'SwiftApiAdapter' from project 'SwiftApiAdapter')
cd /Users/admin/builder/spi-builder-workspace/.swiftpm/xcode
builtin-Swift-Compilation-Requirements -- /Applications/Xcode-27.0.0-Release.Candidate.app/Contents/Developer/Toolchains/XcodeDefault.xctoolchain/usr/bin/swiftc -parse-as-library -module-name SwiftApiAdapter -Onone @/Users/admin/builder/spi-builder-workspace/.derivedData/Build/Intermediates.noindex/SwiftApiAdapter.build/Debug-watchos/SwiftApiAdapter-t.build/Objects-normal/arm64_32/SwiftApiAdapter.SwiftFileList -DSWIFT_PACKAGE -DDEBUG -DSWIFT_MODULE_RESOURCE_BUNDLE_UNAVAILABLE -DXcode -plugin-path /Applications/Xcode-27.0.0-Release.Candidate.app/Contents/Developer/Toolchains/XcodeDefault.xctoolchain/usr/lib/swift/host/plugins/testing -enable-experimental-feature DebugDescriptionMacro -sdk /Applications/Xcode-27.0.0-Release.Candidate.app/Contents/Developer/Platforms/WatchOS.platform/Developer/SDKs/WatchOS27.0.sdk -target arm64_32-apple-watchos9.0 -g -module-cache-path /Users/admin/builder/spi-builder-workspace/.derivedData/ModuleCache.noindex -Xfrontend -serialize-debugging-options -profile-coverage-mapping -profile-generate -enable-testing -index-store-path /Users/admin/builder/spi-builder-workspace/.derivedData/Index.noindex/DataStore -Xcc -D_LIBCPP_HARDENING_MODE\=_LIBCPP_HARDENING_MODE_DEBUG -swift-version 5 -I /Users/admin/builder/spi-builder-workspace/.derivedData/Build/Products/Debug-watchos -Isystem /Applications/Xcode-27.0.0-Release.Candidate.app/Contents/Developer/Platforms/WatchOS.platform/Developer/usr/lib -F /Users/admin/builder/spi-builder-workspace/.derivedData/Build/Products/Debug-watchos/PackageFrameworks -F /Users/admin/builder/spi-builder-workspace/.derivedData/Build/Products/Debug-watchos -F /Applications/Xcode-27.0.0-Release.Candidate.app/Contents/Developer/Platforms/WatchOS.platform/Developer/Library/Frameworks -F /Applications/Xcode-27.0.0-Release.Candidate.app/Contents/Developer/Platforms/WatchOS.platform/Developer/SDKs/WatchOS27.0.sdk/Developer/Library/Frameworks -c -j10 -enable-batch-mode -incremental -Xcc -ivfsstatcache -Xcc /Users/admin/builder/spi-builder-workspace/.derivedData/SDKStatCaches.noindex/watchos27.0-24R360-e829b21a6f8c9b70876ba0858053c04477534ef55a1706bf4c1112bbb242f0a2.sdkstatcache -output-file-map /Users/admin/builder/spi-builder-workspace/.derivedData/Build/Intermediates.noindex/SwiftApiAdapter.build/Debug-watchos/SwiftApiAdapter-t.build/Objects-normal/arm64_32/SwiftApiAdapter-OutputFileMap.json -save-temps -no-color-diagnostics -explicit-module-build -module-cache-path /Users/admin/builder/spi-builder-workspace/.derivedData/Build/Intermediates.noindex/SwiftExplicitPrecompiledModules -clang-scanner-module-cache-path /Users/admin/builder/spi-builder-workspace/.derivedData/ModuleCache.noindex -sdk-module-cache-path /Users/admin/builder/spi-builder-workspace/.derivedData/SDKExplicitPrecompiledModules -emit-dependencies -emit-module -emit-module-path /Users/admin/builder/spi-builder-workspace/.derivedData/Build/Intermediates.noindex/SwiftApiAdapter.build/Debug-watchos/SwiftApiAdapter-t.build/Objects-normal/arm64_32/SwiftApiAdapter.swiftmodule -serialize-diagnostics -dependency-scan-serialize-diagnostics-path /Users/admin/builder/spi-builder-workspace/.derivedData/Build/Intermediates.noindex/SwiftApiAdapter.build/Debug-watchos/SwiftApiAdapter-t.build/Objects-normal/arm64_32/SwiftApiAdapter-dependency-scan.dia -validate-clang-modules-once -clang-build-session-file /Users/admin/builder/spi-builder-workspace/.derivedData/ModuleCache.noindex/Session.modulevalidation -Xcc -fmodules-prune-interval\=86400 -Xcc -fmodules-prune-after\=345600 -package-name spi_builder_workspace -emit-const-values -const-gather-protocols-list /Users/admin/builder/spi-builder-workspace/.derivedData/Build/Intermediates.noindex/SwiftApiAdapter.build/Debug-watchos/SwiftApiAdapter-t.build/Objects-normal/arm64_32/SwiftApiAdapter_const_extract_protocols.json -Xcc -I/Users/admin/builder/spi-builder-workspace/.derivedData/Build/Products/Debug-watchos/include -Xcc -I/Users/admin/builder/spi-builder-workspace/.derivedData/Build/Intermediates.noindex/SwiftApiAdapter.build/Debug-watchos/SwiftApiAdapter-t.build/DerivedSources-normal/arm64_32 -Xcc -I/Users/admin/builder/spi-builder-workspace/.derivedData/Build/Intermediates.noindex/SwiftApiAdapter.build/Debug-watchos/SwiftApiAdapter-t.build/DerivedSources/arm64_32 -Xcc -I/Users/admin/builder/spi-builder-workspace/.derivedData/Build/Intermediates.noindex/SwiftApiAdapter.build/Debug-watchos/SwiftApiAdapter-t.build/DerivedSources -Xcc -DSWIFT_PACKAGE -Xcc -DDEBUG\=1 -emit-objc-header -emit-objc-header-path /Users/admin/builder/spi-builder-workspace/.derivedData/Build/Intermediates.noindex/SwiftApiAdapter.build/Debug-watchos/SwiftApiAdapter-t.build/Objects-normal/arm64_32/SwiftApiAdapter-Swift.h -working-directory /Users/admin/builder/spi-builder-workspace/.swiftpm/xcode -experimental-emit-module-separately -disable-cmo
SwiftMergeGeneratedHeaders /Users/admin/builder/spi-builder-workspace/.derivedData/Build/Intermediates.noindex/GeneratedModuleMaps-watchos/SwiftApiAdapter-Swift.h /Users/admin/builder/spi-builder-workspace/.derivedData/Build/Intermediates.noindex/SwiftApiAdapter.build/Debug-watchos/SwiftApiAdapter-t.build/Objects-normal/arm64/SwiftApiAdapter-Swift.h /Users/admin/builder/spi-builder-workspace/.derivedData/Build/Intermediates.noindex/SwiftApiAdapter.build/Debug-watchos/SwiftApiAdapter-t.build/Objects-normal/arm64_32/SwiftApiAdapter-Swift.h (in target 'SwiftApiAdapter' from project 'SwiftApiAdapter')
cd /Users/admin/builder/spi-builder-workspace
builtin-swiftHeaderTool -arch arm64 /Users/admin/builder/spi-builder-workspace/.derivedData/Build/Intermediates.noindex/SwiftApiAdapter.build/Debug-watchos/SwiftApiAdapter-t.build/Objects-normal/arm64/SwiftApiAdapter-Swift.h -arch arm64_32 /Users/admin/builder/spi-builder-workspace/.derivedData/Build/Intermediates.noindex/SwiftApiAdapter.build/Debug-watchos/SwiftApiAdapter-t.build/Objects-normal/arm64_32/SwiftApiAdapter-Swift.h -o /Users/admin/builder/spi-builder-workspace/.derivedData/Build/Intermediates.noindex/GeneratedModuleMaps-watchos/SwiftApiAdapter-Swift.h
Copy /Users/admin/builder/spi-builder-workspace/.derivedData/Build/Products/Debug-watchos/SwiftApiAdapter.swiftmodule/arm64_32-apple-watchos.swiftdoc /Users/admin/builder/spi-builder-workspace/.derivedData/Build/Intermediates.noindex/SwiftApiAdapter.build/Debug-watchos/SwiftApiAdapter-t.build/Objects-normal/arm64_32/SwiftApiAdapter.swiftdoc (in target 'SwiftApiAdapter' from project 'SwiftApiAdapter')
cd /Users/admin/builder/spi-builder-workspace
builtin-copy -exclude .DS_Store -exclude CVS -exclude .svn -exclude .git -exclude .hg -resolve-src-symlinks -rename /Users/admin/builder/spi-builder-workspace/.derivedData/Build/Intermediates.noindex/SwiftApiAdapter.build/Debug-watchos/SwiftApiAdapter-t.build/Objects-normal/arm64_32/SwiftApiAdapter.swiftdoc /Users/admin/builder/spi-builder-workspace/.derivedData/Build/Products/Debug-watchos/SwiftApiAdapter.swiftmodule/arm64_32-apple-watchos.swiftdoc
Copy /Users/admin/builder/spi-builder-workspace/.derivedData/Build/Products/Debug-watchos/SwiftApiAdapter.swiftmodule/arm64_32-apple-watchos.swiftmodule /Users/admin/builder/spi-builder-workspace/.derivedData/Build/Intermediates.noindex/SwiftApiAdapter.build/Debug-watchos/SwiftApiAdapter-t.build/Objects-normal/arm64_32/SwiftApiAdapter.swiftmodule (in target 'SwiftApiAdapter' from project 'SwiftApiAdapter')
cd /Users/admin/builder/spi-builder-workspace
builtin-copy -exclude .DS_Store -exclude CVS -exclude .svn -exclude .git -exclude .hg -resolve-src-symlinks -rename /Users/admin/builder/spi-builder-workspace/.derivedData/Build/Intermediates.noindex/SwiftApiAdapter.build/Debug-watchos/SwiftApiAdapter-t.build/Objects-normal/arm64_32/SwiftApiAdapter.swiftmodule /Users/admin/builder/spi-builder-workspace/.derivedData/Build/Products/Debug-watchos/SwiftApiAdapter.swiftmodule/arm64_32-apple-watchos.swiftmodule
Copy /Users/admin/builder/spi-builder-workspace/.derivedData/Build/Products/Debug-watchos/SwiftApiAdapter.swiftmodule/arm64_32-apple-watchos.abi.json /Users/admin/builder/spi-builder-workspace/.derivedData/Build/Intermediates.noindex/SwiftApiAdapter.build/Debug-watchos/SwiftApiAdapter-t.build/Objects-normal/arm64_32/SwiftApiAdapter.abi.json (in target 'SwiftApiAdapter' from project 'SwiftApiAdapter')
cd /Users/admin/builder/spi-builder-workspace
builtin-copy -exclude .DS_Store -exclude CVS -exclude .svn -exclude .git -exclude .hg -resolve-src-symlinks -rename /Users/admin/builder/spi-builder-workspace/.derivedData/Build/Intermediates.noindex/SwiftApiAdapter.build/Debug-watchos/SwiftApiAdapter-t.build/Objects-normal/arm64_32/SwiftApiAdapter.abi.json /Users/admin/builder/spi-builder-workspace/.derivedData/Build/Products/Debug-watchos/SwiftApiAdapter.swiftmodule/arm64_32-apple-watchos.abi.json
Copy /Users/admin/builder/spi-builder-workspace/.derivedData/Build/Products/Debug-watchos/SwiftApiAdapter.swiftmodule/Project/arm64_32-apple-watchos.swiftsourceinfo /Users/admin/builder/spi-builder-workspace/.derivedData/Build/Intermediates.noindex/SwiftApiAdapter.build/Debug-watchos/SwiftApiAdapter-t.build/Objects-normal/arm64_32/SwiftApiAdapter.swiftsourceinfo (in target 'SwiftApiAdapter' from project 'SwiftApiAdapter')
cd /Users/admin/builder/spi-builder-workspace
builtin-copy -exclude .DS_Store -exclude CVS -exclude .svn -exclude .git -exclude .hg -resolve-src-symlinks -rename /Users/admin/builder/spi-builder-workspace/.derivedData/Build/Intermediates.noindex/SwiftApiAdapter.build/Debug-watchos/SwiftApiAdapter-t.build/Objects-normal/arm64_32/SwiftApiAdapter.swiftsourceinfo /Users/admin/builder/spi-builder-workspace/.derivedData/Build/Products/Debug-watchos/SwiftApiAdapter.swiftmodule/Project/arm64_32-apple-watchos.swiftsourceinfo
SwiftDriverJobDiscovery normal arm64 Compiling Connector.swift (in target 'SwiftApiAdapter' from project 'SwiftApiAdapter')
SwiftDriverJobDiscovery normal arm64_32 Compiling Connector.swift (in target 'SwiftApiAdapter' from project 'SwiftApiAdapter')
SwiftDriverJobDiscovery normal arm64 Compiling Model.swift (in target 'SwiftApiAdapter' from project 'SwiftApiAdapter')
SwiftDriverJobDiscovery normal arm64_32 Compiling Model.swift (in target 'SwiftApiAdapter' from project 'SwiftApiAdapter')
PruneExplicitPrecompiledModules /Users/admin/builder/spi-builder-workspace/.derivedData/Build/Intermediates.noindex/ExplicitPrecompiledModules
PruneExplicitPrecompiledModules /Users/admin/builder/spi-builder-workspace/.derivedData/Build/Intermediates.noindex/SwiftExplicitPrecompiledModules
PruneExplicitPrecompiledModules /Users/admin/builder/spi-builder-workspace/.derivedData/SDKExplicitPrecompiledModules
2026-09-23 23:26:40.205 xcodebuild[722:4435] [MT] IDERunDestination: Supported platforms for the buildables in the current scheme is empty.
** BUILD FAILED **
The following build commands failed:
SwiftCompile normal arm64 /Users/admin/builder/spi-builder-workspace/Sources/SwiftApiAdapter/Loader.swift (in target 'SwiftApiAdapter' from project 'SwiftApiAdapter')
SwiftCompile normal arm64 Compiling\ Loader.swift /Users/admin/builder/spi-builder-workspace/Sources/SwiftApiAdapter/Loader.swift (in target 'SwiftApiAdapter' from project 'SwiftApiAdapter')
SwiftCompile normal arm64_32 Compiling\ Loader.swift /Users/admin/builder/spi-builder-workspace/Sources/SwiftApiAdapter/Loader.swift (in target 'SwiftApiAdapter' from project 'SwiftApiAdapter')
SwiftCompile normal arm64_32 /Users/admin/builder/spi-builder-workspace/Sources/SwiftApiAdapter/Loader.swift (in target 'SwiftApiAdapter' from project 'SwiftApiAdapter')
Building workspace SwiftApiAdapter with scheme SwiftApiAdapter
(5 failures)
Command line invocation:
/Applications/Xcode-27.0.0-Release.Candidate.app/Contents/Developer/usr/bin/xcodebuild -IDEClonedSourcePackagesDirPathOverride=/Users/admin/builder/spi-builder-workspace/.dependencies -resolvePackageDependencies
Resolve Package Graph
Resolved source packages:
SwiftApiAdapter: /Users/admin/builder/spi-builder-workspace
SwiftSoup: https://github.com/scinfu/SwiftSoup @ 2.13.9
SwiftyJSON: https://github.com/SwiftyJSON/SwiftyJSON @ 5.0.2
resolved source packages: SwiftApiAdapter, SwiftSoup, SwiftyJSON
2026-09-23 23:26:52.183 xcodebuild[960:5506] [MT] IDERunDestination: Supported platforms for the buildables in the current scheme is empty.
{
"dependencies" : [
{
"identity" : "swiftsoup",
"requirement" : {
"range" : [
{
"lower_bound" : "2.7.2",
"upper_bound" : "3.0.0"
}
]
},
"type" : "sourceControl",
"url" : "https://github.com/scinfu/SwiftSoup"
},
{
"identity" : "swiftyjson",
"requirement" : {
"range" : [
{
"lower_bound" : "5.0.2",
"upper_bound" : "6.0.0"
}
]
},
"type" : "sourceControl",
"url" : "https://github.com/SwiftyJSON/SwiftyJSON"
}
],
"manifest_display_name" : "SwiftApiAdapter",
"name" : "SwiftApiAdapter",
"path" : "/Users/admin/builder/spi-builder-workspace",
"platforms" : [
{
"name" : "macos",
"version" : "13.0"
},
{
"name" : "ios",
"version" : "16.0"
}
],
"products" : [
{
"name" : "SwiftApiAdapter",
"targets" : [
"SwiftApiAdapter"
],
"type" : {
"library" : [
"automatic"
]
}
}
],
"targets" : [
{
"c99name" : "SwiftApiAdapterTests",
"module_type" : "SwiftTarget",
"name" : "SwiftApiAdapterTests",
"path" : "Tests/SwiftApiAdapterTests",
"sources" : [
"ApiConnectorManagerTests.swift",
"ApiContentLoaderTests.swift",
"ApiContentTests.swift",
"ApiRequesterTests.swift",
"TestSupport.swift"
],
"target_dependencies" : [
"SwiftApiAdapter"
],
"type" : "test"
},
{
"c99name" : "SwiftApiAdapter",
"module_type" : "SwiftTarget",
"name" : "SwiftApiAdapter",
"path" : "Sources/SwiftApiAdapter",
"product_dependencies" : [
"SwiftSoup",
"SwiftyJSON"
],
"product_memberships" : [
"SwiftApiAdapter"
],
"sources" : [
"Connector.swift",
"Loader.swift",
"Model.swift",
"Tools.swift"
],
"type" : "library"
}
],
"tools_version" : "5.10"
}
{
"workspace" : {
"name" : "SwiftApiAdapter",
"schemes" : [
"SwiftApiAdapter"
]
}
}
2026-09-23 23:26:53.506 xcodebuild[968:5577] [MT] IDERunDestination: Supported platforms for the buildables in the current scheme is empty.
Running build ...
env DEVELOPER_DIR=/Applications/Xcode-27.0.0-Release.Candidate.app xcrun xcodebuild -IDEClonedSourcePackagesDirPathOverride=$PWD/.dependencies -skipMacroValidation -skipPackagePluginValidation -derivedDataPath $PWD/.derivedData build -scheme SwiftApiAdapter -destination generic/platform=watchOS
Command line invocation:
/Applications/Xcode-27.0.0-Release.Candidate.app/Contents/Developer/usr/bin/xcodebuild -IDEClonedSourcePackagesDirPathOverride=/Users/admin/builder/spi-builder-workspace/.dependencies -skipMacroValidation -skipPackagePluginValidation -derivedDataPath /Users/admin/builder/spi-builder-workspace/.derivedData build -scheme SwiftApiAdapter -destination generic/platform=watchOS
Resolve Package Graph
Resolved source packages:
SwiftApiAdapter: /Users/admin/builder/spi-builder-workspace
SwiftSoup: https://github.com/scinfu/SwiftSoup @ 2.13.9
SwiftyJSON: https://github.com/SwiftyJSON/SwiftyJSON @ 5.0.2
ComputePackagePrebuildTargetDependencyGraph
Prepare packages
CreateBuildRequest
SendProjectDescription
CreateBuildOperation
ComputeTargetDependencyGraph
note: Building targets in dependency order
note: Target dependency graph (7 targets)
Target 'SwiftApiAdapter-product' in project 'SwiftApiAdapter'
➜ Explicit dependency on target 'SwiftApiAdapter' in project 'SwiftApiAdapter'
➜ Explicit dependency on target 'SwiftSoup-product' in project 'SwiftSoup'
➜ Explicit dependency on target 'SwiftyJSON-product' in project 'SwiftyJSON'
Target 'SwiftApiAdapter' in project 'SwiftApiAdapter'
➜ Explicit dependency on target 'SwiftSoup-product' in project 'SwiftSoup'
➜ Explicit dependency on target 'SwiftyJSON-product' in project 'SwiftyJSON'
Target 'SwiftyJSON-product' in project 'SwiftyJSON'
➜ Explicit dependency on target 'SwiftyJSON' in project 'SwiftyJSON'
➜ Explicit dependency on target 'SwiftyJSON_SwiftyJSON' in project 'SwiftyJSON'
Target 'SwiftyJSON' in project 'SwiftyJSON'
➜ Explicit dependency on target 'SwiftyJSON_SwiftyJSON' in project 'SwiftyJSON'
Target 'SwiftyJSON_SwiftyJSON' in project 'SwiftyJSON' (no dependencies)
Target 'SwiftSoup-product' in project 'SwiftSoup'
➜ Explicit dependency on target 'SwiftSoup' in project 'SwiftSoup'
Target 'SwiftSoup' in project 'SwiftSoup' (no dependencies)
GatherProvisioningInputs
CreateBuildDescription
ClangStatCache /Applications/Xcode-27.0.0-Release.Candidate.app/Contents/Developer/Toolchains/XcodeDefault.xctoolchain/usr/bin/clang-stat-cache /Applications/Xcode-27.0.0-Release.Candidate.app/Contents/Developer/Platforms/WatchOS.platform/Developer/SDKs/WatchOS27.0.sdk /Users/admin/builder/spi-builder-workspace/.derivedData/SDKStatCaches.noindex/watchos27.0-24R360-e829b21a6f8c9b70876ba0858053c04477534ef55a1706bf4c1112bbb242f0a2.sdkstatcache
cd /Users/admin/builder/spi-builder-workspace/.swiftpm/xcode
/Applications/Xcode-27.0.0-Release.Candidate.app/Contents/Developer/Toolchains/XcodeDefault.xctoolchain/usr/bin/clang-stat-cache /Applications/Xcode-27.0.0-Release.Candidate.app/Contents/Developer/Platforms/WatchOS.platform/Developer/SDKs/WatchOS27.0.sdk -o /Users/admin/builder/spi-builder-workspace/.derivedData/SDKStatCaches.noindex/watchos27.0-24R360-e829b21a6f8c9b70876ba0858053c04477534ef55a1706bf4c1112bbb242f0a2.sdkstatcache
SwiftDriver SwiftApiAdapter normal arm64 com.apple.xcode.tools.swift.compiler (in target 'SwiftApiAdapter' from project 'SwiftApiAdapter')
cd /Users/admin/builder/spi-builder-workspace/.swiftpm/xcode
builtin-SwiftDriver -- /Applications/Xcode-27.0.0-Release.Candidate.app/Contents/Developer/Toolchains/XcodeDefault.xctoolchain/usr/bin/swiftc -parse-as-library -module-name SwiftApiAdapter -Onone @/Users/admin/builder/spi-builder-workspace/.derivedData/Build/Intermediates.noindex/SwiftApiAdapter.build/Debug-watchos/SwiftApiAdapter-t.build/Objects-normal/arm64/SwiftApiAdapter.SwiftFileList -DSWIFT_PACKAGE -DDEBUG -DSWIFT_MODULE_RESOURCE_BUNDLE_UNAVAILABLE -DXcode -plugin-path /Applications/Xcode-27.0.0-Release.Candidate.app/Contents/Developer/Toolchains/XcodeDefault.xctoolchain/usr/lib/swift/host/plugins/testing -enable-experimental-feature DebugDescriptionMacro -sdk /Applications/Xcode-27.0.0-Release.Candidate.app/Contents/Developer/Platforms/WatchOS.platform/Developer/SDKs/WatchOS27.0.sdk -target arm64-apple-watchos9.0 -g -module-cache-path /Users/admin/builder/spi-builder-workspace/.derivedData/ModuleCache.noindex -Xfrontend -serialize-debugging-options -profile-coverage-mapping -profile-generate -enable-testing -index-store-path /Users/admin/builder/spi-builder-workspace/.derivedData/Index.noindex/DataStore -Xcc -D_LIBCPP_HARDENING_MODE\=_LIBCPP_HARDENING_MODE_DEBUG -swift-version 5 -I /Users/admin/builder/spi-builder-workspace/.derivedData/Build/Products/Debug-watchos -Isystem /Applications/Xcode-27.0.0-Release.Candidate.app/Contents/Developer/Platforms/WatchOS.platform/Developer/usr/lib -F /Users/admin/builder/spi-builder-workspace/.derivedData/Build/Products/Debug-watchos/PackageFrameworks -F /Users/admin/builder/spi-builder-workspace/.derivedData/Build/Products/Debug-watchos -F /Applications/Xcode-27.0.0-Release.Candidate.app/Contents/Developer/Platforms/WatchOS.platform/Developer/Library/Frameworks -F /Applications/Xcode-27.0.0-Release.Candidate.app/Contents/Developer/Platforms/WatchOS.platform/Developer/SDKs/WatchOS27.0.sdk/Developer/Library/Frameworks -c -j10 -enable-batch-mode -incremental -Xcc -ivfsstatcache -Xcc /Users/admin/builder/spi-builder-workspace/.derivedData/SDKStatCaches.noindex/watchos27.0-24R360-e829b21a6f8c9b70876ba0858053c04477534ef55a1706bf4c1112bbb242f0a2.sdkstatcache -output-file-map /Users/admin/builder/spi-builder-workspace/.derivedData/Build/Intermediates.noindex/SwiftApiAdapter.build/Debug-watchos/SwiftApiAdapter-t.build/Objects-normal/arm64/SwiftApiAdapter-OutputFileMap.json -save-temps -no-color-diagnostics -explicit-module-build -module-cache-path /Users/admin/builder/spi-builder-workspace/.derivedData/Build/Intermediates.noindex/SwiftExplicitPrecompiledModules -clang-scanner-module-cache-path /Users/admin/builder/spi-builder-workspace/.derivedData/ModuleCache.noindex -sdk-module-cache-path /Users/admin/builder/spi-builder-workspace/.derivedData/SDKExplicitPrecompiledModules -emit-dependencies -emit-module -emit-module-path /Users/admin/builder/spi-builder-workspace/.derivedData/Build/Intermediates.noindex/SwiftApiAdapter.build/Debug-watchos/SwiftApiAdapter-t.build/Objects-normal/arm64/SwiftApiAdapter.swiftmodule -serialize-diagnostics -dependency-scan-serialize-diagnostics-path /Users/admin/builder/spi-builder-workspace/.derivedData/Build/Intermediates.noindex/SwiftApiAdapter.build/Debug-watchos/SwiftApiAdapter-t.build/Objects-normal/arm64/SwiftApiAdapter-dependency-scan.dia -validate-clang-modules-once -clang-build-session-file /Users/admin/builder/spi-builder-workspace/.derivedData/ModuleCache.noindex/Session.modulevalidation -Xcc -fmodules-prune-interval\=86400 -Xcc -fmodules-prune-after\=345600 -package-name spi_builder_workspace -emit-const-values -const-gather-protocols-list /Users/admin/builder/spi-builder-workspace/.derivedData/Build/Intermediates.noindex/SwiftApiAdapter.build/Debug-watchos/SwiftApiAdapter-t.build/Objects-normal/arm64/SwiftApiAdapter_const_extract_protocols.json -Xcc -I/Users/admin/builder/spi-builder-workspace/.derivedData/Build/Products/Debug-watchos/include -Xcc -I/Users/admin/builder/spi-builder-workspace/.derivedData/Build/Intermediates.noindex/SwiftApiAdapter.build/Debug-watchos/SwiftApiAdapter-t.build/DerivedSources-normal/arm64 -Xcc -I/Users/admin/builder/spi-builder-workspace/.derivedData/Build/Intermediates.noindex/SwiftApiAdapter.build/Debug-watchos/SwiftApiAdapter-t.build/DerivedSources/arm64 -Xcc -I/Users/admin/builder/spi-builder-workspace/.derivedData/Build/Intermediates.noindex/SwiftApiAdapter.build/Debug-watchos/SwiftApiAdapter-t.build/DerivedSources -Xcc -DSWIFT_PACKAGE -Xcc -DDEBUG\=1 -emit-objc-header -emit-objc-header-path /Users/admin/builder/spi-builder-workspace/.derivedData/Build/Intermediates.noindex/SwiftApiAdapter.build/Debug-watchos/SwiftApiAdapter-t.build/Objects-normal/arm64/SwiftApiAdapter-Swift.h -working-directory /Users/admin/builder/spi-builder-workspace/.swiftpm/xcode -experimental-emit-module-separately -disable-cmo
SwiftDriver SwiftApiAdapter normal arm64_32 com.apple.xcode.tools.swift.compiler (in target 'SwiftApiAdapter' from project 'SwiftApiAdapter')
cd /Users/admin/builder/spi-builder-workspace/.swiftpm/xcode
builtin-SwiftDriver -- /Applications/Xcode-27.0.0-Release.Candidate.app/Contents/Developer/Toolchains/XcodeDefault.xctoolchain/usr/bin/swiftc -parse-as-library -module-name SwiftApiAdapter -Onone @/Users/admin/builder/spi-builder-workspace/.derivedData/Build/Intermediates.noindex/SwiftApiAdapter.build/Debug-watchos/SwiftApiAdapter-t.build/Objects-normal/arm64_32/SwiftApiAdapter.SwiftFileList -DSWIFT_PACKAGE -DDEBUG -DSWIFT_MODULE_RESOURCE_BUNDLE_UNAVAILABLE -DXcode -plugin-path /Applications/Xcode-27.0.0-Release.Candidate.app/Contents/Developer/Toolchains/XcodeDefault.xctoolchain/usr/lib/swift/host/plugins/testing -enable-experimental-feature DebugDescriptionMacro -sdk /Applications/Xcode-27.0.0-Release.Candidate.app/Contents/Developer/Platforms/WatchOS.platform/Developer/SDKs/WatchOS27.0.sdk -target arm64_32-apple-watchos9.0 -g -module-cache-path /Users/admin/builder/spi-builder-workspace/.derivedData/ModuleCache.noindex -Xfrontend -serialize-debugging-options -profile-coverage-mapping -profile-generate -enable-testing -index-store-path /Users/admin/builder/spi-builder-workspace/.derivedData/Index.noindex/DataStore -Xcc -D_LIBCPP_HARDENING_MODE\=_LIBCPP_HARDENING_MODE_DEBUG -swift-version 5 -I /Users/admin/builder/spi-builder-workspace/.derivedData/Build/Products/Debug-watchos -Isystem /Applications/Xcode-27.0.0-Release.Candidate.app/Contents/Developer/Platforms/WatchOS.platform/Developer/usr/lib -F /Users/admin/builder/spi-builder-workspace/.derivedData/Build/Products/Debug-watchos/PackageFrameworks -F /Users/admin/builder/spi-builder-workspace/.derivedData/Build/Products/Debug-watchos -F /Applications/Xcode-27.0.0-Release.Candidate.app/Contents/Developer/Platforms/WatchOS.platform/Developer/Library/Frameworks -F /Applications/Xcode-27.0.0-Release.Candidate.app/Contents/Developer/Platforms/WatchOS.platform/Developer/SDKs/WatchOS27.0.sdk/Developer/Library/Frameworks -c -j10 -enable-batch-mode -incremental -Xcc -ivfsstatcache -Xcc /Users/admin/builder/spi-builder-workspace/.derivedData/SDKStatCaches.noindex/watchos27.0-24R360-e829b21a6f8c9b70876ba0858053c04477534ef55a1706bf4c1112bbb242f0a2.sdkstatcache -output-file-map /Users/admin/builder/spi-builder-workspace/.derivedData/Build/Intermediates.noindex/SwiftApiAdapter.build/Debug-watchos/SwiftApiAdapter-t.build/Objects-normal/arm64_32/SwiftApiAdapter-OutputFileMap.json -save-temps -no-color-diagnostics -explicit-module-build -module-cache-path /Users/admin/builder/spi-builder-workspace/.derivedData/Build/Intermediates.noindex/SwiftExplicitPrecompiledModules -clang-scanner-module-cache-path /Users/admin/builder/spi-builder-workspace/.derivedData/ModuleCache.noindex -sdk-module-cache-path /Users/admin/builder/spi-builder-workspace/.derivedData/SDKExplicitPrecompiledModules -emit-dependencies -emit-module -emit-module-path /Users/admin/builder/spi-builder-workspace/.derivedData/Build/Intermediates.noindex/SwiftApiAdapter.build/Debug-watchos/SwiftApiAdapter-t.build/Objects-normal/arm64_32/SwiftApiAdapter.swiftmodule -serialize-diagnostics -dependency-scan-serialize-diagnostics-path /Users/admin/builder/spi-builder-workspace/.derivedData/Build/Intermediates.noindex/SwiftApiAdapter.build/Debug-watchos/SwiftApiAdapter-t.build/Objects-normal/arm64_32/SwiftApiAdapter-dependency-scan.dia -validate-clang-modules-once -clang-build-session-file /Users/admin/builder/spi-builder-workspace/.derivedData/ModuleCache.noindex/Session.modulevalidation -Xcc -fmodules-prune-interval\=86400 -Xcc -fmodules-prune-after\=345600 -package-name spi_builder_workspace -emit-const-values -const-gather-protocols-list /Users/admin/builder/spi-builder-workspace/.derivedData/Build/Intermediates.noindex/SwiftApiAdapter.build/Debug-watchos/SwiftApiAdapter-t.build/Objects-normal/arm64_32/SwiftApiAdapter_const_extract_protocols.json -Xcc -I/Users/admin/builder/spi-builder-workspace/.derivedData/Build/Products/Debug-watchos/include -Xcc -I/Users/admin/builder/spi-builder-workspace/.derivedData/Build/Intermediates.noindex/SwiftApiAdapter.build/Debug-watchos/SwiftApiAdapter-t.build/DerivedSources-normal/arm64_32 -Xcc -I/Users/admin/builder/spi-builder-workspace/.derivedData/Build/Intermediates.noindex/SwiftApiAdapter.build/Debug-watchos/SwiftApiAdapter-t.build/DerivedSources/arm64_32 -Xcc -I/Users/admin/builder/spi-builder-workspace/.derivedData/Build/Intermediates.noindex/SwiftApiAdapter.build/Debug-watchos/SwiftApiAdapter-t.build/DerivedSources -Xcc -DSWIFT_PACKAGE -Xcc -DDEBUG\=1 -emit-objc-header -emit-objc-header-path /Users/admin/builder/spi-builder-workspace/.derivedData/Build/Intermediates.noindex/SwiftApiAdapter.build/Debug-watchos/SwiftApiAdapter-t.build/Objects-normal/arm64_32/SwiftApiAdapter-Swift.h -working-directory /Users/admin/builder/spi-builder-workspace/.swiftpm/xcode -experimental-emit-module-separately -disable-cmo
SwiftEmitModule normal arm64_32 Emitting\ module\ for\ SwiftApiAdapter (in target 'SwiftApiAdapter' from project 'SwiftApiAdapter')
SwiftCompile normal arm64_32 (in target 'SwiftApiAdapter' from project 'SwiftApiAdapter')
cd /Users/admin/builder/spi-builder-workspace/.swiftpm/xcode
SwiftEmitModule normal arm64 Emitting\ module\ for\ SwiftApiAdapter (in target 'SwiftApiAdapter' from project 'SwiftApiAdapter')
SwiftCompile normal arm64 (in target 'SwiftApiAdapter' from project 'SwiftApiAdapter')
cd /Users/admin/builder/spi-builder-workspace/.swiftpm/xcode
SwiftCompile normal arm64_32 Compiling\ Loader.swift /Users/admin/builder/spi-builder-workspace/Sources/SwiftApiAdapter/Loader.swift (in target 'SwiftApiAdapter' from project 'SwiftApiAdapter')
/Users/admin/builder/spi-builder-workspace/Sources/SwiftApiAdapter/Loader.swift:95:22: error: 'LanguageModelSession' is only available in watchOS 27.0 or newer
85 |
86 | @available(iOS 26.0, macOS 26.0, visionOS 26.0, *)
87 | struct FoundationModelsGenerator {
| `- note: add '@available' attribute to enclosing struct
88 | static func generate(prompt: String,
| `- note: add '@available' attribute to enclosing static method
89 | instructions: String? = nil,
90 | temperature: Double? = nil,
:
93 | #if canImport(FoundationModels)
94 | // Create or reuse a session
95 | let session: LanguageModelSession = {
| |- error: 'LanguageModelSession' is only available in watchOS 27.0 or newer
| `- note: add 'if #available' version check
96 | if let instructions, !instructions.isEmpty {
97 | return LanguageModelSession(instructions: instructions)
/Users/admin/builder/spi-builder-workspace/Sources/SwiftApiAdapter/Loader.swift:97:24: error: 'LanguageModelSession' is only available in watchOS 27.0 or newer
85 |
86 | @available(iOS 26.0, macOS 26.0, visionOS 26.0, *)
87 | struct FoundationModelsGenerator {
| `- note: add '@available' attribute to enclosing struct
88 | static func generate(prompt: String,
| `- note: add '@available' attribute to enclosing static method
89 | instructions: String? = nil,
90 | temperature: Double? = nil,
:
95 | let session: LanguageModelSession = {
96 | if let instructions, !instructions.isEmpty {
97 | return LanguageModelSession(instructions: instructions)
| |- error: 'LanguageModelSession' is only available in watchOS 27.0 or newer
| `- note: add 'if #available' version check
98 | } else {
99 | return LanguageModelSession()
/Users/admin/builder/spi-builder-workspace/Sources/SwiftApiAdapter/Loader.swift:97:24: error: 'init(model:tools:instructions:)' is unavailable in watchOS
95 | let session: LanguageModelSession = {
96 | if let instructions, !instructions.isEmpty {
97 | return LanguageModelSession(instructions: instructions)
| `- error: 'init(model:tools:instructions:)' is unavailable in watchOS
98 | } else {
99 | return LanguageModelSession()
FoundationModels.LanguageModelSession.init:2:20: note: 'init(model:tools:instructions:)' has been explicitly marked unavailable here
1 | class LanguageModelSession {
2 | public convenience init(model: SystemLanguageModel = .default, tools: [any Tool] = [], instructions: String? = nil)}
| `- note: 'init(model:tools:instructions:)' has been explicitly marked unavailable here
3 |
/Users/admin/builder/spi-builder-workspace/Sources/SwiftApiAdapter/Loader.swift:99:24: error: 'LanguageModelSession' is only available in watchOS 27.0 or newer
85 |
86 | @available(iOS 26.0, macOS 26.0, visionOS 26.0, *)
87 | struct FoundationModelsGenerator {
| `- note: add '@available' attribute to enclosing struct
88 | static func generate(prompt: String,
| `- note: add '@available' attribute to enclosing static method
89 | instructions: String? = nil,
90 | temperature: Double? = nil,
:
97 | return LanguageModelSession(instructions: instructions)
98 | } else {
99 | return LanguageModelSession()
| |- error: 'LanguageModelSession' is only available in watchOS 27.0 or newer
| `- note: add 'if #available' version check
100 | }
101 | }()
/Users/admin/builder/spi-builder-workspace/Sources/SwiftApiAdapter/Loader.swift:99:24: error: 'init(model:tools:instructions:)' is unavailable in watchOS
97 | return LanguageModelSession(instructions: instructions)
98 | } else {
99 | return LanguageModelSession()
| `- error: 'init(model:tools:instructions:)' is unavailable in watchOS
100 | }
101 | }()
FoundationModels.LanguageModelSession.init:2:20: note: 'init(model:tools:instructions:)' has been explicitly marked unavailable here
1 | class LanguageModelSession {
2 | public convenience init(model: SystemLanguageModel = .default, tools: [any Tool] = [], instructions: Instructions? = nil)}
| `- note: 'init(model:tools:instructions:)' has been explicitly marked unavailable here
3 |
/Users/admin/builder/spi-builder-workspace/Sources/SwiftApiAdapter/Loader.swift:104:20: error: 'GenerationOptions' is only available in watchOS 27.0 or newer
85 |
86 | @available(iOS 26.0, macOS 26.0, visionOS 26.0, *)
87 | struct FoundationModelsGenerator {
| `- note: add '@available' attribute to enclosing struct
88 | static func generate(prompt: String,
| `- note: add '@available' attribute to enclosing static method
89 | instructions: String? = nil,
90 | temperature: Double? = nil,
:
102 |
103 | // Prepare generation options (all are optional)
104 | var opts = GenerationOptions()
| |- error: 'GenerationOptions' is only available in watchOS 27.0 or newer
| `- note: add 'if #available' version check
105 | if let temperature { opts.temperature = temperature }
106 | if let maxTokens { opts.maximumResponseTokens = maxTokens }
/Users/admin/builder/spi-builder-workspace/Sources/SwiftApiAdapter/Loader.swift:104:20: error: 'init(samplingMode:temperature:maximumResponseTokens:)' is only available in watchOS 27.0 or newer
85 |
86 | @available(iOS 26.0, macOS 26.0, visionOS 26.0, *)
87 | struct FoundationModelsGenerator {
| `- note: add '@available' attribute to enclosing struct
88 | static func generate(prompt: String,
| `- note: add '@available' attribute to enclosing static method
89 | instructions: String? = nil,
90 | temperature: Double? = nil,
:
102 |
103 | // Prepare generation options (all are optional)
104 | var opts = GenerationOptions()
| |- error: 'init(samplingMode:temperature:maximumResponseTokens:)' is only available in watchOS 27.0 or newer
| `- note: add 'if #available' version check
105 | if let temperature { opts.temperature = temperature }
106 | if let maxTokens { opts.maximumResponseTokens = maxTokens }
/Users/admin/builder/spi-builder-workspace/Sources/SwiftApiAdapter/Loader.swift:105:35: error: 'temperature' is only available in watchOS 27.0 or newer
85 |
86 | @available(iOS 26.0, macOS 26.0, visionOS 26.0, *)
87 | struct FoundationModelsGenerator {
| `- note: add '@available' attribute to enclosing struct
88 | static func generate(prompt: String,
| `- note: add '@available' attribute to enclosing static method
89 | instructions: String? = nil,
90 | temperature: Double? = nil,
:
103 | // Prepare generation options (all are optional)
104 | var opts = GenerationOptions()
105 | if let temperature { opts.temperature = temperature }
| |- error: 'temperature' is only available in watchOS 27.0 or newer
| `- note: add 'if #available' version check
106 | if let maxTokens { opts.maximumResponseTokens = maxTokens }
107 |
/Users/admin/builder/spi-builder-workspace/Sources/SwiftApiAdapter/Loader.swift:106:35: error: 'maximumResponseTokens' is only available in watchOS 27.0 or newer
85 |
86 | @available(iOS 26.0, macOS 26.0, visionOS 26.0, *)
87 | struct FoundationModelsGenerator {
| `- note: add '@available' attribute to enclosing struct
88 | static func generate(prompt: String,
| `- note: add '@available' attribute to enclosing static method
89 | instructions: String? = nil,
90 | temperature: Double? = nil,
:
104 | var opts = GenerationOptions()
105 | if let temperature { opts.temperature = temperature }
106 | if let maxTokens { opts.maximumResponseTokens = maxTokens }
| |- error: 'maximumResponseTokens' is only available in watchOS 27.0 or newer
| `- note: add 'if #available' version check
107 |
108 | // Ask the model
/Users/admin/builder/spi-builder-workspace/Sources/SwiftApiAdapter/Loader.swift:109:42: error: 'respond(to:options:)' is only available in watchOS 27.0 or newer
85 |
86 | @available(iOS 26.0, macOS 26.0, visionOS 26.0, *)
87 | struct FoundationModelsGenerator {
| `- note: add '@available' attribute to enclosing struct
88 | static func generate(prompt: String,
| `- note: add '@available' attribute to enclosing static method
89 | instructions: String? = nil,
90 | temperature: Double? = nil,
:
107 |
108 | // Ask the model
109 | let response = try await session.respond(to: prompt, options: opts)
| |- error: 'respond(to:options:)' is only available in watchOS 27.0 or newer
| `- note: add 'if #available' version check
110 | return response.content
111 | #else
SwiftCompile normal arm64_32 /Users/admin/builder/spi-builder-workspace/Sources/SwiftApiAdapter/Loader.swift (in target 'SwiftApiAdapter' from project 'SwiftApiAdapter')
cd /Users/admin/builder/spi-builder-workspace/.swiftpm/xcode
builtin-SwiftPerFileCompile Loader.swift
/Users/admin/builder/spi-builder-workspace/Sources/SwiftApiAdapter/Loader.swift:109:13: warning: conformance of 'String' to 'Generable' is only available in watchOS 27.0 or newer; this is an error in the Swift 6 language mode
85 |
86 | @available(iOS 26.0, macOS 26.0, visionOS 26.0, *)
87 | struct FoundationModelsGenerator {
| `- note: add '@available' attribute to enclosing struct
88 | static func generate(prompt: String,
| `- note: add '@available' attribute to enclosing static method
89 | instructions: String? = nil,
90 | temperature: Double? = nil,
:
107 |
108 | // Ask the model
109 | let response = try await session.respond(to: prompt, options: opts)
| |- warning: conformance of 'String' to 'Generable' is only available in watchOS 27.0 or newer; this is an error in the Swift 6 language mode
| `- note: add 'if #available' version check
110 | return response.content
111 | #else
/Users/admin/builder/spi-builder-workspace/Sources/SwiftApiAdapter/Loader.swift:110:25: warning: conformance of 'String' to 'Generable' is only available in watchOS 27.0 or newer; this is an error in the Swift 6 language mode
85 |
86 | @available(iOS 26.0, macOS 26.0, visionOS 26.0, *)
87 | struct FoundationModelsGenerator {
| `- note: add '@available' attribute to enclosing struct
88 | static func generate(prompt: String,
| `- note: add '@available' attribute to enclosing static method
89 | instructions: String? = nil,
90 | temperature: Double? = nil,
:
108 | // Ask the model
109 | let response = try await session.respond(to: prompt, options: opts)
110 | return response.content
| |- warning: conformance of 'String' to 'Generable' is only available in watchOS 27.0 or newer; this is an error in the Swift 6 language mode
| `- note: add 'if #available' version check
111 | #else
112 | throw FoundationModelsGeneratorError.osTooOld
Failed frontend command:
/Applications/Xcode-27.0.0-Release.Candidate.app/Contents/Developer/Toolchains/XcodeDefault.xctoolchain/usr/bin/swift-frontend -frontend -c /Users/admin/builder/spi-builder-workspace/Sources/SwiftApiAdapter/Connector.swift -primary-file /Users/admin/builder/spi-builder-workspace/Sources/SwiftApiAdapter/Loader.swift /Users/admin/builder/spi-builder-workspace/Sources/SwiftApiAdapter/Model.swift /Users/admin/builder/spi-builder-workspace/Sources/SwiftApiAdapter/Tools.swift -emit-dependencies-path /Users/admin/builder/spi-builder-workspace/.derivedData/Build/Intermediates.noindex/SwiftApiAdapter.build/Debug-watchos/SwiftApiAdapter-t.build/Objects-normal/arm64_32/Loader.d -emit-const-values-path /Users/admin/builder/spi-builder-workspace/.derivedData/Build/Intermediates.noindex/SwiftApiAdapter.build/Debug-watchos/SwiftApiAdapter-t.build/Objects-normal/arm64_32/Loader.swiftconstvalues -emit-reference-dependencies-path /Users/admin/builder/spi-builder-workspace/.derivedData/Build/Intermediates.noindex/SwiftApiAdapter.build/Debug-watchos/SwiftApiAdapter-t.build/Objects-normal/arm64_32/Loader.swiftdeps -serialize-diagnostics-path /Users/admin/builder/spi-builder-workspace/.derivedData/Build/Intermediates.noindex/SwiftApiAdapter.build/Debug-watchos/SwiftApiAdapter-t.build/Objects-normal/arm64_32/Loader.dia -target arm64_32-apple-watchos9.0 -module-can-import-version FoundationModels 2.0.68.1 0 -module-can-import-version UIKit 9127.0.84.1 9127.0.84 -disable-cross-import-overlay-search -load-resolved-plugin /Applications/Xcode-27.0.0-Release.Candidate.app/Contents/Developer/Platforms/WatchOS.platform/Developer/usr/lib/swift/host/plugins/libFoundationMacros.dylib\#/Applications/Xcode-27.0.0-Release.Candidate.app/Contents/Developer/Platforms/WatchOS.platform/Developer/usr/bin/swift-plugin-server\#FoundationMacros -load-resolved-plugin /Applications/Xcode-27.0.0-Release.Candidate.app/Contents/Developer/Platforms/WatchOS.platform/Developer/usr/lib/swift/host/plugins/libFoundationModelsMacros.dylib\#/Applications/Xcode-27.0.0-Release.Candidate.app/Contents/Developer/Platforms/WatchOS.platform/Developer/usr/bin/swift-plugin-server\#FoundationModelsMacros -load-resolved-plugin /Applications/Xcode-27.0.0-Release.Candidate.app/Contents/Developer/Platforms/WatchOS.platform/Developer/usr/lib/swift/host/plugins/libObservationMacros.dylib\#/Applications/Xcode-27.0.0-Release.Candidate.app/Contents/Developer/Platforms/WatchOS.platform/Developer/usr/bin/swift-plugin-server\#ObservationMacros -load-resolved-plugin /Applications/Xcode-27.0.0-Release.Candidate.app/Contents/Developer/Platforms/WatchOS.platform/Developer/usr/lib/swift/host/plugins/libSwiftMacros.dylib\#/Applications/Xcode-27.0.0-Release.Candidate.app/Contents/Developer/Platforms/WatchOS.platform/Developer/usr/bin/swift-plugin-server\#SwiftMacros -load-resolved-plugin /Applications/Xcode-27.0.0-Release.Candidate.app/Contents/Developer/Platforms/WatchOS.platform/Developer/usr/lib/swift/host/plugins/libSwiftUIMacros.dylib\#/Applications/Xcode-27.0.0-Release.Candidate.app/Contents/Developer/Platforms/WatchOS.platform/Developer/usr/bin/swift-plugin-server\#SwiftUIMacros -disable-implicit-swift-modules -Xcc -fno-implicit-modules -Xcc -fno-implicit-module-maps -explicit-swift-module-map-file /Users/admin/builder/spi-builder-workspace/.derivedData/Build/Intermediates.noindex/SwiftApiAdapter.build/Debug-watchos/SwiftApiAdapter-t.build/Objects-normal/arm64_32/SwiftApiAdapter-dependencies-2.json -enable-objc-interop -sdk /Applications/Xcode-27.0.0-Release.Candidate.app/Contents/Developer/Platforms/WatchOS.platform/Developer/SDKs/WatchOS27.0.sdk -I /Users/admin/builder/spi-builder-workspace/.derivedData/Build/Products/Debug-watchos -Isystem /Applications/Xcode-27.0.0-Release.Candidate.app/Contents/Developer/Platforms/WatchOS.platform/Developer/usr/lib -F /Users/admin/builder/spi-builder-workspace/.derivedData/Build/Products/Debug-watchos/PackageFrameworks -F /Users/admin/builder/spi-builder-workspace/.derivedData/Build/Products/Debug-watchos -F /Applications/Xcode-27.0.0-Release.Candidate.app/Contents/Developer/Platforms/WatchOS.platform/Developer/Library/Frameworks -F /Applications/Xcode-27.0.0-Release.Candidate.app/Contents/Developer/Platforms/WatchOS.platform/Developer/SDKs/WatchOS27.0.sdk/Developer/Library/Frameworks -module-cache-path /Users/admin/builder/spi-builder-workspace/.derivedData/Build/Intermediates.noindex/SwiftExplicitPrecompiledModules -no-color-diagnostics -Xcc -fno-color-diagnostics -enable-testing -g -debug-info-format\=dwarf -dwarf-version\=4 -profile-generate -profile-coverage-mapping -swift-version 5 -Onone -D SWIFT_PACKAGE -D DEBUG -D SWIFT_MODULE_RESOURCE_BUNDLE_UNAVAILABLE -D Xcode -serialize-debugging-options -enable-experimental-feature DebugDescriptionMacro -empty-abi-descriptor -validate-clang-modules-once -clang-build-session-file /Users/admin/builder/spi-builder-workspace/.derivedData/ModuleCache.noindex/Session.modulevalidation -Xcc -working-directory -Xcc /Users/admin/builder/spi-builder-workspace/.swiftpm/xcode -enable-anonymous-context-mangled-names -file-compilation-dir /Users/admin/builder/spi-builder-workspace/.swiftpm/xcode -Xcc -D_LIBCPP_HARDENING_MODE\=_LIBCPP_HARDENING_MODE_DEBUG -Xcc -ivfsstatcache -Xcc /Users/admin/builder/spi-builder-workspace/.derivedData/SDKStatCaches.noindex/watchos27.0-24R360-e829b21a6f8c9b70876ba0858053c04477534ef55a1706bf4c1112bbb242f0a2.sdkstatcache -Xcc -fmodules-prune-interval\=86400 -Xcc -fmodules-prune-after\=345600 -Xcc -I/Users/admin/builder/spi-builder-workspace/.derivedData/Build/Products/Debug-watchos/include -Xcc -I/Users/admin/builder/spi-builder-workspace/.derivedData/Build/Intermediates.noindex/SwiftApiAdapter.build/Debug-watchos/SwiftApiAdapter-t.build/DerivedSources-normal/arm64_32 -Xcc -I/Users/admin/builder/spi-builder-workspace/.derivedData/Build/Intermediates.noindex/SwiftApiAdapter.build/Debug-watchos/SwiftApiAdapter-t.build/DerivedSources/arm64_32 -Xcc -I/Users/admin/builder/spi-builder-workspace/.derivedData/Build/Intermediates.noindex/SwiftApiAdapter.build/Debug-watchos/SwiftApiAdapter-t.build/DerivedSources -Xcc -DSWIFT_PACKAGE -Xcc -DDEBUG\=1 -no-auto-bridging-header-chaining -module-name SwiftApiAdapter -package-name spi_builder_workspace -const-gather-protocols-file /Users/admin/builder/spi-builder-workspace/.derivedData/Build/Intermediates.noindex/SwiftApiAdapter.build/Debug-watchos/SwiftApiAdapter-t.build/Objects-normal/arm64_32/SwiftApiAdapter_const_extract_protocols.json -disable-clang-spi -clang-target arm64_32-apple-watchos27.0 -target-sdk-version 27.0 -target-sdk-name watchos27.0 -in-process-plugin-server-path /Applications/Xcode-27.0.0-Release.Candidate.app/Contents/Developer/Toolchains/XcodeDefault.xctoolchain/usr/lib/swift/host/libSwiftInProcPluginServer.dylib -parse-as-library -o /Users/admin/builder/spi-builder-workspace/.derivedData/Build/Intermediates.noindex/SwiftApiAdapter.build/Debug-watchos/SwiftApiAdapter-t.build/Objects-normal/arm64_32/Loader.o -debug-module-path /Users/admin/builder/spi-builder-workspace/.derivedData/Build/Intermediates.noindex/SwiftApiAdapter.build/Debug-watchos/SwiftApiAdapter-t.build/Objects-normal/arm64_32/SwiftApiAdapter.swiftmodule -index-unit-output-path /SwiftApiAdapter.build/Debug-watchos/SwiftApiAdapter-t.build/Objects-normal/arm64_32/Loader.o -index-store-path /Users/admin/builder/spi-builder-workspace/.derivedData/Index.noindex/DataStore -index-system-modules
SwiftCompile normal arm64 Compiling\ Loader.swift /Users/admin/builder/spi-builder-workspace/Sources/SwiftApiAdapter/Loader.swift (in target 'SwiftApiAdapter' from project 'SwiftApiAdapter')
/Users/admin/builder/spi-builder-workspace/Sources/SwiftApiAdapter/Loader.swift:95:22: error: 'LanguageModelSession' is only available in watchOS 27.0 or newer
85 |
86 | @available(iOS 26.0, macOS 26.0, visionOS 26.0, *)
87 | struct FoundationModelsGenerator {
| `- note: add '@available' attribute to enclosing struct
88 | static func generate(prompt: String,
| `- note: add '@available' attribute to enclosing static method
89 | instructions: String? = nil,
90 | temperature: Double? = nil,
:
93 | #if canImport(FoundationModels)
94 | // Create or reuse a session
95 | let session: LanguageModelSession = {
| |- error: 'LanguageModelSession' is only available in watchOS 27.0 or newer
| `- note: add 'if #available' version check
96 | if let instructions, !instructions.isEmpty {
97 | return LanguageModelSession(instructions: instructions)
/Users/admin/builder/spi-builder-workspace/Sources/SwiftApiAdapter/Loader.swift:97:24: error: 'LanguageModelSession' is only available in watchOS 27.0 or newer
85 |
86 | @available(iOS 26.0, macOS 26.0, visionOS 26.0, *)
87 | struct FoundationModelsGenerator {
| `- note: add '@available' attribute to enclosing struct
88 | static func generate(prompt: String,
| `- note: add '@available' attribute to enclosing static method
89 | instructions: String? = nil,
90 | temperature: Double? = nil,
:
95 | let session: LanguageModelSession = {
96 | if let instructions, !instructions.isEmpty {
97 | return LanguageModelSession(instructions: instructions)
| |- error: 'LanguageModelSession' is only available in watchOS 27.0 or newer
| `- note: add 'if #available' version check
98 | } else {
99 | return LanguageModelSession()
/Users/admin/builder/spi-builder-workspace/Sources/SwiftApiAdapter/Loader.swift:97:24: error: 'init(model:tools:instructions:)' is unavailable in watchOS
95 | let session: LanguageModelSession = {
96 | if let instructions, !instructions.isEmpty {
97 | return LanguageModelSession(instructions: instructions)
| `- error: 'init(model:tools:instructions:)' is unavailable in watchOS
98 | } else {
99 | return LanguageModelSession()
FoundationModels.LanguageModelSession.init:2:20: note: 'init(model:tools:instructions:)' has been explicitly marked unavailable here
1 | class LanguageModelSession {
2 | public convenience init(model: SystemLanguageModel = .default, tools: [any Tool] = [], instructions: String? = nil)}
| `- note: 'init(model:tools:instructions:)' has been explicitly marked unavailable here
3 |
/Users/admin/builder/spi-builder-workspace/Sources/SwiftApiAdapter/Loader.swift:99:24: error: 'LanguageModelSession' is only available in watchOS 27.0 or newer
85 |
86 | @available(iOS 26.0, macOS 26.0, visionOS 26.0, *)
87 | struct FoundationModelsGenerator {
| `- note: add '@available' attribute to enclosing struct
88 | static func generate(prompt: String,
| `- note: add '@available' attribute to enclosing static method
89 | instructions: String? = nil,
90 | temperature: Double? = nil,
:
97 | return LanguageModelSession(instructions: instructions)
98 | } else {
99 | return LanguageModelSession()
| |- error: 'LanguageModelSession' is only available in watchOS 27.0 or newer
| `- note: add 'if #available' version check
100 | }
101 | }()
/Users/admin/builder/spi-builder-workspace/Sources/SwiftApiAdapter/Loader.swift:99:24: error: 'init(model:tools:instructions:)' is unavailable in watchOS
97 | return LanguageModelSession(instructions: instructions)
98 | } else {
99 | return LanguageModelSession()
| `- error: 'init(model:tools:instructions:)' is unavailable in watchOS
100 | }
101 | }()
FoundationModels.LanguageModelSession.init:2:20: note: 'init(model:tools:instructions:)' has been explicitly marked unavailable here
1 | class LanguageModelSession {
2 | public convenience init(model: SystemLanguageModel = .default, tools: [any Tool] = [], instructions: Instructions? = nil)}
| `- note: 'init(model:tools:instructions:)' has been explicitly marked unavailable here
3 |
/Users/admin/builder/spi-builder-workspace/Sources/SwiftApiAdapter/Loader.swift:104:20: error: 'GenerationOptions' is only available in watchOS 27.0 or newer
85 |
86 | @available(iOS 26.0, macOS 26.0, visionOS 26.0, *)
87 | struct FoundationModelsGenerator {
| `- note: add '@available' attribute to enclosing struct
88 | static func generate(prompt: String,
| `- note: add '@available' attribute to enclosing static method
89 | instructions: String? = nil,
90 | temperature: Double? = nil,
:
102 |
103 | // Prepare generation options (all are optional)
104 | var opts = GenerationOptions()
| |- error: 'GenerationOptions' is only available in watchOS 27.0 or newer
| `- note: add 'if #available' version check
105 | if let temperature { opts.temperature = temperature }
106 | if let maxTokens { opts.maximumResponseTokens = maxTokens }
/Users/admin/builder/spi-builder-workspace/Sources/SwiftApiAdapter/Loader.swift:104:20: error: 'init(samplingMode:temperature:maximumResponseTokens:)' is only available in watchOS 27.0 or newer
85 |
86 | @available(iOS 26.0, macOS 26.0, visionOS 26.0, *)
87 | struct FoundationModelsGenerator {
| `- note: add '@available' attribute to enclosing struct
88 | static func generate(prompt: String,
| `- note: add '@available' attribute to enclosing static method
89 | instructions: String? = nil,
90 | temperature: Double? = nil,
:
102 |
103 | // Prepare generation options (all are optional)
104 | var opts = GenerationOptions()
| |- error: 'init(samplingMode:temperature:maximumResponseTokens:)' is only available in watchOS 27.0 or newer
| `- note: add 'if #available' version check
105 | if let temperature { opts.temperature = temperature }
106 | if let maxTokens { opts.maximumResponseTokens = maxTokens }
/Users/admin/builder/spi-builder-workspace/Sources/SwiftApiAdapter/Loader.swift:105:35: error: 'temperature' is only available in watchOS 27.0 or newer
85 |
86 | @available(iOS 26.0, macOS 26.0, visionOS 26.0, *)
87 | struct FoundationModelsGenerator {
| `- note: add '@available' attribute to enclosing struct
88 | static func generate(prompt: String,
| `- note: add '@available' attribute to enclosing static method
89 | instructions: String? = nil,
90 | temperature: Double? = nil,
:
103 | // Prepare generation options (all are optional)
104 | var opts = GenerationOptions()
105 | if let temperature { opts.temperature = temperature }
| |- error: 'temperature' is only available in watchOS 27.0 or newer
| `- note: add 'if #available' version check
106 | if let maxTokens { opts.maximumResponseTokens = maxTokens }
107 |
/Users/admin/builder/spi-builder-workspace/Sources/SwiftApiAdapter/Loader.swift:106:35: error: 'maximumResponseTokens' is only available in watchOS 27.0 or newer
85 |
86 | @available(iOS 26.0, macOS 26.0, visionOS 26.0, *)
87 | struct FoundationModelsGenerator {
| `- note: add '@available' attribute to enclosing struct
88 | static func generate(prompt: String,
| `- note: add '@available' attribute to enclosing static method
89 | instructions: String? = nil,
90 | temperature: Double? = nil,
:
104 | var opts = GenerationOptions()
105 | if let temperature { opts.temperature = temperature }
106 | if let maxTokens { opts.maximumResponseTokens = maxTokens }
| |- error: 'maximumResponseTokens' is only available in watchOS 27.0 or newer
| `- note: add 'if #available' version check
107 |
108 | // Ask the model
/Users/admin/builder/spi-builder-workspace/Sources/SwiftApiAdapter/Loader.swift:109:42: error: 'respond(to:options:)' is only available in watchOS 27.0 or newer
85 |
86 | @available(iOS 26.0, macOS 26.0, visionOS 26.0, *)
87 | struct FoundationModelsGenerator {
| `- note: add '@available' attribute to enclosing struct
88 | static func generate(prompt: String,
| `- note: add '@available' attribute to enclosing static method
89 | instructions: String? = nil,
90 | temperature: Double? = nil,
:
107 |
108 | // Ask the model
109 | let response = try await session.respond(to: prompt, options: opts)
| |- error: 'respond(to:options:)' is only available in watchOS 27.0 or newer
| `- note: add 'if #available' version check
110 | return response.content
111 | #else
SwiftCompile normal arm64 /Users/admin/builder/spi-builder-workspace/Sources/SwiftApiAdapter/Loader.swift (in target 'SwiftApiAdapter' from project 'SwiftApiAdapter')
cd /Users/admin/builder/spi-builder-workspace/.swiftpm/xcode
builtin-SwiftPerFileCompile Loader.swift
/Users/admin/builder/spi-builder-workspace/Sources/SwiftApiAdapter/Loader.swift:109:13: warning: conformance of 'String' to 'Generable' is only available in watchOS 27.0 or newer; this is an error in the Swift 6 language mode
85 |
86 | @available(iOS 26.0, macOS 26.0, visionOS 26.0, *)
87 | struct FoundationModelsGenerator {
| `- note: add '@available' attribute to enclosing struct
88 | static func generate(prompt: String,
| `- note: add '@available' attribute to enclosing static method
89 | instructions: String? = nil,
90 | temperature: Double? = nil,
:
107 |
108 | // Ask the model
109 | let response = try await session.respond(to: prompt, options: opts)
| |- warning: conformance of 'String' to 'Generable' is only available in watchOS 27.0 or newer; this is an error in the Swift 6 language mode
| `- note: add 'if #available' version check
110 | return response.content
111 | #else
/Users/admin/builder/spi-builder-workspace/Sources/SwiftApiAdapter/Loader.swift:110:25: warning: conformance of 'String' to 'Generable' is only available in watchOS 27.0 or newer; this is an error in the Swift 6 language mode
85 |
86 | @available(iOS 26.0, macOS 26.0, visionOS 26.0, *)
87 | struct FoundationModelsGenerator {
| `- note: add '@available' attribute to enclosing struct
88 | static func generate(prompt: String,
| `- note: add '@available' attribute to enclosing static method
89 | instructions: String? = nil,
90 | temperature: Double? = nil,
:
108 | // Ask the model
109 | let response = try await session.respond(to: prompt, options: opts)
110 | return response.content
| |- warning: conformance of 'String' to 'Generable' is only available in watchOS 27.0 or newer; this is an error in the Swift 6 language mode
| `- note: add 'if #available' version check
111 | #else
112 | throw FoundationModelsGeneratorError.osTooOld
Failed frontend command:
/Applications/Xcode-27.0.0-Release.Candidate.app/Contents/Developer/Toolchains/XcodeDefault.xctoolchain/usr/bin/swift-frontend -frontend -c /Users/admin/builder/spi-builder-workspace/Sources/SwiftApiAdapter/Connector.swift -primary-file /Users/admin/builder/spi-builder-workspace/Sources/SwiftApiAdapter/Loader.swift /Users/admin/builder/spi-builder-workspace/Sources/SwiftApiAdapter/Model.swift /Users/admin/builder/spi-builder-workspace/Sources/SwiftApiAdapter/Tools.swift -emit-dependencies-path /Users/admin/builder/spi-builder-workspace/.derivedData/Build/Intermediates.noindex/SwiftApiAdapter.build/Debug-watchos/SwiftApiAdapter-t.build/Objects-normal/arm64/Loader.d -emit-const-values-path /Users/admin/builder/spi-builder-workspace/.derivedData/Build/Intermediates.noindex/SwiftApiAdapter.build/Debug-watchos/SwiftApiAdapter-t.build/Objects-normal/arm64/Loader.swiftconstvalues -emit-reference-dependencies-path /Users/admin/builder/spi-builder-workspace/.derivedData/Build/Intermediates.noindex/SwiftApiAdapter.build/Debug-watchos/SwiftApiAdapter-t.build/Objects-normal/arm64/Loader.swiftdeps -serialize-diagnostics-path /Users/admin/builder/spi-builder-workspace/.derivedData/Build/Intermediates.noindex/SwiftApiAdapter.build/Debug-watchos/SwiftApiAdapter-t.build/Objects-normal/arm64/Loader.dia -target arm64-apple-watchos9.0 -module-can-import-version FoundationModels 2.0.68.1 0 -module-can-import-version UIKit 9127.0.84.1 9127.0.84 -disable-cross-import-overlay-search -load-resolved-plugin /Applications/Xcode-27.0.0-Release.Candidate.app/Contents/Developer/Platforms/WatchOS.platform/Developer/usr/lib/swift/host/plugins/libFoundationMacros.dylib\#/Applications/Xcode-27.0.0-Release.Candidate.app/Contents/Developer/Platforms/WatchOS.platform/Developer/usr/bin/swift-plugin-server\#FoundationMacros -load-resolved-plugin /Applications/Xcode-27.0.0-Release.Candidate.app/Contents/Developer/Platforms/WatchOS.platform/Developer/usr/lib/swift/host/plugins/libFoundationModelsMacros.dylib\#/Applications/Xcode-27.0.0-Release.Candidate.app/Contents/Developer/Platforms/WatchOS.platform/Developer/usr/bin/swift-plugin-server\#FoundationModelsMacros -load-resolved-plugin /Applications/Xcode-27.0.0-Release.Candidate.app/Contents/Developer/Platforms/WatchOS.platform/Developer/usr/lib/swift/host/plugins/libObservationMacros.dylib\#/Applications/Xcode-27.0.0-Release.Candidate.app/Contents/Developer/Platforms/WatchOS.platform/Developer/usr/bin/swift-plugin-server\#ObservationMacros -load-resolved-plugin /Applications/Xcode-27.0.0-Release.Candidate.app/Contents/Developer/Platforms/WatchOS.platform/Developer/usr/lib/swift/host/plugins/libSwiftMacros.dylib\#/Applications/Xcode-27.0.0-Release.Candidate.app/Contents/Developer/Platforms/WatchOS.platform/Developer/usr/bin/swift-plugin-server\#SwiftMacros -load-resolved-plugin /Applications/Xcode-27.0.0-Release.Candidate.app/Contents/Developer/Platforms/WatchOS.platform/Developer/usr/lib/swift/host/plugins/libSwiftUIMacros.dylib\#/Applications/Xcode-27.0.0-Release.Candidate.app/Contents/Developer/Platforms/WatchOS.platform/Developer/usr/bin/swift-plugin-server\#SwiftUIMacros -disable-implicit-swift-modules -Xcc -fno-implicit-modules -Xcc -fno-implicit-module-maps -explicit-swift-module-map-file /Users/admin/builder/spi-builder-workspace/.derivedData/Build/Intermediates.noindex/SwiftApiAdapter.build/Debug-watchos/SwiftApiAdapter-t.build/Objects-normal/arm64/SwiftApiAdapter-dependencies-1.json -Xllvm -aarch64-use-tbi -enable-objc-interop -stack-check -sdk /Applications/Xcode-27.0.0-Release.Candidate.app/Contents/Developer/Platforms/WatchOS.platform/Developer/SDKs/WatchOS27.0.sdk -I /Users/admin/builder/spi-builder-workspace/.derivedData/Build/Products/Debug-watchos -Isystem /Applications/Xcode-27.0.0-Release.Candidate.app/Contents/Developer/Platforms/WatchOS.platform/Developer/usr/lib -F /Users/admin/builder/spi-builder-workspace/.derivedData/Build/Products/Debug-watchos/PackageFrameworks -F /Users/admin/builder/spi-builder-workspace/.derivedData/Build/Products/Debug-watchos -F /Applications/Xcode-27.0.0-Release.Candidate.app/Contents/Developer/Platforms/WatchOS.platform/Developer/Library/Frameworks -F /Applications/Xcode-27.0.0-Release.Candidate.app/Contents/Developer/Platforms/WatchOS.platform/Developer/SDKs/WatchOS27.0.sdk/Developer/Library/Frameworks -module-cache-path /Users/admin/builder/spi-builder-workspace/.derivedData/Build/Intermediates.noindex/SwiftExplicitPrecompiledModules -no-color-diagnostics -Xcc -fno-color-diagnostics -enable-testing -g -debug-info-format\=dwarf -dwarf-version\=4 -profile-generate -profile-coverage-mapping -swift-version 5 -Onone -D SWIFT_PACKAGE -D DEBUG -D SWIFT_MODULE_RESOURCE_BUNDLE_UNAVAILABLE -D Xcode -serialize-debugging-options -enable-experimental-feature DebugDescriptionMacro -empty-abi-descriptor -validate-clang-modules-once -clang-build-session-file /Users/admin/builder/spi-builder-workspace/.derivedData/ModuleCache.noindex/Session.modulevalidation -Xcc -working-directory -Xcc /Users/admin/builder/spi-builder-workspace/.swiftpm/xcode -enable-anonymous-context-mangled-names -file-compilation-dir /Users/admin/builder/spi-builder-workspace/.swiftpm/xcode -Xcc -D_LIBCPP_HARDENING_MODE\=_LIBCPP_HARDENING_MODE_DEBUG -Xcc -ivfsstatcache -Xcc /Users/admin/builder/spi-builder-workspace/.derivedData/SDKStatCaches.noindex/watchos27.0-24R360-e829b21a6f8c9b70876ba0858053c04477534ef55a1706bf4c1112bbb242f0a2.sdkstatcache -Xcc -fmodules-prune-interval\=86400 -Xcc -fmodules-prune-after\=345600 -Xcc -I/Users/admin/builder/spi-builder-workspace/.derivedData/Build/Products/Debug-watchos/include -Xcc -I/Users/admin/builder/spi-builder-workspace/.derivedData/Build/Intermediates.noindex/SwiftApiAdapter.build/Debug-watchos/SwiftApiAdapter-t.build/DerivedSources-normal/arm64 -Xcc -I/Users/admin/builder/spi-builder-workspace/.derivedData/Build/Intermediates.noindex/SwiftApiAdapter.build/Debug-watchos/SwiftApiAdapter-t.build/DerivedSources/arm64 -Xcc -I/Users/admin/builder/spi-builder-workspace/.derivedData/Build/Intermediates.noindex/SwiftApiAdapter.build/Debug-watchos/SwiftApiAdapter-t.build/DerivedSources -Xcc -DSWIFT_PACKAGE -Xcc -DDEBUG\=1 -no-auto-bridging-header-chaining -module-name SwiftApiAdapter -package-name spi_builder_workspace -const-gather-protocols-file /Users/admin/builder/spi-builder-workspace/.derivedData/Build/Intermediates.noindex/SwiftApiAdapter.build/Debug-watchos/SwiftApiAdapter-t.build/Objects-normal/arm64/SwiftApiAdapter_const_extract_protocols.json -disable-clang-spi -clang-target arm64-apple-watchos27.0 -target-sdk-version 27.0 -target-sdk-name watchos27.0 -in-process-plugin-server-path /Applications/Xcode-27.0.0-Release.Candidate.app/Contents/Developer/Toolchains/XcodeDefault.xctoolchain/usr/lib/swift/host/libSwiftInProcPluginServer.dylib -parse-as-library -o /Users/admin/builder/spi-builder-workspace/.derivedData/Build/Intermediates.noindex/SwiftApiAdapter.build/Debug-watchos/SwiftApiAdapter-t.build/Objects-normal/arm64/Loader.o -debug-module-path /Users/admin/builder/spi-builder-workspace/.derivedData/Build/Intermediates.noindex/SwiftApiAdapter.build/Debug-watchos/SwiftApiAdapter-t.build/Objects-normal/arm64/SwiftApiAdapter.swiftmodule -index-unit-output-path /SwiftApiAdapter.build/Debug-watchos/SwiftApiAdapter-t.build/Objects-normal/arm64/Loader.o -index-store-path /Users/admin/builder/spi-builder-workspace/.derivedData/Index.noindex/DataStore -index-system-modules
PruneExplicitPrecompiledModules /Users/admin/builder/spi-builder-workspace/.derivedData/Build/Intermediates.noindex/ExplicitPrecompiledModules
PruneExplicitPrecompiledModules /Users/admin/builder/spi-builder-workspace/.derivedData/SDKExplicitPrecompiledModules
PruneExplicitPrecompiledModules /Users/admin/builder/spi-builder-workspace/.derivedData/Build/Intermediates.noindex/SwiftExplicitPrecompiledModules
2026-09-23 23:26:54.549 xcodebuild[969:5600] [MT] IDERunDestination: Supported platforms for the buildables in the current scheme is empty.
** BUILD FAILED **
The following build commands failed:
SwiftCompile normal arm64_32 /Users/admin/builder/spi-builder-workspace/Sources/SwiftApiAdapter/Loader.swift (in target 'SwiftApiAdapter' from project 'SwiftApiAdapter')
SwiftCompile normal arm64_32 Compiling\ Loader.swift /Users/admin/builder/spi-builder-workspace/Sources/SwiftApiAdapter/Loader.swift (in target 'SwiftApiAdapter' from project 'SwiftApiAdapter')
SwiftCompile normal arm64 /Users/admin/builder/spi-builder-workspace/Sources/SwiftApiAdapter/Loader.swift (in target 'SwiftApiAdapter' from project 'SwiftApiAdapter')
SwiftCompile normal arm64 Compiling\ Loader.swift /Users/admin/builder/spi-builder-workspace/Sources/SwiftApiAdapter/Loader.swift (in target 'SwiftApiAdapter' from project 'SwiftApiAdapter')
Building workspace SwiftApiAdapter with scheme SwiftApiAdapter
(5 failures)
BUILD FAILURE 6.4 watchOS