Build Information
Failed to build Storyblok, reference main (1997f3), with Swift 6.3 for Wasm on 30 Oct 2026 12:13:07 UTC.
Build Command
bash -c docker run --pull=always --rm -v "checkouts-54344845-0":/host -w "$PWD" -e JAVA_HOME="/root/.sdkman/candidates/java/current" -e SPI_BUILD="1" -e SPI_PROCESSING="1" registry.gitlab.com/saguaro1/spi-images:wasm-6.3-latest swift build --swift-sdk swift-6.3.2-RELEASE_wasm 2>&1Build Log
========================================
RunAll
========================================
Builder version: 5.1.4
Interrupt handler set up.
========================================
Checkout
========================================
Clone URL: https://github.com/storyblok/storyblok-swift.git
Reference: main
Initialized empty Git repository in /host/spi-builder-workspace/.git/
hint: Using 'master' as the name for the initial branch. This default branch name
hint: is subject to change. To configure the initial branch name to use in all
hint: of your new repositories, which will suppress this warning, call:
hint:
hint: git config --global init.defaultBranch <name>
hint:
hint: Names commonly chosen instead of 'master' are 'main', 'trunk' and
hint: 'development'. The just-created branch can be renamed via this command:
hint:
hint: git branch -m <name>
From https://github.com/storyblok/storyblok-swift
* branch main -> FETCH_HEAD
* [new branch] main -> origin/main
HEAD is now at 1997f3a chore: prep 1.1.0 release
Cloned https://github.com/storyblok/storyblok-swift.git
Revision (git rev-parse @):
1997f3a97aba3cc108fde0c3e14c3f55203d1fed
SUCCESS checkout https://github.com/storyblok/storyblok-swift.git at main
========================================
Build
========================================
Selected platform: wasm
Swift version: 6.3
Building package at path: $PWD
https://github.com/storyblok/storyblok-swift.git
Running build ...
bash -c docker run --pull=always --rm -v "checkouts-54344845-0":/host -w "$PWD" -e JAVA_HOME="/root/.sdkman/candidates/java/current" -e SPI_BUILD="1" -e SPI_PROCESSING="1" registry.gitlab.com/saguaro1/spi-images:wasm-6.3-latest swift build --swift-sdk swift-6.3.2-RELEASE_wasm 2>&1
wasm-6.3-latest: Pulling from saguaro1/spi-images
Digest: sha256:eea66feda95ad8894091082dbcb77ec1fc917891d37888fd1938b0b68455d992
Status: Image is up to date for registry.gitlab.com/saguaro1/spi-images:wasm-6.3-latest
Fetching https://github.com/WeTransfer/Mocker.git
Fetching https://github.com/apple/swift-docc-plugin.git
Fetching https://github.com/swiftlang/swift-syntax.git
Fetching https://github.com/apple/swift-log
[1/8381] Fetching swift-log
[3354/10294] Fetching swift-log, mocker
[3606/12639] Fetching swift-log, mocker, swift-docc-plugin
Fetched https://github.com/WeTransfer/Mocker.git from cache (0.47s)
[10304/10726] Fetching swift-log, swift-docc-plugin
[10727/92088] Fetching swift-log, swift-docc-plugin, swift-syntax
Fetched https://github.com/apple/swift-log from cache (3.33s)
Fetched https://github.com/apple/swift-docc-plugin.git from cache (3.33s)
Fetched https://github.com/swiftlang/swift-syntax.git from cache (3.35s)
Computing version for https://github.com/WeTransfer/Mocker.git
Computed https://github.com/WeTransfer/Mocker.git at 3.0.2 (4.27s)
Computing version for https://github.com/swiftlang/swift-syntax.git
Computed https://github.com/swiftlang/swift-syntax.git at 604.0.0 (0.28s)
Computing version for https://github.com/apple/swift-docc-plugin.git
Computed https://github.com/apple/swift-docc-plugin.git at 1.5.0 (0.19s)
Fetching https://github.com/swiftlang/swift-docc-symbolkit
[1/3850] Fetching swift-docc-symbolkit
Fetched https://github.com/swiftlang/swift-docc-symbolkit from cache (0.61s)
Computing version for https://github.com/swiftlang/swift-docc-symbolkit
Computed https://github.com/swiftlang/swift-docc-symbolkit at 1.0.0 (0.83s)
Computing version for https://github.com/apple/swift-log
Computed https://github.com/apple/swift-log at 1.16.2 (0.16s)
Creating working copy for https://github.com/swiftlang/swift-docc-symbolkit
Working copy of https://github.com/swiftlang/swift-docc-symbolkit resolved at 1.0.0
Creating working copy for https://github.com/apple/swift-log
Working copy of https://github.com/apple/swift-log resolved at 1.16.2
Creating working copy for https://github.com/WeTransfer/Mocker.git
Working copy of https://github.com/WeTransfer/Mocker.git resolved at 3.0.2
Creating working copy for https://github.com/apple/swift-docc-plugin.git
Working copy of https://github.com/apple/swift-docc-plugin.git resolved at 1.5.0
Creating working copy for https://github.com/swiftlang/swift-syntax.git
Working copy of https://github.com/swiftlang/swift-syntax.git resolved at 604.0.0
[1/1] Compiling plugin Swift-DocC Preview
[2/2] Compiling plugin Swift-DocC
Building for debugging...
[2/56] Write sources
[30/56] Compiling _SwiftSyntaxCShims PlatformMutex.c
[31/56] Write sources
[33/56] Write swift-version-24593BA9C3E375BF.txt
[35/81] Emitting module SwiftSyntax604
[36/81] Emitting module SwiftSyntax600
[37/81] Emitting module SwiftSyntax601
[38/81] Compiling SwiftSyntax601 Empty.swift
[39/82] Compiling SwiftSyntax602 Empty.swift
[40/82] Emitting module SwiftSyntax602
[43/83] Emitting module SwiftSyntax603
[44/83] Compiling SwiftSyntax603 Empty.swift
[45/84] Emitting module SwiftSyntax510
[46/84] Compiling SwiftSyntax510 Empty.swift
[47/84] Compiling SwiftSyntax604 Empty.swift
[50/97] Wrapping AST for SwiftSyntax601 for debugging
[51/97] Wrapping AST for SwiftSyntax604 for debugging
[52/97] Wrapping AST for SwiftSyntax602 for debugging
[53/97] Wrapping AST for SwiftSyntax510 for debugging
[54/97] Wrapping AST for SwiftSyntax603 for debugging
[56/97] Compiling Logging Logger+With.swift
[57/97] Compiling Logging Logger.swift
[58/98] Compiling Logging Logger+Attributes.swift
[59/98] Compiling Logging LogEvent.swift
[60/98] Compiling Logging LogHandler.swift
[61/98] Emitting module SwiftSyntax509
[62/98] Compiling SwiftSyntax509 Empty.swift
[63/99] Compiling Logging LoggingSystem.swift
[64/99] Compiling SwiftSyntax600 Empty.swift
[66/100] Wrapping AST for SwiftSyntax509 for debugging
[67/100] Wrapping AST for SwiftSyntax600 for debugging
[69/164] Emitting module Logging
[70/164] Compiling SwiftSyntax AbsolutePosition.swift
[71/164] Compiling SwiftSyntax AbsoluteSyntaxInfo.swift
[72/164] Compiling SwiftSyntax ArenaAllocatedBuffer.swift
[73/164] Compiling SwiftSyntax Assert.swift
[74/164] Compiling Logging MetadataProvider.swift
[80/171] Compiling SwiftSyntax BumpPtrAllocator.swift
[81/171] Compiling SwiftSyntax CommonAncestor.swift
[82/171] Compiling SwiftSyntax Convenience.swift
[83/171] Compiling SwiftSyntax CustomTraits.swift
[84/171] Compiling SwiftSyntax EditorPlaceholder.swift
[85/179] Compiling SwiftSyntax Identifier.swift
[86/179] Compiling SwiftSyntax MemoryLayout.swift
[87/179] Compiling SwiftSyntax MissingNodeInitializers.swift
[88/179] Compiling SwiftSyntax RawSyntax.swift
[89/179] Compiling SwiftSyntax RawSyntaxArena.swift
[90/179] Compiling SwiftSyntax RawSyntaxLayoutView.swift
[91/179] Compiling SwiftSyntax RawSyntaxNodeProtocol.swift
[92/179] Compiling SwiftSyntax RawSyntaxTokenView.swift
[93/179] Compiling SwiftSyntax SourceEdit.swift
[94/179] Compiling URLSessionExtension URLSessionExtension.swift
/host/spi-builder-workspace/Sources/URLSessionExtension/CachedDataTaskPublisher.swift:2:8: error: no such module 'Combine'
1 | import Foundation
2 | import Combine
| `- error: no such module 'Combine'
3 |
4 | extension URLSession {
[95/179] Compiling URLSessionExtension URL+StableCacheKey.swift
/host/spi-builder-workspace/Sources/URLSessionExtension/CachedDataTaskPublisher.swift:2:8: error: no such module 'Combine'
1 | import Foundation
2 | import Combine
| `- error: no such module 'Combine'
3 |
4 | extension URLSession {
[96/179] Compiling URLSessionExtension PagePublisher.swift
/host/spi-builder-workspace/Sources/URLSessionExtension/CachedDataTaskPublisher.swift:2:8: error: no such module 'Combine'
1 | import Foundation
2 | import Combine
| `- error: no such module 'Combine'
3 |
4 | extension URLSession {
[97/179] Compiling URLSessionExtension CachedDataTaskPublisher.swift
/host/spi-builder-workspace/Sources/URLSessionExtension/CachedDataTaskPublisher.swift:2:8: error: no such module 'Combine'
1 | import Foundation
2 | import Combine
| `- error: no such module 'Combine'
3 |
4 | extension URLSession {
error: emit-module command failed with exit code 1 (use -v to see invocation)
[98/179] Compiling URLSessionExtension Page.swift
/host/spi-builder-workspace/Sources/URLSessionExtension/CachedDataTaskPublisher.swift:2:8: error: no such module 'Combine'
1 | import Foundation
2 | import Combine
| `- error: no such module 'Combine'
3 |
4 | extension URLSession {
[99/179] Emitting module URLSessionExtension
/host/spi-builder-workspace/Sources/URLSessionExtension/CachedDataTaskPublisher.swift:2:8: error: no such module 'Combine'
1 | import Foundation
2 | import Combine
| `- error: no such module 'Combine'
3 |
4 | extension URLSession {
BUILD FAILURE 6.3 wasm