Build Information
Failed to build WebPackMiniS, reference 0.2.6 (5f559f), with Swift 6.4 for macOS (Xcode) using Xcode 27.0 on 18 Sep 2026 10:38:03 UTC.
Build Command
env DEVELOPER_DIR=/Applications/Xcode-27.0.0-Release.Candidate.app xcrun xcodebuild -IDEClonedSourcePackagesDirPathOverride=$PWD/.dependencies -skipMacroValidation -skipPackagePluginValidation -derivedDataPath $PWD/.derivedData build -scheme WebPackMiniS -destination platform=macOS,arch=arm64Build Log
========================================
RunAll
========================================
Builder version: 5.1.0
Interrupt handler set up.
========================================
Checkout
========================================
Clone URL: https://github.com/helje5/WebPackMiniS.git
Reference: 0.2.6
Initialized empty Git repository in /Users/admin/builder/spi-builder-workspace/.git/
From https://github.com/helje5/WebPackMiniS
* tag 0.2.6 -> FETCH_HEAD
HEAD is now at 5f559f8 Merge branch 'develop' into main
Cloned https://github.com/helje5/WebPackMiniS.git
Revision (git rev-parse @):
5f559f8e56b73cc7011857ff05c47b89ac766b72
SUCCESS checkout https://github.com/helje5/WebPackMiniS.git at 0.2.6
========================================
Build
========================================
Selected platform: macosXcodebuild
Swift version: 6.4
Building package at path: $PWD
https://github.com/helje5/WebPackMiniS.git
Command line invocation:
/Applications/Xcode-27.0.0-Release.Candidate.app/Contents/Developer/usr/bin/xcodebuild -IDEClonedSourcePackagesDirPathOverride=/Users/admin/builder/spi-builder-workspace/.dependencies -resolvePackageDependencies
resolved source packages:
{
"dependencies" : [
],
"manifest_display_name" : "WebPackMiniS",
"name" : "WebPackMiniS",
"path" : "/Users/admin/builder/spi-builder-workspace",
"platforms" : [
],
"products" : [
{
"name" : "WebPackMiniS",
"targets" : [
"WebPackMiniS"
],
"type" : {
"library" : [
"automatic"
]
}
}
],
"targets" : [
{
"c99name" : "WebPackMiniSTests",
"module_type" : "SwiftTarget",
"name" : "WebPackMiniSTests",
"path" : "Tests/WebPackMiniSTests",
"sources" : [
"JavaScriptTokenizerTests.swift",
"PackingTests.swift"
],
"target_dependencies" : [
"WebPackMiniS"
],
"type" : "test"
},
{
"c99name" : "WebPackMiniS",
"module_type" : "SwiftTarget",
"name" : "WebPackMiniS",
"path" : "Sources/WebPackMiniS",
"product_memberships" : [
"WebPackMiniS"
],
"sources" : [
"Helpers.swift",
"JavaScriptParser/JavaScriptParser.swift",
"Loaders/CSSLoader.swift",
"Loaders/FileLoader.swift",
"Loaders/JSLoader.swift",
"Loaders/VueLoader.swift",
"WebPack.swift",
"WebPackLoader.swift"
],
"type" : "library"
}
],
"tools_version" : "5.0"
}
{
"project" : {
"configurations" : [
"Debug",
"Release"
],
"name" : "WebPackMiniS",
"schemes" : [
"WebPackMiniS"
],
"targets" : [
"WebPackMiniS",
"WebPackMiniTests"
]
}
}
Running build ...
env DEVELOPER_DIR=/Applications/Xcode-27.0.0-Release.Candidate.app xcrun xcodebuild -IDEClonedSourcePackagesDirPathOverride=$PWD/.dependencies -skipMacroValidation -skipPackagePluginValidation -derivedDataPath $PWD/.derivedData build -scheme WebPackMiniS -destination platform=macOS,arch=arm64
Command line invocation:
/Applications/Xcode-27.0.0-Release.Candidate.app/Contents/Developer/usr/bin/xcodebuild -IDEClonedSourcePackagesDirPathOverride=/Users/admin/builder/spi-builder-workspace/.dependencies -skipMacroValidation -skipPackagePluginValidation -derivedDataPath /Users/admin/builder/spi-builder-workspace/.derivedData build -scheme WebPackMiniS -destination platform=macOS,arch=arm64
ComputePackagePrebuildTargetDependencyGraph
Prepare packages
CreateBuildRequest
SendProjectDescription
CreateBuildOperation
ComputeTargetDependencyGraph
note: Building targets in dependency order
note: Target dependency graph (2 targets)
Target 'WebPackMiniTests' in project 'WebPackMiniS'
➜ Explicit dependency on target 'WebPackMiniS' in project 'WebPackMiniS'
Target 'WebPackMiniS' in project 'WebPackMiniS' (no dependencies)
GatherProvisioningInputs
CreateBuildDescription
ExecuteExternalTool /Applications/Xcode-27.0.0-Release.Candidate.app/Contents/Developer/Toolchains/XcodeDefault.xctoolchain/usr/bin/clang -v -E -dM -isysroot /Applications/Xcode-27.0.0-Release.Candidate.app/Contents/Developer/Platforms/MacOSX.platform/Developer/SDKs/MacOSX27.0.sdk -x c -c /dev/null
ExecuteExternalTool /Applications/Xcode-27.0.0-Release.Candidate.app/Contents/Developer/Toolchains/XcodeDefault.xctoolchain/usr/bin/swiftc --version
ExecuteExternalTool /Applications/Xcode-27.0.0-Release.Candidate.app/Contents/Developer/Toolchains/XcodeDefault.xctoolchain/usr/bin/ld -version_details
Build description signature: 4e54df57b21aa9ef9028a17b909e9b7d
Build description path: /Users/admin/builder/spi-builder-workspace/.derivedData/Build/Intermediates.noindex/XCBuildData/4e54df57b21aa9ef9028a17b909e9b7d.xcbuilddata
/Users/admin/builder/spi-builder-workspace/WebPackMiniS.xcodeproj: error: The macOS deployment target 'MACOSX_DEPLOYMENT_TARGET' is set to 10.11, but the range of supported deployment target versions is 12.0 to 27.0.x. (in target 'WebPackMiniS' from project 'WebPackMiniS')
/Users/admin/builder/spi-builder-workspace/WebPackMiniS.xcodeproj: error: The macOS deployment target 'MACOSX_DEPLOYMENT_TARGET' is set to 10.11, but the range of supported deployment target versions is 12.0 to 27.0.x. (in target 'WebPackMiniTests' from project 'WebPackMiniS')
** BUILD FAILED **
The following build commands failed:
Building project WebPackMiniS with scheme WebPackMiniS
(1 failure)
Command line invocation:
/Applications/Xcode-27.0.0-Release.Candidate.app/Contents/Developer/usr/bin/xcodebuild -IDEClonedSourcePackagesDirPathOverride=/Users/admin/builder/spi-builder-workspace/.dependencies -resolvePackageDependencies
resolved source packages:
{
"dependencies" : [
],
"manifest_display_name" : "WebPackMiniS",
"name" : "WebPackMiniS",
"path" : "/Users/admin/builder/spi-builder-workspace",
"platforms" : [
],
"products" : [
{
"name" : "WebPackMiniS",
"targets" : [
"WebPackMiniS"
],
"type" : {
"library" : [
"automatic"
]
}
}
],
"targets" : [
{
"c99name" : "WebPackMiniSTests",
"module_type" : "SwiftTarget",
"name" : "WebPackMiniSTests",
"path" : "Tests/WebPackMiniSTests",
"sources" : [
"JavaScriptTokenizerTests.swift",
"PackingTests.swift"
],
"target_dependencies" : [
"WebPackMiniS"
],
"type" : "test"
},
{
"c99name" : "WebPackMiniS",
"module_type" : "SwiftTarget",
"name" : "WebPackMiniS",
"path" : "Sources/WebPackMiniS",
"product_memberships" : [
"WebPackMiniS"
],
"sources" : [
"Helpers.swift",
"JavaScriptParser/JavaScriptParser.swift",
"Loaders/CSSLoader.swift",
"Loaders/FileLoader.swift",
"Loaders/JSLoader.swift",
"Loaders/VueLoader.swift",
"WebPack.swift",
"WebPackLoader.swift"
],
"type" : "library"
}
],
"tools_version" : "5.0"
}
{
"project" : {
"configurations" : [
"Debug",
"Release"
],
"name" : "WebPackMiniS",
"schemes" : [
"WebPackMiniS"
],
"targets" : [
"WebPackMiniS",
"WebPackMiniTests"
]
}
}
Running build ...
env DEVELOPER_DIR=/Applications/Xcode-27.0.0-Release.Candidate.app xcrun xcodebuild -IDEClonedSourcePackagesDirPathOverride=$PWD/.dependencies -skipMacroValidation -skipPackagePluginValidation -derivedDataPath $PWD/.derivedData build -scheme WebPackMiniS -destination platform=macOS,arch=arm64
Command line invocation:
/Applications/Xcode-27.0.0-Release.Candidate.app/Contents/Developer/usr/bin/xcodebuild -IDEClonedSourcePackagesDirPathOverride=/Users/admin/builder/spi-builder-workspace/.dependencies -skipMacroValidation -skipPackagePluginValidation -derivedDataPath /Users/admin/builder/spi-builder-workspace/.derivedData build -scheme WebPackMiniS -destination platform=macOS,arch=arm64
ComputePackagePrebuildTargetDependencyGraph
Prepare packages
CreateBuildRequest
SendProjectDescription
CreateBuildOperation
ComputeTargetDependencyGraph
note: Building targets in dependency order
note: Target dependency graph (2 targets)
Target 'WebPackMiniTests' in project 'WebPackMiniS'
➜ Explicit dependency on target 'WebPackMiniS' in project 'WebPackMiniS'
Target 'WebPackMiniS' in project 'WebPackMiniS' (no dependencies)
GatherProvisioningInputs
CreateBuildDescription
/Users/admin/builder/spi-builder-workspace/WebPackMiniS.xcodeproj: error: The macOS deployment target 'MACOSX_DEPLOYMENT_TARGET' is set to 10.11, but the range of supported deployment target versions is 12.0 to 27.0.x. (in target 'WebPackMiniS' from project 'WebPackMiniS')
/Users/admin/builder/spi-builder-workspace/WebPackMiniS.xcodeproj: error: The macOS deployment target 'MACOSX_DEPLOYMENT_TARGET' is set to 10.11, but the range of supported deployment target versions is 12.0 to 27.0.x. (in target 'WebPackMiniTests' from project 'WebPackMiniS')
** BUILD FAILED **
The following build commands failed:
Building project WebPackMiniS with scheme WebPackMiniS
(1 failure)
BUILD FAILURE 6.4 macosXcodebuild