The Swift Package Index logo.Swift Package Index

Build Information

Failed to build CodeEditorView, reference main (2394a4), with Swift 6.3 for watchOS using Xcode 26.4 on 18 Oct 2026 16:47:41 UTC.

Build Command

env DEVELOPER_DIR=/Applications/Xcode-26.5.0.app xcrun xcodebuild -IDEClonedSourcePackagesDirPathOverride=$PWD/.dependencies -skipMacroValidation -skipPackagePluginValidation -derivedDataPath $PWD/.derivedData build -scheme CodeEditorView-Package -destination generic/platform=watchOS

Build Log

        ➜ Explicit dependency on target 'Rearrange' in project 'Rearrange'
    Target 'LanguageSupport' in project 'CodeEditorView'
        ➜ Explicit dependency on target 'Rearrange' in project 'Rearrange'
    Target 'Rearrange' in project 'Rearrange'
        ➜ Explicit dependency on target 'Rearrange' in project 'Rearrange'
    Target 'Rearrange' in project 'Rearrange' (no dependencies)
GatherProvisioningInputs
CreateBuildDescription
ExecuteExternalTool /Applications/Xcode-26.5.0.app/Contents/Developer/Toolchains/XcodeDefault.xctoolchain/usr/bin/clang -v -E -dM -isysroot /Applications/Xcode-26.5.0.app/Contents/Developer/Platforms/WatchOS.platform/Developer/SDKs/WatchOS26.5.sdk -x c -c /dev/null
ExecuteExternalTool /Applications/Xcode-26.5.0.app/Contents/Developer/Toolchains/XcodeDefault.xctoolchain/usr/bin/swiftc --version
ExecuteExternalTool /Applications/Xcode-26.5.0.app/Contents/Developer/Toolchains/XcodeDefault.xctoolchain/usr/bin/ld -version_details
ReadFileContents /Applications/Xcode-26.5.0.app/Contents/Developer/Toolchains/XcodeDefault.xctoolchain/usr/share/docc/features.json
Build description signature: 394c01c0259edfe922e8cc66007ab82c
Build description path: /Users/admin/builder/spi-builder-workspace/.derivedData/Build/Intermediates.noindex/XCBuildData/394c01c0259edfe922e8cc66007ab82c.xcbuilddata
ClangStatCache /Applications/Xcode-26.5.0.app/Contents/Developer/Toolchains/XcodeDefault.xctoolchain/usr/bin/clang-stat-cache /Applications/Xcode-26.5.0.app/Contents/Developer/Platforms/WatchOS.platform/Developer/SDKs/WatchOS26.5.sdk /Users/admin/builder/spi-builder-workspace/.derivedData/SDKStatCaches.noindex/watchos26.5-23T570-688ef53f1462e2c8f657fdc38a81448f7931b973dfc65d9472806dbbc3af9379.sdkstatcache
    cd /Users/admin/builder/spi-builder-workspace/.swiftpm/xcode
    /Applications/Xcode-26.5.0.app/Contents/Developer/Toolchains/XcodeDefault.xctoolchain/usr/bin/clang-stat-cache /Applications/Xcode-26.5.0.app/Contents/Developer/Platforms/WatchOS.platform/Developer/SDKs/WatchOS26.5.sdk -o /Users/admin/builder/spi-builder-workspace/.derivedData/SDKStatCaches.noindex/watchos26.5-23T570-688ef53f1462e2c8f657fdc38a81448f7931b973dfc65d9472806dbbc3af9379.sdkstatcache
CreateBuildDirectory /Users/admin/builder/spi-builder-workspace/.derivedData/Build/Products
    cd /Users/admin/builder/spi-builder-workspace/.swiftpm/xcode
    builtin-create-build-directory /Users/admin/builder/spi-builder-workspace/.derivedData/Build/Products
CreateBuildDirectory /Users/admin/builder/spi-builder-workspace/.derivedData/Build/Intermediates.noindex
    cd /Users/admin/builder/spi-builder-workspace/.swiftpm/xcode
    builtin-create-build-directory /Users/admin/builder/spi-builder-workspace/.derivedData/Build/Intermediates.noindex
CreateBuildDirectory /Users/admin/builder/spi-builder-workspace/.derivedData/Build/Intermediates.noindex/SwiftExplicitPrecompiledModules
    cd /Users/admin/builder/spi-builder-workspace/.swiftpm/xcode
    builtin-create-build-directory /Users/admin/builder/spi-builder-workspace/.derivedData/Build/Intermediates.noindex/SwiftExplicitPrecompiledModules
CreateBuildDirectory /Users/admin/builder/spi-builder-workspace/.derivedData/Build/Intermediates.noindex/ExplicitPrecompiledModules
    cd /Users/admin/builder/spi-builder-workspace/.swiftpm/xcode
    builtin-create-build-directory /Users/admin/builder/spi-builder-workspace/.derivedData/Build/Intermediates.noindex/ExplicitPrecompiledModules
CreateBuildDirectory /Users/admin/builder/spi-builder-workspace/.derivedData/Build/Products/Debug-watchos
    cd /Users/admin/builder/spi-builder-workspace/.swiftpm/xcode
    builtin-create-build-directory /Users/admin/builder/spi-builder-workspace/.derivedData/Build/Products/Debug-watchos
CreateBuildDirectory /Users/admin/builder/spi-builder-workspace/.derivedData/Build/Intermediates.noindex/EagerLinkingTBDs/Debug-watchos
    cd /Users/admin/builder/spi-builder-workspace/.swiftpm/xcode
    builtin-create-build-directory /Users/admin/builder/spi-builder-workspace/.derivedData/Build/Intermediates.noindex/EagerLinkingTBDs/Debug-watchos
CreateBuildDirectory /Users/admin/builder/spi-builder-workspace/.derivedData/Build/Products/Debug-watchos/PackageFrameworks
    cd /Users/admin/builder/spi-builder-workspace/.swiftpm/xcode
    builtin-create-build-directory /Users/admin/builder/spi-builder-workspace/.derivedData/Build/Products/Debug-watchos/PackageFrameworks
WriteAuxiliaryFile /Users/admin/builder/spi-builder-workspace/.derivedData/Build/Intermediates.noindex/Rearrange.build/Debug-watchos/Rearrange.build/Rearrange.DependencyStaticMetadataFileList (in target 'Rearrange' from project 'Rearrange')
    cd /Users/admin/builder/spi-builder-workspace/.dependencies/checkouts/Rearrange
    write-file /Users/admin/builder/spi-builder-workspace/.derivedData/Build/Intermediates.noindex/Rearrange.build/Debug-watchos/Rearrange.build/Rearrange.DependencyStaticMetadataFileList
WriteAuxiliaryFile /Users/admin/builder/spi-builder-workspace/.derivedData/Build/Intermediates.noindex/Rearrange.build/Debug-watchos/Rearrange.build/Rearrange.DependencyMetadataFileList (in target 'Rearrange' from project 'Rearrange')
    cd /Users/admin/builder/spi-builder-workspace/.dependencies/checkouts/Rearrange
    write-file /Users/admin/builder/spi-builder-workspace/.derivedData/Build/Intermediates.noindex/Rearrange.build/Debug-watchos/Rearrange.build/Rearrange.DependencyMetadataFileList
WriteAuxiliaryFile /Users/admin/builder/spi-builder-workspace/.derivedData/Build/Intermediates.noindex/Rearrange.build/Debug-watchos/Rearrange.build/Rearrange.modulemap (in target 'Rearrange' from project 'Rearrange')
    cd /Users/admin/builder/spi-builder-workspace/.dependencies/checkouts/Rearrange
    write-file /Users/admin/builder/spi-builder-workspace/.derivedData/Build/Intermediates.noindex/Rearrange.build/Debug-watchos/Rearrange.build/Rearrange.modulemap
WriteAuxiliaryFile /Users/admin/builder/spi-builder-workspace/.derivedData/Build/Intermediates.noindex/Rearrange.build/Debug-watchos/Rearrange.build/Objects-normal/armv7k/Rearrange.SwiftFileList (in target 'Rearrange' from project 'Rearrange')
    cd /Users/admin/builder/spi-builder-workspace/.dependencies/checkouts/Rearrange
    write-file /Users/admin/builder/spi-builder-workspace/.derivedData/Build/Intermediates.noindex/Rearrange.build/Debug-watchos/Rearrange.build/Objects-normal/armv7k/Rearrange.SwiftFileList
WriteAuxiliaryFile /Users/admin/builder/spi-builder-workspace/.derivedData/Build/Intermediates.noindex/Rearrange.build/Debug-watchos/Rearrange.build/Objects-normal/armv7k/Rearrange.LinkFileList (in target 'Rearrange' from project 'Rearrange')
    cd /Users/admin/builder/spi-builder-workspace/.dependencies/checkouts/Rearrange
    write-file /Users/admin/builder/spi-builder-workspace/.derivedData/Build/Intermediates.noindex/Rearrange.build/Debug-watchos/Rearrange.build/Objects-normal/armv7k/Rearrange.LinkFileList
WriteAuxiliaryFile /Users/admin/builder/spi-builder-workspace/.derivedData/Build/Intermediates.noindex/Rearrange.build/Debug-watchos/Rearrange.build/Objects-normal/armv7k/Rearrange-OutputFileMap.json (in target 'Rearrange' from project 'Rearrange')
    cd /Users/admin/builder/spi-builder-workspace/.dependencies/checkouts/Rearrange
    write-file /Users/admin/builder/spi-builder-workspace/.derivedData/Build/Intermediates.noindex/Rearrange.build/Debug-watchos/Rearrange.build/Objects-normal/armv7k/Rearrange-OutputFileMap.json
WriteAuxiliaryFile /Users/admin/builder/spi-builder-workspace/.derivedData/Build/Intermediates.noindex/Rearrange.build/Debug-watchos/Rearrange.build/Objects-normal/armv7k/Rearrange_const_extract_protocols.json (in target 'Rearrange' from project 'Rearrange')
    cd /Users/admin/builder/spi-builder-workspace/.dependencies/checkouts/Rearrange
    write-file /Users/admin/builder/spi-builder-workspace/.derivedData/Build/Intermediates.noindex/Rearrange.build/Debug-watchos/Rearrange.build/Objects-normal/armv7k/Rearrange_const_extract_protocols.json
WriteAuxiliaryFile /Users/admin/builder/spi-builder-workspace/.derivedData/Build/Intermediates.noindex/Rearrange.build/Debug-watchos/Rearrange.build/Objects-normal/arm64_32/Rearrange_const_extract_protocols.json (in target 'Rearrange' from project 'Rearrange')
    cd /Users/admin/builder/spi-builder-workspace/.dependencies/checkouts/Rearrange
    write-file /Users/admin/builder/spi-builder-workspace/.derivedData/Build/Intermediates.noindex/Rearrange.build/Debug-watchos/Rearrange.build/Objects-normal/arm64_32/Rearrange_const_extract_protocols.json
WriteAuxiliaryFile /Users/admin/builder/spi-builder-workspace/.derivedData/Build/Intermediates.noindex/Rearrange.build/Debug-watchos/Rearrange.build/Objects-normal/armv7k/Rearrange.SwiftConstValuesFileList (in target 'Rearrange' from project 'Rearrange')
    cd /Users/admin/builder/spi-builder-workspace/.dependencies/checkouts/Rearrange
    write-file /Users/admin/builder/spi-builder-workspace/.derivedData/Build/Intermediates.noindex/Rearrange.build/Debug-watchos/Rearrange.build/Objects-normal/armv7k/Rearrange.SwiftConstValuesFileList
WriteAuxiliaryFile /Users/admin/builder/spi-builder-workspace/.derivedData/Build/Intermediates.noindex/Rearrange.build/Debug-watchos/Rearrange.build/Objects-normal/arm64_32/Rearrange.SwiftFileList (in target 'Rearrange' from project 'Rearrange')
    cd /Users/admin/builder/spi-builder-workspace/.dependencies/checkouts/Rearrange
    write-file /Users/admin/builder/spi-builder-workspace/.derivedData/Build/Intermediates.noindex/Rearrange.build/Debug-watchos/Rearrange.build/Objects-normal/arm64_32/Rearrange.SwiftFileList
WriteAuxiliaryFile /Users/admin/builder/spi-builder-workspace/.derivedData/Build/Intermediates.noindex/Rearrange.build/Debug-watchos/Rearrange.build/Objects-normal/arm64_32/Rearrange.SwiftConstValuesFileList (in target 'Rearrange' from project 'Rearrange')
    cd /Users/admin/builder/spi-builder-workspace/.dependencies/checkouts/Rearrange
    write-file /Users/admin/builder/spi-builder-workspace/.derivedData/Build/Intermediates.noindex/Rearrange.build/Debug-watchos/Rearrange.build/Objects-normal/arm64_32/Rearrange.SwiftConstValuesFileList
WriteAuxiliaryFile /Users/admin/builder/spi-builder-workspace/.derivedData/Build/Intermediates.noindex/Rearrange.build/Debug-watchos/Rearrange.build/Objects-normal/arm64_32/Rearrange.LinkFileList (in target 'Rearrange' from project 'Rearrange')
    cd /Users/admin/builder/spi-builder-workspace/.dependencies/checkouts/Rearrange
    write-file /Users/admin/builder/spi-builder-workspace/.derivedData/Build/Intermediates.noindex/Rearrange.build/Debug-watchos/Rearrange.build/Objects-normal/arm64_32/Rearrange.LinkFileList
WriteAuxiliaryFile /Users/admin/builder/spi-builder-workspace/.derivedData/Build/Intermediates.noindex/Rearrange.build/Debug-watchos/Rearrange.build/Objects-normal/arm64_32/Rearrange-OutputFileMap.json (in target 'Rearrange' from project 'Rearrange')
    cd /Users/admin/builder/spi-builder-workspace/.dependencies/checkouts/Rearrange
    write-file /Users/admin/builder/spi-builder-workspace/.derivedData/Build/Intermediates.noindex/Rearrange.build/Debug-watchos/Rearrange.build/Objects-normal/arm64_32/Rearrange-OutputFileMap.json
WriteAuxiliaryFile /Users/admin/builder/spi-builder-workspace/.derivedData/Build/Intermediates.noindex/Rearrange.build/Debug-watchos/Rearrange.build/Objects-normal/arm64/Rearrange.SwiftFileList (in target 'Rearrange' from project 'Rearrange')
    cd /Users/admin/builder/spi-builder-workspace/.dependencies/checkouts/Rearrange
    write-file /Users/admin/builder/spi-builder-workspace/.derivedData/Build/Intermediates.noindex/Rearrange.build/Debug-watchos/Rearrange.build/Objects-normal/arm64/Rearrange.SwiftFileList
WriteAuxiliaryFile /Users/admin/builder/spi-builder-workspace/.derivedData/Build/Intermediates.noindex/Rearrange.build/Debug-watchos/Rearrange.build/Objects-normal/arm64/Rearrange.SwiftConstValuesFileList (in target 'Rearrange' from project 'Rearrange')
    cd /Users/admin/builder/spi-builder-workspace/.dependencies/checkouts/Rearrange
    write-file /Users/admin/builder/spi-builder-workspace/.derivedData/Build/Intermediates.noindex/Rearrange.build/Debug-watchos/Rearrange.build/Objects-normal/arm64/Rearrange.SwiftConstValuesFileList
WriteAuxiliaryFile /Users/admin/builder/spi-builder-workspace/.derivedData/Build/Intermediates.noindex/Rearrange.build/Debug-watchos/Rearrange.build/Objects-normal/arm64/Rearrange_const_extract_protocols.json (in target 'Rearrange' from project 'Rearrange')
    cd /Users/admin/builder/spi-builder-workspace/.dependencies/checkouts/Rearrange
    write-file /Users/admin/builder/spi-builder-workspace/.derivedData/Build/Intermediates.noindex/Rearrange.build/Debug-watchos/Rearrange.build/Objects-normal/arm64/Rearrange_const_extract_protocols.json
WriteAuxiliaryFile /Users/admin/builder/spi-builder-workspace/.derivedData/Build/Intermediates.noindex/Rearrange.build/Debug-watchos/Rearrange.build/Objects-normal/arm64/Rearrange-OutputFileMap.json (in target 'Rearrange' from project 'Rearrange')
    cd /Users/admin/builder/spi-builder-workspace/.dependencies/checkouts/Rearrange
    write-file /Users/admin/builder/spi-builder-workspace/.derivedData/Build/Intermediates.noindex/Rearrange.build/Debug-watchos/Rearrange.build/Objects-normal/arm64/Rearrange-OutputFileMap.json
WriteAuxiliaryFile /Users/admin/builder/spi-builder-workspace/.derivedData/Build/Intermediates.noindex/Rearrange.build/Debug-watchos/Rearrange.build/Objects-normal/arm64/Rearrange.LinkFileList (in target 'Rearrange' from project 'Rearrange')
    cd /Users/admin/builder/spi-builder-workspace/.dependencies/checkouts/Rearrange
    write-file /Users/admin/builder/spi-builder-workspace/.derivedData/Build/Intermediates.noindex/Rearrange.build/Debug-watchos/Rearrange.build/Objects-normal/arm64/Rearrange.LinkFileList
Copy /Users/admin/builder/spi-builder-workspace/.derivedData/Build/Intermediates.noindex/GeneratedModuleMaps-watchos/Rearrange.modulemap /Users/admin/builder/spi-builder-workspace/.derivedData/Build/Intermediates.noindex/Rearrange.build/Debug-watchos/Rearrange.build/Rearrange.modulemap (in target 'Rearrange' from project 'Rearrange')
    cd /Users/admin/builder/spi-builder-workspace/.dependencies/checkouts/Rearrange
    builtin-copy -exclude .DS_Store -exclude CVS -exclude .svn -exclude .git -exclude .hg -resolve-src-symlinks /Users/admin/builder/spi-builder-workspace/.derivedData/Build/Intermediates.noindex/Rearrange.build/Debug-watchos/Rearrange.build/Rearrange.modulemap /Users/admin/builder/spi-builder-workspace/.derivedData/Build/Intermediates.noindex/GeneratedModuleMaps-watchos
WriteAuxiliaryFile /Users/admin/builder/spi-builder-workspace/.derivedData/Build/Intermediates.noindex/CodeEditorView.build/Debug-watchos/LanguageSupport.build/Objects-normal/arm64_32/LanguageSupport_const_extract_protocols.json (in target 'LanguageSupport' from project 'CodeEditorView')
    cd /Users/admin/builder/spi-builder-workspace
    write-file /Users/admin/builder/spi-builder-workspace/.derivedData/Build/Intermediates.noindex/CodeEditorView.build/Debug-watchos/LanguageSupport.build/Objects-normal/arm64_32/LanguageSupport_const_extract_protocols.json
WriteAuxiliaryFile /Users/admin/builder/spi-builder-workspace/.derivedData/Build/Intermediates.noindex/CodeEditorView.build/Debug-watchos/LanguageSupport.build/Objects-normal/arm64_32/LanguageSupport-OutputFileMap.json (in target 'LanguageSupport' from project 'CodeEditorView')
    cd /Users/admin/builder/spi-builder-workspace
    write-file /Users/admin/builder/spi-builder-workspace/.derivedData/Build/Intermediates.noindex/CodeEditorView.build/Debug-watchos/LanguageSupport.build/Objects-normal/arm64_32/LanguageSupport-OutputFileMap.json
WriteAuxiliaryFile /Users/admin/builder/spi-builder-workspace/.derivedData/Build/Intermediates.noindex/CodeEditorView.build/Debug-watchos/LanguageSupport.build/Objects-normal/arm64_32/LanguageSupport.LinkFileList (in target 'LanguageSupport' from project 'CodeEditorView')
    cd /Users/admin/builder/spi-builder-workspace
    write-file /Users/admin/builder/spi-builder-workspace/.derivedData/Build/Intermediates.noindex/CodeEditorView.build/Debug-watchos/LanguageSupport.build/Objects-normal/arm64_32/LanguageSupport.LinkFileList
WriteAuxiliaryFile /Users/admin/builder/spi-builder-workspace/.derivedData/Build/Intermediates.noindex/CodeEditorView.build/Debug-watchos/LanguageSupport.build/Objects-normal/arm64_32/LanguageSupport.SwiftFileList (in target 'LanguageSupport' from project 'CodeEditorView')
    cd /Users/admin/builder/spi-builder-workspace
    write-file /Users/admin/builder/spi-builder-workspace/.derivedData/Build/Intermediates.noindex/CodeEditorView.build/Debug-watchos/LanguageSupport.build/Objects-normal/arm64_32/LanguageSupport.SwiftFileList
WriteAuxiliaryFile /Users/admin/builder/spi-builder-workspace/.derivedData/Build/Intermediates.noindex/CodeEditorView.build/Debug-watchos/LanguageSupport.build/Objects-normal/arm64_32/LanguageSupport.SwiftConstValuesFileList (in target 'LanguageSupport' from project 'CodeEditorView')
    cd /Users/admin/builder/spi-builder-workspace
    write-file /Users/admin/builder/spi-builder-workspace/.derivedData/Build/Intermediates.noindex/CodeEditorView.build/Debug-watchos/LanguageSupport.build/Objects-normal/arm64_32/LanguageSupport.SwiftConstValuesFileList
WriteAuxiliaryFile /Users/admin/builder/spi-builder-workspace/.derivedData/Build/Intermediates.noindex/CodeEditorView.build/Debug-watchos/LanguageSupport.build/Objects-normal/arm64/LanguageSupport_const_extract_protocols.json (in target 'LanguageSupport' from project 'CodeEditorView')
    cd /Users/admin/builder/spi-builder-workspace
    write-file /Users/admin/builder/spi-builder-workspace/.derivedData/Build/Intermediates.noindex/CodeEditorView.build/Debug-watchos/LanguageSupport.build/Objects-normal/arm64/LanguageSupport_const_extract_protocols.json
WriteAuxiliaryFile /Users/admin/builder/spi-builder-workspace/.derivedData/Build/Intermediates.noindex/CodeEditorView.build/Debug-watchos/LanguageSupport.build/Objects-normal/arm64/LanguageSupport.SwiftFileList (in target 'LanguageSupport' from project 'CodeEditorView')
    cd /Users/admin/builder/spi-builder-workspace
    write-file /Users/admin/builder/spi-builder-workspace/.derivedData/Build/Intermediates.noindex/CodeEditorView.build/Debug-watchos/LanguageSupport.build/Objects-normal/arm64/LanguageSupport.SwiftFileList
WriteAuxiliaryFile /Users/admin/builder/spi-builder-workspace/.derivedData/Build/Intermediates.noindex/CodeEditorView.build/Debug-watchos/LanguageSupport.build/Objects-normal/arm64/LanguageSupport.SwiftConstValuesFileList (in target 'LanguageSupport' from project 'CodeEditorView')
    cd /Users/admin/builder/spi-builder-workspace
    write-file /Users/admin/builder/spi-builder-workspace/.derivedData/Build/Intermediates.noindex/CodeEditorView.build/Debug-watchos/LanguageSupport.build/Objects-normal/arm64/LanguageSupport.SwiftConstValuesFileList
WriteAuxiliaryFile /Users/admin/builder/spi-builder-workspace/.derivedData/Build/Intermediates.noindex/CodeEditorView.build/Debug-watchos/LanguageSupport.build/Objects-normal/arm64/LanguageSupport-OutputFileMap.json (in target 'LanguageSupport' from project 'CodeEditorView')
    cd /Users/admin/builder/spi-builder-workspace
    write-file /Users/admin/builder/spi-builder-workspace/.derivedData/Build/Intermediates.noindex/CodeEditorView.build/Debug-watchos/LanguageSupport.build/Objects-normal/arm64/LanguageSupport-OutputFileMap.json
WriteAuxiliaryFile /Users/admin/builder/spi-builder-workspace/.derivedData/Build/Intermediates.noindex/CodeEditorView.build/Debug-watchos/LanguageSupport.build/Objects-normal/arm64/LanguageSupport.LinkFileList (in target 'LanguageSupport' from project 'CodeEditorView')
    cd /Users/admin/builder/spi-builder-workspace
    write-file /Users/admin/builder/spi-builder-workspace/.derivedData/Build/Intermediates.noindex/CodeEditorView.build/Debug-watchos/LanguageSupport.build/Objects-normal/arm64/LanguageSupport.LinkFileList
WriteAuxiliaryFile /Users/admin/builder/spi-builder-workspace/.derivedData/Build/Intermediates.noindex/CodeEditorView.build/Debug-watchos/LanguageSupport.build/LanguageSupport.modulemap (in target 'LanguageSupport' from project 'CodeEditorView')
    cd /Users/admin/builder/spi-builder-workspace
    write-file /Users/admin/builder/spi-builder-workspace/.derivedData/Build/Intermediates.noindex/CodeEditorView.build/Debug-watchos/LanguageSupport.build/LanguageSupport.modulemap
WriteAuxiliaryFile /Users/admin/builder/spi-builder-workspace/.derivedData/Build/Intermediates.noindex/CodeEditorView.build/Debug-watchos/LanguageSupport.build/LanguageSupport.DependencyStaticMetadataFileList (in target 'LanguageSupport' from project 'CodeEditorView')
    cd /Users/admin/builder/spi-builder-workspace
    write-file /Users/admin/builder/spi-builder-workspace/.derivedData/Build/Intermediates.noindex/CodeEditorView.build/Debug-watchos/LanguageSupport.build/LanguageSupport.DependencyStaticMetadataFileList
WriteAuxiliaryFile /Users/admin/builder/spi-builder-workspace/.derivedData/Build/Intermediates.noindex/CodeEditorView.build/Debug-watchos/LanguageSupport.build/LanguageSupport.DependencyMetadataFileList (in target 'LanguageSupport' from project 'CodeEditorView')
    cd /Users/admin/builder/spi-builder-workspace
    write-file /Users/admin/builder/spi-builder-workspace/.derivedData/Build/Intermediates.noindex/CodeEditorView.build/Debug-watchos/LanguageSupport.build/LanguageSupport.DependencyMetadataFileList
WriteAuxiliaryFile /Users/admin/builder/spi-builder-workspace/.derivedData/Build/Intermediates.noindex/CodeEditorView.build/Debug-watchos/CodeEditorView.build/Objects-normal/arm64_32/CodeEditorView_const_extract_protocols.json (in target 'CodeEditorView' from project 'CodeEditorView')
    cd /Users/admin/builder/spi-builder-workspace
    write-file /Users/admin/builder/spi-builder-workspace/.derivedData/Build/Intermediates.noindex/CodeEditorView.build/Debug-watchos/CodeEditorView.build/Objects-normal/arm64_32/CodeEditorView_const_extract_protocols.json
WriteAuxiliaryFile /Users/admin/builder/spi-builder-workspace/.derivedData/Build/Intermediates.noindex/CodeEditorView.build/Debug-watchos/CodeEditorView.build/Objects-normal/arm64_32/CodeEditorView.SwiftFileList (in target 'CodeEditorView' from project 'CodeEditorView')
    cd /Users/admin/builder/spi-builder-workspace
    write-file /Users/admin/builder/spi-builder-workspace/.derivedData/Build/Intermediates.noindex/CodeEditorView.build/Debug-watchos/CodeEditorView.build/Objects-normal/arm64_32/CodeEditorView.SwiftFileList
WriteAuxiliaryFile /Users/admin/builder/spi-builder-workspace/.derivedData/Build/Intermediates.noindex/CodeEditorView.build/Debug-watchos/CodeEditorView.build/Objects-normal/arm64_32/CodeEditorView.SwiftConstValuesFileList (in target 'CodeEditorView' from project 'CodeEditorView')
    cd /Users/admin/builder/spi-builder-workspace
    write-file /Users/admin/builder/spi-builder-workspace/.derivedData/Build/Intermediates.noindex/CodeEditorView.build/Debug-watchos/CodeEditorView.build/Objects-normal/arm64_32/CodeEditorView.SwiftConstValuesFileList
WriteAuxiliaryFile /Users/admin/builder/spi-builder-workspace/.derivedData/Build/Intermediates.noindex/CodeEditorView.build/Debug-watchos/CodeEditorView.build/Objects-normal/arm64_32/CodeEditorView.LinkFileList (in target 'CodeEditorView' from project 'CodeEditorView')
    cd /Users/admin/builder/spi-builder-workspace
    write-file /Users/admin/builder/spi-builder-workspace/.derivedData/Build/Intermediates.noindex/CodeEditorView.build/Debug-watchos/CodeEditorView.build/Objects-normal/arm64_32/CodeEditorView.LinkFileList
WriteAuxiliaryFile /Users/admin/builder/spi-builder-workspace/.derivedData/Build/Intermediates.noindex/CodeEditorView.build/Debug-watchos/CodeEditorView.build/Objects-normal/arm64_32/CodeEditorView-OutputFileMap.json (in target 'CodeEditorView' from project 'CodeEditorView')
    cd /Users/admin/builder/spi-builder-workspace
    write-file /Users/admin/builder/spi-builder-workspace/.derivedData/Build/Intermediates.noindex/CodeEditorView.build/Debug-watchos/CodeEditorView.build/Objects-normal/arm64_32/CodeEditorView-OutputFileMap.json
WriteAuxiliaryFile /Users/admin/builder/spi-builder-workspace/.derivedData/Build/Intermediates.noindex/CodeEditorView.build/Debug-watchos/CodeEditorView.build/Objects-normal/arm64/CodeEditorView_const_extract_protocols.json (in target 'CodeEditorView' from project 'CodeEditorView')
    cd /Users/admin/builder/spi-builder-workspace
    write-file /Users/admin/builder/spi-builder-workspace/.derivedData/Build/Intermediates.noindex/CodeEditorView.build/Debug-watchos/CodeEditorView.build/Objects-normal/arm64/CodeEditorView_const_extract_protocols.json
WriteAuxiliaryFile /Users/admin/builder/spi-builder-workspace/.derivedData/Build/Intermediates.noindex/CodeEditorView.build/Debug-watchos/CodeEditorView.build/Objects-normal/arm64/CodeEditorView.SwiftFileList (in target 'CodeEditorView' from project 'CodeEditorView')
    cd /Users/admin/builder/spi-builder-workspace
    write-file /Users/admin/builder/spi-builder-workspace/.derivedData/Build/Intermediates.noindex/CodeEditorView.build/Debug-watchos/CodeEditorView.build/Objects-normal/arm64/CodeEditorView.SwiftFileList
WriteAuxiliaryFile /Users/admin/builder/spi-builder-workspace/.derivedData/Build/Intermediates.noindex/CodeEditorView.build/Debug-watchos/CodeEditorView.build/Objects-normal/arm64/CodeEditorView.SwiftConstValuesFileList (in target 'CodeEditorView' from project 'CodeEditorView')
    cd /Users/admin/builder/spi-builder-workspace
    write-file /Users/admin/builder/spi-builder-workspace/.derivedData/Build/Intermediates.noindex/CodeEditorView.build/Debug-watchos/CodeEditorView.build/Objects-normal/arm64/CodeEditorView.SwiftConstValuesFileList
Copy /Users/admin/builder/spi-builder-workspace/.derivedData/Build/Intermediates.noindex/GeneratedModuleMaps-watchos/LanguageSupport.modulemap /Users/admin/builder/spi-builder-workspace/.derivedData/Build/Intermediates.noindex/CodeEditorView.build/Debug-watchos/LanguageSupport.build/LanguageSupport.modulemap (in target 'LanguageSupport' from project 'CodeEditorView')
    cd /Users/admin/builder/spi-builder-workspace
    builtin-copy -exclude .DS_Store -exclude CVS -exclude .svn -exclude .git -exclude .hg -resolve-src-symlinks /Users/admin/builder/spi-builder-workspace/.derivedData/Build/Intermediates.noindex/CodeEditorView.build/Debug-watchos/LanguageSupport.build/LanguageSupport.modulemap /Users/admin/builder/spi-builder-workspace/.derivedData/Build/Intermediates.noindex/GeneratedModuleMaps-watchos
WriteAuxiliaryFile /Users/admin/builder/spi-builder-workspace/.derivedData/Build/Intermediates.noindex/CodeEditorView.build/Debug-watchos/CodeEditorView.build/Objects-normal/arm64/CodeEditorView.LinkFileList (in target 'CodeEditorView' from project 'CodeEditorView')
    cd /Users/admin/builder/spi-builder-workspace
    write-file /Users/admin/builder/spi-builder-workspace/.derivedData/Build/Intermediates.noindex/CodeEditorView.build/Debug-watchos/CodeEditorView.build/Objects-normal/arm64/CodeEditorView.LinkFileList
WriteAuxiliaryFile /Users/admin/builder/spi-builder-workspace/.derivedData/Build/Intermediates.noindex/CodeEditorView.build/Debug-watchos/CodeEditorView.build/Objects-normal/arm64/CodeEditorView-OutputFileMap.json (in target 'CodeEditorView' from project 'CodeEditorView')
    cd /Users/admin/builder/spi-builder-workspace
    write-file /Users/admin/builder/spi-builder-workspace/.derivedData/Build/Intermediates.noindex/CodeEditorView.build/Debug-watchos/CodeEditorView.build/Objects-normal/arm64/CodeEditorView-OutputFileMap.json
WriteAuxiliaryFile /Users/admin/builder/spi-builder-workspace/.derivedData/Build/Intermediates.noindex/CodeEditorView.build/Debug-watchos/CodeEditorView.build/CodeEditorView.modulemap (in target 'CodeEditorView' from project 'CodeEditorView')
    cd /Users/admin/builder/spi-builder-workspace
    write-file /Users/admin/builder/spi-builder-workspace/.derivedData/Build/Intermediates.noindex/CodeEditorView.build/Debug-watchos/CodeEditorView.build/CodeEditorView.modulemap
WriteAuxiliaryFile /Users/admin/builder/spi-builder-workspace/.derivedData/Build/Intermediates.noindex/CodeEditorView.build/Debug-watchos/CodeEditorView.build/CodeEditorView.DependencyStaticMetadataFileList (in target 'CodeEditorView' from project 'CodeEditorView')
    cd /Users/admin/builder/spi-builder-workspace
    write-file /Users/admin/builder/spi-builder-workspace/.derivedData/Build/Intermediates.noindex/CodeEditorView.build/Debug-watchos/CodeEditorView.build/CodeEditorView.DependencyStaticMetadataFileList
WriteAuxiliaryFile /Users/admin/builder/spi-builder-workspace/.derivedData/Build/Intermediates.noindex/CodeEditorView.build/Debug-watchos/CodeEditorView.build/CodeEditorView.DependencyMetadataFileList (in target 'CodeEditorView' from project 'CodeEditorView')
    cd /Users/admin/builder/spi-builder-workspace
    write-file /Users/admin/builder/spi-builder-workspace/.derivedData/Build/Intermediates.noindex/CodeEditorView.build/Debug-watchos/CodeEditorView.build/CodeEditorView.DependencyMetadataFileList
Copy /Users/admin/builder/spi-builder-workspace/.derivedData/Build/Intermediates.noindex/GeneratedModuleMaps-watchos/CodeEditorView.modulemap /Users/admin/builder/spi-builder-workspace/.derivedData/Build/Intermediates.noindex/CodeEditorView.build/Debug-watchos/CodeEditorView.build/CodeEditorView.modulemap (in target 'CodeEditorView' from project 'CodeEditorView')
    cd /Users/admin/builder/spi-builder-workspace
    builtin-copy -exclude .DS_Store -exclude CVS -exclude .svn -exclude .git -exclude .hg -resolve-src-symlinks /Users/admin/builder/spi-builder-workspace/.derivedData/Build/Intermediates.noindex/CodeEditorView.build/Debug-watchos/CodeEditorView.build/CodeEditorView.modulemap /Users/admin/builder/spi-builder-workspace/.derivedData/Build/Intermediates.noindex/GeneratedModuleMaps-watchos
SwiftDriver Rearrange normal armv7k com.apple.xcode.tools.swift.compiler (in target 'Rearrange' from project 'Rearrange')
    cd /Users/admin/builder/spi-builder-workspace/.swiftpm/xcode
    builtin-SwiftDriver -- /Applications/Xcode-26.5.0.app/Contents/Developer/Toolchains/XcodeDefault.xctoolchain/usr/bin/swiftc -module-name Rearrange -Onone @/Users/admin/builder/spi-builder-workspace/.derivedData/Build/Intermediates.noindex/Rearrange.build/Debug-watchos/Rearrange.build/Objects-normal/armv7k/Rearrange.SwiftFileList -DSWIFT_PACKAGE -DDEBUG -DSWIFT_MODULE_RESOURCE_BUNDLE_UNAVAILABLE -DXcode -plugin-path /Applications/Xcode-26.5.0.app/Contents/Developer/Toolchains/XcodeDefault.xctoolchain/usr/lib/swift/host/plugins/testing -enable-experimental-feature DebugDescriptionMacro -sdk /Applications/Xcode-26.5.0.app/Contents/Developer/Platforms/WatchOS.platform/Developer/SDKs/WatchOS26.5.sdk -target armv7k-apple-watchos5.0 -g -module-cache-path /Users/admin/builder/spi-builder-workspace/.derivedData/ModuleCache.noindex -Xfrontend -serialize-debugging-options -profile-coverage-mapping -profile-generate -enable-testing -suppress-warnings -index-store-path /Users/admin/builder/spi-builder-workspace/.derivedData/Index.noindex/DataStore -Xcc -D_LIBCPP_HARDENING_MODE\=_LIBCPP_HARDENING_MODE_DEBUG -swift-version 5 -I /Users/admin/builder/spi-builder-workspace/.derivedData/Build/Products/Debug-watchos -Isystem /Applications/Xcode-26.5.0.app/Contents/Developer/Platforms/WatchOS.platform/Developer/usr/lib -F /Users/admin/builder/spi-builder-workspace/.derivedData/Build/Products/Debug-watchos -F /Applications/Xcode-26.5.0.app/Contents/Developer/Platforms/WatchOS.platform/Developer/Library/Frameworks -F /Applications/Xcode-26.5.0.app/Contents/Developer/Platforms/WatchOS.platform/Developer/SDKs/WatchOS26.5.sdk/Developer/Library/Frameworks -c -j10 -enable-batch-mode -incremental -Xcc -ivfsstatcache -Xcc /Users/admin/builder/spi-builder-workspace/.derivedData/SDKStatCaches.noindex/watchos26.5-23T570-688ef53f1462e2c8f657fdc38a81448f7931b973dfc65d9472806dbbc3af9379.sdkstatcache -output-file-map /Users/admin/builder/spi-builder-workspace/.derivedData/Build/Intermediates.noindex/Rearrange.build/Debug-watchos/Rearrange.build/Objects-normal/armv7k/Rearrange-OutputFileMap.json -use-frontend-parseable-output -save-temps -no-color-diagnostics -explicit-module-build -module-cache-path /Users/admin/builder/spi-builder-workspace/.derivedData/Build/Intermediates.noindex/SwiftExplicitPrecompiledModules -clang-scanner-module-cache-path /Users/admin/builder/spi-builder-workspace/.derivedData/ModuleCache.noindex -sdk-module-cache-path /Users/admin/builder/spi-builder-workspace/.derivedData/ModuleCache.noindex -serialize-diagnostics -emit-dependencies -emit-module -emit-module-path /Users/admin/builder/spi-builder-workspace/.derivedData/Build/Intermediates.noindex/Rearrange.build/Debug-watchos/Rearrange.build/Objects-normal/armv7k/Rearrange.swiftmodule -validate-clang-modules-once -clang-build-session-file /Users/admin/builder/spi-builder-workspace/.derivedData/ModuleCache.noindex/Session.modulevalidation -Xcc -I/Users/admin/builder/spi-builder-workspace/.derivedData/Build/Intermediates.noindex/Rearrange.build/Debug-watchos/Rearrange.build/swift-overrides.hmap -emit-const-values -Xfrontend -const-gather-protocols-file -Xfrontend /Users/admin/builder/spi-builder-workspace/.derivedData/Build/Intermediates.noindex/Rearrange.build/Debug-watchos/Rearrange.build/Objects-normal/armv7k/Rearrange_const_extract_protocols.json -Xcc -I/Users/admin/builder/spi-builder-workspace/.derivedData/Build/Products/Debug-watchos/include -Xcc -I/Users/admin/builder/spi-builder-workspace/.derivedData/Build/Intermediates.noindex/Rearrange.build/Debug-watchos/Rearrange.build/DerivedSources-normal/armv7k -Xcc -I/Users/admin/builder/spi-builder-workspace/.derivedData/Build/Intermediates.noindex/Rearrange.build/Debug-watchos/Rearrange.build/DerivedSources/armv7k -Xcc -I/Users/admin/builder/spi-builder-workspace/.derivedData/Build/Intermediates.noindex/Rearrange.build/Debug-watchos/Rearrange.build/DerivedSources -Xcc -DSWIFT_PACKAGE -Xcc -DDEBUG\=1 -emit-objc-header -emit-objc-header-path /Users/admin/builder/spi-builder-workspace/.derivedData/Build/Intermediates.noindex/Rearrange.build/Debug-watchos/Rearrange.build/Objects-normal/armv7k/Rearrange-Swift.h -working-directory /Users/admin/builder/spi-builder-workspace/.swiftpm/xcode -experimental-emit-module-separately -disable-cmo
SwiftDriver Rearrange normal arm64_32 com.apple.xcode.tools.swift.compiler (in target 'Rearrange' from project 'Rearrange')
    cd /Users/admin/builder/spi-builder-workspace/.swiftpm/xcode
    builtin-SwiftDriver -- /Applications/Xcode-26.5.0.app/Contents/Developer/Toolchains/XcodeDefault.xctoolchain/usr/bin/swiftc -module-name Rearrange -Onone @/Users/admin/builder/spi-builder-workspace/.derivedData/Build/Intermediates.noindex/Rearrange.build/Debug-watchos/Rearrange.build/Objects-normal/arm64_32/Rearrange.SwiftFileList -DSWIFT_PACKAGE -DDEBUG -DSWIFT_MODULE_RESOURCE_BUNDLE_UNAVAILABLE -DXcode -plugin-path /Applications/Xcode-26.5.0.app/Contents/Developer/Toolchains/XcodeDefault.xctoolchain/usr/lib/swift/host/plugins/testing -enable-experimental-feature DebugDescriptionMacro -sdk /Applications/Xcode-26.5.0.app/Contents/Developer/Platforms/WatchOS.platform/Developer/SDKs/WatchOS26.5.sdk -target arm64_32-apple-watchos5.0 -g -module-cache-path /Users/admin/builder/spi-builder-workspace/.derivedData/ModuleCache.noindex -Xfrontend -serialize-debugging-options -profile-coverage-mapping -profile-generate -enable-testing -suppress-warnings -index-store-path /Users/admin/builder/spi-builder-workspace/.derivedData/Index.noindex/DataStore -Xcc -D_LIBCPP_HARDENING_MODE\=_LIBCPP_HARDENING_MODE_DEBUG -swift-version 5 -I /Users/admin/builder/spi-builder-workspace/.derivedData/Build/Products/Debug-watchos -Isystem /Applications/Xcode-26.5.0.app/Contents/Developer/Platforms/WatchOS.platform/Developer/usr/lib -F /Users/admin/builder/spi-builder-workspace/.derivedData/Build/Products/Debug-watchos -F /Applications/Xcode-26.5.0.app/Contents/Developer/Platforms/WatchOS.platform/Developer/Library/Frameworks -F /Applications/Xcode-26.5.0.app/Contents/Developer/Platforms/WatchOS.platform/Developer/SDKs/WatchOS26.5.sdk/Developer/Library/Frameworks -c -j10 -enable-batch-mode -incremental -Xcc -ivfsstatcache -Xcc /Users/admin/builder/spi-builder-workspace/.derivedData/SDKStatCaches.noindex/watchos26.5-23T570-688ef53f1462e2c8f657fdc38a81448f7931b973dfc65d9472806dbbc3af9379.sdkstatcache -output-file-map /Users/admin/builder/spi-builder-workspace/.derivedData/Build/Intermediates.noindex/Rearrange.build/Debug-watchos/Rearrange.build/Objects-normal/arm64_32/Rearrange-OutputFileMap.json -use-frontend-parseable-output -save-temps -no-color-diagnostics -explicit-module-build -module-cache-path /Users/admin/builder/spi-builder-workspace/.derivedData/Build/Intermediates.noindex/SwiftExplicitPrecompiledModules -clang-scanner-module-cache-path /Users/admin/builder/spi-builder-workspace/.derivedData/ModuleCache.noindex -sdk-module-cache-path /Users/admin/builder/spi-builder-workspace/.derivedData/ModuleCache.noindex -serialize-diagnostics -emit-dependencies -emit-module -emit-module-path /Users/admin/builder/spi-builder-workspace/.derivedData/Build/Intermediates.noindex/Rearrange.build/Debug-watchos/Rearrange.build/Objects-normal/arm64_32/Rearrange.swiftmodule -validate-clang-modules-once -clang-build-session-file /Users/admin/builder/spi-builder-workspace/.derivedData/ModuleCache.noindex/Session.modulevalidation -Xcc -I/Users/admin/builder/spi-builder-workspace/.derivedData/Build/Intermediates.noindex/Rearrange.build/Debug-watchos/Rearrange.build/swift-overrides.hmap -emit-const-values -Xfrontend -const-gather-protocols-file -Xfrontend /Users/admin/builder/spi-builder-workspace/.derivedData/Build/Intermediates.noindex/Rearrange.build/Debug-watchos/Rearrange.build/Objects-normal/arm64_32/Rearrange_const_extract_protocols.json -Xcc -I/Users/admin/builder/spi-builder-workspace/.derivedData/Build/Products/Debug-watchos/include -Xcc -I/Users/admin/builder/spi-builder-workspace/.derivedData/Build/Intermediates.noindex/Rearrange.build/Debug-watchos/Rearrange.build/DerivedSources-normal/arm64_32 -Xcc -I/Users/admin/builder/spi-builder-workspace/.derivedData/Build/Intermediates.noindex/Rearrange.build/Debug-watchos/Rearrange.build/DerivedSources/arm64_32 -Xcc -I/Users/admin/builder/spi-builder-workspace/.derivedData/Build/Intermediates.noindex/Rearrange.build/Debug-watchos/Rearrange.build/DerivedSources -Xcc -DSWIFT_PACKAGE -Xcc -DDEBUG\=1 -emit-objc-header -emit-objc-header-path /Users/admin/builder/spi-builder-workspace/.derivedData/Build/Intermediates.noindex/Rearrange.build/Debug-watchos/Rearrange.build/Objects-normal/arm64_32/Rearrange-Swift.h -working-directory /Users/admin/builder/spi-builder-workspace/.swiftpm/xcode -experimental-emit-module-separately -disable-cmo
SwiftDriver Rearrange normal arm64 com.apple.xcode.tools.swift.compiler (in target 'Rearrange' from project 'Rearrange')
    cd /Users/admin/builder/spi-builder-workspace/.swiftpm/xcode
    builtin-SwiftDriver -- /Applications/Xcode-26.5.0.app/Contents/Developer/Toolchains/XcodeDefault.xctoolchain/usr/bin/swiftc -module-name Rearrange -Onone @/Users/admin/builder/spi-builder-workspace/.derivedData/Build/Intermediates.noindex/Rearrange.build/Debug-watchos/Rearrange.build/Objects-normal/arm64/Rearrange.SwiftFileList -DSWIFT_PACKAGE -DDEBUG -DSWIFT_MODULE_RESOURCE_BUNDLE_UNAVAILABLE -DXcode -plugin-path /Applications/Xcode-26.5.0.app/Contents/Developer/Toolchains/XcodeDefault.xctoolchain/usr/lib/swift/host/plugins/testing -enable-experimental-feature DebugDescriptionMacro -sdk /Applications/Xcode-26.5.0.app/Contents/Developer/Platforms/WatchOS.platform/Developer/SDKs/WatchOS26.5.sdk -target arm64-apple-watchos5.0 -g -module-cache-path /Users/admin/builder/spi-builder-workspace/.derivedData/ModuleCache.noindex -Xfrontend -serialize-debugging-options -profile-coverage-mapping -profile-generate -enable-testing -suppress-warnings -index-store-path /Users/admin/builder/spi-builder-workspace/.derivedData/Index.noindex/DataStore -Xcc -D_LIBCPP_HARDENING_MODE\=_LIBCPP_HARDENING_MODE_DEBUG -swift-version 5 -I /Users/admin/builder/spi-builder-workspace/.derivedData/Build/Products/Debug-watchos -Isystem /Applications/Xcode-26.5.0.app/Contents/Developer/Platforms/WatchOS.platform/Developer/usr/lib -F /Users/admin/builder/spi-builder-workspace/.derivedData/Build/Products/Debug-watchos -F /Applications/Xcode-26.5.0.app/Contents/Developer/Platforms/WatchOS.platform/Developer/Library/Frameworks -F /Applications/Xcode-26.5.0.app/Contents/Developer/Platforms/WatchOS.platform/Developer/SDKs/WatchOS26.5.sdk/Developer/Library/Frameworks -c -j10 -enable-batch-mode -incremental -Xcc -ivfsstatcache -Xcc /Users/admin/builder/spi-builder-workspace/.derivedData/SDKStatCaches.noindex/watchos26.5-23T570-688ef53f1462e2c8f657fdc38a81448f7931b973dfc65d9472806dbbc3af9379.sdkstatcache -output-file-map /Users/admin/builder/spi-builder-workspace/.derivedData/Build/Intermediates.noindex/Rearrange.build/Debug-watchos/Rearrange.build/Objects-normal/arm64/Rearrange-OutputFileMap.json -use-frontend-parseable-output -save-temps -no-color-diagnostics -explicit-module-build -module-cache-path /Users/admin/builder/spi-builder-workspace/.derivedData/Build/Intermediates.noindex/SwiftExplicitPrecompiledModules -clang-scanner-module-cache-path /Users/admin/builder/spi-builder-workspace/.derivedData/ModuleCache.noindex -sdk-module-cache-path /Users/admin/builder/spi-builder-workspace/.derivedData/ModuleCache.noindex -serialize-diagnostics -emit-dependencies -emit-module -emit-module-path /Users/admin/builder/spi-builder-workspace/.derivedData/Build/Intermediates.noindex/Rearrange.build/Debug-watchos/Rearrange.build/Objects-normal/arm64/Rearrange.swiftmodule -validate-clang-modules-once -clang-build-session-file /Users/admin/builder/spi-builder-workspace/.derivedData/ModuleCache.noindex/Session.modulevalidation -Xcc -I/Users/admin/builder/spi-builder-workspace/.derivedData/Build/Intermediates.noindex/Rearrange.build/Debug-watchos/Rearrange.build/swift-overrides.hmap -emit-const-values -Xfrontend -const-gather-protocols-file -Xfrontend /Users/admin/builder/spi-builder-workspace/.derivedData/Build/Intermediates.noindex/Rearrange.build/Debug-watchos/Rearrange.build/Objects-normal/arm64/Rearrange_const_extract_protocols.json -Xcc -I/Users/admin/builder/spi-builder-workspace/.derivedData/Build/Products/Debug-watchos/include -Xcc -I/Users/admin/builder/spi-builder-workspace/.derivedData/Build/Intermediates.noindex/Rearrange.build/Debug-watchos/Rearrange.build/DerivedSources-normal/arm64 -Xcc -I/Users/admin/builder/spi-builder-workspace/.derivedData/Build/Intermediates.noindex/Rearrange.build/Debug-watchos/Rearrange.build/DerivedSources/arm64 -Xcc -I/Users/admin/builder/spi-builder-workspace/.derivedData/Build/Intermediates.noindex/Rearrange.build/Debug-watchos/Rearrange.build/DerivedSources -Xcc -DSWIFT_PACKAGE -Xcc -DDEBUG\=1 -emit-objc-header -emit-objc-header-path /Users/admin/builder/spi-builder-workspace/.derivedData/Build/Intermediates.noindex/Rearrange.build/Debug-watchos/Rearrange.build/Objects-normal/arm64/Rearrange-Swift.h -working-directory /Users/admin/builder/spi-builder-workspace/.swiftpm/xcode -experimental-emit-module-separately -disable-cmo
SwiftExplicitDependencyGeneratePcm arm64_32 /Users/admin/builder/spi-builder-workspace/.derivedData/ModuleCache.noindex/_Builtin_stdarg-ARBBH9LG8KJD80OD4AOBDXECY.pcm
SwiftExplicitDependencyGeneratePcm arm64_32 /Users/admin/builder/spi-builder-workspace/.derivedData/ModuleCache.noindex/ptrauth-4XDN8LMR9E2UQJQY9F3X67IWF.pcm
SwiftExplicitDependencyGeneratePcm arm64_32 /Users/admin/builder/spi-builder-workspace/.derivedData/ModuleCache.noindex/_Builtin_stddef-BXR3IJQOHMRYOLM4N7MN5BNRA.pcm
SwiftExplicitDependencyGeneratePcm arm64_32 /Users/admin/builder/spi-builder-workspace/.derivedData/ModuleCache.noindex/ptrcheck-1R9BUZADPFAQBKN8FQH71PB76.pcm
SwiftExplicitDependencyGeneratePcm arm64_32 /Users/admin/builder/spi-builder-workspace/.derivedData/ModuleCache.noindex/_Builtin_stdbool-BAB5RWZEJS6I801PVH17P70AP.pcm
SwiftExplicitDependencyGeneratePcm arm64_32 /Users/admin/builder/spi-builder-workspace/.derivedData/ModuleCache.noindex/SwiftShims-DT5KL6CU9V62KKW6ZMA54WKVU.pcm
SwiftExplicitDependencyGeneratePcm arm64_32 /Users/admin/builder/spi-builder-workspace/.derivedData/ModuleCache.noindex/_SwiftConcurrencyShims-C6AKDQ01ZL7ACRWDOQURC81SL.pcm
SwiftExplicitDependencyGeneratePcm arm64_32 /Users/admin/builder/spi-builder-workspace/.derivedData/ModuleCache.noindex/_Builtin_float-1T114CUCTMRLUF33YKRYRT0WT.pcm
SwiftExplicitDependencyGeneratePcm arm64_32 /Users/admin/builder/spi-builder-workspace/.derivedData/ModuleCache.noindex/_AvailabilityInternal-5LMFQXSOEWTNP2WQD9X3R6G9V.pcm
SwiftExplicitDependencyGeneratePcm armv7k /Users/admin/builder/spi-builder-workspace/.derivedData/ModuleCache.noindex/_Builtin_float-TMBR8RTWA2KQG2I3OPK8D4A5.pcm
SwiftExplicitDependencyGeneratePcm armv7k /Users/admin/builder/spi-builder-workspace/.derivedData/ModuleCache.noindex/_Builtin_stdbool-9GGAYNGYIRAKYUVPRO4T37KPV.pcm
SwiftExplicitDependencyGeneratePcm arm64 /Users/admin/builder/spi-builder-workspace/.derivedData/ModuleCache.noindex/_Builtin_stdarg-3Y9DNG7P5Y0U2SB0NLRRNUS8D.pcm
SwiftExplicitDependencyGeneratePcm arm64 /Users/admin/builder/spi-builder-workspace/.derivedData/ModuleCache.noindex/_SwiftConcurrencyShims-7ALKLR1PIFO5J4SW3KQ6Y4AJG.pcm
SwiftExplicitDependencyGeneratePcm armv7k /Users/admin/builder/spi-builder-workspace/.derivedData/ModuleCache.noindex/_AvailabilityInternal-6SJU6M2LYJPPZ32I07ITSSVWQ.pcm
SwiftExplicitDependencyGeneratePcm armv7k /Users/admin/builder/spi-builder-workspace/.derivedData/ModuleCache.noindex/_Builtin_stddef-DMW3ND9OP3J2L817I3P9GMP6Z.pcm
SwiftExplicitDependencyGeneratePcm arm64 /Users/admin/builder/spi-builder-workspace/.derivedData/ModuleCache.noindex/_Builtin_float-5UYR3JH09VDP6J1NQ204IHERX.pcm
SwiftExplicitDependencyGeneratePcm armv7k /Users/admin/builder/spi-builder-workspace/.derivedData/ModuleCache.noindex/_Builtin_stdarg-DYRLH0TGTHHV2884I15D76ZTY.pcm
SwiftExplicitDependencyGeneratePcm armv7k /Users/admin/builder/spi-builder-workspace/.derivedData/ModuleCache.noindex/_SwiftConcurrencyShims-34BW5B3N4ME8RPD94LF1DJDAY.pcm
SwiftExplicitDependencyGeneratePcm arm64 /Users/admin/builder/spi-builder-workspace/.derivedData/ModuleCache.noindex/ptrauth-AZOC4KDLTSH1EBPLHX00G8RYK.pcm
SwiftExplicitDependencyGeneratePcm armv7k /Users/admin/builder/spi-builder-workspace/.derivedData/ModuleCache.noindex/ptrcheck-277KJ347AAN646WEI7A9UJ5FC.pcm
SwiftExplicitDependencyGeneratePcm arm64 /Users/admin/builder/spi-builder-workspace/.derivedData/ModuleCache.noindex/SwiftShims-1FIQVGR181MFX82EDVVHW6GBG.pcm
SwiftExplicitDependencyGeneratePcm arm64 /Users/admin/builder/spi-builder-workspace/.derivedData/ModuleCache.noindex/_Builtin_stdbool-BEDP0HYLPMOW1KA79UUONKUXV.pcm
SwiftExplicitDependencyGeneratePcm armv7k /Users/admin/builder/spi-builder-workspace/.derivedData/ModuleCache.noindex/SwiftShims-6QROL837IRE2W6PO5Q58F10NX.pcm
SwiftExplicitDependencyGeneratePcm arm64 /Users/admin/builder/spi-builder-workspace/.derivedData/ModuleCache.noindex/_Builtin_stddef-9QB8ZHSR8KA98D53HT94Z579T.pcm
SwiftExplicitDependencyGeneratePcm arm64 /Users/admin/builder/spi-builder-workspace/.derivedData/ModuleCache.noindex/ptrcheck-25G9UKYRUO05KH10QOH4FGAUZ.pcm
SwiftExplicitDependencyGeneratePcm armv7k /Users/admin/builder/spi-builder-workspace/.derivedData/ModuleCache.noindex/ptrauth-29H0DJUXMMFO2CSSMYEAV87RK.pcm
SwiftExplicitDependencyGeneratePcm arm64_32 /Users/admin/builder/spi-builder-workspace/.derivedData/ModuleCache.noindex/_DarwinFoundation1-4GCOXBJG9J3J7FMDJRFQ39VU5.pcm
SwiftExplicitDependencyGeneratePcm arm64 /Users/admin/builder/spi-builder-workspace/.derivedData/ModuleCache.noindex/_AvailabilityInternal-49JXO42GO5EE05SS0BFZMXAT0.pcm
SwiftExplicitDependencyGeneratePcm armv7k /Users/admin/builder/spi-builder-workspace/.derivedData/ModuleCache.noindex/_DarwinFoundation1-A7O8KDJUE7ARRXS8NOXSYB9VX.pcm
SwiftExplicitDependencyGeneratePcm arm64 /Users/admin/builder/spi-builder-workspace/.derivedData/ModuleCache.noindex/_DarwinFoundation1-DQUYUB84QOVIRXRA9OG5MM2LK.pcm
SwiftExplicitDependencyGeneratePcm armv7k /Users/admin/builder/spi-builder-workspace/.derivedData/ModuleCache.noindex/_Builtin_limits-3MR77B9OJYE52QCHMTEJGHDVO.pcm
SwiftExplicitDependencyGeneratePcm armv7k /Users/admin/builder/spi-builder-workspace/.derivedData/ModuleCache.noindex/_DarwinFoundation2-A56EC5QAXU35TAIAYWQSJNGDQ.pcm
SwiftExplicitDependencyGeneratePcm arm64_32 /Users/admin/builder/spi-builder-workspace/.derivedData/ModuleCache.noindex/_DarwinFoundation2-6O8ENYLNVNLOLEZA7CQ07FVJC.pcm
SwiftExplicitDependencyGeneratePcm arm64_32 /Users/admin/builder/spi-builder-workspace/.derivedData/ModuleCache.noindex/_Builtin_limits-9QBLMNQPNUET1R6EJ20UP4RBF.pcm
SwiftExplicitDependencyGeneratePcm arm64 /Users/admin/builder/spi-builder-workspace/.derivedData/ModuleCache.noindex/_Builtin_limits-AP26PV63HSRVSQ7TRCY82QG1.pcm
SwiftExplicitDependencyGeneratePcm arm64 /Users/admin/builder/spi-builder-workspace/.derivedData/ModuleCache.noindex/_DarwinFoundation2-80840ULHW51G5IT8J12342PIK.pcm
SwiftExplicitDependencyGeneratePcm armv7k /Users/admin/builder/spi-builder-workspace/.derivedData/ModuleCache.noindex/sys_types-6PB659H4601JDYFSQZNAVS4UF.pcm
SwiftExplicitDependencyGeneratePcm armv7k /Users/admin/builder/spi-builder-workspace/.derivedData/ModuleCache.noindex/_Builtin_stdint-5K07UQVF6TFI9F3WAD6F8EAYC.pcm
SwiftExplicitDependencyGeneratePcm arm64_32 /Users/admin/builder/spi-builder-workspace/.derivedData/ModuleCache.noindex/sys_types-4TMG15N8XQOBNXWGDIBI4BFJ8.pcm
SwiftExplicitDependencyGeneratePcm arm64_32 /Users/admin/builder/spi-builder-workspace/.derivedData/ModuleCache.noindex/_Builtin_stdint-EL733HJGRA7EHAZMIVNP4V21V.pcm
SwiftExplicitDependencyGeneratePcm armv7k /Users/admin/builder/spi-builder-workspace/.derivedData/ModuleCache.noindex/_DarwinFoundation3-6KJCNS2LMI423M55A4R7ISJ7W.pcm
SwiftExplicitDependencyGeneratePcm arm64 /Users/admin/builder/spi-builder-workspace/.derivedData/ModuleCache.noindex/sys_types-1WIE6CJJATPH5UNEDGBCYU6CW.pcm
SwiftExplicitDependencyGeneratePcm arm64 /Users/admin/builder/spi-builder-workspace/.derivedData/ModuleCache.noindex/_Builtin_stdint-E1KR6MVRRMJEZVROW2AY9NSTP.pcm
SwiftExplicitDependencyGeneratePcm arm64_32 /Users/admin/builder/spi-builder-workspace/.derivedData/ModuleCache.noindex/_DarwinFoundation3-49GG6POEGBG4J8BVW38U0HOW7.pcm
SwiftExplicitDependencyGeneratePcm arm64 /Users/admin/builder/spi-builder-workspace/.derivedData/ModuleCache.noindex/_DarwinFoundation3-7Y66H1RAQKTRLCOB2LF7Q95AR.pcm
SwiftExplicitDependencyGeneratePcm armv7k /Users/admin/builder/spi-builder-workspace/.derivedData/ModuleCache.noindex/_Builtin_inttypes-9E5KLM6TJZ4NSPVKMLSXNWSI.pcm
SwiftExplicitDependencyGeneratePcm arm64_32 /Users/admin/builder/spi-builder-workspace/.derivedData/ModuleCache.noindex/_Builtin_inttypes-AP64DOOYB9O8TK0PDUD06EUT0.pcm
SwiftExplicitDependencyGeneratePcm armv7k /Users/admin/builder/spi-builder-workspace/.derivedData/ModuleCache.noindex/Darwin-5CVKLEEDDW1N5A1493QZKUJ8W.pcm
SwiftExplicitDependencyGeneratePcm arm64_32 /Users/admin/builder/spi-builder-workspace/.derivedData/ModuleCache.noindex/Darwin-BZIF2D19LUNZQRDOCTX4CC7A1.pcm
SwiftExplicitDependencyGeneratePcm arm64 /Users/admin/builder/spi-builder-workspace/.derivedData/ModuleCache.noindex/_Builtin_inttypes-2BQH3PWWI5NL99AO9W581KKUT.pcm
SwiftExplicitDependencyGeneratePcm arm64 /Users/admin/builder/spi-builder-workspace/.derivedData/ModuleCache.noindex/Darwin-5L2JC6PNUNUBZL7U0PCA0NTBM.pcm
SwiftExplicitDependencyGeneratePcm armv7k /Users/admin/builder/spi-builder-workspace/.derivedData/ModuleCache.noindex/ObjectiveC-8ZVKFPFMHMW6PD0PWJ7WIC3G5.pcm
SwiftExplicitDependencyGeneratePcm arm64_32 /Users/admin/builder/spi-builder-workspace/.derivedData/ModuleCache.noindex/ObjectiveC-59FECUIIUA0E48I4X1TVDQ2U5.pcm
SwiftExplicitDependencyGeneratePcm arm64 /Users/admin/builder/spi-builder-workspace/.derivedData/ModuleCache.noindex/ObjectiveC-6MO1IYPU70XC3GJNUPQ7XHZJ7.pcm
SwiftExplicitDependencyGeneratePcm armv7k /Users/admin/builder/spi-builder-workspace/.derivedData/ModuleCache.noindex/os_object-C248JNPLL8YZQHUBLVA551DIH.pcm
SwiftExplicitDependencyGeneratePcm arm64_32 /Users/admin/builder/spi-builder-workspace/.derivedData/ModuleCache.noindex/os_object-5VYKPBIDDHSVL93CHQNMVMG2A.pcm
SwiftExplicitDependencyGeneratePcm armv7k /Users/admin/builder/spi-builder-workspace/.derivedData/ModuleCache.noindex/os_workgroup-B76E3R93ADTCLAEU11ROVACKB.pcm
SwiftExplicitDependencyGeneratePcm arm64 /Users/admin/builder/spi-builder-workspace/.derivedData/ModuleCache.noindex/os_object-9Z9NN1HFZ97KSMZMZ0K31MG61.pcm
SwiftExplicitDependencyGeneratePcm arm64_32 /Users/admin/builder/spi-builder-workspace/.derivedData/ModuleCache.noindex/os_workgroup-7FLDQ2ABY2XAGMNEBVKSIQRFR.pcm
SwiftExplicitDependencyGeneratePcm armv7k /Users/admin/builder/spi-builder-workspace/.derivedData/ModuleCache.noindex/Dispatch-45TSF010J4D8LFQPOSEXWN54U.pcm
SwiftExplicitDependencyGeneratePcm arm64 /Users/admin/builder/spi-builder-workspace/.derivedData/ModuleCache.noindex/os_workgroup-2LZKS0O877VMOVI8CPS12YQYF.pcm
SwiftExplicitDependencyGeneratePcm arm64_32 /Users/admin/builder/spi-builder-workspace/.derivedData/ModuleCache.noindex/Dispatch-A02SSMS2JBGHOSUC3OD8BH8SZ.pcm
SwiftExplicitDependencyGeneratePcm armv7k /Users/admin/builder/spi-builder-workspace/.derivedData/ModuleCache.noindex/XPC-E02RA42V5WX3OGIG16YQ1Y7QR.pcm
SwiftExplicitDependencyGeneratePcm armv7k /Users/admin/builder/spi-builder-workspace/.derivedData/ModuleCache.noindex/CoreFoundation-BTFE75LD5OCTC057V5S85YIYO.pcm
SwiftExplicitDependencyGeneratePcm arm64 /Users/admin/builder/spi-builder-workspace/.derivedData/ModuleCache.noindex/Dispatch-CRGXH1IATECPMP3G8FEPG1NIT.pcm
SwiftExplicitDependencyGeneratePcm arm64_32 /Users/admin/builder/spi-builder-workspace/.derivedData/ModuleCache.noindex/CoreFoundation-DD1XZD6BVLMD6XYTVU72T1HSW.pcm
SwiftExplicitDependencyGeneratePcm arm64_32 /Users/admin/builder/spi-builder-workspace/.derivedData/ModuleCache.noindex/XPC-5WXLZUXWADUX6QGCUNJNMLMBN.pcm
SwiftExplicitDependencyGeneratePcm arm64 /Users/admin/builder/spi-builder-workspace/.derivedData/ModuleCache.noindex/CoreFoundation-BRWCSK5B7QKM2VJU39HAKYWNY.pcm
SwiftExplicitDependencyGeneratePcm arm64 /Users/admin/builder/spi-builder-workspace/.derivedData/ModuleCache.noindex/XPC-8KX8CNN5YR9516EZ6KJ4WRO0.pcm
SwiftExplicitDependencyGeneratePcm armv7k /Users/admin/builder/spi-builder-workspace/.derivedData/ModuleCache.noindex/Security-5S473XEN72XJK8GXE9AM1PMX8.pcm
SwiftExplicitDependencyGeneratePcm arm64_32 /Users/admin/builder/spi-builder-workspace/.derivedData/ModuleCache.noindex/Security-DRFNZQ73ADY1KPAAA36MF3770.pcm
SwiftExplicitDependencyGeneratePcm arm64 /Users/admin/builder/spi-builder-workspace/.derivedData/ModuleCache.noindex/Security-CFR0WEFRRR7SKK31ZDTCM9YEM.pcm
SwiftExplicitDependencyGeneratePcm armv7k /Users/admin/builder/spi-builder-workspace/.derivedData/ModuleCache.noindex/Foundation-8ABBH198ONYC0P7PTS9VDZZG2.pcm
SwiftExplicitDependencyGeneratePcm arm64_32 /Users/admin/builder/spi-builder-workspace/.derivedData/ModuleCache.noindex/Foundation-E3OHXW3JFBDTOGH7UVPJMLO48.pcm
SwiftExplicitDependencyGeneratePcm arm64 /Users/admin/builder/spi-builder-workspace/.derivedData/ModuleCache.noindex/Foundation-4ZX5UQAQAK0CJIE6HI2MO8A7P.pcm
SwiftCompile normal armv7k Compiling\ UITextRange+Convenience.swift /Users/admin/builder/spi-builder-workspace/.dependencies/checkouts/Rearrange/Sources/Rearrange/UITextRange+Convenience.swift (in target 'Rearrange' from project 'Rearrange')
SwiftCompile normal armv7k /Users/admin/builder/spi-builder-workspace/.dependencies/checkouts/Rearrange/Sources/Rearrange/UITextRange+Convenience.swift (in target 'Rearrange' from project 'Rearrange')
    cd /Users/admin/builder/spi-builder-workspace/.swiftpm/xcode

SwiftCompile normal armv7k Compiling\ String+NSRange.swift /Users/admin/builder/spi-builder-workspace/.dependencies/checkouts/Rearrange/Sources/Rearrange/String+NSRange.swift (in target 'Rearrange' from project 'Rearrange')
SwiftCompile normal armv7k /Users/admin/builder/spi-builder-workspace/.dependencies/checkouts/Rearrange/Sources/Rearrange/String+NSRange.swift (in target 'Rearrange' from project 'Rearrange')
    cd /Users/admin/builder/spi-builder-workspace/.swiftpm/xcode

SwiftCompile normal armv7k Compiling\ NSTextRange+NSRange.swift /Users/admin/builder/spi-builder-workspace/.dependencies/checkouts/Rearrange/Sources/Rearrange/NSTextRange+NSRange.swift (in target 'Rearrange' from project 'Rearrange')
SwiftCompile normal armv7k /Users/admin/builder/spi-builder-workspace/.dependencies/checkouts/Rearrange/Sources/Rearrange/NSTextRange+NSRange.swift (in target 'Rearrange' from project 'Rearrange')
    cd /Users/admin/builder/spi-builder-workspace/.swiftpm/xcode

SwiftCompile normal armv7k Compiling\ NSTextLocation+Comparable.swift /Users/admin/builder/spi-builder-workspace/.dependencies/checkouts/Rearrange/Sources/Rearrange/NSTextLocation+Comparable.swift (in target 'Rearrange' from project 'Rearrange')
SwiftCompile normal armv7k /Users/admin/builder/spi-builder-workspace/.dependencies/checkouts/Rearrange/Sources/Rearrange/NSTextLocation+Comparable.swift (in target 'Rearrange' from project 'Rearrange')
    cd /Users/admin/builder/spi-builder-workspace/.swiftpm/xcode

SwiftCompile normal armv7k Compiling\ NSRange+Shift.swift /Users/admin/builder/spi-builder-workspace/.dependencies/checkouts/Rearrange/Sources/Rearrange/NSRange+Shift.swift (in target 'Rearrange' from project 'Rearrange')
SwiftCompile normal armv7k /Users/admin/builder/spi-builder-workspace/.dependencies/checkouts/Rearrange/Sources/Rearrange/NSRange+Shift.swift (in target 'Rearrange' from project 'Rearrange')
    cd /Users/admin/builder/spi-builder-workspace/.swiftpm/xcode

SwiftCompile normal armv7k Compiling\ RangeMutation.swift /Users/admin/builder/spi-builder-workspace/.dependencies/checkouts/Rearrange/Sources/Rearrange/RangeMutation.swift (in target 'Rearrange' from project 'Rearrange')
SwiftCompile normal armv7k /Users/admin/builder/spi-builder-workspace/.dependencies/checkouts/Rearrange/Sources/Rearrange/RangeMutation.swift (in target 'Rearrange' from project 'Rearrange')
    cd /Users/admin/builder/spi-builder-workspace/.swiftpm/xcode

SwiftEmitModule normal armv7k Emitting\ module\ for\ Rearrange (in target 'Rearrange' from project 'Rearrange')
EmitSwiftModule normal armv7k (in target 'Rearrange' from project 'Rearrange')
    cd /Users/admin/builder/spi-builder-workspace/.swiftpm/xcode

SwiftCompile normal armv7k Compiling\ IndexSet+ApplyMutation.swift /Users/admin/builder/spi-builder-workspace/.dependencies/checkouts/Rearrange/Sources/Rearrange/IndexSet+ApplyMutation.swift (in target 'Rearrange' from project 'Rearrange')
SwiftCompile normal armv7k /Users/admin/builder/spi-builder-workspace/.dependencies/checkouts/Rearrange/Sources/Rearrange/IndexSet+ApplyMutation.swift (in target 'Rearrange' from project 'Rearrange')
    cd /Users/admin/builder/spi-builder-workspace/.swiftpm/xcode

SwiftCompile normal armv7k Compiling\ IndexSet+NSRange.swift /Users/admin/builder/spi-builder-workspace/.dependencies/checkouts/Rearrange/Sources/Rearrange/IndexSet+NSRange.swift (in target 'Rearrange' from project 'Rearrange')
SwiftCompile normal armv7k /Users/admin/builder/spi-builder-workspace/.dependencies/checkouts/Rearrange/Sources/Rearrange/IndexSet+NSRange.swift (in target 'Rearrange' from project 'Rearrange')
    cd /Users/admin/builder/spi-builder-workspace/.swiftpm/xcode

SwiftEmitModule normal arm64_32 Emitting\ module\ for\ Rearrange (in target 'Rearrange' from project 'Rearrange')
EmitSwiftModule normal arm64_32 (in target 'Rearrange' from project 'Rearrange')
    cd /Users/admin/builder/spi-builder-workspace/.swiftpm/xcode

SwiftEmitModule normal arm64 Emitting\ module\ for\ Rearrange (in target 'Rearrange' from project 'Rearrange')
EmitSwiftModule normal arm64 (in target 'Rearrange' from project 'Rearrange')
    cd /Users/admin/builder/spi-builder-workspace/.swiftpm/xcode

SwiftDriverJobDiscovery normal armv7k Emitting module for Rearrange (in target 'Rearrange' from project 'Rearrange')
SwiftDriver\ Compilation\ Requirements Rearrange normal armv7k com.apple.xcode.tools.swift.compiler (in target 'Rearrange' from project 'Rearrange')
    cd /Users/admin/builder/spi-builder-workspace/.swiftpm/xcode
    builtin-Swift-Compilation-Requirements -- /Applications/Xcode-26.5.0.app/Contents/Developer/Toolchains/XcodeDefault.xctoolchain/usr/bin/swiftc -module-name Rearrange -Onone @/Users/admin/builder/spi-builder-workspace/.derivedData/Build/Intermediates.noindex/Rearrange.build/Debug-watchos/Rearrange.build/Objects-normal/armv7k/Rearrange.SwiftFileList -DSWIFT_PACKAGE -DDEBUG -DSWIFT_MODULE_RESOURCE_BUNDLE_UNAVAILABLE -DXcode -plugin-path /Applications/Xcode-26.5.0.app/Contents/Developer/Toolchains/XcodeDefault.xctoolchain/usr/lib/swift/host/plugins/testing -enable-experimental-feature DebugDescriptionMacro -sdk /Applications/Xcode-26.5.0.app/Contents/Developer/Platforms/WatchOS.platform/Developer/SDKs/WatchOS26.5.sdk -target armv7k-apple-watchos5.0 -g -module-cache-path /Users/admin/builder/spi-builder-workspace/.derivedData/ModuleCache.noindex -Xfrontend -serialize-debugging-options -profile-coverage-mapping -profile-generate -enable-testing -suppress-warnings -index-store-path /Users/admin/builder/spi-builder-workspace/.derivedData/Index.noindex/DataStore -Xcc -D_LIBCPP_HARDENING_MODE\=_LIBCPP_HARDENING_MODE_DEBUG -swift-version 5 -I /Users/admin/builder/spi-builder-workspace/.derivedData/Build/Products/Debug-watchos -Isystem /Applications/Xcode-26.5.0.app/Contents/Developer/Platforms/WatchOS.platform/Developer/usr/lib -F /Users/admin/builder/spi-builder-workspace/.derivedData/Build/Products/Debug-watchos -F /Applications/Xcode-26.5.0.app/Contents/Developer/Platforms/WatchOS.platform/Developer/Library/Frameworks -F /Applications/Xcode-26.5.0.app/Contents/Developer/Platforms/WatchOS.platform/Developer/SDKs/WatchOS26.5.sdk/Developer/Library/Frameworks -c -j10 -enable-batch-mode -incremental -Xcc -ivfsstatcache -Xcc /Users/admin/builder/spi-builder-workspace/.derivedData/SDKStatCaches.noindex/watchos26.5-23T570-688ef53f1462e2c8f657fdc38a81448f7931b973dfc65d9472806dbbc3af9379.sdkstatcache -output-file-map /Users/admin/builder/spi-builder-workspace/.derivedData/Build/Intermediates.noindex/Rearrange.build/Debug-watchos/Rearrange.build/Objects-normal/armv7k/Rearrange-OutputFileMap.json -use-frontend-parseable-output -save-temps -no-color-diagnostics -explicit-module-build -module-cache-path /Users/admin/builder/spi-builder-workspace/.derivedData/Build/Intermediates.noindex/SwiftExplicitPrecompiledModules -clang-scanner-module-cache-path /Users/admin/builder/spi-builder-workspace/.derivedData/ModuleCache.noindex -sdk-module-cache-path /Users/admin/builder/spi-builder-workspace/.derivedData/ModuleCache.noindex -serialize-diagnostics -emit-dependencies -emit-module -emit-module-path /Users/admin/builder/spi-builder-workspace/.derivedData/Build/Intermediates.noindex/Rearrange.build/Debug-watchos/Rearrange.build/Objects-normal/armv7k/Rearrange.swiftmodule -validate-clang-modules-once -clang-build-session-file /Users/admin/builder/spi-builder-workspace/.derivedData/ModuleCache.noindex/Session.modulevalidation -Xcc -I/Users/admin/builder/spi-builder-workspace/.derivedData/Build/Intermediates.noindex/Rearrange.build/Debug-watchos/Rearrange.build/swift-overrides.hmap -emit-const-values -Xfrontend -const-gather-protocols-file -Xfrontend /Users/admin/builder/spi-builder-workspace/.derivedData/Build/Intermediates.noindex/Rearrange.build/Debug-watchos/Rearrange.build/Objects-normal/armv7k/Rearrange_const_extract_protocols.json -Xcc -I/Users/admin/builder/spi-builder-workspace/.derivedData/Build/Products/Debug-watchos/include -Xcc -I/Users/admin/builder/spi-builder-workspace/.derivedData/Build/Intermediates.noindex/Rearrange.build/Debug-watchos/Rearrange.build/DerivedSources-normal/armv7k -Xcc -I/Users/admin/builder/spi-builder-workspace/.derivedData/Build/Intermediates.noindex/Rearrange.build/Debug-watchos/Rearrange.build/DerivedSources/armv7k -Xcc -I/Users/admin/builder/spi-builder-workspace/.derivedData/Build/Intermediates.noindex/Rearrange.build/Debug-watchos/Rearrange.build/DerivedSources -Xcc -DSWIFT_PACKAGE -Xcc -DDEBUG\=1 -emit-objc-header -emit-objc-header-path /Users/admin/builder/spi-builder-workspace/.derivedData/Build/Intermediates.noindex/Rearrange.build/Debug-watchos/Rearrange.build/Objects-normal/armv7k/Rearrange-Swift.h -working-directory /Users/admin/builder/spi-builder-workspace/.swiftpm/xcode -experimental-emit-module-separately -disable-cmo
SwiftDriverJobDiscovery normal arm64_32 Emitting module for Rearrange (in target 'Rearrange' from project 'Rearrange')
SwiftDriver\ Compilation\ Requirements Rearrange normal arm64_32 com.apple.xcode.tools.swift.compiler (in target 'Rearrange' from project 'Rearrange')
    cd /Users/admin/builder/spi-builder-workspace/.swiftpm/xcode
    builtin-Swift-Compilation-Requirements -- /Applications/Xcode-26.5.0.app/Contents/Developer/Toolchains/XcodeDefault.xctoolchain/usr/bin/swiftc -module-name Rearrange -Onone @/Users/admin/builder/spi-builder-workspace/.derivedData/Build/Intermediates.noindex/Rearrange.build/Debug-watchos/Rearrange.build/Objects-normal/arm64_32/Rearrange.SwiftFileList -DSWIFT_PACKAGE -DDEBUG -DSWIFT_MODULE_RESOURCE_BUNDLE_UNAVAILABLE -DXcode -plugin-path /Applications/Xcode-26.5.0.app/Contents/Developer/Toolchains/XcodeDefault.xctoolchain/usr/lib/swift/host/plugins/testing -enable-experimental-feature DebugDescriptionMacro -sdk /Applications/Xcode-26.5.0.app/Contents/Developer/Platforms/WatchOS.platform/Developer/SDKs/WatchOS26.5.sdk -target arm64_32-apple-watchos5.0 -g -module-cache-path /Users/admin/builder/spi-builder-workspace/.derivedData/ModuleCache.noindex -Xfrontend -serialize-debugging-options -profile-coverage-mapping -profile-generate -enable-testing -suppress-warnings -index-store-path /Users/admin/builder/spi-builder-workspace/.derivedData/Index.noindex/DataStore -Xcc -D_LIBCPP_HARDENING_MODE\=_LIBCPP_HARDENING_MODE_DEBUG -swift-version 5 -I /Users/admin/builder/spi-builder-workspace/.derivedData/Build/Products/Debug-watchos -Isystem /Applications/Xcode-26.5.0.app/Contents/Developer/Platforms/WatchOS.platform/Developer/usr/lib -F /Users/admin/builder/spi-builder-workspace/.derivedData/Build/Products/Debug-watchos -F /Applications/Xcode-26.5.0.app/Contents/Developer/Platforms/WatchOS.platform/Developer/Library/Frameworks -F /Applications/Xcode-26.5.0.app/Contents/Developer/Platforms/WatchOS.platform/Developer/SDKs/WatchOS26.5.sdk/Developer/Library/Frameworks -c -j10 -enable-batch-mode -incremental -Xcc -ivfsstatcache -Xcc /Users/admin/builder/spi-builder-workspace/.derivedData/SDKStatCaches.noindex/watchos26.5-23T570-688ef53f1462e2c8f657fdc38a81448f7931b973dfc65d9472806dbbc3af9379.sdkstatcache -output-file-map /Users/admin/builder/spi-builder-workspace/.derivedData/Build/Intermediates.noindex/Rearrange.build/Debug-watchos/Rearrange.build/Objects-normal/arm64_32/Rearrange-OutputFileMap.json -use-frontend-parseable-output -save-temps -no-color-diagnostics -explicit-module-build -module-cache-path /Users/admin/builder/spi-builder-workspace/.derivedData/Build/Intermediates.noindex/SwiftExplicitPrecompiledModules -clang-scanner-module-cache-path /Users/admin/builder/spi-builder-workspace/.derivedData/ModuleCache.noindex -sdk-module-cache-path /Users/admin/builder/spi-builder-workspace/.derivedData/ModuleCache.noindex -serialize-diagnostics -emit-dependencies -emit-module -emit-module-path /Users/admin/builder/spi-builder-workspace/.derivedData/Build/Intermediates.noindex/Rearrange.build/Debug-watchos/Rearrange.build/Objects-normal/arm64_32/Rearrange.swiftmodule -validate-clang-modules-once -clang-build-session-file /Users/admin/builder/spi-builder-workspace/.derivedData/ModuleCache.noindex/Session.modulevalidation -Xcc -I/Users/admin/builder/spi-builder-workspace/.derivedData/Build/Intermediates.noindex/Rearrange.build/Debug-watchos/Rearrange.build/swift-overrides.hmap -emit-const-values -Xfrontend -const-gather-protocols-file -Xfrontend /Users/admin/builder/spi-builder-workspace/.derivedData/Build/Intermediates.noindex/Rearrange.build/Debug-watchos/Rearrange.build/Objects-normal/arm64_32/Rearrange_const_extract_protocols.json -Xcc -I/Users/admin/builder/spi-builder-workspace/.derivedData/Build/Products/Debug-watchos/include -Xcc -I/Users/admin/builder/spi-builder-workspace/.derivedData/Build/Intermediates.noindex/Rearrange.build/Debug-watchos/Rearrange.build/DerivedSources-normal/arm64_32 -Xcc -I/Users/admin/builder/spi-builder-workspace/.derivedData/Build/Intermediates.noindex/Rearrange.build/Debug-watchos/Rearrange.build/DerivedSources/arm64_32 -Xcc -I/Users/admin/builder/spi-builder-workspace/.derivedData/Build/Intermediates.noindex/Rearrange.build/Debug-watchos/Rearrange.build/DerivedSources -Xcc -DSWIFT_PACKAGE -Xcc -DDEBUG\=1 -emit-objc-header -emit-objc-header-path /Users/admin/builder/spi-builder-workspace/.derivedData/Build/Intermediates.noindex/Rearrange.build/Debug-watchos/Rearrange.build/Objects-normal/arm64_32/Rearrange-Swift.h -working-directory /Users/admin/builder/spi-builder-workspace/.swiftpm/xcode -experimental-emit-module-separately -disable-cmo
Copy /Users/admin/builder/spi-builder-workspace/.derivedData/Build/Products/Debug-watchos/Rearrange.swiftmodule/armv7k-apple-watchos.swiftmodule /Users/admin/builder/spi-builder-workspace/.derivedData/Build/Intermediates.noindex/Rearrange.build/Debug-watchos/Rearrange.build/Objects-normal/armv7k/Rearrange.swiftmodule (in target 'Rearrange' from project 'Rearrange')
    cd /Users/admin/builder/spi-builder-workspace/.dependencies/checkouts/Rearrange
    builtin-copy -exclude .DS_Store -exclude CVS -exclude .svn -exclude .git -exclude .hg -resolve-src-symlinks -rename /Users/admin/builder/spi-builder-workspace/.derivedData/Build/Intermediates.noindex/Rearrange.build/Debug-watchos/Rearrange.build/Objects-normal/armv7k/Rearrange.swiftmodule /Users/admin/builder/spi-builder-workspace/.derivedData/Build/Products/Debug-watchos/Rearrange.swiftmodule/armv7k-apple-watchos.swiftmodule
Copy /Users/admin/builder/spi-builder-workspace/.derivedData/Build/Products/Debug-watchos/Rearrange.swiftmodule/armv7k-apple-watchos.swiftdoc /Users/admin/builder/spi-builder-workspace/.derivedData/Build/Intermediates.noindex/Rearrange.build/Debug-watchos/Rearrange.build/Objects-normal/armv7k/Rearrange.swiftdoc (in target 'Rearrange' from project 'Rearrange')
    cd /Users/admin/builder/spi-builder-workspace/.dependencies/checkouts/Rearrange
    builtin-copy -exclude .DS_Store -exclude CVS -exclude .svn -exclude .git -exclude .hg -resolve-src-symlinks -rename /Users/admin/builder/spi-builder-workspace/.derivedData/Build/Intermediates.noindex/Rearrange.build/Debug-watchos/Rearrange.build/Objects-normal/armv7k/Rearrange.swiftdoc /Users/admin/builder/spi-builder-workspace/.derivedData/Build/Products/Debug-watchos/Rearrange.swiftmodule/armv7k-apple-watchos.swiftdoc
Copy /Users/admin/builder/spi-builder-workspace/.derivedData/Build/Products/Debug-watchos/Rearrange.swiftmodule/armv7k-apple-watchos.abi.json /Users/admin/builder/spi-builder-workspace/.derivedData/Build/Intermediates.noindex/Rearrange.build/Debug-watchos/Rearrange.build/Objects-normal/armv7k/Rearrange.abi.json (in target 'Rearrange' from project 'Rearrange')
    cd /Users/admin/builder/spi-builder-workspace/.dependencies/checkouts/Rearrange
    builtin-copy -exclude .DS_Store -exclude CVS -exclude .svn -exclude .git -exclude .hg -resolve-src-symlinks -rename /Users/admin/builder/spi-builder-workspace/.derivedData/Build/Intermediates.noindex/Rearrange.build/Debug-watchos/Rearrange.build/Objects-normal/armv7k/Rearrange.abi.json /Users/admin/builder/spi-builder-workspace/.derivedData/Build/Products/Debug-watchos/Rearrange.swiftmodule/armv7k-apple-watchos.abi.json
Copy /Users/admin/builder/spi-builder-workspace/.derivedData/Build/Products/Debug-watchos/Rearrange.swiftmodule/arm64_32-apple-watchos.swiftmodule /Users/admin/builder/spi-builder-workspace/.derivedData/Build/Intermediates.noindex/Rearrange.build/Debug-watchos/Rearrange.build/Objects-normal/arm64_32/Rearrange.swiftmodule (in target 'Rearrange' from project 'Rearrange')
    cd /Users/admin/builder/spi-builder-workspace/.dependencies/checkouts/Rearrange
    builtin-copy -exclude .DS_Store -exclude CVS -exclude .svn -exclude .git -exclude .hg -resolve-src-symlinks -rename /Users/admin/builder/spi-builder-workspace/.derivedData/Build/Intermediates.noindex/Rearrange.build/Debug-watchos/Rearrange.build/Objects-normal/arm64_32/Rearrange.swiftmodule /Users/admin/builder/spi-builder-workspace/.derivedData/Build/Products/Debug-watchos/Rearrange.swiftmodule/arm64_32-apple-watchos.swiftmodule
Copy /Users/admin/builder/spi-builder-workspace/.derivedData/Build/Products/Debug-watchos/Rearrange.swiftmodule/arm64_32-apple-watchos.swiftdoc /Users/admin/builder/spi-builder-workspace/.derivedData/Build/Intermediates.noindex/Rearrange.build/Debug-watchos/Rearrange.build/Objects-normal/arm64_32/Rearrange.swiftdoc (in target 'Rearrange' from project 'Rearrange')
    cd /Users/admin/builder/spi-builder-workspace/.dependencies/checkouts/Rearrange
    builtin-copy -exclude .DS_Store -exclude CVS -exclude .svn -exclude .git -exclude .hg -resolve-src-symlinks -rename /Users/admin/builder/spi-builder-workspace/.derivedData/Build/Intermediates.noindex/Rearrange.build/Debug-watchos/Rearrange.build/Objects-normal/arm64_32/Rearrange.swiftdoc /Users/admin/builder/spi-builder-workspace/.derivedData/Build/Products/Debug-watchos/Rearrange.swiftmodule/arm64_32-apple-watchos.swiftdoc
Copy /Users/admin/builder/spi-builder-workspace/.derivedData/Build/Products/Debug-watchos/Rearrange.swiftmodule/arm64_32-apple-watchos.abi.json /Users/admin/builder/spi-builder-workspace/.derivedData/Build/Intermediates.noindex/Rearrange.build/Debug-watchos/Rearrange.build/Objects-normal/arm64_32/Rearrange.abi.json (in target 'Rearrange' from project 'Rearrange')
    cd /Users/admin/builder/spi-builder-workspace/.dependencies/checkouts/Rearrange
    builtin-copy -exclude .DS_Store -exclude CVS -exclude .svn -exclude .git -exclude .hg -resolve-src-symlinks -rename /Users/admin/builder/spi-builder-workspace/.derivedData/Build/Intermediates.noindex/Rearrange.build/Debug-watchos/Rearrange.build/Objects-normal/arm64_32/Rearrange.abi.json /Users/admin/builder/spi-builder-workspace/.derivedData/Build/Products/Debug-watchos/Rearrange.swiftmodule/arm64_32-apple-watchos.abi.json
Copy /Users/admin/builder/spi-builder-workspace/.derivedData/Build/Products/Debug-watchos/Rearrange.swiftmodule/Project/armv7k-apple-watchos.swiftsourceinfo /Users/admin/builder/spi-builder-workspace/.derivedData/Build/Intermediates.noindex/Rearrange.build/Debug-watchos/Rearrange.build/Objects-normal/armv7k/Rearrange.swiftsourceinfo (in target 'Rearrange' from project 'Rearrange')
    cd /Users/admin/builder/spi-builder-workspace/.dependencies/checkouts/Rearrange
    builtin-copy -exclude .DS_Store -exclude CVS -exclude .svn -exclude .git -exclude .hg -resolve-src-symlinks -rename /Users/admin/builder/spi-builder-workspace/.derivedData/Build/Intermediates.noindex/Rearrange.build/Debug-watchos/Rearrange.build/Objects-normal/armv7k/Rearrange.swiftsourceinfo /Users/admin/builder/spi-builder-workspace/.derivedData/Build/Products/Debug-watchos/Rearrange.swiftmodule/Project/armv7k-apple-watchos.swiftsourceinfo
Copy /Users/admin/builder/spi-builder-workspace/.derivedData/Build/Products/Debug-watchos/Rearrange.swiftmodule/Project/arm64_32-apple-watchos.swiftsourceinfo /Users/admin/builder/spi-builder-workspace/.derivedData/Build/Intermediates.noindex/Rearrange.build/Debug-watchos/Rearrange.build/Objects-normal/arm64_32/Rearrange.swiftsourceinfo (in target 'Rearrange' from project 'Rearrange')
    cd /Users/admin/builder/spi-builder-workspace/.dependencies/checkouts/Rearrange
    builtin-copy -exclude .DS_Store -exclude CVS -exclude .svn -exclude .git -exclude .hg -resolve-src-symlinks -rename /Users/admin/builder/spi-builder-workspace/.derivedData/Build/Intermediates.noindex/Rearrange.build/Debug-watchos/Rearrange.build/Objects-normal/arm64_32/Rearrange.swiftsourceinfo /Users/admin/builder/spi-builder-workspace/.derivedData/Build/Products/Debug-watchos/Rearrange.swiftmodule/Project/arm64_32-apple-watchos.swiftsourceinfo
SwiftCompile normal arm64_32 Compiling\ IndexSet+NSRange.swift /Users/admin/builder/spi-builder-workspace/.dependencies/checkouts/Rearrange/Sources/Rearrange/IndexSet+NSRange.swift (in target 'Rearrange' from project 'Rearrange')
SwiftCompile normal arm64_32 /Users/admin/builder/spi-builder-workspace/.dependencies/checkouts/Rearrange/Sources/Rearrange/IndexSet+NSRange.swift (in target 'Rearrange' from project 'Rearrange')
    cd /Users/admin/builder/spi-builder-workspace/.swiftpm/xcode

SwiftCompile normal arm64_32 Compiling\ NSRange+Shift.swift /Users/admin/builder/spi-builder-workspace/.dependencies/checkouts/Rearrange/Sources/Rearrange/NSRange+Shift.swift (in target 'Rearrange' from project 'Rearrange')
SwiftCompile normal arm64_32 /Users/admin/builder/spi-builder-workspace/.dependencies/checkouts/Rearrange/Sources/Rearrange/NSRange+Shift.swift (in target 'Rearrange' from project 'Rearrange')
    cd /Users/admin/builder/spi-builder-workspace/.swiftpm/xcode

SwiftDriverJobDiscovery normal arm64 Emitting module for Rearrange (in target 'Rearrange' from project 'Rearrange')
SwiftDriver\ Compilation\ Requirements Rearrange normal arm64 com.apple.xcode.tools.swift.compiler (in target 'Rearrange' from project 'Rearrange')
    cd /Users/admin/builder/spi-builder-workspace/.swiftpm/xcode
    builtin-Swift-Compilation-Requirements -- /Applications/Xcode-26.5.0.app/Contents/Developer/Toolchains/XcodeDefault.xctoolchain/usr/bin/swiftc -module-name Rearrange -Onone @/Users/admin/builder/spi-builder-workspace/.derivedData/Build/Intermediates.noindex/Rearrange.build/Debug-watchos/Rearrange.build/Objects-normal/arm64/Rearrange.SwiftFileList -DSWIFT_PACKAGE -DDEBUG -DSWIFT_MODULE_RESOURCE_BUNDLE_UNAVAILABLE -DXcode -plugin-path /Applications/Xcode-26.5.0.app/Contents/Developer/Toolchains/XcodeDefault.xctoolchain/usr/lib/swift/host/plugins/testing -enable-experimental-feature DebugDescriptionMacro -sdk /Applications/Xcode-26.5.0.app/Contents/Developer/Platforms/WatchOS.platform/Developer/SDKs/WatchOS26.5.sdk -target arm64-apple-watchos5.0 -g -module-cache-path /Users/admin/builder/spi-builder-workspace/.derivedData/ModuleCache.noindex -Xfrontend -serialize-debugging-options -profile-coverage-mapping -profile-generate -enable-testing -suppress-warnings -index-store-path /Users/admin/builder/spi-builder-workspace/.derivedData/Index.noindex/DataStore -Xcc -D_LIBCPP_HARDENING_MODE\=_LIBCPP_HARDENING_MODE_DEBUG -swift-version 5 -I /Users/admin/builder/spi-builder-workspace/.derivedData/Build/Products/Debug-watchos -Isystem /Applications/Xcode-26.5.0.app/Contents/Developer/Platforms/WatchOS.platform/Developer/usr/lib -F /Users/admin/builder/spi-builder-workspace/.derivedData/Build/Products/Debug-watchos -F /Applications/Xcode-26.5.0.app/Contents/Developer/Platforms/WatchOS.platform/Developer/Library/Frameworks -F /Applications/Xcode-26.5.0.app/Contents/Developer/Platforms/WatchOS.platform/Developer/SDKs/WatchOS26.5.sdk/Developer/Library/Frameworks -c -j10 -enable-batch-mode -incremental -Xcc -ivfsstatcache -Xcc /Users/admin/builder/spi-builder-workspace/.derivedData/SDKStatCaches.noindex/watchos26.5-23T570-688ef53f1462e2c8f657fdc38a81448f7931b973dfc65d9472806dbbc3af9379.sdkstatcache -output-file-map /Users/admin/builder/spi-builder-workspace/.derivedData/Build/Intermediates.noindex/Rearrange.build/Debug-watchos/Rearrange.build/Objects-normal/arm64/Rearrange-OutputFileMap.json -use-frontend-parseable-output -save-temps -no-color-diagnostics -explicit-module-build -module-cache-path /Users/admin/builder/spi-builder-workspace/.derivedData/Build/Intermediates.noindex/SwiftExplicitPrecompiledModules -clang-scanner-module-cache-path /Users/admin/builder/spi-builder-workspace/.derivedData/ModuleCache.noindex -sdk-module-cache-path /Users/admin/builder/spi-builder-workspace/.derivedData/ModuleCache.noindex -serialize-diagnostics -emit-dependencies -emit-module -emit-module-path /Users/admin/builder/spi-builder-workspace/.derivedData/Build/Intermediates.noindex/Rearrange.build/Debug-watchos/Rearrange.build/Objects-normal/arm64/Rearrange.swiftmodule -validate-clang-modules-once -clang-build-session-file /Users/admin/builder/spi-builder-workspace/.derivedData/ModuleCache.noindex/Session.modulevalidation -Xcc -I/Users/admin/builder/spi-builder-workspace/.derivedData/Build/Intermediates.noindex/Rearrange.build/Debug-watchos/Rearrange.build/swift-overrides.hmap -emit-const-values -Xfrontend -const-gather-protocols-file -Xfrontend /Users/admin/builder/spi-builder-workspace/.derivedData/Build/Intermediates.noindex/Rearrange.build/Debug-watchos/Rearrange.build/Objects-normal/arm64/Rearrange_const_extract_protocols.json -Xcc -I/Users/admin/builder/spi-builder-workspace/.derivedData/Build/Products/Debug-watchos/include -Xcc -I/Users/admin/builder/spi-builder-workspace/.derivedData/Build/Intermediates.noindex/Rearrange.build/Debug-watchos/Rearrange.build/DerivedSources-normal/arm64 -Xcc -I/Users/admin/builder/spi-builder-workspace/.derivedData/Build/Intermediates.noindex/Rearrange.build/Debug-watchos/Rearrange.build/DerivedSources/arm64 -Xcc -I/Users/admin/builder/spi-builder-workspace/.derivedData/Build/Intermediates.noindex/Rearrange.build/Debug-watchos/Rearrange.build/DerivedSources -Xcc -DSWIFT_PACKAGE -Xcc -DDEBUG\=1 -emit-objc-header -emit-objc-header-path /Users/admin/builder/spi-builder-workspace/.derivedData/Build/Intermediates.noindex/Rearrange.build/Debug-watchos/Rearrange.build/Objects-normal/arm64/Rearrange-Swift.h -working-directory /Users/admin/builder/spi-builder-workspace/.swiftpm/xcode -experimental-emit-module-separately -disable-cmo
SwiftDriverJobDiscovery normal armv7k Compiling NSTextRange+NSRange.swift (in target 'Rearrange' from project 'Rearrange')
SwiftCompile normal arm64 Compiling\ IndexSet+NSRange.swift /Users/admin/builder/spi-builder-workspace/.dependencies/checkouts/Rearrange/Sources/Rearrange/IndexSet+NSRange.swift (in target 'Rearrange' from project 'Rearrange')
SwiftCompile normal arm64 /Users/admin/builder/spi-builder-workspace/.dependencies/checkouts/Rearrange/Sources/Rearrange/IndexSet+NSRange.swift (in target 'Rearrange' from project 'Rearrange')
    cd /Users/admin/builder/spi-builder-workspace/.swiftpm/xcode

SwiftCompile normal armv7k Compiling\ NSRange+ApplyMutation.swift /Users/admin/builder/spi-builder-workspace/.dependencies/checkouts/Rearrange/Sources/Rearrange/NSRange+ApplyMutation.swift (in target 'Rearrange' from project 'Rearrange')
SwiftCompile normal armv7k /Users/admin/builder/spi-builder-workspace/.dependencies/checkouts/Rearrange/Sources/Rearrange/NSRange+ApplyMutation.swift (in target 'Rearrange' from project 'Rearrange')
    cd /Users/admin/builder/spi-builder-workspace/.swiftpm/xcode

SwiftDriverJobDiscovery normal armv7k Compiling NSTextLocation+Comparable.swift (in target 'Rearrange' from project 'Rearrange')
SwiftMergeGeneratedHeaders /Users/admin/builder/spi-builder-workspace/.derivedData/Build/Intermediates.noindex/GeneratedModuleMaps-watchos/Rearrange-Swift.h /Users/admin/builder/spi-builder-workspace/.derivedData/Build/Intermediates.noindex/Rearrange.build/Debug-watchos/Rearrange.build/Objects-normal/arm64/Rearrange-Swift.h /Users/admin/builder/spi-builder-workspace/.derivedData/Build/Intermediates.noindex/Rearrange.build/Debug-watchos/Rearrange.build/Objects-normal/arm64_32/Rearrange-Swift.h /Users/admin/builder/spi-builder-workspace/.derivedData/Build/Intermediates.noindex/Rearrange.build/Debug-watchos/Rearrange.build/Objects-normal/armv7k/Rearrange-Swift.h (in target 'Rearrange' from project 'Rearrange')
    cd /Users/admin/builder/spi-builder-workspace/.dependencies/checkouts/Rearrange
    builtin-swiftHeaderTool -arch arm64 /Users/admin/builder/spi-builder-workspace/.derivedData/Build/Intermediates.noindex/Rearrange.build/Debug-watchos/Rearrange.build/Objects-normal/arm64/Rearrange-Swift.h -arch arm64_32 /Users/admin/builder/spi-builder-workspace/.derivedData/Build/Intermediates.noindex/Rearrange.build/Debug-watchos/Rearrange.build/Objects-normal/arm64_32/Rearrange-Swift.h -arch armv7k /Users/admin/builder/spi-builder-workspace/.derivedData/Build/Intermediates.noindex/Rearrange.build/Debug-watchos/Rearrange.build/Objects-normal/armv7k/Rearrange-Swift.h -o /Users/admin/builder/spi-builder-workspace/.derivedData/Build/Intermediates.noindex/GeneratedModuleMaps-watchos/Rearrange-Swift.h
SwiftDriverJobDiscovery normal armv7k Compiling UITextRange+Convenience.swift (in target 'Rearrange' from project 'Rearrange')
Copy /Users/admin/builder/spi-builder-workspace/.derivedData/Build/Products/Debug-watchos/Rearrange.swiftmodule/arm64-apple-watchos.swiftmodule /Users/admin/builder/spi-builder-workspace/.derivedData/Build/Intermediates.noindex/Rearrange.build/Debug-watchos/Rearrange.build/Objects-normal/arm64/Rearrange.swiftmodule (in target 'Rearrange' from project 'Rearrange')
    cd /Users/admin/builder/spi-builder-workspace/.dependencies/checkouts/Rearrange
    builtin-copy -exclude .DS_Store -exclude CVS -exclude .svn -exclude .git -exclude .hg -resolve-src-symlinks -rename /Users/admin/builder/spi-builder-workspace/.derivedData/Build/Intermediates.noindex/Rearrange.build/Debug-watchos/Rearrange.build/Objects-normal/arm64/Rearrange.swiftmodule /Users/admin/builder/spi-builder-workspace/.derivedData/Build/Products/Debug-watchos/Rearrange.swiftmodule/arm64-apple-watchos.swiftmodule
Copy /Users/admin/builder/spi-builder-workspace/.derivedData/Build/Products/Debug-watchos/Rearrange.swiftmodule/arm64-apple-watchos.swiftdoc /Users/admin/builder/spi-builder-workspace/.derivedData/Build/Intermediates.noindex/Rearrange.build/Debug-watchos/Rearrange.build/Objects-normal/arm64/Rearrange.swiftdoc (in target 'Rearrange' from project 'Rearrange')
    cd /Users/admin/builder/spi-builder-workspace/.dependencies/checkouts/Rearrange
    builtin-copy -exclude .DS_Store -exclude CVS -exclude .svn -exclude .git -exclude .hg -resolve-src-symlinks -rename /Users/admin/builder/spi-builder-workspace/.derivedData/Build/Intermediates.noindex/Rearrange.build/Debug-watchos/Rearrange.build/Objects-normal/arm64/Rearrange.swiftdoc /Users/admin/builder/spi-builder-workspace/.derivedData/Build/Products/Debug-watchos/Rearrange.swiftmodule/arm64-apple-watchos.swiftdoc
Copy /Users/admin/builder/spi-builder-workspace/.derivedData/Build/Products/Debug-watchos/Rearrange.swiftmodule/arm64-apple-watchos.abi.json /Users/admin/builder/spi-builder-workspace/.derivedData/Build/Intermediates.noindex/Rearrange.build/Debug-watchos/Rearrange.build/Objects-normal/arm64/Rearrange.abi.json (in target 'Rearrange' from project 'Rearrange')
    cd /Users/admin/builder/spi-builder-workspace/.dependencies/checkouts/Rearrange
    builtin-copy -exclude .DS_Store -exclude CVS -exclude .svn -exclude .git -exclude .hg -resolve-src-symlinks -rename /Users/admin/builder/spi-builder-workspace/.derivedData/Build/Intermediates.noindex/Rearrange.build/Debug-watchos/Rearrange.build/Objects-normal/arm64/Rearrange.abi.json /Users/admin/builder/spi-builder-workspace/.derivedData/Build/Products/Debug-watchos/Rearrange.swiftmodule/arm64-apple-watchos.abi.json
Copy /Users/admin/builder/spi-builder-workspace/.derivedData/Build/Products/Debug-watchos/Rearrange.swiftmodule/Project/arm64-apple-watchos.swiftsourceinfo /Users/admin/builder/spi-builder-workspace/.derivedData/Build/Intermediates.noindex/Rearrange.build/Debug-watchos/Rearrange.build/Objects-normal/arm64/Rearrange.swiftsourceinfo (in target 'Rearrange' from project 'Rearrange')
    cd /Users/admin/builder/spi-builder-workspace/.dependencies/checkouts/Rearrange
    builtin-copy -exclude .DS_Store -exclude CVS -exclude .svn -exclude .git -exclude .hg -resolve-src-symlinks -rename /Users/admin/builder/spi-builder-workspace/.derivedData/Build/Intermediates.noindex/Rearrange.build/Debug-watchos/Rearrange.build/Objects-normal/arm64/Rearrange.swiftsourceinfo /Users/admin/builder/spi-builder-workspace/.derivedData/Build/Products/Debug-watchos/Rearrange.swiftmodule/Project/arm64-apple-watchos.swiftsourceinfo
SwiftCompile normal arm64 Compiling\ NSTextRange+NSRange.swift /Users/admin/builder/spi-builder-workspace/.dependencies/checkouts/Rearrange/Sources/Rearrange/NSTextRange+NSRange.swift (in target 'Rearrange' from project 'Rearrange')
SwiftCompile normal arm64 /Users/admin/builder/spi-builder-workspace/.dependencies/checkouts/Rearrange/Sources/Rearrange/NSTextRange+NSRange.swift (in target 'Rearrange' from project 'Rearrange')
    cd /Users/admin/builder/spi-builder-workspace/.swiftpm/xcode

SwiftCompile normal arm64_32 Compiling\ UITextRange+Convenience.swift /Users/admin/builder/spi-builder-workspace/.dependencies/checkouts/Rearrange/Sources/Rearrange/UITextRange+Convenience.swift (in target 'Rearrange' from project 'Rearrange')
SwiftCompile normal arm64_32 /Users/admin/builder/spi-builder-workspace/.dependencies/checkouts/Rearrange/Sources/Rearrange/UITextRange+Convenience.swift (in target 'Rearrange' from project 'Rearrange')
    cd /Users/admin/builder/spi-builder-workspace/.swiftpm/xcode

SwiftDriverJobDiscovery normal arm64 Compiling NSTextRange+NSRange.swift (in target 'Rearrange' from project 'Rearrange')
SwiftCompile normal arm64 Compiling\ RangeMutation.swift /Users/admin/builder/spi-builder-workspace/.dependencies/checkouts/Rearrange/Sources/Rearrange/RangeMutation.swift (in target 'Rearrange' from project 'Rearrange')
SwiftCompile normal arm64 /Users/admin/builder/spi-builder-workspace/.dependencies/checkouts/Rearrange/Sources/Rearrange/RangeMutation.swift (in target 'Rearrange' from project 'Rearrange')
    cd /Users/admin/builder/spi-builder-workspace/.swiftpm/xcode

SwiftDriverJobDiscovery normal arm64_32 Compiling UITextRange+Convenience.swift (in target 'Rearrange' from project 'Rearrange')
SwiftCompile normal arm64_32 Compiling\ NSTextRange+NSRange.swift /Users/admin/builder/spi-builder-workspace/.dependencies/checkouts/Rearrange/Sources/Rearrange/NSTextRange+NSRange.swift (in target 'Rearrange' from project 'Rearrange')
SwiftCompile normal arm64_32 /Users/admin/builder/spi-builder-workspace/.dependencies/checkouts/Rearrange/Sources/Rearrange/NSTextRange+NSRange.swift (in target 'Rearrange' from project 'Rearrange')
    cd /Users/admin/builder/spi-builder-workspace/.swiftpm/xcode

SwiftDriverJobDiscovery normal armv7k Compiling NSRange+ApplyMutation.swift (in target 'Rearrange' from project 'Rearrange')
SwiftCompile normal arm64_32 Compiling\ String+NSRange.swift /Users/admin/builder/spi-builder-workspace/.dependencies/checkouts/Rearrange/Sources/Rearrange/String+NSRange.swift (in target 'Rearrange' from project 'Rearrange')
SwiftCompile normal arm64_32 /Users/admin/builder/spi-builder-workspace/.dependencies/checkouts/Rearrange/Sources/Rearrange/String+NSRange.swift (in target 'Rearrange' from project 'Rearrange')
    cd /Users/admin/builder/spi-builder-workspace/.swiftpm/xcode

SwiftDriverJobDiscovery normal armv7k Compiling NSRange+Shift.swift (in target 'Rearrange' from project 'Rearrange')
SwiftCompile normal arm64_32 Compiling\ IndexSet+ApplyMutation.swift /Users/admin/builder/spi-builder-workspace/.dependencies/checkouts/Rearrange/Sources/Rearrange/IndexSet+ApplyMutation.swift (in target 'Rearrange' from project 'Rearrange')
SwiftCompile normal arm64_32 /Users/admin/builder/spi-builder-workspace/.dependencies/checkouts/Rearrange/Sources/Rearrange/IndexSet+ApplyMutation.swift (in target 'Rearrange' from project 'Rearrange')
    cd /Users/admin/builder/spi-builder-workspace/.swiftpm/xcode

SwiftDriverJobDiscovery normal arm64_32 Compiling NSRange+Shift.swift (in target 'Rearrange' from project 'Rearrange')
SwiftCompile normal arm64_32 Compiling\ NSRange+Convenience.swift /Users/admin/builder/spi-builder-workspace/.dependencies/checkouts/Rearrange/Sources/Rearrange/NSRange+Convenience.swift (in target 'Rearrange' from project 'Rearrange')
SwiftCompile normal arm64_32 /Users/admin/builder/spi-builder-workspace/.dependencies/checkouts/Rearrange/Sources/Rearrange/NSRange+Convenience.swift (in target 'Rearrange' from project 'Rearrange')
    cd /Users/admin/builder/spi-builder-workspace/.swiftpm/xcode

SwiftDriverJobDiscovery normal armv7k Compiling IndexSet+ApplyMutation.swift (in target 'Rearrange' from project 'Rearrange')
SwiftCompile normal arm64_32 Compiling\ RangeMutation.swift /Users/admin/builder/spi-builder-workspace/.dependencies/checkouts/Rearrange/Sources/Rearrange/RangeMutation.swift (in target 'Rearrange' from project 'Rearrange')
SwiftCompile normal arm64_32 /Users/admin/builder/spi-builder-workspace/.dependencies/checkouts/Rearrange/Sources/Rearrange/RangeMutation.swift (in target 'Rearrange' from project 'Rearrange')
    cd /Users/admin/builder/spi-builder-workspace/.swiftpm/xcode

SwiftDriverJobDiscovery normal arm64 Compiling IndexSet+NSRange.swift (in target 'Rearrange' from project 'Rearrange')
SwiftCompile normal arm64 Compiling\ NSRange+Shift.swift /Users/admin/builder/spi-builder-workspace/.dependencies/checkouts/Rearrange/Sources/Rearrange/NSRange+Shift.swift (in target 'Rearrange' from project 'Rearrange')
SwiftCompile normal arm64 /Users/admin/builder/spi-builder-workspace/.dependencies/checkouts/Rearrange/Sources/Rearrange/NSRange+Shift.swift (in target 'Rearrange' from project 'Rearrange')
    cd /Users/admin/builder/spi-builder-workspace/.swiftpm/xcode

SwiftDriverJobDiscovery normal armv7k Compiling RangeMutation.swift (in target 'Rearrange' from project 'Rearrange')
SwiftCompile normal arm64_32 Compiling\ NSTextLocation+Comparable.swift /Users/admin/builder/spi-builder-workspace/.dependencies/checkouts/Rearrange/Sources/Rearrange/NSTextLocation+Comparable.swift (in target 'Rearrange' from project 'Rearrange')
SwiftCompile normal arm64_32 /Users/admin/builder/spi-builder-workspace/.dependencies/checkouts/Rearrange/Sources/Rearrange/NSTextLocation+Comparable.swift (in target 'Rearrange' from project 'Rearrange')
    cd /Users/admin/builder/spi-builder-workspace/.swiftpm/xcode

SwiftCompile normal arm64 Compiling\ NSRange+Convenience.swift /Users/admin/builder/spi-builder-workspace/.dependencies/checkouts/Rearrange/Sources/Rearrange/NSRange+Convenience.swift (in target 'Rearrange' from project 'Rearrange')
SwiftCompile normal arm64 /Users/admin/builder/spi-builder-workspace/.dependencies/checkouts/Rearrange/Sources/Rearrange/NSRange+Convenience.swift (in target 'Rearrange' from project 'Rearrange')
    cd /Users/admin/builder/spi-builder-workspace/.swiftpm/xcode

SwiftDriverJobDiscovery normal armv7k Compiling String+NSRange.swift (in target 'Rearrange' from project 'Rearrange')
SwiftDriverJobDiscovery normal arm64 Compiling RangeMutation.swift (in target 'Rearrange' from project 'Rearrange')
SwiftCompile normal arm64 Compiling\ NSTextLocation+Comparable.swift /Users/admin/builder/spi-builder-workspace/.dependencies/checkouts/Rearrange/Sources/Rearrange/NSTextLocation+Comparable.swift (in target 'Rearrange' from project 'Rearrange')
SwiftCompile normal arm64 /Users/admin/builder/spi-builder-workspace/.dependencies/checkouts/Rearrange/Sources/Rearrange/NSTextLocation+Comparable.swift (in target 'Rearrange' from project 'Rearrange')
    cd /Users/admin/builder/spi-builder-workspace/.swiftpm/xcode

SwiftDriverJobDiscovery normal arm64_32 Compiling IndexSet+NSRange.swift (in target 'Rearrange' from project 'Rearrange')
SwiftCompile normal arm64 Compiling\ String+NSRange.swift /Users/admin/builder/spi-builder-workspace/.dependencies/checkouts/Rearrange/Sources/Rearrange/String+NSRange.swift (in target 'Rearrange' from project 'Rearrange')
SwiftCompile normal arm64 /Users/admin/builder/spi-builder-workspace/.dependencies/checkouts/Rearrange/Sources/Rearrange/String+NSRange.swift (in target 'Rearrange' from project 'Rearrange')
    cd /Users/admin/builder/spi-builder-workspace/.swiftpm/xcode

SwiftDriverJobDiscovery normal armv7k Compiling IndexSet+NSRange.swift (in target 'Rearrange' from project 'Rearrange')
SwiftCompile normal arm64 Compiling\ NSRange+ApplyMutation.swift /Users/admin/builder/spi-builder-workspace/.dependencies/checkouts/Rearrange/Sources/Rearrange/NSRange+ApplyMutation.swift (in target 'Rearrange' from project 'Rearrange')
SwiftCompile normal arm64 /Users/admin/builder/spi-builder-workspace/.dependencies/checkouts/Rearrange/Sources/Rearrange/NSRange+ApplyMutation.swift (in target 'Rearrange' from project 'Rearrange')
    cd /Users/admin/builder/spi-builder-workspace/.swiftpm/xcode

SwiftDriverJobDiscovery normal arm64_32 Compiling NSTextRange+NSRange.swift (in target 'Rearrange' from project 'Rearrange')
SwiftCompile normal armv7k Compiling\ NSRange+Convenience.swift /Users/admin/builder/spi-builder-workspace/.dependencies/checkouts/Rearrange/Sources/Rearrange/NSRange+Convenience.swift (in target 'Rearrange' from project 'Rearrange')
SwiftCompile normal armv7k /Users/admin/builder/spi-builder-workspace/.dependencies/checkouts/Rearrange/Sources/Rearrange/NSRange+Convenience.swift (in target 'Rearrange' from project 'Rearrange')
    cd /Users/admin/builder/spi-builder-workspace/.swiftpm/xcode

SwiftDriverJobDiscovery normal arm64_32 Compiling NSTextLocation+Comparable.swift (in target 'Rearrange' from project 'Rearrange')
SwiftCompile normal arm64 Compiling\ IndexSet+ApplyMutation.swift /Users/admin/builder/spi-builder-workspace/.dependencies/checkouts/Rearrange/Sources/Rearrange/IndexSet+ApplyMutation.swift (in target 'Rearrange' from project 'Rearrange')
SwiftCompile normal arm64 /Users/admin/builder/spi-builder-workspace/.dependencies/checkouts/Rearrange/Sources/Rearrange/IndexSet+ApplyMutation.swift (in target 'Rearrange' from project 'Rearrange')
    cd /Users/admin/builder/spi-builder-workspace/.swiftpm/xcode

SwiftDriverJobDiscovery normal arm64 Compiling NSTextLocation+Comparable.swift (in target 'Rearrange' from project 'Rearrange')
SwiftCompile normal arm64_32 Compiling\ NSRange+ApplyMutation.swift /Users/admin/builder/spi-builder-workspace/.dependencies/checkouts/Rearrange/Sources/Rearrange/NSRange+ApplyMutation.swift (in target 'Rearrange' from project 'Rearrange')
SwiftCompile normal arm64_32 /Users/admin/builder/spi-builder-workspace/.dependencies/checkouts/Rearrange/Sources/Rearrange/NSRange+ApplyMutation.swift (in target 'Rearrange' from project 'Rearrange')
    cd /Users/admin/builder/spi-builder-workspace/.swiftpm/xcode

SwiftDriverJobDiscovery normal arm64_32 Compiling IndexSet+ApplyMutation.swift (in target 'Rearrange' from project 'Rearrange')
SwiftCompile normal arm64 Compiling\ UITextRange+Convenience.swift /Users/admin/builder/spi-builder-workspace/.dependencies/checkouts/Rearrange/Sources/Rearrange/UITextRange+Convenience.swift (in target 'Rearrange' from project 'Rearrange')
SwiftCompile normal arm64 /Users/admin/builder/spi-builder-workspace/.dependencies/checkouts/Rearrange/Sources/Rearrange/UITextRange+Convenience.swift (in target 'Rearrange' from project 'Rearrange')
    cd /Users/admin/builder/spi-builder-workspace/.swiftpm/xcode

SwiftDriverJobDiscovery normal arm64_32 Compiling String+NSRange.swift (in target 'Rearrange' from project 'Rearrange')
SwiftDriverJobDiscovery normal arm64_32 Compiling NSRange+Convenience.swift (in target 'Rearrange' from project 'Rearrange')
SwiftDriver LanguageSupport normal arm64_32 com.apple.xcode.tools.swift.compiler (in target 'LanguageSupport' from project 'CodeEditorView')
    cd /Users/admin/builder/spi-builder-workspace/.swiftpm/xcode
    builtin-SwiftDriver -- /Applications/Xcode-26.5.0.app/Contents/Developer/Toolchains/XcodeDefault.xctoolchain/usr/bin/swiftc -module-name LanguageSupport -Onone @/Users/admin/builder/spi-builder-workspace/.derivedData/Build/Intermediates.noindex/CodeEditorView.build/Debug-watchos/LanguageSupport.build/Objects-normal/arm64_32/LanguageSupport.SwiftFileList -DSWIFT_PACKAGE -DDEBUG -DSWIFT_MODULE_RESOURCE_BUNDLE_UNAVAILABLE -DXcode -enable-upcoming-feature BareSlashRegexLiterals -plugin-path /Applications/Xcode-26.5.0.app/Contents/Developer/Toolchains/XcodeDefault.xctoolchain/usr/lib/swift/host/plugins/testing -enable-experimental-feature DebugDescriptionMacro -sdk /Applications/Xcode-26.5.0.app/Contents/Developer/Platforms/WatchOS.platform/Developer/SDKs/WatchOS26.5.sdk -target arm64_32-apple-watchos10.0 -g -module-cache-path /Users/admin/builder/spi-builder-workspace/.derivedData/ModuleCache.noindex -Xfrontend -serialize-debugging-options -profile-coverage-mapping -profile-generate -enable-testing -index-store-path /Users/admin/builder/spi-builder-workspace/.derivedData/Index.noindex/DataStore -Xcc -D_LIBCPP_HARDENING_MODE\=_LIBCPP_HARDENING_MODE_DEBUG -swift-version 5 -I /Users/admin/builder/spi-builder-workspace/.derivedData/Build/Products/Debug-watchos -Isystem /Applications/Xcode-26.5.0.app/Contents/Developer/Platforms/WatchOS.platform/Developer/usr/lib -F /Users/admin/builder/spi-builder-workspace/.derivedData/Build/Products/Debug-watchos/PackageFrameworks -F /Users/admin/builder/spi-builder-workspace/.derivedData/Build/Products/Debug-watchos -F /Applications/Xcode-26.5.0.app/Contents/Developer/Platforms/WatchOS.platform/Developer/Library/Frameworks -F /Applications/Xcode-26.5.0.app/Contents/Developer/Platforms/WatchOS.platform/Developer/SDKs/WatchOS26.5.sdk/Developer/Library/Frameworks -c -j10 -enable-batch-mode -incremental -Xcc -ivfsstatcache -Xcc /Users/admin/builder/spi-builder-workspace/.derivedData/SDKStatCaches.noindex/watchos26.5-23T570-688ef53f1462e2c8f657fdc38a81448f7931b973dfc65d9472806dbbc3af9379.sdkstatcache -output-file-map /Users/admin/builder/spi-builder-workspace/.derivedData/Build/Intermediates.noindex/CodeEditorView.build/Debug-watchos/LanguageSupport.build/Objects-normal/arm64_32/LanguageSupport-OutputFileMap.json -use-frontend-parseable-output -save-temps -no-color-diagnostics -explicit-module-build -module-cache-path /Users/admin/builder/spi-builder-workspace/.derivedData/Build/Intermediates.noindex/SwiftExplicitPrecompiledModules -clang-scanner-module-cache-path /Users/admin/builder/spi-builder-workspace/.derivedData/ModuleCache.noindex -sdk-module-cache-path /Users/admin/builder/spi-builder-workspace/.derivedData/ModuleCache.noindex -serialize-diagnostics -emit-dependencies -emit-module -emit-module-path /Users/admin/builder/spi-builder-workspace/.derivedData/Build/Intermediates.noindex/CodeEditorView.build/Debug-watchos/LanguageSupport.build/Objects-normal/arm64_32/LanguageSupport.swiftmodule -validate-clang-modules-once -clang-build-session-file /Users/admin/builder/spi-builder-workspace/.derivedData/ModuleCache.noindex/Session.modulevalidation -package-name spi_builder_workspace -Xcc -I/Users/admin/builder/spi-builder-workspace/.derivedData/Build/Intermediates.noindex/CodeEditorView.build/Debug-watchos/LanguageSupport.build/swift-overrides.hmap -emit-const-values -Xfrontend -const-gather-protocols-file -Xfrontend /Users/admin/builder/spi-builder-workspace/.derivedData/Build/Intermediates.noindex/CodeEditorView.build/Debug-watchos/LanguageSupport.build/Objects-normal/arm64_32/LanguageSupport_const_extract_protocols.json -Xcc -I/Users/admin/builder/spi-builder-workspace/.derivedData/Build/Products/Debug-watchos/include -Xcc -I/Users/admin/builder/spi-builder-workspace/.derivedData/Build/Intermediates.noindex/CodeEditorView.build/Debug-watchos/LanguageSupport.build/DerivedSources-normal/arm64_32 -Xcc -I/Users/admin/builder/spi-builder-workspace/.derivedData/Build/Intermediates.noindex/CodeEditorView.build/Debug-watchos/LanguageSupport.build/DerivedSources/arm64_32 -Xcc -I/Users/admin/builder/spi-builder-workspace/.derivedData/Build/Intermediates.noindex/CodeEditorView.build/Debug-watchos/LanguageSupport.build/DerivedSources -Xcc -DSWIFT_PACKAGE -Xcc -DDEBUG\=1 -emit-objc-header -emit-objc-header-path /Users/admin/builder/spi-builder-workspace/.derivedData/Build/Intermediates.noindex/CodeEditorView.build/Debug-watchos/LanguageSupport.build/Objects-normal/arm64_32/LanguageSupport-Swift.h -working-directory /Users/admin/builder/spi-builder-workspace/.swiftpm/xcode -experimental-emit-module-separately -disable-cmo
SwiftDriver LanguageSupport normal arm64 com.apple.xcode.tools.swift.compiler (in target 'LanguageSupport' from project 'CodeEditorView')
    cd /Users/admin/builder/spi-builder-workspace/.swiftpm/xcode
    builtin-SwiftDriver -- /Applications/Xcode-26.5.0.app/Contents/Developer/Toolchains/XcodeDefault.xctoolchain/usr/bin/swiftc -module-name LanguageSupport -Onone @/Users/admin/builder/spi-builder-workspace/.derivedData/Build/Intermediates.noindex/CodeEditorView.build/Debug-watchos/LanguageSupport.build/Objects-normal/arm64/LanguageSupport.SwiftFileList -DSWIFT_PACKAGE -DDEBUG -DSWIFT_MODULE_RESOURCE_BUNDLE_UNAVAILABLE -DXcode -enable-upcoming-feature BareSlashRegexLiterals -plugin-path /Applications/Xcode-26.5.0.app/Contents/Developer/Toolchains/XcodeDefault.xctoolchain/usr/lib/swift/host/plugins/testing -enable-experimental-feature DebugDescriptionMacro -sdk /Applications/Xcode-26.5.0.app/Contents/Developer/Platforms/WatchOS.platform/Developer/SDKs/WatchOS26.5.sdk -target arm64-apple-watchos10.0 -g -module-cache-path /Users/admin/builder/spi-builder-workspace/.derivedData/ModuleCache.noindex -Xfrontend -serialize-debugging-options -profile-coverage-mapping -profile-generate -enable-testing -index-store-path /Users/admin/builder/spi-builder-workspace/.derivedData/Index.noindex/DataStore -Xcc -D_LIBCPP_HARDENING_MODE\=_LIBCPP_HARDENING_MODE_DEBUG -swift-version 5 -I /Users/admin/builder/spi-builder-workspace/.derivedData/Build/Products/Debug-watchos -Isystem /Applications/Xcode-26.5.0.app/Contents/Developer/Platforms/WatchOS.platform/Developer/usr/lib -F /Users/admin/builder/spi-builder-workspace/.derivedData/Build/Products/Debug-watchos/PackageFrameworks -F /Users/admin/builder/spi-builder-workspace/.derivedData/Build/Products/Debug-watchos -F /Applications/Xcode-26.5.0.app/Contents/Developer/Platforms/WatchOS.platform/Developer/Library/Frameworks -F /Applications/Xcode-26.5.0.app/Contents/Developer/Platforms/WatchOS.platform/Developer/SDKs/WatchOS26.5.sdk/Developer/Library/Frameworks -c -j10 -enable-batch-mode -incremental -Xcc -ivfsstatcache -Xcc /Users/admin/builder/spi-builder-workspace/.derivedData/SDKStatCaches.noindex/watchos26.5-23T570-688ef53f1462e2c8f657fdc38a81448f7931b973dfc65d9472806dbbc3af9379.sdkstatcache -output-file-map /Users/admin/builder/spi-builder-workspace/.derivedData/Build/Intermediates.noindex/CodeEditorView.build/Debug-watchos/LanguageSupport.build/Objects-normal/arm64/LanguageSupport-OutputFileMap.json -use-frontend-parseable-output -save-temps -no-color-diagnostics -explicit-module-build -module-cache-path /Users/admin/builder/spi-builder-workspace/.derivedData/Build/Intermediates.noindex/SwiftExplicitPrecompiledModules -clang-scanner-module-cache-path /Users/admin/builder/spi-builder-workspace/.derivedData/ModuleCache.noindex -sdk-module-cache-path /Users/admin/builder/spi-builder-workspace/.derivedData/ModuleCache.noindex -serialize-diagnostics -emit-dependencies -emit-module -emit-module-path /Users/admin/builder/spi-builder-workspace/.derivedData/Build/Intermediates.noindex/CodeEditorView.build/Debug-watchos/LanguageSupport.build/Objects-normal/arm64/LanguageSupport.swiftmodule -validate-clang-modules-once -clang-build-session-file /Users/admin/builder/spi-builder-workspace/.derivedData/ModuleCache.noindex/Session.modulevalidation -package-name spi_builder_workspace -Xcc -I/Users/admin/builder/spi-builder-workspace/.derivedData/Build/Intermediates.noindex/CodeEditorView.build/Debug-watchos/LanguageSupport.build/swift-overrides.hmap -emit-const-values -Xfrontend -const-gather-protocols-file -Xfrontend /Users/admin/builder/spi-builder-workspace/.derivedData/Build/Intermediates.noindex/CodeEditorView.build/Debug-watchos/LanguageSupport.build/Objects-normal/arm64/LanguageSupport_const_extract_protocols.json -Xcc -I/Users/admin/builder/spi-builder-workspace/.derivedData/Build/Products/Debug-watchos/include -Xcc -I/Users/admin/builder/spi-builder-workspace/.derivedData/Build/Intermediates.noindex/CodeEditorView.build/Debug-watchos/LanguageSupport.build/DerivedSources-normal/arm64 -Xcc -I/Users/admin/builder/spi-builder-workspace/.derivedData/Build/Intermediates.noindex/CodeEditorView.build/Debug-watchos/LanguageSupport.build/DerivedSources/arm64 -Xcc -I/Users/admin/builder/spi-builder-workspace/.derivedData/Build/Intermediates.noindex/CodeEditorView.build/Debug-watchos/LanguageSupport.build/DerivedSources -Xcc -DSWIFT_PACKAGE -Xcc -DDEBUG\=1 -emit-objc-header -emit-objc-header-path /Users/admin/builder/spi-builder-workspace/.derivedData/Build/Intermediates.noindex/CodeEditorView.build/Debug-watchos/LanguageSupport.build/Objects-normal/arm64/LanguageSupport-Swift.h -working-directory /Users/admin/builder/spi-builder-workspace/.swiftpm/xcode -experimental-emit-module-separately -disable-cmo
SwiftDriverJobDiscovery normal arm64 Compiling String+NSRange.swift (in target 'Rearrange' from project 'Rearrange')
SwiftDriverJobDiscovery normal arm64 Compiling NSRange+Convenience.swift (in target 'Rearrange' from project 'Rearrange')
SwiftDriverJobDiscovery normal arm64 Compiling NSRange+Shift.swift (in target 'Rearrange' from project 'Rearrange')
SwiftDriverJobDiscovery normal armv7k Compiling NSRange+Convenience.swift (in target 'Rearrange' from project 'Rearrange')
SwiftDriverJobDiscovery normal arm64 Compiling UITextRange+Convenience.swift (in target 'Rearrange' from project 'Rearrange')
SwiftDriver\ Compilation Rearrange normal armv7k com.apple.xcode.tools.swift.compiler (in target 'Rearrange' from project 'Rearrange')
    cd /Users/admin/builder/spi-builder-workspace/.swiftpm/xcode
    builtin-Swift-Compilation -- /Applications/Xcode-26.5.0.app/Contents/Developer/Toolchains/XcodeDefault.xctoolchain/usr/bin/swiftc -module-name Rearrange -Onone @/Users/admin/builder/spi-builder-workspace/.derivedData/Build/Intermediates.noindex/Rearrange.build/Debug-watchos/Rearrange.build/Objects-normal/armv7k/Rearrange.SwiftFileList -DSWIFT_PACKAGE -DDEBUG -DSWIFT_MODULE_RESOURCE_BUNDLE_UNAVAILABLE -DXcode -plugin-path /Applications/Xcode-26.5.0.app/Contents/Developer/Toolchains/XcodeDefault.xctoolchain/usr/lib/swift/host/plugins/testing -enable-experimental-feature DebugDescriptionMacro -sdk /Applications/Xcode-26.5.0.app/Contents/Developer/Platforms/WatchOS.platform/Developer/SDKs/WatchOS26.5.sdk -target armv7k-apple-watchos5.0 -g -module-cache-path /Users/admin/builder/spi-builder-workspace/.derivedData/ModuleCache.noindex -Xfrontend -serialize-debugging-options -profile-coverage-mapping -profile-generate -enable-testing -suppress-warnings -index-store-path /Users/admin/builder/spi-builder-workspace/.derivedData/Index.noindex/DataStore -Xcc -D_LIBCPP_HARDENING_MODE\=_LIBCPP_HARDENING_MODE_DEBUG -swift-version 5 -I /Users/admin/builder/spi-builder-workspace/.derivedData/Build/Products/Debug-watchos -Isystem /Applications/Xcode-26.5.0.app/Contents/Developer/Platforms/WatchOS.platform/Developer/usr/lib -F /Users/admin/builder/spi-builder-workspace/.derivedData/Build/Products/Debug-watchos -F /Applications/Xcode-26.5.0.app/Contents/Developer/Platforms/WatchOS.platform/Developer/Library/Frameworks -F /Applications/Xcode-26.5.0.app/Contents/Developer/Platforms/WatchOS.platform/Developer/SDKs/WatchOS26.5.sdk/Developer/Library/Frameworks -c -j10 -enable-batch-mode -incremental -Xcc -ivfsstatcache -Xcc /Users/admin/builder/spi-builder-workspace/.derivedData/SDKStatCaches.noindex/watchos26.5-23T570-688ef53f1462e2c8f657fdc38a81448f7931b973dfc65d9472806dbbc3af9379.sdkstatcache -output-file-map /Users/admin/builder/spi-builder-workspace/.derivedData/Build/Intermediates.noindex/Rearrange.build/Debug-watchos/Rearrange.build/Objects-normal/armv7k/Rearrange-OutputFileMap.json -use-frontend-parseable-output -save-temps -no-color-diagnostics -explicit-module-build -module-cache-path /Users/admin/builder/spi-builder-workspace/.derivedData/Build/Intermediates.noindex/SwiftExplicitPrecompiledModules -clang-scanner-module-cache-path /Users/admin/builder/spi-builder-workspace/.derivedData/ModuleCache.noindex -sdk-module-cache-path /Users/admin/builder/spi-builder-workspace/.derivedData/ModuleCache.noindex -serialize-diagnostics -emit-dependencies -emit-module -emit-module-path /Users/admin/builder/spi-builder-workspace/.derivedData/Build/Intermediates.noindex/Rearrange.build/Debug-watchos/Rearrange.build/Objects-normal/armv7k/Rearrange.swiftmodule -validate-clang-modules-once -clang-build-session-file /Users/admin/builder/spi-builder-workspace/.derivedData/ModuleCache.noindex/Session.modulevalidation -Xcc -I/Users/admin/builder/spi-builder-workspace/.derivedData/Build/Intermediates.noindex/Rearrange.build/Debug-watchos/Rearrange.build/swift-overrides.hmap -emit-const-values -Xfrontend -const-gather-protocols-file -Xfrontend /Users/admin/builder/spi-builder-workspace/.derivedData/Build/Intermediates.noindex/Rearrange.build/Debug-watchos/Rearrange.build/Objects-normal/armv7k/Rearrange_const_extract_protocols.json -Xcc -I/Users/admin/builder/spi-builder-workspace/.derivedData/Build/Products/Debug-watchos/include -Xcc -I/Users/admin/builder/spi-builder-workspace/.derivedData/Build/Intermediates.noindex/Rearrange.build/Debug-watchos/Rearrange.build/DerivedSources-normal/armv7k -Xcc -I/Users/admin/builder/spi-builder-workspace/.derivedData/Build/Intermediates.noindex/Rearrange.build/Debug-watchos/Rearrange.build/DerivedSources/armv7k -Xcc -I/Users/admin/builder/spi-builder-workspace/.derivedData/Build/Intermediates.noindex/Rearrange.build/Debug-watchos/Rearrange.build/DerivedSources -Xcc -DSWIFT_PACKAGE -Xcc -DDEBUG\=1 -emit-objc-header -emit-objc-header-path /Users/admin/builder/spi-builder-workspace/.derivedData/Build/Intermediates.noindex/Rearrange.build/Debug-watchos/Rearrange.build/Objects-normal/armv7k/Rearrange-Swift.h -working-directory /Users/admin/builder/spi-builder-workspace/.swiftpm/xcode -experimental-emit-module-separately -disable-cmo
SwiftDriverJobDiscovery normal arm64 Compiling IndexSet+ApplyMutation.swift (in target 'Rearrange' from project 'Rearrange')
SwiftDriverJobDiscovery normal arm64 Compiling NSRange+ApplyMutation.swift (in target 'Rearrange' from project 'Rearrange')
SwiftDriverJobDiscovery normal arm64_32 Compiling RangeMutation.swift (in target 'Rearrange' from project 'Rearrange')
SwiftDriver\ Compilation Rearrange normal arm64 com.apple.xcode.tools.swift.compiler (in target 'Rearrange' from project 'Rearrange')
    cd /Users/admin/builder/spi-builder-workspace/.swiftpm/xcode
    builtin-Swift-Compilation -- /Applications/Xcode-26.5.0.app/Contents/Developer/Toolchains/XcodeDefault.xctoolchain/usr/bin/swiftc -module-name Rearrange -Onone @/Users/admin/builder/spi-builder-workspace/.derivedData/Build/Intermediates.noindex/Rearrange.build/Debug-watchos/Rearrange.build/Objects-normal/arm64/Rearrange.SwiftFileList -DSWIFT_PACKAGE -DDEBUG -DSWIFT_MODULE_RESOURCE_BUNDLE_UNAVAILABLE -DXcode -plugin-path /Applications/Xcode-26.5.0.app/Contents/Developer/Toolchains/XcodeDefault.xctoolchain/usr/lib/swift/host/plugins/testing -enable-experimental-feature DebugDescriptionMacro -sdk /Applications/Xcode-26.5.0.app/Contents/Developer/Platforms/WatchOS.platform/Developer/SDKs/WatchOS26.5.sdk -target arm64-apple-watchos5.0 -g -module-cache-path /Users/admin/builder/spi-builder-workspace/.derivedData/ModuleCache.noindex -Xfrontend -serialize-debugging-options -profile-coverage-mapping -profile-generate -enable-testing -suppress-warnings -index-store-path /Users/admin/builder/spi-builder-workspace/.derivedData/Index.noindex/DataStore -Xcc -D_LIBCPP_HARDENING_MODE\=_LIBCPP_HARDENING_MODE_DEBUG -swift-version 5 -I /Users/admin/builder/spi-builder-workspace/.derivedData/Build/Products/Debug-watchos -Isystem /Applications/Xcode-26.5.0.app/Contents/Developer/Platforms/WatchOS.platform/Developer/usr/lib -F /Users/admin/builder/spi-builder-workspace/.derivedData/Build/Products/Debug-watchos -F /Applications/Xcode-26.5.0.app/Contents/Developer/Platforms/WatchOS.platform/Developer/Library/Frameworks -F /Applications/Xcode-26.5.0.app/Contents/Developer/Platforms/WatchOS.platform/Developer/SDKs/WatchOS26.5.sdk/Developer/Library/Frameworks -c -j10 -enable-batch-mode -incremental -Xcc -ivfsstatcache -Xcc /Users/admin/builder/spi-builder-workspace/.derivedData/SDKStatCaches.noindex/watchos26.5-23T570-688ef53f1462e2c8f657fdc38a81448f7931b973dfc65d9472806dbbc3af9379.sdkstatcache -output-file-map /Users/admin/builder/spi-builder-workspace/.derivedData/Build/Intermediates.noindex/Rearrange.build/Debug-watchos/Rearrange.build/Objects-normal/arm64/Rearrange-OutputFileMap.json -use-frontend-parseable-output -save-temps -no-color-diagnostics -explicit-module-build -module-cache-path /Users/admin/builder/spi-builder-workspace/.derivedData/Build/Intermediates.noindex/SwiftExplicitPrecompiledModules -clang-scanner-module-cache-path /Users/admin/builder/spi-builder-workspace/.derivedData/ModuleCache.noindex -sdk-module-cache-path /Users/admin/builder/spi-builder-workspace/.derivedData/ModuleCache.noindex -serialize-diagnostics -emit-dependencies -emit-module -emit-module-path /Users/admin/builder/spi-builder-workspace/.derivedData/Build/Intermediates.noindex/Rearrange.build/Debug-watchos/Rearrange.build/Objects-normal/arm64/Rearrange.swiftmodule -validate-clang-modules-once -clang-build-session-file /Users/admin/builder/spi-builder-workspace/.derivedData/ModuleCache.noindex/Session.modulevalidation -Xcc -I/Users/admin/builder/spi-builder-workspace/.derivedData/Build/Intermediates.noindex/Rearrange.build/Debug-watchos/Rearrange.build/swift-overrides.hmap -emit-const-values -Xfrontend -const-gather-protocols-file -Xfrontend /Users/admin/builder/spi-builder-workspace/.derivedData/Build/Intermediates.noindex/Rearrange.build/Debug-watchos/Rearrange.build/Objects-normal/arm64/Rearrange_const_extract_protocols.json -Xcc -I/Users/admin/builder/spi-builder-workspace/.derivedData/Build/Products/Debug-watchos/include -Xcc -I/Users/admin/builder/spi-builder-workspace/.derivedData/Build/Intermediates.noindex/Rearrange.build/Debug-watchos/Rearrange.build/DerivedSources-normal/arm64 -Xcc -I/Users/admin/builder/spi-builder-workspace/.derivedData/Build/Intermediates.noindex/Rearrange.build/Debug-watchos/Rearrange.build/DerivedSources/arm64 -Xcc -I/Users/admin/builder/spi-builder-workspace/.derivedData/Build/Intermediates.noindex/Rearrange.build/Debug-watchos/Rearrange.build/DerivedSources -Xcc -DSWIFT_PACKAGE -Xcc -DDEBUG\=1 -emit-objc-header -emit-objc-header-path /Users/admin/builder/spi-builder-workspace/.derivedData/Build/Intermediates.noindex/Rearrange.build/Debug-watchos/Rearrange.build/Objects-normal/arm64/Rearrange-Swift.h -working-directory /Users/admin/builder/spi-builder-workspace/.swiftpm/xcode -experimental-emit-module-separately -disable-cmo
Ld /Users/admin/builder/spi-builder-workspace/.derivedData/Build/Intermediates.noindex/Rearrange.build/Debug-watchos/Rearrange.build/Objects-normal/armv7k/Binary/Rearrange.o normal armv7k (in target 'Rearrange' from project 'Rearrange')
    cd /Users/admin/builder/spi-builder-workspace/.dependencies/checkouts/Rearrange
    /Applications/Xcode-26.5.0.app/Contents/Developer/Toolchains/XcodeDefault.xctoolchain/usr/bin/clang -Xlinker -reproducible -target armv7k-apple-watchos5.0 -r -isysroot /Applications/Xcode-26.5.0.app/Contents/Developer/Platforms/WatchOS.platform/Developer/SDKs/WatchOS26.5.sdk -O0 -w -F/Users/admin/builder/spi-builder-workspace/.derivedData/Build/Intermediates.noindex/EagerLinkingTBDs/Debug-watchos -F/Users/admin/builder/spi-builder-workspace/.derivedData/Build/Products/Debug-watchos -iframework /Applications/Xcode-26.5.0.app/Contents/Developer/Platforms/WatchOS.platform/Developer/Library/Frameworks -iframework /Applications/Xcode-26.5.0.app/Contents/Developer/Platforms/WatchOS.platform/Developer/SDKs/WatchOS26.5.sdk/Developer/Library/Frameworks -filelist /Users/admin/builder/spi-builder-workspace/.derivedData/Build/Intermediates.noindex/Rearrange.build/Debug-watchos/Rearrange.build/Objects-normal/armv7k/Rearrange.LinkFileList -nostdlib -Xlinker -object_path_lto -Xlinker /Users/admin/builder/spi-builder-workspace/.derivedData/Build/Intermediates.noindex/Rearrange.build/Debug-watchos/Rearrange.build/Objects-normal/armv7k/Rearrange_lto.o -Xlinker -no_deduplicate -Xlinker -debug_variant -Xlinker -dependency_info -Xlinker /Users/admin/builder/spi-builder-workspace/.derivedData/Build/Intermediates.noindex/Rearrange.build/Debug-watchos/Rearrange.build/Objects-normal/armv7k/Rearrange_dependency_info.dat -fobjc-link-runtime -L/Applications/Xcode-26.5.0.app/Contents/Developer/Toolchains/XcodeDefault.xctoolchain/usr/lib/swift/watchos -L/usr/lib/swift -Xlinker -add_ast_path -Xlinker /Users/admin/builder/spi-builder-workspace/.derivedData/Build/Intermediates.noindex/Rearrange.build/Debug-watchos/Rearrange.build/Objects-normal/armv7k/Rearrange.swiftmodule @/Users/admin/builder/spi-builder-workspace/.derivedData/Build/Intermediates.noindex/Rearrange.build/Debug-watchos/Rearrange.build/Objects-normal/armv7k/Rearrange-linker-args.resp -o /Users/admin/builder/spi-builder-workspace/.derivedData/Build/Intermediates.noindex/Rearrange.build/Debug-watchos/Rearrange.build/Objects-normal/armv7k/Binary/Rearrange.o
Ld /Users/admin/builder/spi-builder-workspace/.derivedData/Build/Intermediates.noindex/Rearrange.build/Debug-watchos/Rearrange.build/Objects-normal/arm64/Binary/Rearrange.o normal arm64 (in target 'Rearrange' from project 'Rearrange')
    cd /Users/admin/builder/spi-builder-workspace/.dependencies/checkouts/Rearrange
    /Applications/Xcode-26.5.0.app/Contents/Developer/Toolchains/XcodeDefault.xctoolchain/usr/bin/clang -Xlinker -reproducible -target arm64-apple-watchos5.0 -r -isysroot /Applications/Xcode-26.5.0.app/Contents/Developer/Platforms/WatchOS.platform/Developer/SDKs/WatchOS26.5.sdk -O0 -w -F/Users/admin/builder/spi-builder-workspace/.derivedData/Build/Intermediates.noindex/EagerLinkingTBDs/Debug-watchos -F/Users/admin/builder/spi-builder-workspace/.derivedData/Build/Products/Debug-watchos -iframework /Applications/Xcode-26.5.0.app/Contents/Developer/Platforms/WatchOS.platform/Developer/Library/Frameworks -iframework /Applications/Xcode-26.5.0.app/Contents/Developer/Platforms/WatchOS.platform/Developer/SDKs/WatchOS26.5.sdk/Developer/Library/Frameworks -filelist /Users/admin/builder/spi-builder-workspace/.derivedData/Build/Intermediates.noindex/Rearrange.build/Debug-watchos/Rearrange.build/Objects-normal/arm64/Rearrange.LinkFileList -nostdlib -Xlinker -object_path_lto -Xlinker /Users/admin/builder/spi-builder-workspace/.derivedData/Build/Intermediates.noindex/Rearrange.build/Debug-watchos/Rearrange.build/Objects-normal/arm64/Rearrange_lto.o -Xlinker -no_deduplicate -Xlinker -debug_variant -Xlinker -dependency_info -Xlinker /Users/admin/builder/spi-builder-workspace/.derivedData/Build/Intermediates.noindex/Rearrange.build/Debug-watchos/Rearrange.build/Objects-normal/arm64/Rearrange_dependency_info.dat -fobjc-link-runtime -L/Applications/Xcode-26.5.0.app/Contents/Developer/Toolchains/XcodeDefault.xctoolchain/usr/lib/swift/watchos -L/usr/lib/swift -Xlinker -add_ast_path -Xlinker /Users/admin/builder/spi-builder-workspace/.derivedData/Build/Intermediates.noindex/Rearrange.build/Debug-watchos/Rearrange.build/Objects-normal/arm64/Rearrange.swiftmodule @/Users/admin/builder/spi-builder-workspace/.derivedData/Build/Intermediates.noindex/Rearrange.build/Debug-watchos/Rearrange.build/Objects-normal/arm64/Rearrange-linker-args.resp -o /Users/admin/builder/spi-builder-workspace/.derivedData/Build/Intermediates.noindex/Rearrange.build/Debug-watchos/Rearrange.build/Objects-normal/arm64/Binary/Rearrange.o
SwiftDriverJobDiscovery normal arm64_32 Compiling NSRange+ApplyMutation.swift (in target 'Rearrange' from project 'Rearrange')
SwiftDriver\ Compilation Rearrange normal arm64_32 com.apple.xcode.tools.swift.compiler (in target 'Rearrange' from project 'Rearrange')
    cd /Users/admin/builder/spi-builder-workspace/.swiftpm/xcode
    builtin-Swift-Compilation -- /Applications/Xcode-26.5.0.app/Contents/Developer/Toolchains/XcodeDefault.xctoolchain/usr/bin/swiftc -module-name Rearrange -Onone @/Users/admin/builder/spi-builder-workspace/.derivedData/Build/Intermediates.noindex/Rearrange.build/Debug-watchos/Rearrange.build/Objects-normal/arm64_32/Rearrange.SwiftFileList -DSWIFT_PACKAGE -DDEBUG -DSWIFT_MODULE_RESOURCE_BUNDLE_UNAVAILABLE -DXcode -plugin-path /Applications/Xcode-26.5.0.app/Contents/Developer/Toolchains/XcodeDefault.xctoolchain/usr/lib/swift/host/plugins/testing -enable-experimental-feature DebugDescriptionMacro -sdk /Applications/Xcode-26.5.0.app/Contents/Developer/Platforms/WatchOS.platform/Developer/SDKs/WatchOS26.5.sdk -target arm64_32-apple-watchos5.0 -g -module-cache-path /Users/admin/builder/spi-builder-workspace/.derivedData/ModuleCache.noindex -Xfrontend -serialize-debugging-options -profile-coverage-mapping -profile-generate -enable-testing -suppress-warnings -index-store-path /Users/admin/builder/spi-builder-workspace/.derivedData/Index.noindex/DataStore -Xcc -D_LIBCPP_HARDENING_MODE\=_LIBCPP_HARDENING_MODE_DEBUG -swift-version 5 -I /Users/admin/builder/spi-builder-workspace/.derivedData/Build/Products/Debug-watchos -Isystem /Applications/Xcode-26.5.0.app/Contents/Developer/Platforms/WatchOS.platform/Developer/usr/lib -F /Users/admin/builder/spi-builder-workspace/.derivedData/Build/Products/Debug-watchos -F /Applications/Xcode-26.5.0.app/Contents/Developer/Platforms/WatchOS.platform/Developer/Library/Frameworks -F /Applications/Xcode-26.5.0.app/Contents/Developer/Platforms/WatchOS.platform/Developer/SDKs/WatchOS26.5.sdk/Developer/Library/Frameworks -c -j10 -enable-batch-mode -incremental -Xcc -ivfsstatcache -Xcc /Users/admin/builder/spi-builder-workspace/.derivedData/SDKStatCaches.noindex/watchos26.5-23T570-688ef53f1462e2c8f657fdc38a81448f7931b973dfc65d9472806dbbc3af9379.sdkstatcache -output-file-map /Users/admin/builder/spi-builder-workspace/.derivedData/Build/Intermediates.noindex/Rearrange.build/Debug-watchos/Rearrange.build/Objects-normal/arm64_32/Rearrange-OutputFileMap.json -use-frontend-parseable-output -save-temps -no-color-diagnostics -explicit-module-build -module-cache-path /Users/admin/builder/spi-builder-workspace/.derivedData/Build/Intermediates.noindex/SwiftExplicitPrecompiledModules -clang-scanner-module-cache-path /Users/admin/builder/spi-builder-workspace/.derivedData/ModuleCache.noindex -sdk-module-cache-path /Users/admin/builder/spi-builder-workspace/.derivedData/ModuleCache.noindex -serialize-diagnostics -emit-dependencies -emit-module -emit-module-path /Users/admin/builder/spi-builder-workspace/.derivedData/Build/Intermediates.noindex/Rearrange.build/Debug-watchos/Rearrange.build/Objects-normal/arm64_32/Rearrange.swiftmodule -validate-clang-modules-once -clang-build-session-file /Users/admin/builder/spi-builder-workspace/.derivedData/ModuleCache.noindex/Session.modulevalidation -Xcc -I/Users/admin/builder/spi-builder-workspace/.derivedData/Build/Intermediates.noindex/Rearrange.build/Debug-watchos/Rearrange.build/swift-overrides.hmap -emit-const-values -Xfrontend -const-gather-protocols-file -Xfrontend /Users/admin/builder/spi-builder-workspace/.derivedData/Build/Intermediates.noindex/Rearrange.build/Debug-watchos/Rearrange.build/Objects-normal/arm64_32/Rearrange_const_extract_protocols.json -Xcc -I/Users/admin/builder/spi-builder-workspace/.derivedData/Build/Products/Debug-watchos/include -Xcc -I/Users/admin/builder/spi-builder-workspace/.derivedData/Build/Intermediates.noindex/Rearrange.build/Debug-watchos/Rearrange.build/DerivedSources-normal/arm64_32 -Xcc -I/Users/admin/builder/spi-builder-workspace/.derivedData/Build/Intermediates.noindex/Rearrange.build/Debug-watchos/Rearrange.build/DerivedSources/arm64_32 -Xcc -I/Users/admin/builder/spi-builder-workspace/.derivedData/Build/Intermediates.noindex/Rearrange.build/Debug-watchos/Rearrange.build/DerivedSources -Xcc -DSWIFT_PACKAGE -Xcc -DDEBUG\=1 -emit-objc-header -emit-objc-header-path /Users/admin/builder/spi-builder-workspace/.derivedData/Build/Intermediates.noindex/Rearrange.build/Debug-watchos/Rearrange.build/Objects-normal/arm64_32/Rearrange-Swift.h -working-directory /Users/admin/builder/spi-builder-workspace/.swiftpm/xcode -experimental-emit-module-separately -disable-cmo
Ld /Users/admin/builder/spi-builder-workspace/.derivedData/Build/Intermediates.noindex/Rearrange.build/Debug-watchos/Rearrange.build/Objects-normal/arm64_32/Binary/Rearrange.o normal arm64_32 (in target 'Rearrange' from project 'Rearrange')
    cd /Users/admin/builder/spi-builder-workspace/.dependencies/checkouts/Rearrange
    /Applications/Xcode-26.5.0.app/Contents/Developer/Toolchains/XcodeDefault.xctoolchain/usr/bin/clang -Xlinker -reproducible -target arm64_32-apple-watchos5.0 -r -isysroot /Applications/Xcode-26.5.0.app/Contents/Developer/Platforms/WatchOS.platform/Developer/SDKs/WatchOS26.5.sdk -O0 -w -F/Users/admin/builder/spi-builder-workspace/.derivedData/Build/Intermediates.noindex/EagerLinkingTBDs/Debug-watchos -F/Users/admin/builder/spi-builder-workspace/.derivedData/Build/Products/Debug-watchos -iframework /Applications/Xcode-26.5.0.app/Contents/Developer/Platforms/WatchOS.platform/Developer/Library/Frameworks -iframework /Applications/Xcode-26.5.0.app/Contents/Developer/Platforms/WatchOS.platform/Developer/SDKs/WatchOS26.5.sdk/Developer/Library/Frameworks -filelist /Users/admin/builder/spi-builder-workspace/.derivedData/Build/Intermediates.noindex/Rearrange.build/Debug-watchos/Rearrange.build/Objects-normal/arm64_32/Rearrange.LinkFileList -nostdlib -Xlinker -object_path_lto -Xlinker /Users/admin/builder/spi-builder-workspace/.derivedData/Build/Intermediates.noindex/Rearrange.build/Debug-watchos/Rearrange.build/Objects-normal/arm64_32/Rearrange_lto.o -Xlinker -no_deduplicate -Xlinker -debug_variant -Xlinker -dependency_info -Xlinker /Users/admin/builder/spi-builder-workspace/.derivedData/Build/Intermediates.noindex/Rearrange.build/Debug-watchos/Rearrange.build/Objects-normal/arm64_32/Rearrange_dependency_info.dat -fobjc-link-runtime -L/Applications/Xcode-26.5.0.app/Contents/Developer/Toolchains/XcodeDefault.xctoolchain/usr/lib/swift/watchos -L/usr/lib/swift -Xlinker -add_ast_path -Xlinker /Users/admin/builder/spi-builder-workspace/.derivedData/Build/Intermediates.noindex/Rearrange.build/Debug-watchos/Rearrange.build/Objects-normal/arm64_32/Rearrange.swiftmodule @/Users/admin/builder/spi-builder-workspace/.derivedData/Build/Intermediates.noindex/Rearrange.build/Debug-watchos/Rearrange.build/Objects-normal/arm64_32/Rearrange-linker-args.resp -o /Users/admin/builder/spi-builder-workspace/.derivedData/Build/Intermediates.noindex/Rearrange.build/Debug-watchos/Rearrange.build/Objects-normal/arm64_32/Binary/Rearrange.o
CreateUniversalBinary /Users/admin/builder/spi-builder-workspace/.derivedData/Build/Products/Debug-watchos/Rearrange.o normal arm64\ armv7k\ arm64_32 (in target 'Rearrange' from project 'Rearrange')
    cd /Users/admin/builder/spi-builder-workspace/.dependencies/checkouts/Rearrange
    /Applications/Xcode-26.5.0.app/Contents/Developer/Toolchains/XcodeDefault.xctoolchain/usr/bin/lipo -create /Users/admin/builder/spi-builder-workspace/.derivedData/Build/Intermediates.noindex/Rearrange.build/Debug-watchos/Rearrange.build/Objects-normal/arm64/Binary/Rearrange.o /Users/admin/builder/spi-builder-workspace/.derivedData/Build/Intermediates.noindex/Rearrange.build/Debug-watchos/Rearrange.build/Objects-normal/armv7k/Binary/Rearrange.o /Users/admin/builder/spi-builder-workspace/.derivedData/Build/Intermediates.noindex/Rearrange.build/Debug-watchos/Rearrange.build/Objects-normal/arm64_32/Binary/Rearrange.o -output /Users/admin/builder/spi-builder-workspace/.derivedData/Build/Products/Debug-watchos/Rearrange.o
ExtractAppIntentsMetadata (in target 'Rearrange' from project 'Rearrange')
    cd /Users/admin/builder/spi-builder-workspace/.dependencies/checkouts/Rearrange
    /Applications/Xcode-26.5.0.app/Contents/Developer/Toolchains/XcodeDefault.xctoolchain/usr/bin/appintentsmetadataprocessor --toolchain-dir /var/run/com.apple.security.cryptexd/mnt/com.apple.MobileAsset.MetalToolchain-v17.6.42.0.zBNnLp/Metal.xctoolchain --module-name Rearrange --sdk-root /Applications/Xcode-26.5.0.app/Contents/Developer/Platforms/WatchOS.platform/Developer/SDKs/WatchOS26.5.sdk --xcode-version 17F42 --platform-family watchOS --deployment-target 5.0 --bundle-identifier rearrange.Rearrange --output /Users/admin/builder/spi-builder-workspace/.derivedData/Build/Products/Debug-watchos/Rearrange.appintents --target-triple arm64-apple-watchos5.0 --target-triple armv7k-apple-watchos5.0 --target-triple arm64_32-apple-watchos5.0 --binary-file /Users/admin/builder/spi-builder-workspace/.derivedData/Build/Products/Debug-watchos/Rearrange.o --dependency-file /Users/admin/builder/spi-builder-workspace/.derivedData/Build/Intermediates.noindex/Rearrange.build/Debug-watchos/Rearrange.build/Objects-normal/arm64/Rearrange_dependency_info.dat --dependency-file /Users/admin/builder/spi-builder-workspace/.derivedData/Build/Intermediates.noindex/Rearrange.build/Debug-watchos/Rearrange.build/Objects-normal/armv7k/Rearrange_dependency_info.dat --dependency-file /Users/admin/builder/spi-builder-workspace/.derivedData/Build/Intermediates.noindex/Rearrange.build/Debug-watchos/Rearrange.build/Objects-normal/arm64_32/Rearrange_dependency_info.dat --stringsdata-file /Users/admin/builder/spi-builder-workspace/.derivedData/Build/Intermediates.noindex/Rearrange.build/Debug-watchos/Rearrange.build/Objects-normal/arm64/ExtractedAppShortcutsMetadata.stringsdata --stringsdata-file /Users/admin/builder/spi-builder-workspace/.derivedData/Build/Intermediates.noindex/Rearrange.build/Debug-watchos/Rearrange.build/Objects-normal/armv7k/ExtractedAppShortcutsMetadata.stringsdata --stringsdata-file /Users/admin/builder/spi-builder-workspace/.derivedData/Build/Intermediates.noindex/Rearrange.build/Debug-watchos/Rearrange.build/Objects-normal/arm64_32/ExtractedAppShortcutsMetadata.stringsdata --source-file-list /Users/admin/builder/spi-builder-workspace/.derivedData/Build/Intermediates.noindex/Rearrange.build/Debug-watchos/Rearrange.build/Objects-normal/arm64/Rearrange.SwiftFileList --source-file-list /Users/admin/builder/spi-builder-workspace/.derivedData/Build/Intermediates.noindex/Rearrange.build/Debug-watchos/Rearrange.build/Objects-normal/armv7k/Rearrange.SwiftFileList --source-file-list /Users/admin/builder/spi-builder-workspace/.derivedData/Build/Intermediates.noindex/Rearrange.build/Debug-watchos/Rearrange.build/Objects-normal/arm64_32/Rearrange.SwiftFileList --metadata-file-list /Users/admin/builder/spi-builder-workspace/.derivedData/Build/Intermediates.noindex/Rearrange.build/Debug-watchos/Rearrange.build/Rearrange.DependencyMetadataFileList --static-metadata-file-list /Users/admin/builder/spi-builder-workspace/.derivedData/Build/Intermediates.noindex/Rearrange.build/Debug-watchos/Rearrange.build/Rearrange.DependencyStaticMetadataFileList --swift-const-vals-list /Users/admin/builder/spi-builder-workspace/.derivedData/Build/Intermediates.noindex/Rearrange.build/Debug-watchos/Rearrange.build/Objects-normal/arm64/Rearrange.SwiftConstValuesFileList --swift-const-vals-list /Users/admin/builder/spi-builder-workspace/.derivedData/Build/Intermediates.noindex/Rearrange.build/Debug-watchos/Rearrange.build/Objects-normal/armv7k/Rearrange.SwiftConstValuesFileList --swift-const-vals-list /Users/admin/builder/spi-builder-workspace/.derivedData/Build/Intermediates.noindex/Rearrange.build/Debug-watchos/Rearrange.build/Objects-normal/arm64_32/Rearrange.SwiftConstValuesFileList --force --compile-time-extraction --deployment-aware-processing --validate-assistant-intents --no-app-shortcuts-localization
2026-10-18 12:47:36.472 appintentsmetadataprocessor[897:5134] Starting appintentsmetadataprocessor export
2026-10-18 12:47:36.496 appintentsmetadataprocessor[897:5134] Extracted no relevant App Intents symbols, skipping writing output
SwiftExplicitDependencyGeneratePcm arm64_32 /Users/admin/builder/spi-builder-workspace/.derivedData/ModuleCache.noindex/_Builtin_intrinsics-8CXI1NZSVW3UXPEG8DQ1QPEIL.pcm
SwiftExplicitDependencyGeneratePcm arm64_32 /Users/admin/builder/spi-builder-workspace/.derivedData/ModuleCache.noindex/DeveloperToolsSupport-10G5TWFPFP97OMZA0JIFTGXA2.pcm
SwiftExplicitDependencyGeneratePcm arm64_32 /Users/admin/builder/spi-builder-workspace/.derivedData/ModuleCache.noindex/UserNotifications-DOLD34KEBL13J2G1IISLAQ3D8.pcm
SwiftExplicitDependencyGeneratePcm arm64_32 /Users/admin/builder/spi-builder-workspace/.derivedData/ModuleCache.noindex/CoreTransferable-3O9Q8RQRWR11EZDJIFV1ATB65.pcm
SwiftExplicitDependencyGeneratePcm arm64_32 /Users/admin/builder/spi-builder-workspace/.derivedData/ModuleCache.noindex/CoreGraphics-4Y9SOPQVPK5UJYYWPGWJBJC8A.pcm
SwiftExplicitDependencyGeneratePcm arm64_32 /Users/admin/builder/spi-builder-workspace/.derivedData/ModuleCache.noindex/UniformTypeIdentifiers-B64C8W1VGIYRK7HJ4SJTY2NC7.pcm
SwiftExplicitDependencyGeneratePcm arm64_32 /Users/admin/builder/spi-builder-workspace/.derivedData/ModuleCache.noindex/_LocationEssentials-DA16J2M98N3993FCXW2CGG3D1.pcm
SwiftExplicitDependencyGeneratePcm arm64_32 /Users/admin/builder/spi-builder-workspace/.derivedData/ModuleCache.noindex/_Builtin_tgmath-BCFDM4ECVKP4B1RVZ5CJL9GDV.pcm
SwiftExplicitDependencyGeneratePcm arm64_32 /Users/admin/builder/spi-builder-workspace/.derivedData/ModuleCache.noindex/Symbols-6HBAMERU2S2C7L5ZZJOGNZTJS.pcm
SwiftExplicitDependencyGeneratePcm arm64 /Users/admin/builder/spi-builder-workspace/.derivedData/ModuleCache.noindex/_LocationEssentials-2NGW928KWW505MYR0L5UW9Q1X.pcm
SwiftExplicitDependencyGeneratePcm arm64 /Users/admin/builder/spi-builder-workspace/.derivedData/ModuleCache.noindex/_Builtin_intrinsics-32PP989PTXJLZAPSY5ZQ1D98U.pcm
SwiftExplicitDependencyGeneratePcm arm64 /Users/admin/builder/spi-builder-workspace/.derivedData/ModuleCache.noindex/CoreData-7EVVV9PJ1KWAWT0C79DUFLF07.pcm
SwiftExplicitDependencyGeneratePcm arm64 /Users/admin/builder/spi-builder-workspace/.derivedData/ModuleCache.noindex/CoreTransferable-ANYOMKIPU7D239355JOOUBQ0Z.pcm
SwiftExplicitDependencyGeneratePcm arm64 /Users/admin/builder/spi-builder-workspace/.derivedData/ModuleCache.noindex/UniformTypeIdentifiers-AXBRC5FZ8SG7IUAUC994MP8VS.pcm
SwiftExplicitDependencyGeneratePcm arm64 /Users/admin/builder/spi-builder-workspace/.derivedData/ModuleCache.noindex/DeveloperToolsSupport-BPCG16PZYHCQBK3NSZK460FI6.pcm
SwiftExplicitDependencyGeneratePcm arm64 /Users/admin/builder/spi-builder-workspace/.derivedData/ModuleCache.noindex/_Builtin_tgmath-875KMPQODF2Y8C4RO44HAYIGM.pcm
SwiftExplicitDependencyGeneratePcm arm64 /Users/admin/builder/spi-builder-workspace/.derivedData/ModuleCache.noindex/CoreGraphics-7GYWD9NTW9LNJD2HGZYAT49R2.pcm
SwiftExplicitDependencyGeneratePcm arm64_32 /Users/admin/builder/spi-builder-workspace/.derivedData/ModuleCache.noindex/CoreText-GH8FKDA2XD8PPDF0TDBZ1HPL.pcm
SwiftExplicitDependencyGeneratePcm arm64 /Users/admin/builder/spi-builder-workspace/.derivedData/ModuleCache.noindex/CoreLocation-6RZJYWGL0TUO7SEJ3IIOMW7UT.pcm
SwiftExplicitDependencyGeneratePcm arm64_32 /Users/admin/builder/spi-builder-workspace/.derivedData/ModuleCache.noindex/Accessibility-D2CMLM3NJD4D3PWN8ZC04JR3H.pcm
SwiftExplicitDependencyGeneratePcm arm64_32 /Users/admin/builder/spi-builder-workspace/.derivedData/ModuleCache.noindex/_Builtin_stdatomic-A7IOSW07WP730JUDWD686RHYV.pcm
SwiftExplicitDependencyGeneratePcm arm64_32 /Users/admin/builder/spi-builder-workspace/.derivedData/ModuleCache.noindex/CoreData-AI9X4KMR3C4ODKJPB2GTLL1LC.pcm
SwiftExplicitDependencyGeneratePcm arm64_32 /Users/admin/builder/spi-builder-workspace/.derivedData/ModuleCache.noindex/CoreVideo-2SOEGYGNEV0NT07D97832826W.pcm
SwiftExplicitDependencyGeneratePcm arm64_32 /Users/admin/builder/spi-builder-workspace/.derivedData/ModuleCache.noindex/CoreLocation-9298MQC0APY65Z1YTLF32R642.pcm
SwiftExplicitDependencyGeneratePcm arm64 /Users/admin/builder/spi-builder-workspace/.derivedData/ModuleCache.noindex/MachO-OEHWLHZ4YRMESBUKL2Y7JP9B.pcm
SwiftExplicitDependencyGeneratePcm arm64 /Users/admin/builder/spi-builder-workspace/.derivedData/ModuleCache.noindex/DataDetection-1KF36064QQP5Z6F6PQFUH0QD8.pcm
SwiftExplicitDependencyGeneratePcm arm64 /Users/admin/builder/spi-builder-workspace/.derivedData/ModuleCache.noindex/UIUtilities-DYUIL26WS81POBNR97PSHRL22.pcm
SwiftExplicitDependencyGeneratePcm arm64_32 /Users/admin/builder/spi-builder-workspace/.derivedData/ModuleCache.noindex/simd-D8M4OMNZH1NG77K0BT588XWYL.pcm
SwiftExplicitDependencyGeneratePcm arm64 /Users/admin/builder/spi-builder-workspace/.derivedData/ModuleCache.noindex/Accessibility-EXEDT5X2KV400TACGEN40C4H6.pcm
SwiftExplicitDependencyGeneratePcm arm64 /Users/admin/builder/spi-builder-workspace/.derivedData/ModuleCache.noindex/CoreVideo-4TAM1H8IJXM71HTUMRJAOG5FD.pcm
SwiftExplicitDependencyGeneratePcm arm64_32 /Users/admin/builder/spi-builder-workspace/.derivedData/ModuleCache.noindex/QuartzCore-8C6Q6KH54TODD8B4HJ67KAM7T.pcm
SwiftExplicitDependencyGeneratePcm arm64 /Users/admin/builder/spi-builder-workspace/.derivedData/ModuleCache.noindex/CoreText-B90IRCUF4800D84JT7NOTPQAF.pcm
SwiftExplicitDependencyGeneratePcm arm64_32 /Users/admin/builder/spi-builder-workspace/.derivedData/ModuleCache.noindex/MachO-A9YWLL49Q0MF47KT33QTCE3H7.pcm
SwiftExplicitDependencyGeneratePcm arm64 /Users/admin/builder/spi-builder-workspace/.derivedData/ModuleCache.noindex/UserNotifications-51QOMTRE36IE129V7EQL7HWXH.pcm
SwiftExplicitDependencyGeneratePcm arm64 /Users/admin/builder/spi-builder-workspace/.derivedData/ModuleCache.noindex/simd-652I2QQAEFCCD61CZEAU0R0Y7.pcm
SwiftExplicitDependencyGeneratePcm arm64 /Users/admin/builder/spi-builder-workspace/.derivedData/ModuleCache.noindex/_Builtin_stdatomic-AG4FVKSI0QZSEF1FWNNC31C4F.pcm
SwiftExplicitDependencyGeneratePcm arm64_32 /Users/admin/builder/spi-builder-workspace/.derivedData/ModuleCache.noindex/UIUtilities-AO1SW230KYK2W8RX1I0H76B7M.pcm
SwiftExplicitDependencyGeneratePcm arm64 /Users/admin/builder/spi-builder-workspace/.derivedData/ModuleCache.noindex/Symbols-D58DSB3G3MDZHIS7TS1JGVDK.pcm
SwiftExplicitDependencyGeneratePcm arm64 /Users/admin/builder/spi-builder-workspace/.derivedData/ModuleCache.noindex/QuartzCore-B1JXXIGTOTUDP3DILEGUFKWA8.pcm
SwiftExplicitDependencyGeneratePcm arm64 /Users/admin/builder/spi-builder-workspace/.derivedData/ModuleCache.noindex/os-7CNOEJV2C3FKDO5FOM8SJ613C.pcm
SwiftExplicitDependencyGeneratePcm arm64_32 /Users/admin/builder/spi-builder-workspace/.derivedData/ModuleCache.noindex/DataDetection-F3I42ZPXQYKFK2PAOSAP36XXD.pcm
SwiftExplicitDependencyGeneratePcm arm64_32 /Users/admin/builder/spi-builder-workspace/.derivedData/ModuleCache.noindex/SwiftUICore-C2LZHSRI3OFWWM00QVKTJNIW1.pcm
SwiftExplicitDependencyGeneratePcm arm64_32 /Users/admin/builder/spi-builder-workspace/.derivedData/ModuleCache.noindex/os-C0MX9TM09DUTHNLPAUH177VUS.pcm
SwiftExplicitDependencyGeneratePcm arm64_32 /Users/admin/builder/spi-builder-workspace/.derivedData/ModuleCache.noindex/UIKit-8QDCJW1ZZ65HE4RM74U9NCHYW.pcm
SwiftExplicitDependencyGeneratePcm arm64 /Users/admin/builder/spi-builder-workspace/.derivedData/ModuleCache.noindex/OSLog-3A8UGAB3RXXROZ2EY12HE5CD0.pcm
SwiftExplicitDependencyGeneratePcm arm64_32 /Users/admin/builder/spi-builder-workspace/.derivedData/ModuleCache.noindex/OSLog-BE8T7C0971QFHFOFDVPB90BP1.pcm
SwiftExplicitDependencyGeneratePcm arm64 /Users/admin/builder/spi-builder-workspace/.derivedData/ModuleCache.noindex/SwiftUICore-2QDV87SK0G43TTD7S0GT2E718.pcm
SwiftExplicitDependencyGeneratePcm arm64 /Users/admin/builder/spi-builder-workspace/.derivedData/ModuleCache.noindex/UIKit-61291G71VH0AAF8PG0KATRG5H.pcm
RegisterExecutionPolicyException /Users/admin/builder/spi-builder-workspace/.derivedData/Build/Products/Debug-watchos/Rearrange.o (in target 'Rearrange' from project 'Rearrange')
    cd /Users/admin/builder/spi-builder-workspace/.dependencies/checkouts/Rearrange
    builtin-RegisterExecutionPolicyException /Users/admin/builder/spi-builder-workspace/.derivedData/Build/Products/Debug-watchos/Rearrange.o
SwiftExplicitDependencyGeneratePcm arm64_32 /Users/admin/builder/spi-builder-workspace/.derivedData/ModuleCache.noindex/Spatial-9PUQVG6FJPWAPTPR5S265YNBT.pcm
SwiftExplicitDependencyGeneratePcm arm64_32 /Users/admin/builder/spi-builder-workspace/.derivedData/ModuleCache.noindex/SceneKit-DNEVIGB4K47XIRNOSICTCC7Q8.pcm
SwiftExplicitDependencyGeneratePcm arm64 /Users/admin/builder/spi-builder-workspace/.derivedData/ModuleCache.noindex/Spatial-7KUQSNUQQWGGWPGKC0XWM94E6.pcm
SwiftExplicitDependencyGeneratePcm arm64 /Users/admin/builder/spi-builder-workspace/.derivedData/ModuleCache.noindex/SceneKit-8FOXOWIQA7X0I8V5MRGSF5RRT.pcm
SwiftExplicitDependencyGeneratePcm arm64_32 /Users/admin/builder/spi-builder-workspace/.derivedData/ModuleCache.noindex/MapKit-84EXF5D7QXYYY30UDJDZ4MM87.pcm
SwiftExplicitDependencyGeneratePcm arm64_32 /Users/admin/builder/spi-builder-workspace/.derivedData/ModuleCache.noindex/HomeKit-7XDJ4RVKTOJ6WP9Y6QY6KNJ0F.pcm
SwiftExplicitDependencyGeneratePcm arm64 /Users/admin/builder/spi-builder-workspace/.derivedData/ModuleCache.noindex/MapKit-1ARG3TBNDGSYX1FESZ8NTIH1A.pcm
SwiftExplicitDependencyGeneratePcm arm64 /Users/admin/builder/spi-builder-workspace/.derivedData/ModuleCache.noindex/HomeKit-4LMYKNB91WCHBF5N8HCHBXNYJ.pcm
SwiftExplicitDependencyGeneratePcm arm64_32 /Users/admin/builder/spi-builder-workspace/.derivedData/ModuleCache.noindex/WatchKit-65WELK6EURJ54TLJKUVNWE2FO.pcm
SwiftExplicitDependencyGeneratePcm arm64 /Users/admin/builder/spi-builder-workspace/.derivedData/ModuleCache.noindex/WatchKit-3YL27UISYQ3LY57K58GZT8XL2.pcm
SwiftExplicitDependencyGeneratePcm arm64_32 /Users/admin/builder/spi-builder-workspace/.derivedData/ModuleCache.noindex/SwiftUI-DQUJ4OD3DUD469E3MU6ETO9D7.pcm
SwiftExplicitDependencyGeneratePcm arm64 /Users/admin/builder/spi-builder-workspace/.derivedData/ModuleCache.noindex/SwiftUI-CB7CAZ183596GTC9P11CF2JVC.pcm
SwiftCompile normal arm64_32 Compiling\ SQLiteConfiguration.swift /Users/admin/builder/spi-builder-workspace/Sources/LanguageSupport/SQLiteConfiguration.swift (in target 'LanguageSupport' from project 'CodeEditorView')
SwiftCompile normal arm64_32 /Users/admin/builder/spi-builder-workspace/Sources/LanguageSupport/SQLiteConfiguration.swift (in target 'LanguageSupport' from project 'CodeEditorView')
    cd /Users/admin/builder/spi-builder-workspace/.swiftpm/xcode

SwiftCompile normal arm64_32 Compiling\ SwiftConfiguration.swift /Users/admin/builder/spi-builder-workspace/Sources/LanguageSupport/SwiftConfiguration.swift (in target 'LanguageSupport' from project 'CodeEditorView')
SwiftCompile normal arm64_32 /Users/admin/builder/spi-builder-workspace/Sources/LanguageSupport/SwiftConfiguration.swift (in target 'LanguageSupport' from project 'CodeEditorView')
    cd /Users/admin/builder/spi-builder-workspace/.swiftpm/xcode

SwiftCompile normal arm64_32 Compiling\ Tokeniser.swift /Users/admin/builder/spi-builder-workspace/Sources/LanguageSupport/Tokeniser.swift (in target 'LanguageSupport' from project 'CodeEditorView')
SwiftCompile normal arm64_32 /Users/admin/builder/spi-builder-workspace/Sources/LanguageSupport/Tokeniser.swift (in target 'LanguageSupport' from project 'CodeEditorView')
    cd /Users/admin/builder/spi-builder-workspace/.swiftpm/xcode

SwiftCompile normal arm64_32 Compiling\ Location.swift /Users/admin/builder/spi-builder-workspace/Sources/LanguageSupport/Location.swift (in target 'LanguageSupport' from project 'CodeEditorView')
SwiftCompile normal arm64_32 /Users/admin/builder/spi-builder-workspace/Sources/LanguageSupport/Location.swift (in target 'LanguageSupport' from project 'CodeEditorView')
    cd /Users/admin/builder/spi-builder-workspace/.swiftpm/xcode

SwiftEmitModule normal arm64_32 Emitting\ module\ for\ LanguageSupport (in target 'LanguageSupport' from project 'CodeEditorView')
Failed frontend command:
/Applications/Xcode-26.5.0.app/Contents/Developer/Toolchains/XcodeDefault.xctoolchain/usr/bin/swift-frontend -frontend -emit-module -experimental-skip-non-inlinable-function-bodies-without-types /Users/admin/builder/spi-builder-workspace/Sources/LanguageSupport/AgdaConfiguration.swift /Users/admin/builder/spi-builder-workspace/Sources/LanguageSupport/CabalConfiguration.swift /Users/admin/builder/spi-builder-workspace/Sources/LanguageSupport/CypherConfiguration.swift /Users/admin/builder/spi-builder-workspace/Sources/LanguageSupport/HaskellConfiguration.swift /Users/admin/builder/spi-builder-workspace/Sources/LanguageSupport/LanguageConfiguration.swift /Users/admin/builder/spi-builder-workspace/Sources/LanguageSupport/LanguageService.swift /Users/admin/builder/spi-builder-workspace/Sources/LanguageSupport/Location.swift /Users/admin/builder/spi-builder-workspace/Sources/LanguageSupport/Message.swift /Users/admin/builder/spi-builder-workspace/Sources/LanguageSupport/PythonConfiguration.swift /Users/admin/builder/spi-builder-workspace/Sources/LanguageSupport/SQLiteConfiguration.swift /Users/admin/builder/spi-builder-workspace/Sources/LanguageSupport/SwiftConfiguration.swift /Users/admin/builder/spi-builder-workspace/Sources/LanguageSupport/Tokeniser.swift -target arm64_32-apple-watchos10.0 -load-resolved-plugin /Applications/Xcode-26.5.0.app/Contents/Developer/Platforms/WatchOS.platform/Developer/usr/lib/swift/host/plugins/libFoundationMacros.dylib\#/Applications/Xcode-26.5.0.app/Contents/Developer/Platforms/WatchOS.platform/Developer/usr/bin/swift-plugin-server\#FoundationMacros -load-resolved-plugin /Applications/Xcode-26.5.0.app/Contents/Developer/Platforms/WatchOS.platform/Developer/usr/lib/swift/host/plugins/libObservationMacros.dylib\#/Applications/Xcode-26.5.0.app/Contents/Developer/Platforms/WatchOS.platform/Developer/usr/bin/swift-plugin-server\#ObservationMacros -load-resolved-plugin /Applications/Xcode-26.5.0.app/Contents/Developer/Platforms/WatchOS.platform/Developer/usr/lib/swift/host/plugins/libPreviewsMacros.dylib\#/Applications/Xcode-26.5.0.app/Contents/Developer/Platforms/WatchOS.platform/Developer/usr/bin/swift-plugin-server\#PreviewsMacros -load-resolved-plugin /Applications/Xcode-26.5.0.app/Contents/Developer/Platforms/WatchOS.platform/Developer/usr/lib/swift/host/plugins/libSwiftMacros.dylib\#/Applications/Xcode-26.5.0.app/Contents/Developer/Platforms/WatchOS.platform/Developer/usr/bin/swift-plugin-server\#SwiftMacros -load-resolved-plugin /Applications/Xcode-26.5.0.app/Contents/Developer/Platforms/WatchOS.platform/Developer/usr/lib/swift/host/plugins/libSwiftUIMacros.dylib\#/Applications/Xcode-26.5.0.app/Contents/Developer/Platforms/WatchOS.platform/Developer/usr/bin/swift-plugin-server\#SwiftUIMacros -disable-implicit-swift-modules -Xcc -fno-implicit-modules -Xcc -fno-implicit-module-maps -explicit-swift-module-map-file /Users/admin/builder/spi-builder-workspace/.derivedData/Build/Intermediates.noindex/CodeEditorView.build/Debug-watchos/LanguageSupport.build/Objects-normal/arm64_32/LanguageSupport-dependencies-2.json -enable-objc-interop -sdk /Applications/Xcode-26.5.0.app/Contents/Developer/Platforms/WatchOS.platform/Developer/SDKs/WatchOS26.5.sdk -I /Users/admin/builder/spi-builder-workspace/.derivedData/Build/Products/Debug-watchos -Isystem /Applications/Xcode-26.5.0.app/Contents/Developer/Platforms/WatchOS.platform/Developer/usr/lib -F /Users/admin/builder/spi-builder-workspace/.derivedData/Build/Products/Debug-watchos/PackageFrameworks -F /Users/admin/builder/spi-builder-workspace/.derivedData/Build/Products/Debug-watchos -F /Applications/Xcode-26.5.0.app/Contents/Developer/Platforms/WatchOS.platform/Developer/Library/Frameworks -F /Applications/Xcode-26.5.0.app/Contents/Developer/Platforms/WatchOS.platform/Developer/SDKs/WatchOS26.5.sdk/Developer/Library/Frameworks -no-color-diagnostics -Xcc -fno-color-diagnostics -enable-testing -g -debug-info-format\=dwarf -dwarf-version\=4 -module-cache-path /Users/admin/builder/spi-builder-workspace/.derivedData/Build/Intermediates.noindex/SwiftExplicitPrecompiledModules -profile-generate -profile-coverage-mapping -swift-version 5 -Onone -D SWIFT_PACKAGE -D DEBUG -D SWIFT_MODULE_RESOURCE_BUNDLE_UNAVAILABLE -D Xcode -serialize-debugging-options -const-gather-protocols-file /Users/admin/builder/spi-builder-workspace/.derivedData/Build/Intermediates.noindex/CodeEditorView.build/Debug-watchos/LanguageSupport.build/Objects-normal/arm64_32/LanguageSupport_const_extract_protocols.json -enable-upcoming-feature BareSlashRegexLiterals -enable-experimental-feature DebugDescriptionMacro -empty-abi-descriptor -validate-clang-modules-once -clang-build-session-file /Users/admin/builder/spi-builder-workspace/.derivedData/ModuleCache.noindex/Session.modulevalidation -Xcc -working-directory -Xcc /Users/admin/builder/spi-builder-workspace/.swiftpm/xcode -enable-anonymous-context-mangled-names -file-compilation-dir /Users/admin/builder/spi-builder-workspace/.swiftpm/xcode -Xcc -D_LIBCPP_HARDENING_MODE\=_LIBCPP_HARDENING_MODE_DEBUG -Xcc -ivfsstatcache -Xcc /Users/admin/builder/spi-builder-workspace/.derivedData/SDKStatCaches.noindex/watchos26.5-23T570-688ef53f1462e2c8f657fdc38a81448f7931b973dfc65d9472806dbbc3af9379.sdkstatcache -Xcc -I/Users/admin/builder/spi-builder-workspace/.derivedData/Build/Intermediates.noindex/CodeEditorView.build/Debug-watchos/LanguageSupport.build/swift-overrides.hmap -Xcc -I/Users/admin/builder/spi-builder-workspace/.derivedData/Build/Products/Debug-watchos/include -Xcc -I/Users/admin/builder/spi-builder-workspace/.derivedData/Build/Intermediates.noindex/CodeEditorView.build/Debug-watchos/LanguageSupport.build/DerivedSources-normal/arm64_32 -Xcc -I/Users/admin/builder/spi-builder-workspace/.derivedData/Build/Intermediates.noindex/CodeEditorView.build/Debug-watchos/LanguageSupport.build/DerivedSources/arm64_32 -Xcc -I/Users/admin/builder/spi-builder-workspace/.derivedData/Build/Intermediates.noindex/CodeEditorView.build/Debug-watchos/LanguageSupport.build/DerivedSources -Xcc -DSWIFT_PACKAGE -Xcc -DDEBUG\=1 -no-auto-bridging-header-chaining -module-name LanguageSupport -package-name spi_builder_workspace -frontend-parseable-output -disable-clang-spi -clang-target arm64_32-apple-watchos26.5 -target-sdk-version 26.5 -target-sdk-name watchos26.5 -in-process-plugin-server-path /Applications/Xcode-26.5.0.app/Contents/Developer/Toolchains/XcodeDefault.xctoolchain/usr/lib/swift/host/libSwiftInProcPluginServer.dylib -emit-module-doc-path /Users/admin/builder/spi-builder-workspace/.derivedData/Build/Intermediates.noindex/CodeEditorView.build/Debug-watchos/LanguageSupport.build/Objects-normal/arm64_32/LanguageSupport.swiftdoc -emit-module-source-info-path /Users/admin/builder/spi-builder-workspace/.derivedData/Build/Intermediates.noindex/CodeEditorView.build/Debug-watchos/LanguageSupport.build/Objects-normal/arm64_32/LanguageSupport.swiftsourceinfo -emit-objc-header-path /Users/admin/builder/spi-builder-workspace/.derivedData/Build/Intermediates.noindex/CodeEditorView.build/Debug-watchos/LanguageSupport.build/Objects-normal/arm64_32/LanguageSupport-Swift.h -serialize-diagnostics-path /Users/admin/builder/spi-builder-workspace/.derivedData/Build/Intermediates.noindex/CodeEditorView.build/Debug-watchos/LanguageSupport.build/Objects-normal/arm64_32/LanguageSupport-primary-emit-module.dia -emit-dependencies-path /Users/admin/builder/spi-builder-workspace/.derivedData/Build/Intermediates.noindex/CodeEditorView.build/Debug-watchos/LanguageSupport.build/Objects-normal/arm64_32/LanguageSupport-primary-emit-module.d -o /Users/admin/builder/spi-builder-workspace/.derivedData/Build/Intermediates.noindex/CodeEditorView.build/Debug-watchos/LanguageSupport.build/Objects-normal/arm64_32/LanguageSupport.swiftmodule -emit-abi-descriptor-path /Users/admin/builder/spi-builder-workspace/.derivedData/Build/Intermediates.noindex/CodeEditorView.build/Debug-watchos/LanguageSupport.build/Objects-normal/arm64_32/LanguageSupport.abi.json
EmitSwiftModule normal arm64_32 (in target 'LanguageSupport' from project 'CodeEditorView')
    cd /Users/admin/builder/spi-builder-workspace/.swiftpm/xcode

/Users/admin/builder/spi-builder-workspace/Sources/LanguageSupport/LanguageService.swift:170:19: error: 'KeyEquivalent' is unavailable in watchOS
  public let key: KeyEquivalent?
                  ^~~~~~~~~~~~~
SwiftUI.KeyEquivalent:3:15: note: 'KeyEquivalent' has been explicitly marked unavailable here
public struct KeyEquivalent : Sendable {
              ^
/Users/admin/builder/spi-builder-workspace/Sources/LanguageSupport/LanguageService.swift:176:35: error: 'KeyEquivalent' is unavailable in watchOS
  public init(title: String, key: KeyEquivalent? = nil, action: (() -> Void)? = nil) {
                                  ^~~~~~~~~~~~~
SwiftUI.KeyEquivalent:3:15: note: 'KeyEquivalent' has been explicitly marked unavailable here
public struct KeyEquivalent : Sendable {
              ^
/Users/admin/builder/spi-builder-workspace/Sources/LanguageSupport/Tokeniser.swift:109:23: error: cannot find type 'NSRange' in scope
    public var range: NSRange
                      ^~~~~~~
/Users/admin/builder/spi-builder-workspace/Sources/LanguageSupport/Tokeniser.swift:111:42: error: cannot find type 'NSRange' in scope
    public init(token: TokenType, range: NSRange) {
                                         ^~~~~~~
/Users/admin/builder/spi-builder-workspace/Sources/LanguageSupport/Tokeniser.swift:101:17: error: type 'Tokeniser<TokenType, StateType>.Token' does not conform to protocol 'Equatable'
  public struct Token: Equatable {
                ^
/Users/admin/builder/spi-builder-workspace/Sources/LanguageSupport/Tokeniser.swift:109:16: note: stored property type '_' does not conform to protocol 'Equatable', preventing synthesized conformance of 'Tokeniser<TokenType, StateType>.Token' to 'Equatable'
    public var range: NSRange
               ^
Swift.==:1:24: note: candidate would match if 'Tokeniser<TokenType, StateType>.Token' conformed to 'RawRepresentable'
@inlinable public func == <T>(lhs: T, rhs: T) -> Bool where T : RawRepresentable, T.RawValue : Equatable
                       ^
Swift.FloatingPoint.==:2:20: note: candidate would match if 'Tokeniser<TokenType, StateType>.Token' conformed to 'FloatingPoint'
public static func == (lhs: Self, rhs: Self) -> Bool}
                   ^
Swift.BinaryInteger.==:2:20: note: candidate would match if 'Tokeniser<TokenType, StateType>.Token' conformed to 'BinaryInteger'
public static func == <Other>(lhs: Self, rhs: Other) -> Bool where Other : BinaryInteger}
                   ^
Swift._Pointer.==:2:20: note: candidate would match if 'Tokeniser<TokenType, StateType>.Token' conformed to '_Pointer'
public static func == (lhs: Self, rhs: Self) -> Bool}
                   ^
Swift._Pointer.==:2:31: note: candidate would match if 'Tokeniser<TokenType, StateType>.Token' conformed to '_Pointer'
@inlinable public static func == <Other>(lhs: Self, rhs: Other) -> Bool where Other : _Pointer}
                              ^
Swift.Strideable.==:2:31: note: candidate would match if 'Tokeniser<TokenType, StateType>.Token' conformed to 'Strideable'
@inlinable public static func == (x: Self, y: Self) -> Bool}
                              ^
Swift.StringProtocol.==:2:31: note: candidate would match if 'Tokeniser<TokenType, StateType>.Token' conformed to 'StringProtocol'
@inlinable public static func == <RHS>(lhs: Self, rhs: RHS) -> Bool where RHS : StringProtocol}
                              ^
Swift.SIMD.==:2:20: note: candidate would match if 'Tokeniser<TokenType, StateType>.Token' conformed to 'SIMD'
public static func == (a: Self, b: Self) -> Bool}
                   ^
/Users/admin/builder/spi-builder-workspace/Sources/LanguageSupport/Tokeniser.swift:101:17: note: add stubs for conformance
  public struct Token: Equatable {
                ^
Swift.Equatable.==:2:13: note: protocol requires function '==' with type '(Tokeniser<TokenType, StateType>.Token, Tokeniser<TokenType, StateType>.Token) -> Bool'
static func == (lhs: Self, rhs: Self) -> Bool}
            ^
SwiftCompile normal arm64_32 Compiling\ AgdaConfiguration.swift,\ CabalConfiguration.swift /Users/admin/builder/spi-builder-workspace/Sources/LanguageSupport/AgdaConfiguration.swift /Users/admin/builder/spi-builder-workspace/Sources/LanguageSupport/CabalConfiguration.swift (in target 'LanguageSupport' from project 'CodeEditorView')
SwiftCompile normal arm64_32 /Users/admin/builder/spi-builder-workspace/Sources/LanguageSupport/AgdaConfiguration.swift (in target 'LanguageSupport' from project 'CodeEditorView')
    cd /Users/admin/builder/spi-builder-workspace/.swiftpm/xcode

SwiftCompile normal arm64_32 /Users/admin/builder/spi-builder-workspace/Sources/LanguageSupport/CabalConfiguration.swift (in target 'LanguageSupport' from project 'CodeEditorView')
    cd /Users/admin/builder/spi-builder-workspace/.swiftpm/xcode

SwiftCompile normal arm64_32 Compiling\ LanguageService.swift /Users/admin/builder/spi-builder-workspace/Sources/LanguageSupport/LanguageService.swift (in target 'LanguageSupport' from project 'CodeEditorView')
SwiftCompile normal arm64_32 /Users/admin/builder/spi-builder-workspace/Sources/LanguageSupport/LanguageService.swift (in target 'LanguageSupport' from project 'CodeEditorView')
    cd /Users/admin/builder/spi-builder-workspace/.swiftpm/xcode

SwiftCompile normal arm64_32 Compiling\ Message.swift /Users/admin/builder/spi-builder-workspace/Sources/LanguageSupport/Message.swift (in target 'LanguageSupport' from project 'CodeEditorView')
SwiftCompile normal arm64_32 /Users/admin/builder/spi-builder-workspace/Sources/LanguageSupport/Message.swift (in target 'LanguageSupport' from project 'CodeEditorView')
    cd /Users/admin/builder/spi-builder-workspace/.swiftpm/xcode

SwiftCompile normal arm64_32 Compiling\ CypherConfiguration.swift,\ HaskellConfiguration.swift /Users/admin/builder/spi-builder-workspace/Sources/LanguageSupport/CypherConfiguration.swift /Users/admin/builder/spi-builder-workspace/Sources/LanguageSupport/HaskellConfiguration.swift (in target 'LanguageSupport' from project 'CodeEditorView')
SwiftCompile normal arm64_32 /Users/admin/builder/spi-builder-workspace/Sources/LanguageSupport/CypherConfiguration.swift (in target 'LanguageSupport' from project 'CodeEditorView')
    cd /Users/admin/builder/spi-builder-workspace/.swiftpm/xcode

SwiftCompile normal arm64_32 /Users/admin/builder/spi-builder-workspace/Sources/LanguageSupport/HaskellConfiguration.swift (in target 'LanguageSupport' from project 'CodeEditorView')
    cd /Users/admin/builder/spi-builder-workspace/.swiftpm/xcode

SwiftCompile normal arm64_32 Compiling\ PythonConfiguration.swift /Users/admin/builder/spi-builder-workspace/Sources/LanguageSupport/PythonConfiguration.swift (in target 'LanguageSupport' from project 'CodeEditorView')
SwiftCompile normal arm64_32 /Users/admin/builder/spi-builder-workspace/Sources/LanguageSupport/PythonConfiguration.swift (in target 'LanguageSupport' from project 'CodeEditorView')
    cd /Users/admin/builder/spi-builder-workspace/.swiftpm/xcode

SwiftEmitModule normal arm64 Emitting\ module\ for\ LanguageSupport (in target 'LanguageSupport' from project 'CodeEditorView')
SwiftDriverJobDiscovery normal arm64_32 Compiling Location.swift (in target 'LanguageSupport' from project 'CodeEditorView')
SwiftCompile normal arm64 Compiling\ AgdaConfiguration.swift,\ CabalConfiguration.swift /Users/admin/builder/spi-builder-workspace/Sources/LanguageSupport/AgdaConfiguration.swift /Users/admin/builder/spi-builder-workspace/Sources/LanguageSupport/CabalConfiguration.swift (in target 'LanguageSupport' from project 'CodeEditorView')
2026-10-18 12:47:28.636 xcodebuild[734:4279] [MT] IDERunDestination: Supported platforms for the buildables in the current scheme is empty.
** BUILD FAILED **
The following build commands failed:
	SwiftEmitModule normal arm64_32 Emitting\ module\ for\ LanguageSupport (in target 'LanguageSupport' from project 'CodeEditorView')
	EmitSwiftModule normal arm64_32 (in target 'LanguageSupport' from project 'CodeEditorView')
	Building workspace spi-builder-workspace with scheme CodeEditorView-Package
(3 failures)
Command line invocation:
    /Applications/Xcode-26.5.0.app/Contents/Developer/usr/bin/xcodebuild -IDEClonedSourcePackagesDirPathOverride=/Users/admin/builder/spi-builder-workspace/.dependencies -resolvePackageDependencies
Resolve Package Graph
Resolved source packages:
  Rearrange: https://github.com/ChimeHQ/Rearrange.git @ 1.8.1
  CodeEditorView: /Users/admin/builder/spi-builder-workspace
resolved source packages: Rearrange, CodeEditorView
2026-10-18 12:47:38.489 xcodebuild[969:5327] [MT] IDERunDestination: Supported platforms for the buildables in the current scheme is empty.
{
  "dependencies" : [
    {
      "identity" : "rearrange",
      "requirement" : {
        "range" : [
          {
            "lower_bound" : "1.6.0",
            "upper_bound" : "2.0.0"
          }
        ]
      },
      "type" : "sourceControl",
      "url" : "https://github.com/ChimeHQ/Rearrange.git"
    }
  ],
  "manifest_display_name" : "CodeEditorView",
  "name" : "CodeEditorView",
  "path" : "/Users/admin/builder/spi-builder-workspace",
  "platforms" : [
    {
      "name" : "macos",
      "version" : "14.0"
    },
    {
      "name" : "ios",
      "version" : "17.0"
    },
    {
      "name" : "visionos",
      "version" : "1.0"
    }
  ],
  "products" : [
    {
      "name" : "LanguageSupport",
      "targets" : [
        "LanguageSupport"
      ],
      "type" : {
        "library" : [
          "automatic"
        ]
      }
    },
    {
      "name" : "CodeEditorView",
      "targets" : [
        "CodeEditorView"
      ],
      "type" : {
        "library" : [
          "automatic"
        ]
      }
    }
  ],
  "targets" : [
    {
      "c99name" : "LanguageSupport",
      "module_type" : "SwiftTarget",
      "name" : "LanguageSupport",
      "path" : "Sources/LanguageSupport",
      "product_dependencies" : [
        "Rearrange"
      ],
      "product_memberships" : [
        "LanguageSupport",
        "CodeEditorView"
      ],
      "sources" : [
        "AgdaConfiguration.swift",
        "CabalConfiguration.swift",
        "CypherConfiguration.swift",
        "HaskellConfiguration.swift",
        "LanguageConfiguration.swift",
        "LanguageService.swift",
        "Location.swift",
        "Message.swift",
        "PythonConfiguration.swift",
        "SQLiteConfiguration.swift",
        "SwiftConfiguration.swift",
        "Tokeniser.swift"
      ],
      "type" : "library"
    },
    {
      "c99name" : "CodeEditorView",
      "module_type" : "SwiftTarget",
      "name" : "CodeEditorView",
      "path" : "Sources/CodeEditorView",
      "product_dependencies" : [
        "Rearrange"
      ],
      "product_memberships" : [
        "CodeEditorView"
      ],
      "sources" : [
        "CodeActions.swift",
        "CodeEditing.swift",
        "CodeEditor.swift",
        "CodeStorage.swift",
        "CodeStorageDelegate.swift",
        "CodeView.swift",
        "Constants.swift",
        "GutterView.swift",
        "LineMap.swift",
        "MessageViews.swift",
        "MinimapView.swift",
        "OSDefinitions.swift",
        "ScrollViewExtras.swift",
        "TextContentStorageExtras.swift",
        "TextLayoutManagerExtras.swift",
        "TextView.swift",
        "Theme.swift",
        "UIHostingView.swift",
        "ViewModifiers.swift"
      ],
      "target_dependencies" : [
        "LanguageSupport"
      ],
      "type" : "library"
    },
    {
      "c99name" : "CodeEditorTests",
      "module_type" : "SwiftTarget",
      "name" : "CodeEditorTests",
      "path" : "Tests/CodeEditorTests",
      "sources" : [
        "CodeEditorTests.swift",
        "CypherConfigurationTests.swift",
        "LineMapTests.swift",
        "SQLiteConfigurationTests.swift",
        "TokenTests.swift",
        "XCTestManifests.swift"
      ],
      "target_dependencies" : [
        "CodeEditorView"
      ],
      "type" : "test"
    }
  ],
  "tools_version" : "5.9"
}
{
  "workspace" : {
    "name" : "spi-builder-workspace",
    "schemes" : [
      "CodeEditorView",
      "CodeEditorView-Package",
      "LanguageSupport"
    ]
  }
}
2026-10-18 12:47:39.632 xcodebuild[979:5408] [MT] IDERunDestination: Supported platforms for the buildables in the current scheme is empty.
Running build ...
env DEVELOPER_DIR=/Applications/Xcode-26.5.0.app xcrun xcodebuild -IDEClonedSourcePackagesDirPathOverride=$PWD/.dependencies -skipMacroValidation -skipPackagePluginValidation -derivedDataPath $PWD/.derivedData build -scheme CodeEditorView-Package -destination generic/platform=watchOS
Command line invocation:
    /Applications/Xcode-26.5.0.app/Contents/Developer/usr/bin/xcodebuild -IDEClonedSourcePackagesDirPathOverride=/Users/admin/builder/spi-builder-workspace/.dependencies -skipMacroValidation -skipPackagePluginValidation -derivedDataPath /Users/admin/builder/spi-builder-workspace/.derivedData build -scheme CodeEditorView-Package -destination generic/platform=watchOS
Resolve Package Graph
Resolved source packages:
  CodeEditorView: /Users/admin/builder/spi-builder-workspace
  Rearrange: https://github.com/ChimeHQ/Rearrange.git @ 1.8.1
ComputePackagePrebuildTargetDependencyGraph
Prepare packages
CreateBuildRequest
SendProjectDescription
CreateBuildOperation
ComputeTargetDependencyGraph
note: Building targets in dependency order
note: Target dependency graph (6 targets)
    Target 'LanguageSupport' in project 'CodeEditorView'
        ➜ Explicit dependency on target 'LanguageSupport' in project 'CodeEditorView'
        ➜ Explicit dependency on target 'Rearrange' in project 'Rearrange'
    Target 'CodeEditorView' in project 'CodeEditorView'
        ➜ Explicit dependency on target 'CodeEditorView' in project 'CodeEditorView'
        ➜ Explicit dependency on target 'LanguageSupport' in project 'CodeEditorView'
        ➜ Explicit dependency on target 'Rearrange' in project 'Rearrange'
    Target 'CodeEditorView' in project 'CodeEditorView'
        ➜ Explicit dependency on target 'LanguageSupport' in project 'CodeEditorView'
        ➜ Explicit dependency on target 'Rearrange' in project 'Rearrange'
    Target 'LanguageSupport' in project 'CodeEditorView'
        ➜ Explicit dependency on target 'Rearrange' in project 'Rearrange'
    Target 'Rearrange' in project 'Rearrange'
        ➜ Explicit dependency on target 'Rearrange' in project 'Rearrange'
    Target 'Rearrange' in project 'Rearrange' (no dependencies)
GatherProvisioningInputs
CreateBuildDescription
ClangStatCache /Applications/Xcode-26.5.0.app/Contents/Developer/Toolchains/XcodeDefault.xctoolchain/usr/bin/clang-stat-cache /Applications/Xcode-26.5.0.app/Contents/Developer/Platforms/WatchOS.platform/Developer/SDKs/WatchOS26.5.sdk /Users/admin/builder/spi-builder-workspace/.derivedData/SDKStatCaches.noindex/watchos26.5-23T570-688ef53f1462e2c8f657fdc38a81448f7931b973dfc65d9472806dbbc3af9379.sdkstatcache
    cd /Users/admin/builder/spi-builder-workspace/.swiftpm/xcode
    /Applications/Xcode-26.5.0.app/Contents/Developer/Toolchains/XcodeDefault.xctoolchain/usr/bin/clang-stat-cache /Applications/Xcode-26.5.0.app/Contents/Developer/Platforms/WatchOS.platform/Developer/SDKs/WatchOS26.5.sdk -o /Users/admin/builder/spi-builder-workspace/.derivedData/SDKStatCaches.noindex/watchos26.5-23T570-688ef53f1462e2c8f657fdc38a81448f7931b973dfc65d9472806dbbc3af9379.sdkstatcache
SwiftDriver LanguageSupport normal arm64_32 com.apple.xcode.tools.swift.compiler (in target 'LanguageSupport' from project 'CodeEditorView')
    cd /Users/admin/builder/spi-builder-workspace/.swiftpm/xcode
    builtin-SwiftDriver -- /Applications/Xcode-26.5.0.app/Contents/Developer/Toolchains/XcodeDefault.xctoolchain/usr/bin/swiftc -module-name LanguageSupport -Onone @/Users/admin/builder/spi-builder-workspace/.derivedData/Build/Intermediates.noindex/CodeEditorView.build/Debug-watchos/LanguageSupport.build/Objects-normal/arm64_32/LanguageSupport.SwiftFileList -DSWIFT_PACKAGE -DDEBUG -DSWIFT_MODULE_RESOURCE_BUNDLE_UNAVAILABLE -DXcode -enable-upcoming-feature BareSlashRegexLiterals -plugin-path /Applications/Xcode-26.5.0.app/Contents/Developer/Toolchains/XcodeDefault.xctoolchain/usr/lib/swift/host/plugins/testing -enable-experimental-feature DebugDescriptionMacro -sdk /Applications/Xcode-26.5.0.app/Contents/Developer/Platforms/WatchOS.platform/Developer/SDKs/WatchOS26.5.sdk -target arm64_32-apple-watchos10.0 -g -module-cache-path /Users/admin/builder/spi-builder-workspace/.derivedData/ModuleCache.noindex -Xfrontend -serialize-debugging-options -profile-coverage-mapping -profile-generate -enable-testing -index-store-path /Users/admin/builder/spi-builder-workspace/.derivedData/Index.noindex/DataStore -Xcc -D_LIBCPP_HARDENING_MODE\=_LIBCPP_HARDENING_MODE_DEBUG -swift-version 5 -I /Users/admin/builder/spi-builder-workspace/.derivedData/Build/Products/Debug-watchos -Isystem /Applications/Xcode-26.5.0.app/Contents/Developer/Platforms/WatchOS.platform/Developer/usr/lib -F /Users/admin/builder/spi-builder-workspace/.derivedData/Build/Products/Debug-watchos/PackageFrameworks -F /Users/admin/builder/spi-builder-workspace/.derivedData/Build/Products/Debug-watchos -F /Applications/Xcode-26.5.0.app/Contents/Developer/Platforms/WatchOS.platform/Developer/Library/Frameworks -F /Applications/Xcode-26.5.0.app/Contents/Developer/Platforms/WatchOS.platform/Developer/SDKs/WatchOS26.5.sdk/Developer/Library/Frameworks -c -j10 -enable-batch-mode -incremental -Xcc -ivfsstatcache -Xcc /Users/admin/builder/spi-builder-workspace/.derivedData/SDKStatCaches.noindex/watchos26.5-23T570-688ef53f1462e2c8f657fdc38a81448f7931b973dfc65d9472806dbbc3af9379.sdkstatcache -output-file-map /Users/admin/builder/spi-builder-workspace/.derivedData/Build/Intermediates.noindex/CodeEditorView.build/Debug-watchos/LanguageSupport.build/Objects-normal/arm64_32/LanguageSupport-OutputFileMap.json -use-frontend-parseable-output -save-temps -no-color-diagnostics -explicit-module-build -module-cache-path /Users/admin/builder/spi-builder-workspace/.derivedData/Build/Intermediates.noindex/SwiftExplicitPrecompiledModules -clang-scanner-module-cache-path /Users/admin/builder/spi-builder-workspace/.derivedData/ModuleCache.noindex -sdk-module-cache-path /Users/admin/builder/spi-builder-workspace/.derivedData/ModuleCache.noindex -serialize-diagnostics -emit-dependencies -emit-module -emit-module-path /Users/admin/builder/spi-builder-workspace/.derivedData/Build/Intermediates.noindex/CodeEditorView.build/Debug-watchos/LanguageSupport.build/Objects-normal/arm64_32/LanguageSupport.swiftmodule -validate-clang-modules-once -clang-build-session-file /Users/admin/builder/spi-builder-workspace/.derivedData/ModuleCache.noindex/Session.modulevalidation -package-name spi_builder_workspace -Xcc -I/Users/admin/builder/spi-builder-workspace/.derivedData/Build/Intermediates.noindex/CodeEditorView.build/Debug-watchos/LanguageSupport.build/swift-overrides.hmap -emit-const-values -Xfrontend -const-gather-protocols-file -Xfrontend /Users/admin/builder/spi-builder-workspace/.derivedData/Build/Intermediates.noindex/CodeEditorView.build/Debug-watchos/LanguageSupport.build/Objects-normal/arm64_32/LanguageSupport_const_extract_protocols.json -Xcc -I/Users/admin/builder/spi-builder-workspace/.derivedData/Build/Products/Debug-watchos/include -Xcc -I/Users/admin/builder/spi-builder-workspace/.derivedData/Build/Intermediates.noindex/CodeEditorView.build/Debug-watchos/LanguageSupport.build/DerivedSources-normal/arm64_32 -Xcc -I/Users/admin/builder/spi-builder-workspace/.derivedData/Build/Intermediates.noindex/CodeEditorView.build/Debug-watchos/LanguageSupport.build/DerivedSources/arm64_32 -Xcc -I/Users/admin/builder/spi-builder-workspace/.derivedData/Build/Intermediates.noindex/CodeEditorView.build/Debug-watchos/LanguageSupport.build/DerivedSources -Xcc -DSWIFT_PACKAGE -Xcc -DDEBUG\=1 -emit-objc-header -emit-objc-header-path /Users/admin/builder/spi-builder-workspace/.derivedData/Build/Intermediates.noindex/CodeEditorView.build/Debug-watchos/LanguageSupport.build/Objects-normal/arm64_32/LanguageSupport-Swift.h -working-directory /Users/admin/builder/spi-builder-workspace/.swiftpm/xcode -experimental-emit-module-separately -disable-cmo
SwiftDriver LanguageSupport normal arm64 com.apple.xcode.tools.swift.compiler (in target 'LanguageSupport' from project 'CodeEditorView')
    cd /Users/admin/builder/spi-builder-workspace/.swiftpm/xcode
    builtin-SwiftDriver -- /Applications/Xcode-26.5.0.app/Contents/Developer/Toolchains/XcodeDefault.xctoolchain/usr/bin/swiftc -module-name LanguageSupport -Onone @/Users/admin/builder/spi-builder-workspace/.derivedData/Build/Intermediates.noindex/CodeEditorView.build/Debug-watchos/LanguageSupport.build/Objects-normal/arm64/LanguageSupport.SwiftFileList -DSWIFT_PACKAGE -DDEBUG -DSWIFT_MODULE_RESOURCE_BUNDLE_UNAVAILABLE -DXcode -enable-upcoming-feature BareSlashRegexLiterals -plugin-path /Applications/Xcode-26.5.0.app/Contents/Developer/Toolchains/XcodeDefault.xctoolchain/usr/lib/swift/host/plugins/testing -enable-experimental-feature DebugDescriptionMacro -sdk /Applications/Xcode-26.5.0.app/Contents/Developer/Platforms/WatchOS.platform/Developer/SDKs/WatchOS26.5.sdk -target arm64-apple-watchos10.0 -g -module-cache-path /Users/admin/builder/spi-builder-workspace/.derivedData/ModuleCache.noindex -Xfrontend -serialize-debugging-options -profile-coverage-mapping -profile-generate -enable-testing -index-store-path /Users/admin/builder/spi-builder-workspace/.derivedData/Index.noindex/DataStore -Xcc -D_LIBCPP_HARDENING_MODE\=_LIBCPP_HARDENING_MODE_DEBUG -swift-version 5 -I /Users/admin/builder/spi-builder-workspace/.derivedData/Build/Products/Debug-watchos -Isystem /Applications/Xcode-26.5.0.app/Contents/Developer/Platforms/WatchOS.platform/Developer/usr/lib -F /Users/admin/builder/spi-builder-workspace/.derivedData/Build/Products/Debug-watchos/PackageFrameworks -F /Users/admin/builder/spi-builder-workspace/.derivedData/Build/Products/Debug-watchos -F /Applications/Xcode-26.5.0.app/Contents/Developer/Platforms/WatchOS.platform/Developer/Library/Frameworks -F /Applications/Xcode-26.5.0.app/Contents/Developer/Platforms/WatchOS.platform/Developer/SDKs/WatchOS26.5.sdk/Developer/Library/Frameworks -c -j10 -enable-batch-mode -incremental -Xcc -ivfsstatcache -Xcc /Users/admin/builder/spi-builder-workspace/.derivedData/SDKStatCaches.noindex/watchos26.5-23T570-688ef53f1462e2c8f657fdc38a81448f7931b973dfc65d9472806dbbc3af9379.sdkstatcache -output-file-map /Users/admin/builder/spi-builder-workspace/.derivedData/Build/Intermediates.noindex/CodeEditorView.build/Debug-watchos/LanguageSupport.build/Objects-normal/arm64/LanguageSupport-OutputFileMap.json -use-frontend-parseable-output -save-temps -no-color-diagnostics -explicit-module-build -module-cache-path /Users/admin/builder/spi-builder-workspace/.derivedData/Build/Intermediates.noindex/SwiftExplicitPrecompiledModules -clang-scanner-module-cache-path /Users/admin/builder/spi-builder-workspace/.derivedData/ModuleCache.noindex -sdk-module-cache-path /Users/admin/builder/spi-builder-workspace/.derivedData/ModuleCache.noindex -serialize-diagnostics -emit-dependencies -emit-module -emit-module-path /Users/admin/builder/spi-builder-workspace/.derivedData/Build/Intermediates.noindex/CodeEditorView.build/Debug-watchos/LanguageSupport.build/Objects-normal/arm64/LanguageSupport.swiftmodule -validate-clang-modules-once -clang-build-session-file /Users/admin/builder/spi-builder-workspace/.derivedData/ModuleCache.noindex/Session.modulevalidation -package-name spi_builder_workspace -Xcc -I/Users/admin/builder/spi-builder-workspace/.derivedData/Build/Intermediates.noindex/CodeEditorView.build/Debug-watchos/LanguageSupport.build/swift-overrides.hmap -emit-const-values -Xfrontend -const-gather-protocols-file -Xfrontend /Users/admin/builder/spi-builder-workspace/.derivedData/Build/Intermediates.noindex/CodeEditorView.build/Debug-watchos/LanguageSupport.build/Objects-normal/arm64/LanguageSupport_const_extract_protocols.json -Xcc -I/Users/admin/builder/spi-builder-workspace/.derivedData/Build/Products/Debug-watchos/include -Xcc -I/Users/admin/builder/spi-builder-workspace/.derivedData/Build/Intermediates.noindex/CodeEditorView.build/Debug-watchos/LanguageSupport.build/DerivedSources-normal/arm64 -Xcc -I/Users/admin/builder/spi-builder-workspace/.derivedData/Build/Intermediates.noindex/CodeEditorView.build/Debug-watchos/LanguageSupport.build/DerivedSources/arm64 -Xcc -I/Users/admin/builder/spi-builder-workspace/.derivedData/Build/Intermediates.noindex/CodeEditorView.build/Debug-watchos/LanguageSupport.build/DerivedSources -Xcc -DSWIFT_PACKAGE -Xcc -DDEBUG\=1 -emit-objc-header -emit-objc-header-path /Users/admin/builder/spi-builder-workspace/.derivedData/Build/Intermediates.noindex/CodeEditorView.build/Debug-watchos/LanguageSupport.build/Objects-normal/arm64/LanguageSupport-Swift.h -working-directory /Users/admin/builder/spi-builder-workspace/.swiftpm/xcode -experimental-emit-module-separately -disable-cmo
SwiftCompile normal arm64_32 Compiling\ LanguageConfiguration.swift /Users/admin/builder/spi-builder-workspace/Sources/LanguageSupport/LanguageConfiguration.swift (in target 'LanguageSupport' from project 'CodeEditorView')
SwiftCompile normal arm64_32 /Users/admin/builder/spi-builder-workspace/Sources/LanguageSupport/LanguageConfiguration.swift (in target 'LanguageSupport' from project 'CodeEditorView')
    cd /Users/admin/builder/spi-builder-workspace/.swiftpm/xcode

SwiftEmitModule normal arm64_32 Emitting\ module\ for\ LanguageSupport (in target 'LanguageSupport' from project 'CodeEditorView')
Failed frontend command:
/Applications/Xcode-26.5.0.app/Contents/Developer/Toolchains/XcodeDefault.xctoolchain/usr/bin/swift-frontend -frontend -emit-module -experimental-skip-non-inlinable-function-bodies-without-types /Users/admin/builder/spi-builder-workspace/Sources/LanguageSupport/AgdaConfiguration.swift /Users/admin/builder/spi-builder-workspace/Sources/LanguageSupport/CabalConfiguration.swift /Users/admin/builder/spi-builder-workspace/Sources/LanguageSupport/CypherConfiguration.swift /Users/admin/builder/spi-builder-workspace/Sources/LanguageSupport/HaskellConfiguration.swift /Users/admin/builder/spi-builder-workspace/Sources/LanguageSupport/LanguageConfiguration.swift /Users/admin/builder/spi-builder-workspace/Sources/LanguageSupport/LanguageService.swift /Users/admin/builder/spi-builder-workspace/Sources/LanguageSupport/Location.swift /Users/admin/builder/spi-builder-workspace/Sources/LanguageSupport/Message.swift /Users/admin/builder/spi-builder-workspace/Sources/LanguageSupport/PythonConfiguration.swift /Users/admin/builder/spi-builder-workspace/Sources/LanguageSupport/SQLiteConfiguration.swift /Users/admin/builder/spi-builder-workspace/Sources/LanguageSupport/SwiftConfiguration.swift /Users/admin/builder/spi-builder-workspace/Sources/LanguageSupport/Tokeniser.swift -target arm64_32-apple-watchos10.0 -load-resolved-plugin /Applications/Xcode-26.5.0.app/Contents/Developer/Platforms/WatchOS.platform/Developer/usr/lib/swift/host/plugins/libFoundationMacros.dylib\#/Applications/Xcode-26.5.0.app/Contents/Developer/Platforms/WatchOS.platform/Developer/usr/bin/swift-plugin-server\#FoundationMacros -load-resolved-plugin /Applications/Xcode-26.5.0.app/Contents/Developer/Platforms/WatchOS.platform/Developer/usr/lib/swift/host/plugins/libObservationMacros.dylib\#/Applications/Xcode-26.5.0.app/Contents/Developer/Platforms/WatchOS.platform/Developer/usr/bin/swift-plugin-server\#ObservationMacros -load-resolved-plugin /Applications/Xcode-26.5.0.app/Contents/Developer/Platforms/WatchOS.platform/Developer/usr/lib/swift/host/plugins/libPreviewsMacros.dylib\#/Applications/Xcode-26.5.0.app/Contents/Developer/Platforms/WatchOS.platform/Developer/usr/bin/swift-plugin-server\#PreviewsMacros -load-resolved-plugin /Applications/Xcode-26.5.0.app/Contents/Developer/Platforms/WatchOS.platform/Developer/usr/lib/swift/host/plugins/libSwiftMacros.dylib\#/Applications/Xcode-26.5.0.app/Contents/Developer/Platforms/WatchOS.platform/Developer/usr/bin/swift-plugin-server\#SwiftMacros -load-resolved-plugin /Applications/Xcode-26.5.0.app/Contents/Developer/Platforms/WatchOS.platform/Developer/usr/lib/swift/host/plugins/libSwiftUIMacros.dylib\#/Applications/Xcode-26.5.0.app/Contents/Developer/Platforms/WatchOS.platform/Developer/usr/bin/swift-plugin-server\#SwiftUIMacros -disable-implicit-swift-modules -Xcc -fno-implicit-modules -Xcc -fno-implicit-module-maps -explicit-swift-module-map-file /Users/admin/builder/spi-builder-workspace/.derivedData/Build/Intermediates.noindex/CodeEditorView.build/Debug-watchos/LanguageSupport.build/Objects-normal/arm64_32/LanguageSupport-dependencies-1.json -enable-objc-interop -sdk /Applications/Xcode-26.5.0.app/Contents/Developer/Platforms/WatchOS.platform/Developer/SDKs/WatchOS26.5.sdk -I /Users/admin/builder/spi-builder-workspace/.derivedData/Build/Products/Debug-watchos -Isystem /Applications/Xcode-26.5.0.app/Contents/Developer/Platforms/WatchOS.platform/Developer/usr/lib -F /Users/admin/builder/spi-builder-workspace/.derivedData/Build/Products/Debug-watchos/PackageFrameworks -F /Users/admin/builder/spi-builder-workspace/.derivedData/Build/Products/Debug-watchos -F /Applications/Xcode-26.5.0.app/Contents/Developer/Platforms/WatchOS.platform/Developer/Library/Frameworks -F /Applications/Xcode-26.5.0.app/Contents/Developer/Platforms/WatchOS.platform/Developer/SDKs/WatchOS26.5.sdk/Developer/Library/Frameworks -no-color-diagnostics -Xcc -fno-color-diagnostics -enable-testing -g -debug-info-format\=dwarf -dwarf-version\=4 -module-cache-path /Users/admin/builder/spi-builder-workspace/.derivedData/Build/Intermediates.noindex/SwiftExplicitPrecompiledModules -profile-generate -profile-coverage-mapping -swift-version 5 -Onone -D SWIFT_PACKAGE -D DEBUG -D SWIFT_MODULE_RESOURCE_BUNDLE_UNAVAILABLE -D Xcode -serialize-debugging-options -const-gather-protocols-file /Users/admin/builder/spi-builder-workspace/.derivedData/Build/Intermediates.noindex/CodeEditorView.build/Debug-watchos/LanguageSupport.build/Objects-normal/arm64_32/LanguageSupport_const_extract_protocols.json -enable-upcoming-feature BareSlashRegexLiterals -enable-experimental-feature DebugDescriptionMacro -empty-abi-descriptor -validate-clang-modules-once -clang-build-session-file /Users/admin/builder/spi-builder-workspace/.derivedData/ModuleCache.noindex/Session.modulevalidation -Xcc -working-directory -Xcc /Users/admin/builder/spi-builder-workspace/.swiftpm/xcode -enable-anonymous-context-mangled-names -file-compilation-dir /Users/admin/builder/spi-builder-workspace/.swiftpm/xcode -Xcc -D_LIBCPP_HARDENING_MODE\=_LIBCPP_HARDENING_MODE_DEBUG -Xcc -ivfsstatcache -Xcc /Users/admin/builder/spi-builder-workspace/.derivedData/SDKStatCaches.noindex/watchos26.5-23T570-688ef53f1462e2c8f657fdc38a81448f7931b973dfc65d9472806dbbc3af9379.sdkstatcache -Xcc -I/Users/admin/builder/spi-builder-workspace/.derivedData/Build/Intermediates.noindex/CodeEditorView.build/Debug-watchos/LanguageSupport.build/swift-overrides.hmap -Xcc -I/Users/admin/builder/spi-builder-workspace/.derivedData/Build/Products/Debug-watchos/include -Xcc -I/Users/admin/builder/spi-builder-workspace/.derivedData/Build/Intermediates.noindex/CodeEditorView.build/Debug-watchos/LanguageSupport.build/DerivedSources-normal/arm64_32 -Xcc -I/Users/admin/builder/spi-builder-workspace/.derivedData/Build/Intermediates.noindex/CodeEditorView.build/Debug-watchos/LanguageSupport.build/DerivedSources/arm64_32 -Xcc -I/Users/admin/builder/spi-builder-workspace/.derivedData/Build/Intermediates.noindex/CodeEditorView.build/Debug-watchos/LanguageSupport.build/DerivedSources -Xcc -DSWIFT_PACKAGE -Xcc -DDEBUG\=1 -no-auto-bridging-header-chaining -module-name LanguageSupport -package-name spi_builder_workspace -frontend-parseable-output -disable-clang-spi -clang-target arm64_32-apple-watchos26.5 -target-sdk-version 26.5 -target-sdk-name watchos26.5 -in-process-plugin-server-path /Applications/Xcode-26.5.0.app/Contents/Developer/Toolchains/XcodeDefault.xctoolchain/usr/lib/swift/host/libSwiftInProcPluginServer.dylib -emit-module-doc-path /Users/admin/builder/spi-builder-workspace/.derivedData/Build/Intermediates.noindex/CodeEditorView.build/Debug-watchos/LanguageSupport.build/Objects-normal/arm64_32/LanguageSupport.swiftdoc -emit-module-source-info-path /Users/admin/builder/spi-builder-workspace/.derivedData/Build/Intermediates.noindex/CodeEditorView.build/Debug-watchos/LanguageSupport.build/Objects-normal/arm64_32/LanguageSupport.swiftsourceinfo -emit-objc-header-path /Users/admin/builder/spi-builder-workspace/.derivedData/Build/Intermediates.noindex/CodeEditorView.build/Debug-watchos/LanguageSupport.build/Objects-normal/arm64_32/LanguageSupport-Swift.h -serialize-diagnostics-path /Users/admin/builder/spi-builder-workspace/.derivedData/Build/Intermediates.noindex/CodeEditorView.build/Debug-watchos/LanguageSupport.build/Objects-normal/arm64_32/LanguageSupport-primary-emit-module.dia -emit-dependencies-path /Users/admin/builder/spi-builder-workspace/.derivedData/Build/Intermediates.noindex/CodeEditorView.build/Debug-watchos/LanguageSupport.build/Objects-normal/arm64_32/LanguageSupport-primary-emit-module.d -o /Users/admin/builder/spi-builder-workspace/.derivedData/Build/Intermediates.noindex/CodeEditorView.build/Debug-watchos/LanguageSupport.build/Objects-normal/arm64_32/LanguageSupport.swiftmodule -emit-abi-descriptor-path /Users/admin/builder/spi-builder-workspace/.derivedData/Build/Intermediates.noindex/CodeEditorView.build/Debug-watchos/LanguageSupport.build/Objects-normal/arm64_32/LanguageSupport.abi.json
EmitSwiftModule normal arm64_32 (in target 'LanguageSupport' from project 'CodeEditorView')
    cd /Users/admin/builder/spi-builder-workspace/.swiftpm/xcode

/Users/admin/builder/spi-builder-workspace/Sources/LanguageSupport/LanguageService.swift:170:19: error: 'KeyEquivalent' is unavailable in watchOS
  public let key: KeyEquivalent?
                  ^~~~~~~~~~~~~
SwiftUI.KeyEquivalent:3:15: note: 'KeyEquivalent' has been explicitly marked unavailable here
public struct KeyEquivalent : Sendable {
              ^
/Users/admin/builder/spi-builder-workspace/Sources/LanguageSupport/LanguageService.swift:176:35: error: 'KeyEquivalent' is unavailable in watchOS
  public init(title: String, key: KeyEquivalent? = nil, action: (() -> Void)? = nil) {
                                  ^~~~~~~~~~~~~
SwiftUI.KeyEquivalent:3:15: note: 'KeyEquivalent' has been explicitly marked unavailable here
public struct KeyEquivalent : Sendable {
              ^
/Users/admin/builder/spi-builder-workspace/Sources/LanguageSupport/Tokeniser.swift:109:23: error: cannot find type 'NSRange' in scope
    public var range: NSRange
                      ^~~~~~~
/Users/admin/builder/spi-builder-workspace/Sources/LanguageSupport/Tokeniser.swift:111:42: error: cannot find type 'NSRange' in scope
    public init(token: TokenType, range: NSRange) {
                                         ^~~~~~~
/Users/admin/builder/spi-builder-workspace/Sources/LanguageSupport/Tokeniser.swift:101:17: error: type 'Tokeniser<TokenType, StateType>.Token' does not conform to protocol 'Equatable'
  public struct Token: Equatable {
                ^
/Users/admin/builder/spi-builder-workspace/Sources/LanguageSupport/Tokeniser.swift:109:16: note: stored property type '_' does not conform to protocol 'Equatable', preventing synthesized conformance of 'Tokeniser<TokenType, StateType>.Token' to 'Equatable'
    public var range: NSRange
               ^
Swift.==:1:24: note: candidate would match if 'Tokeniser<TokenType, StateType>.Token' conformed to 'RawRepresentable'
@inlinable public func == <T>(lhs: T, rhs: T) -> Bool where T : RawRepresentable, T.RawValue : Equatable
                       ^
Swift.FloatingPoint.==:2:20: note: candidate would match if 'Tokeniser<TokenType, StateType>.Token' conformed to 'FloatingPoint'
public static func == (lhs: Self, rhs: Self) -> Bool}
                   ^
Swift.BinaryInteger.==:2:20: note: candidate would match if 'Tokeniser<TokenType, StateType>.Token' conformed to 'BinaryInteger'
public static func == <Other>(lhs: Self, rhs: Other) -> Bool where Other : BinaryInteger}
                   ^
Swift._Pointer.==:2:20: note: candidate would match if 'Tokeniser<TokenType, StateType>.Token' conformed to '_Pointer'
public static func == (lhs: Self, rhs: Self) -> Bool}
                   ^
Swift._Pointer.==:2:31: note: candidate would match if 'Tokeniser<TokenType, StateType>.Token' conformed to '_Pointer'
@inlinable public static func == <Other>(lhs: Self, rhs: Other) -> Bool where Other : _Pointer}
                              ^
Swift.Strideable.==:2:31: note: candidate would match if 'Tokeniser<TokenType, StateType>.Token' conformed to 'Strideable'
@inlinable public static func == (x: Self, y: Self) -> Bool}
                              ^
Swift.StringProtocol.==:2:31: note: candidate would match if 'Tokeniser<TokenType, StateType>.Token' conformed to 'StringProtocol'
@inlinable public static func == <RHS>(lhs: Self, rhs: RHS) -> Bool where RHS : StringProtocol}
                              ^
Swift.SIMD.==:2:20: note: candidate would match if 'Tokeniser<TokenType, StateType>.Token' conformed to 'SIMD'
public static func == (a: Self, b: Self) -> Bool}
                   ^
/Users/admin/builder/spi-builder-workspace/Sources/LanguageSupport/Tokeniser.swift:101:17: note: add stubs for conformance
  public struct Token: Equatable {
                ^
Swift.Equatable.==:2:13: note: protocol requires function '==' with type '(Tokeniser<TokenType, StateType>.Token, Tokeniser<TokenType, StateType>.Token) -> Bool'
static func == (lhs: Self, rhs: Self) -> Bool}
            ^
SwiftCompile normal arm64_32 Compiling\ AgdaConfiguration.swift,\ CabalConfiguration.swift /Users/admin/builder/spi-builder-workspace/Sources/LanguageSupport/AgdaConfiguration.swift /Users/admin/builder/spi-builder-workspace/Sources/LanguageSupport/CabalConfiguration.swift (in target 'LanguageSupport' from project 'CodeEditorView')
SwiftCompile normal arm64_32 /Users/admin/builder/spi-builder-workspace/Sources/LanguageSupport/AgdaConfiguration.swift (in target 'LanguageSupport' from project 'CodeEditorView')
    cd /Users/admin/builder/spi-builder-workspace/.swiftpm/xcode

SwiftCompile normal arm64_32 /Users/admin/builder/spi-builder-workspace/Sources/LanguageSupport/CabalConfiguration.swift (in target 'LanguageSupport' from project 'CodeEditorView')
    cd /Users/admin/builder/spi-builder-workspace/.swiftpm/xcode

SwiftCompile normal arm64_32 Compiling\ CypherConfiguration.swift /Users/admin/builder/spi-builder-workspace/Sources/LanguageSupport/CypherConfiguration.swift (in target 'LanguageSupport' from project 'CodeEditorView')
SwiftCompile normal arm64_32 /Users/admin/builder/spi-builder-workspace/Sources/LanguageSupport/CypherConfiguration.swift (in target 'LanguageSupport' from project 'CodeEditorView')
    cd /Users/admin/builder/spi-builder-workspace/.swiftpm/xcode

SwiftCompile normal arm64_32 Compiling\ HaskellConfiguration.swift /Users/admin/builder/spi-builder-workspace/Sources/LanguageSupport/HaskellConfiguration.swift (in target 'LanguageSupport' from project 'CodeEditorView')
SwiftCompile normal arm64_32 /Users/admin/builder/spi-builder-workspace/Sources/LanguageSupport/HaskellConfiguration.swift (in target 'LanguageSupport' from project 'CodeEditorView')
    cd /Users/admin/builder/spi-builder-workspace/.swiftpm/xcode

SwiftCompile normal arm64_32 Compiling\ Message.swift /Users/admin/builder/spi-builder-workspace/Sources/LanguageSupport/Message.swift (in target 'LanguageSupport' from project 'CodeEditorView')
SwiftCompile normal arm64_32 /Users/admin/builder/spi-builder-workspace/Sources/LanguageSupport/Message.swift (in target 'LanguageSupport' from project 'CodeEditorView')
    cd /Users/admin/builder/spi-builder-workspace/.swiftpm/xcode

SwiftCompile normal arm64_32 Compiling\ PythonConfiguration.swift /Users/admin/builder/spi-builder-workspace/Sources/LanguageSupport/PythonConfiguration.swift (in target 'LanguageSupport' from project 'CodeEditorView')
SwiftCompile normal arm64_32 /Users/admin/builder/spi-builder-workspace/Sources/LanguageSupport/PythonConfiguration.swift (in target 'LanguageSupport' from project 'CodeEditorView')
    cd /Users/admin/builder/spi-builder-workspace/.swiftpm/xcode

SwiftCompile normal arm64_32 Compiling\ LanguageService.swift /Users/admin/builder/spi-builder-workspace/Sources/LanguageSupport/LanguageService.swift (in target 'LanguageSupport' from project 'CodeEditorView')
SwiftCompile normal arm64_32 /Users/admin/builder/spi-builder-workspace/Sources/LanguageSupport/LanguageService.swift (in target 'LanguageSupport' from project 'CodeEditorView')
    cd /Users/admin/builder/spi-builder-workspace/.swiftpm/xcode

SwiftCompile normal arm64_32 Compiling\ SwiftConfiguration.swift /Users/admin/builder/spi-builder-workspace/Sources/LanguageSupport/SwiftConfiguration.swift (in target 'LanguageSupport' from project 'CodeEditorView')
SwiftCompile normal arm64_32 /Users/admin/builder/spi-builder-workspace/Sources/LanguageSupport/SwiftConfiguration.swift (in target 'LanguageSupport' from project 'CodeEditorView')
    cd /Users/admin/builder/spi-builder-workspace/.swiftpm/xcode

SwiftCompile normal arm64_32 Compiling\ Tokeniser.swift /Users/admin/builder/spi-builder-workspace/Sources/LanguageSupport/Tokeniser.swift (in target 'LanguageSupport' from project 'CodeEditorView')
SwiftCompile normal arm64_32 /Users/admin/builder/spi-builder-workspace/Sources/LanguageSupport/Tokeniser.swift (in target 'LanguageSupport' from project 'CodeEditorView')
    cd /Users/admin/builder/spi-builder-workspace/.swiftpm/xcode

SwiftEmitModule normal arm64 Emitting\ module\ for\ LanguageSupport (in target 'LanguageSupport' from project 'CodeEditorView')
SwiftDriverJobDiscovery normal arm64_32 Compiling Message.swift (in target 'LanguageSupport' from project 'CodeEditorView')
SwiftCompile normal arm64 Compiling\ Location.swift /Users/admin/builder/spi-builder-workspace/Sources/LanguageSupport/Location.swift (in target 'LanguageSupport' from project 'CodeEditorView')
2026-10-18 12:47:40.469 xcodebuild[982:5441] [MT] IDERunDestination: Supported platforms for the buildables in the current scheme is empty.
** BUILD FAILED **
The following build commands failed:
	SwiftEmitModule normal arm64_32 Emitting\ module\ for\ LanguageSupport (in target 'LanguageSupport' from project 'CodeEditorView')
	EmitSwiftModule normal arm64_32 (in target 'LanguageSupport' from project 'CodeEditorView')
	Building workspace spi-builder-workspace with scheme CodeEditorView-Package
(3 failures)
BUILD FAILURE 6.3 watchOS