Build Information
Failed to build ArtifactBundleGen, reference 0.0.8 (33f4a6), with Swift 6.4 for watchOS using Xcode 27.0 on 22 Sep 2026 17:26:22 UTC.
Build Command
env DEVELOPER_DIR=/Applications/Xcode-27.0.0-Release.Candidate.app xcrun xcodebuild -IDEClonedSourcePackagesDirPathOverride=$PWD/.dependencies -skipMacroValidation -skipPackagePluginValidation -derivedDataPath $PWD/.derivedData build -scheme ArtifactBundleGen -destination generic/platform=watchOSBuild Log
========================================
RunAll
========================================
Builder version: 5.1.0
Interrupt handler set up.
========================================
Checkout
========================================
Clone URL: https://github.com/freddi-kit/ArtifactBundleGen.git
Reference: 0.0.8
Initialized empty Git repository in /Users/admin/builder/spi-builder-workspace/.git/
From https://github.com/freddi-kit/ArtifactBundleGen
* tag 0.0.8 -> FETCH_HEAD
HEAD is now at 33f4a65 Merge pull request #10 from georgenavarro/fix/dirty-archive
Cloned https://github.com/freddi-kit/ArtifactBundleGen.git
Revision (git rev-parse @):
33f4a65acb296dcde04aeb828b6850fcf9dceb6c
SUCCESS checkout https://github.com/freddi-kit/ArtifactBundleGen.git at 0.0.8
========================================
Build
========================================
Selected platform: watchOS
Swift version: 6.4
Building package at path: $PWD
https://github.com/freddi-kit/ArtifactBundleGen.git
Command line invocation:
/Applications/Xcode-27.0.0-Release.Candidate.app/Contents/Developer/usr/bin/xcodebuild -IDEClonedSourcePackagesDirPathOverride=/Users/admin/builder/spi-builder-workspace/.dependencies -resolvePackageDependencies
Resolve Package Graph
Fetching from https://github.com/nicklockwood/SwiftFormat
Creating working copy of package ‘SwiftFormat’
Checking out 0.63.0 of package ‘SwiftFormat’
Resolve Package Graph
Resolved source packages:
ArtifactBundleGen: /Users/admin/builder/spi-builder-workspace
SwiftFormat: https://github.com/nicklockwood/SwiftFormat @ 0.63.0
resolved source packages: ArtifactBundleGen, SwiftFormat
2026-09-22 13:25:13.162 xcodebuild[563:3060] [MT] IDERunDestination: Supported platforms for the buildables in the current scheme is empty.
{
"dependencies" : [
{
"identity" : "swiftformat",
"requirement" : {
"range" : [
{
"lower_bound" : "0.50.4",
"upper_bound" : "1.0.0"
}
]
},
"type" : "sourceControl",
"url" : "https://github.com/nicklockwood/SwiftFormat"
}
],
"manifest_display_name" : "ArtifactBundleGen",
"name" : "ArtifactBundleGen",
"path" : "/Users/admin/builder/spi-builder-workspace",
"platforms" : [
{
"name" : "macos",
"version" : "12.0"
}
],
"products" : [
{
"name" : "ArtifactBundleGenPluginCommand",
"targets" : [
"ArtifactBundleGenPluginCommand"
],
"type" : {
"plugin" : null
}
},
{
"name" : "ArtifactBundleGen",
"targets" : [
"ArtifactBundleGen"
],
"type" : {
"library" : [
"automatic"
]
}
}
],
"targets" : [
{
"c99name" : "ArtifactBundleGenTests",
"module_type" : "SwiftTarget",
"name" : "ArtifactBundleGenTests",
"path" : "Tests/ArtifactBundleGenTests",
"sources" : [
"ArtifactBundleGenTests.swift",
"XCTestManifests.swift"
],
"target_dependencies" : [
"ArtifactBundleGen"
],
"type" : "test"
},
{
"c99name" : "ArtifactBundleGenPluginCommand",
"module_type" : "PluginTarget",
"name" : "ArtifactBundleGenPluginCommand",
"path" : "Plugins/ArtifactBundleGenPluginCommand",
"plugin_capability" : {
"intent" : {
"description" : "Generate Artifact Bundle",
"type" : "custom",
"verb" : "generate-artifact-bundle"
},
"permissions" : [
{
"network_scope" : {
"none" : {
}
},
"reason" : "Save Artifact Bundle information",
"type" : "writeToPackageDirectory"
}
],
"type" : "command"
},
"product_memberships" : [
"ArtifactBundleGenPluginCommand"
],
"sources" : [
"ArtifactBundleGenPluginCommand.swift",
"Symbolic Links/ArtifactBundleGen/ArtifactBundleGen.swift",
"Symbolic Links/ArtifactBundleGen/Error/ArtifactBundleGenError.swift",
"Symbolic Links/ArtifactBundleGen/Model/ArtifactBundle.swift",
"Symbolic Links/ArtifactBundleGen/Model/Config.swift",
"Symbolic Links/ArtifactBundleGen/Model/VariantTriples.swift",
"Symbolic Links/ArtifactBundleGen/Utils/FileCleaner.swift",
"Symbolic Links/ArtifactBundleGen/Utils/FileCopy.swift",
"Symbolic Links/ArtifactBundleGen/Utils/FileExistChecker.swift",
"Symbolic Links/ArtifactBundleGen/Utils/FolderCreator.swift",
"Symbolic Links/ArtifactBundleGen/Utils/LipoRunnner.swift",
"Symbolic Links/ArtifactBundleGen/Utils/ZipComposer.swift"
],
"type" : "plugin"
},
{
"c99name" : "ArtifactBundleGen",
"module_type" : "SwiftTarget",
"name" : "ArtifactBundleGen",
"path" : "Sources/ArtifactBundleGen",
"product_memberships" : [
"ArtifactBundleGen"
],
"sources" : [
"ArtifactBundleGen.swift",
"Error/ArtifactBundleGenError.swift",
"Model/ArtifactBundle.swift",
"Model/Config.swift",
"Model/VariantTriples.swift",
"Utils/FileCleaner.swift",
"Utils/FileCopy.swift",
"Utils/FileExistChecker.swift",
"Utils/FolderCreator.swift",
"Utils/LipoRunnner.swift",
"Utils/ZipComposer.swift"
],
"type" : "library"
}
],
"tools_version" : "5.7"
}
{
"workspace" : {
"name" : "ArtifactBundleGen",
"schemes" : [
"ArtifactBundleGen"
]
}
}
2026-09-22 13:25:57.569 xcodebuild[751:4761] [MT] IDERunDestination: Supported platforms for the buildables in the current scheme is empty.
Running build ...
env DEVELOPER_DIR=/Applications/Xcode-27.0.0-Release.Candidate.app xcrun xcodebuild -IDEClonedSourcePackagesDirPathOverride=$PWD/.dependencies -skipMacroValidation -skipPackagePluginValidation -derivedDataPath $PWD/.derivedData build -scheme ArtifactBundleGen -destination generic/platform=watchOS
Command line invocation:
/Applications/Xcode-27.0.0-Release.Candidate.app/Contents/Developer/usr/bin/xcodebuild -IDEClonedSourcePackagesDirPathOverride=/Users/admin/builder/spi-builder-workspace/.dependencies -skipMacroValidation -skipPackagePluginValidation -derivedDataPath /Users/admin/builder/spi-builder-workspace/.derivedData build -scheme ArtifactBundleGen -destination generic/platform=watchOS
Resolve Package Graph
Resolve Package Graph
Resolved source packages:
ArtifactBundleGen: /Users/admin/builder/spi-builder-workspace
SwiftFormat: https://github.com/nicklockwood/SwiftFormat @ 0.63.0
ComputePackagePrebuildTargetDependencyGraph
Prepare packages
Compile plug-in “ArtifactBundleGenPluginCommand” in package “spi-builder-workspace”
[debug]: Compiling plugin to executable at /Users/admin/builder/spi-builder-workspace/.derivedData/Build/Products/PluginExecutables/ArtifactBundleGenPluginCommand
[debug]: Using compiler /Applications/Xcode-27.0.0-Release.Candidate.app/Contents/Developer/Toolchains/XcodeDefault.xctoolchain/usr/bin/swiftc
[debug]: Plugin compilation output directory '/Users/admin/builder/spi-builder-workspace/.derivedData/Build/Products/PluginExecutables'
[debug]: Computed hash of plugin compilation inputs: 7dbe24ce229abecaf9a3f5505fce1344137537c116cef0fb56b53bc24f515ba5
Process build tool plug-in results
CreateBuildRequest
SendProjectDescription
CreateBuildOperation
ComputeTargetDependencyGraph
note: Building targets in dependency order
note: Target dependency graph (2 targets)
Target 'ArtifactBundleGen-product' in project 'ArtifactBundleGen'
➜ Explicit dependency on target 'ArtifactBundleGen' in project 'ArtifactBundleGen'
Target 'ArtifactBundleGen' in project 'ArtifactBundleGen' (no dependencies)
GatherProvisioningInputs
CreateBuildDescription
ExecuteExternalTool /Applications/Xcode-27.0.0-Release.Candidate.app/Contents/Developer/Toolchains/XcodeDefault.xctoolchain/usr/bin/clang -v -E -dM -isysroot /Applications/Xcode-27.0.0-Release.Candidate.app/Contents/Developer/Platforms/WatchOS.platform/Developer/SDKs/WatchOS27.0.sdk -x c -c /dev/null
ExecuteExternalTool /Applications/Xcode-27.0.0-Release.Candidate.app/Contents/Developer/Toolchains/XcodeDefault.xctoolchain/usr/bin/swiftc --version
ExecuteExternalTool /Applications/Xcode-27.0.0-Release.Candidate.app/Contents/Developer/Toolchains/XcodeDefault.xctoolchain/usr/bin/ld -version_details
Build description signature: 00a83f03a172f06804dff27035256081
Build description path: /Users/admin/builder/spi-builder-workspace/.derivedData/Build/Intermediates.noindex/XCBuildData/00a83f03a172f06804dff27035256081.xcbuilddata
CreateBuildDirectory /Users/admin/builder/spi-builder-workspace/.derivedData/SDKExplicitPrecompiledModules
cd /Users/admin/builder/spi-builder-workspace/.swiftpm/xcode
builtin-create-build-directory /Users/admin/builder/spi-builder-workspace/.derivedData/SDKExplicitPrecompiledModules
CreateBuildDirectory /Users/admin/builder/spi-builder-workspace/.derivedData/ModuleCache.noindex
cd /Users/admin/builder/spi-builder-workspace/.swiftpm/xcode
builtin-create-build-directory /Users/admin/builder/spi-builder-workspace/.derivedData/ModuleCache.noindex
CreateBuildDirectory /Users/admin/builder/spi-builder-workspace/.derivedData/CompilationCache.noindex
cd /Users/admin/builder/spi-builder-workspace/.swiftpm/xcode
builtin-create-build-directory /Users/admin/builder/spi-builder-workspace/.derivedData/CompilationCache.noindex
CreateBuildDirectory /Users/admin/builder/spi-builder-workspace/.derivedData/Build/Intermediates.noindex
cd /Users/admin/builder/spi-builder-workspace/.swiftpm/xcode
builtin-create-build-directory /Users/admin/builder/spi-builder-workspace/.derivedData/Build/Intermediates.noindex
ClangStatCache /Applications/Xcode-27.0.0-Release.Candidate.app/Contents/Developer/Toolchains/XcodeDefault.xctoolchain/usr/bin/clang-stat-cache /Applications/Xcode-27.0.0-Release.Candidate.app/Contents/Developer/Platforms/WatchOS.platform/Developer/SDKs/WatchOS27.0.sdk /Users/admin/builder/spi-builder-workspace/.derivedData/SDKStatCaches.noindex/watchos27.0-24R360-e829b21a6f8c9b70876ba0858053c04477534ef55a1706bf4c1112bbb242f0a2.sdkstatcache
cd /Users/admin/builder/spi-builder-workspace/.swiftpm/xcode
/Applications/Xcode-27.0.0-Release.Candidate.app/Contents/Developer/Toolchains/XcodeDefault.xctoolchain/usr/bin/clang-stat-cache /Applications/Xcode-27.0.0-Release.Candidate.app/Contents/Developer/Platforms/WatchOS.platform/Developer/SDKs/WatchOS27.0.sdk -o /Users/admin/builder/spi-builder-workspace/.derivedData/SDKStatCaches.noindex/watchos27.0-24R360-e829b21a6f8c9b70876ba0858053c04477534ef55a1706bf4c1112bbb242f0a2.sdkstatcache
CreateBuildDirectory /Users/admin/builder/spi-builder-workspace/.derivedData/Build/Products
cd /Users/admin/builder/spi-builder-workspace/.swiftpm/xcode
builtin-create-build-directory /Users/admin/builder/spi-builder-workspace/.derivedData/Build/Products
CreateBuildDirectory /Users/admin/builder/spi-builder-workspace/.derivedData/Build/Intermediates.noindex/PrecompiledHeaders
cd /Users/admin/builder/spi-builder-workspace/.swiftpm/xcode
builtin-create-build-directory /Users/admin/builder/spi-builder-workspace/.derivedData/Build/Intermediates.noindex/PrecompiledHeaders
CreateBuildDirectory /Users/admin/builder/spi-builder-workspace/.derivedData/Build/Intermediates.noindex/SwiftExplicitPrecompiledModules
cd /Users/admin/builder/spi-builder-workspace/.swiftpm/xcode
builtin-create-build-directory /Users/admin/builder/spi-builder-workspace/.derivedData/Build/Intermediates.noindex/SwiftExplicitPrecompiledModules
CreateBuildDirectory /Users/admin/builder/spi-builder-workspace/.derivedData/Build/Intermediates.noindex/ExplicitPrecompiledModules
cd /Users/admin/builder/spi-builder-workspace/.swiftpm/xcode
builtin-create-build-directory /Users/admin/builder/spi-builder-workspace/.derivedData/Build/Intermediates.noindex/ExplicitPrecompiledModules
CreateBuildDirectory /Users/admin/builder/spi-builder-workspace/.derivedData/Build/Products/Debug-watchos
cd /Users/admin/builder/spi-builder-workspace/.swiftpm/xcode
builtin-create-build-directory /Users/admin/builder/spi-builder-workspace/.derivedData/Build/Products/Debug-watchos
CreateBuildDirectory /Users/admin/builder/spi-builder-workspace/.derivedData/Build/Intermediates.noindex/EagerLinkingTBDs/Debug-watchos
cd /Users/admin/builder/spi-builder-workspace/.swiftpm/xcode
builtin-create-build-directory /Users/admin/builder/spi-builder-workspace/.derivedData/Build/Intermediates.noindex/EagerLinkingTBDs/Debug-watchos
CreateBuildDirectory /Users/admin/builder/spi-builder-workspace/.derivedData/Build/Products/Debug-watchos/PackageFrameworks
cd /Users/admin/builder/spi-builder-workspace/.swiftpm/xcode
builtin-create-build-directory /Users/admin/builder/spi-builder-workspace/.derivedData/Build/Products/Debug-watchos/PackageFrameworks
WriteAuxiliaryFile /Users/admin/builder/spi-builder-workspace/.derivedData/Build/Intermediates.noindex/ArtifactBundleGen.build/Debug-watchos/ArtifactBundleGen-t.build/ArtifactBundleGen.modulemap (in target 'ArtifactBundleGen' from project 'ArtifactBundleGen')
cd /Users/admin/builder/spi-builder-workspace
write-file /Users/admin/builder/spi-builder-workspace/.derivedData/Build/Intermediates.noindex/ArtifactBundleGen.build/Debug-watchos/ArtifactBundleGen-t.build/ArtifactBundleGen.modulemap
WriteAuxiliaryFile /Users/admin/builder/spi-builder-workspace/.derivedData/Build/Intermediates.noindex/ArtifactBundleGen.build/Debug-watchos/ArtifactBundleGen-t.build/Objects-normal/arm64_32/ArtifactBundleGen.SwiftConstValuesFileList (in target 'ArtifactBundleGen' from project 'ArtifactBundleGen')
cd /Users/admin/builder/spi-builder-workspace
write-file /Users/admin/builder/spi-builder-workspace/.derivedData/Build/Intermediates.noindex/ArtifactBundleGen.build/Debug-watchos/ArtifactBundleGen-t.build/Objects-normal/arm64_32/ArtifactBundleGen.SwiftConstValuesFileList
WriteAuxiliaryFile /Users/admin/builder/spi-builder-workspace/.derivedData/Build/Intermediates.noindex/ArtifactBundleGen.build/Debug-watchos/ArtifactBundleGen-t.build/Objects-normal/arm64_32/ArtifactBundleGen-OutputFileMap.json (in target 'ArtifactBundleGen' from project 'ArtifactBundleGen')
cd /Users/admin/builder/spi-builder-workspace
write-file /Users/admin/builder/spi-builder-workspace/.derivedData/Build/Intermediates.noindex/ArtifactBundleGen.build/Debug-watchos/ArtifactBundleGen-t.build/Objects-normal/arm64_32/ArtifactBundleGen-OutputFileMap.json
WriteAuxiliaryFile /Users/admin/builder/spi-builder-workspace/.derivedData/Build/Intermediates.noindex/ArtifactBundleGen.build/Debug-watchos/ArtifactBundleGen-t.build/Objects-normal/arm64/ArtifactBundleGen.SwiftFileList (in target 'ArtifactBundleGen' from project 'ArtifactBundleGen')
cd /Users/admin/builder/spi-builder-workspace
write-file /Users/admin/builder/spi-builder-workspace/.derivedData/Build/Intermediates.noindex/ArtifactBundleGen.build/Debug-watchos/ArtifactBundleGen-t.build/Objects-normal/arm64/ArtifactBundleGen.SwiftFileList
WriteAuxiliaryFile /Users/admin/builder/spi-builder-workspace/.derivedData/Build/Intermediates.noindex/ArtifactBundleGen.build/Debug-watchos/ArtifactBundleGen-t.build/Objects-normal/arm64_32/ArtifactBundleGen.SwiftFileList (in target 'ArtifactBundleGen' from project 'ArtifactBundleGen')
cd /Users/admin/builder/spi-builder-workspace
write-file /Users/admin/builder/spi-builder-workspace/.derivedData/Build/Intermediates.noindex/ArtifactBundleGen.build/Debug-watchos/ArtifactBundleGen-t.build/Objects-normal/arm64_32/ArtifactBundleGen.SwiftFileList
WriteAuxiliaryFile /Users/admin/builder/spi-builder-workspace/.derivedData/Build/Intermediates.noindex/ArtifactBundleGen.build/Debug-watchos/ArtifactBundleGen-t.build/Objects-normal/arm64_32/ArtifactBundleGen.LinkFileList (in target 'ArtifactBundleGen' from project 'ArtifactBundleGen')
cd /Users/admin/builder/spi-builder-workspace
write-file /Users/admin/builder/spi-builder-workspace/.derivedData/Build/Intermediates.noindex/ArtifactBundleGen.build/Debug-watchos/ArtifactBundleGen-t.build/Objects-normal/arm64_32/ArtifactBundleGen.LinkFileList
WriteAuxiliaryFile /Users/admin/builder/spi-builder-workspace/.derivedData/Build/Intermediates.noindex/ArtifactBundleGen.build/Debug-watchos/ArtifactBundleGen-t.build/Objects-normal/arm64_32/ArtifactBundleGen_const_extract_protocols.json (in target 'ArtifactBundleGen' from project 'ArtifactBundleGen')
cd /Users/admin/builder/spi-builder-workspace
write-file /Users/admin/builder/spi-builder-workspace/.derivedData/Build/Intermediates.noindex/ArtifactBundleGen.build/Debug-watchos/ArtifactBundleGen-t.build/Objects-normal/arm64_32/ArtifactBundleGen_const_extract_protocols.json
WriteAuxiliaryFile /Users/admin/builder/spi-builder-workspace/.derivedData/Build/Intermediates.noindex/ArtifactBundleGen.build/Debug-watchos/ArtifactBundleGen-t.build/Objects-normal/arm64/ArtifactBundleGen_const_extract_protocols.json (in target 'ArtifactBundleGen' from project 'ArtifactBundleGen')
cd /Users/admin/builder/spi-builder-workspace
write-file /Users/admin/builder/spi-builder-workspace/.derivedData/Build/Intermediates.noindex/ArtifactBundleGen.build/Debug-watchos/ArtifactBundleGen-t.build/Objects-normal/arm64/ArtifactBundleGen_const_extract_protocols.json
WriteAuxiliaryFile /Users/admin/builder/spi-builder-workspace/.derivedData/Build/Intermediates.noindex/ArtifactBundleGen.build/Debug-watchos/ArtifactBundleGen-t.build/Objects-normal/arm64/ArtifactBundleGen.SwiftConstValuesFileList (in target 'ArtifactBundleGen' from project 'ArtifactBundleGen')
cd /Users/admin/builder/spi-builder-workspace
write-file /Users/admin/builder/spi-builder-workspace/.derivedData/Build/Intermediates.noindex/ArtifactBundleGen.build/Debug-watchos/ArtifactBundleGen-t.build/Objects-normal/arm64/ArtifactBundleGen.SwiftConstValuesFileList
WriteAuxiliaryFile /Users/admin/builder/spi-builder-workspace/.derivedData/Build/Intermediates.noindex/ArtifactBundleGen.build/Debug-watchos/ArtifactBundleGen-t.build/Objects-normal/arm64/ArtifactBundleGen.LinkFileList (in target 'ArtifactBundleGen' from project 'ArtifactBundleGen')
cd /Users/admin/builder/spi-builder-workspace
write-file /Users/admin/builder/spi-builder-workspace/.derivedData/Build/Intermediates.noindex/ArtifactBundleGen.build/Debug-watchos/ArtifactBundleGen-t.build/Objects-normal/arm64/ArtifactBundleGen.LinkFileList
WriteAuxiliaryFile /Users/admin/builder/spi-builder-workspace/.derivedData/Build/Intermediates.noindex/ArtifactBundleGen.build/Debug-watchos/ArtifactBundleGen-t.build/Objects-normal/arm64/ArtifactBundleGen-OutputFileMap.json (in target 'ArtifactBundleGen' from project 'ArtifactBundleGen')
cd /Users/admin/builder/spi-builder-workspace
write-file /Users/admin/builder/spi-builder-workspace/.derivedData/Build/Intermediates.noindex/ArtifactBundleGen.build/Debug-watchos/ArtifactBundleGen-t.build/Objects-normal/arm64/ArtifactBundleGen-OutputFileMap.json
WriteAuxiliaryFile /Users/admin/builder/spi-builder-workspace/.derivedData/Build/Intermediates.noindex/ArtifactBundleGen.build/Debug-watchos/ArtifactBundleGen-t.build/ArtifactBundleGen.DependencyStaticMetadataFileList (in target 'ArtifactBundleGen' from project 'ArtifactBundleGen')
cd /Users/admin/builder/spi-builder-workspace
write-file /Users/admin/builder/spi-builder-workspace/.derivedData/Build/Intermediates.noindex/ArtifactBundleGen.build/Debug-watchos/ArtifactBundleGen-t.build/ArtifactBundleGen.DependencyStaticMetadataFileList
WriteAuxiliaryFile /Users/admin/builder/spi-builder-workspace/.derivedData/Build/Intermediates.noindex/ArtifactBundleGen.build/Debug-watchos/ArtifactBundleGen-t.build/ArtifactBundleGen.DependencyMetadataFileList (in target 'ArtifactBundleGen' from project 'ArtifactBundleGen')
cd /Users/admin/builder/spi-builder-workspace
write-file /Users/admin/builder/spi-builder-workspace/.derivedData/Build/Intermediates.noindex/ArtifactBundleGen.build/Debug-watchos/ArtifactBundleGen-t.build/ArtifactBundleGen.DependencyMetadataFileList
Copy /Users/admin/builder/spi-builder-workspace/.derivedData/Build/Intermediates.noindex/GeneratedModuleMaps-watchos/ArtifactBundleGen.modulemap /Users/admin/builder/spi-builder-workspace/.derivedData/Build/Intermediates.noindex/ArtifactBundleGen.build/Debug-watchos/ArtifactBundleGen-t.build/ArtifactBundleGen.modulemap (in target 'ArtifactBundleGen' from project 'ArtifactBundleGen')
cd /Users/admin/builder/spi-builder-workspace
builtin-copy -exclude .DS_Store -exclude CVS -exclude .svn -exclude .git -exclude .hg -resolve-src-symlinks /Users/admin/builder/spi-builder-workspace/.derivedData/Build/Intermediates.noindex/ArtifactBundleGen.build/Debug-watchos/ArtifactBundleGen-t.build/ArtifactBundleGen.modulemap /Users/admin/builder/spi-builder-workspace/.derivedData/Build/Intermediates.noindex/GeneratedModuleMaps-watchos
SwiftDriver ArtifactBundleGen normal arm64_32 com.apple.xcode.tools.swift.compiler (in target 'ArtifactBundleGen' from project 'ArtifactBundleGen')
cd /Users/admin/builder/spi-builder-workspace/.swiftpm/xcode
builtin-SwiftDriver -- /Applications/Xcode-27.0.0-Release.Candidate.app/Contents/Developer/Toolchains/XcodeDefault.xctoolchain/usr/bin/swiftc -parse-as-library -module-name ArtifactBundleGen -Onone @/Users/admin/builder/spi-builder-workspace/.derivedData/Build/Intermediates.noindex/ArtifactBundleGen.build/Debug-watchos/ArtifactBundleGen-t.build/Objects-normal/arm64_32/ArtifactBundleGen.SwiftFileList -DSWIFT_PACKAGE -DDEBUG -DSWIFT_MODULE_RESOURCE_BUNDLE_UNAVAILABLE -DXcode -plugin-path /Applications/Xcode-27.0.0-Release.Candidate.app/Contents/Developer/Toolchains/XcodeDefault.xctoolchain/usr/lib/swift/host/plugins/testing -enable-experimental-feature DebugDescriptionMacro -sdk /Applications/Xcode-27.0.0-Release.Candidate.app/Contents/Developer/Platforms/WatchOS.platform/Developer/SDKs/WatchOS27.0.sdk -target arm64_32-apple-watchos9.0 -g -module-cache-path /Users/admin/builder/spi-builder-workspace/.derivedData/ModuleCache.noindex -Xfrontend -serialize-debugging-options -profile-coverage-mapping -profile-generate -enable-testing -index-store-path /Users/admin/builder/spi-builder-workspace/.derivedData/Index.noindex/DataStore -Xcc -D_LIBCPP_HARDENING_MODE\=_LIBCPP_HARDENING_MODE_DEBUG -swift-version 5 -I /Users/admin/builder/spi-builder-workspace/.derivedData/Build/Products/Debug-watchos -Isystem /Applications/Xcode-27.0.0-Release.Candidate.app/Contents/Developer/Platforms/WatchOS.platform/Developer/usr/lib -F /Users/admin/builder/spi-builder-workspace/.derivedData/Build/Products/Debug-watchos -F /Applications/Xcode-27.0.0-Release.Candidate.app/Contents/Developer/Platforms/WatchOS.platform/Developer/Library/Frameworks -F /Applications/Xcode-27.0.0-Release.Candidate.app/Contents/Developer/Platforms/WatchOS.platform/Developer/SDKs/WatchOS27.0.sdk/Developer/Library/Frameworks -c -j10 -enable-batch-mode -incremental -Xcc -ivfsstatcache -Xcc /Users/admin/builder/spi-builder-workspace/.derivedData/SDKStatCaches.noindex/watchos27.0-24R360-e829b21a6f8c9b70876ba0858053c04477534ef55a1706bf4c1112bbb242f0a2.sdkstatcache -output-file-map /Users/admin/builder/spi-builder-workspace/.derivedData/Build/Intermediates.noindex/ArtifactBundleGen.build/Debug-watchos/ArtifactBundleGen-t.build/Objects-normal/arm64_32/ArtifactBundleGen-OutputFileMap.json -save-temps -no-color-diagnostics -explicit-module-build -module-cache-path /Users/admin/builder/spi-builder-workspace/.derivedData/Build/Intermediates.noindex/SwiftExplicitPrecompiledModules -clang-scanner-module-cache-path /Users/admin/builder/spi-builder-workspace/.derivedData/ModuleCache.noindex -sdk-module-cache-path /Users/admin/builder/spi-builder-workspace/.derivedData/SDKExplicitPrecompiledModules -emit-dependencies -emit-module -emit-module-path /Users/admin/builder/spi-builder-workspace/.derivedData/Build/Intermediates.noindex/ArtifactBundleGen.build/Debug-watchos/ArtifactBundleGen-t.build/Objects-normal/arm64_32/ArtifactBundleGen.swiftmodule -serialize-diagnostics -dependency-scan-serialize-diagnostics-path /Users/admin/builder/spi-builder-workspace/.derivedData/Build/Intermediates.noindex/ArtifactBundleGen.build/Debug-watchos/ArtifactBundleGen-t.build/Objects-normal/arm64_32/ArtifactBundleGen-dependency-scan.dia -validate-clang-modules-once -clang-build-session-file /Users/admin/builder/spi-builder-workspace/.derivedData/ModuleCache.noindex/Session.modulevalidation -Xcc -fmodules-prune-interval\=86400 -Xcc -fmodules-prune-after\=345600 -emit-const-values -const-gather-protocols-list /Users/admin/builder/spi-builder-workspace/.derivedData/Build/Intermediates.noindex/ArtifactBundleGen.build/Debug-watchos/ArtifactBundleGen-t.build/Objects-normal/arm64_32/ArtifactBundleGen_const_extract_protocols.json -Xcc -I/Users/admin/builder/spi-builder-workspace/.derivedData/Build/Products/Debug-watchos/include -Xcc -I/Users/admin/builder/spi-builder-workspace/.derivedData/Build/Intermediates.noindex/ArtifactBundleGen.build/Debug-watchos/ArtifactBundleGen-t.build/DerivedSources-normal/arm64_32 -Xcc -I/Users/admin/builder/spi-builder-workspace/.derivedData/Build/Intermediates.noindex/ArtifactBundleGen.build/Debug-watchos/ArtifactBundleGen-t.build/DerivedSources/arm64_32 -Xcc -I/Users/admin/builder/spi-builder-workspace/.derivedData/Build/Intermediates.noindex/ArtifactBundleGen.build/Debug-watchos/ArtifactBundleGen-t.build/DerivedSources -Xcc -DSWIFT_PACKAGE -Xcc -DDEBUG\=1 -emit-objc-header -emit-objc-header-path /Users/admin/builder/spi-builder-workspace/.derivedData/Build/Intermediates.noindex/ArtifactBundleGen.build/Debug-watchos/ArtifactBundleGen-t.build/Objects-normal/arm64_32/ArtifactBundleGen-Swift.h -working-directory /Users/admin/builder/spi-builder-workspace/.swiftpm/xcode -experimental-emit-module-separately -disable-cmo
SwiftDriver ArtifactBundleGen normal arm64 com.apple.xcode.tools.swift.compiler (in target 'ArtifactBundleGen' from project 'ArtifactBundleGen')
cd /Users/admin/builder/spi-builder-workspace/.swiftpm/xcode
builtin-SwiftDriver -- /Applications/Xcode-27.0.0-Release.Candidate.app/Contents/Developer/Toolchains/XcodeDefault.xctoolchain/usr/bin/swiftc -parse-as-library -module-name ArtifactBundleGen -Onone @/Users/admin/builder/spi-builder-workspace/.derivedData/Build/Intermediates.noindex/ArtifactBundleGen.build/Debug-watchos/ArtifactBundleGen-t.build/Objects-normal/arm64/ArtifactBundleGen.SwiftFileList -DSWIFT_PACKAGE -DDEBUG -DSWIFT_MODULE_RESOURCE_BUNDLE_UNAVAILABLE -DXcode -plugin-path /Applications/Xcode-27.0.0-Release.Candidate.app/Contents/Developer/Toolchains/XcodeDefault.xctoolchain/usr/lib/swift/host/plugins/testing -enable-experimental-feature DebugDescriptionMacro -sdk /Applications/Xcode-27.0.0-Release.Candidate.app/Contents/Developer/Platforms/WatchOS.platform/Developer/SDKs/WatchOS27.0.sdk -target arm64-apple-watchos9.0 -g -module-cache-path /Users/admin/builder/spi-builder-workspace/.derivedData/ModuleCache.noindex -Xfrontend -serialize-debugging-options -profile-coverage-mapping -profile-generate -enable-testing -index-store-path /Users/admin/builder/spi-builder-workspace/.derivedData/Index.noindex/DataStore -Xcc -D_LIBCPP_HARDENING_MODE\=_LIBCPP_HARDENING_MODE_DEBUG -swift-version 5 -I /Users/admin/builder/spi-builder-workspace/.derivedData/Build/Products/Debug-watchos -Isystem /Applications/Xcode-27.0.0-Release.Candidate.app/Contents/Developer/Platforms/WatchOS.platform/Developer/usr/lib -F /Users/admin/builder/spi-builder-workspace/.derivedData/Build/Products/Debug-watchos -F /Applications/Xcode-27.0.0-Release.Candidate.app/Contents/Developer/Platforms/WatchOS.platform/Developer/Library/Frameworks -F /Applications/Xcode-27.0.0-Release.Candidate.app/Contents/Developer/Platforms/WatchOS.platform/Developer/SDKs/WatchOS27.0.sdk/Developer/Library/Frameworks -c -j10 -enable-batch-mode -incremental -Xcc -ivfsstatcache -Xcc /Users/admin/builder/spi-builder-workspace/.derivedData/SDKStatCaches.noindex/watchos27.0-24R360-e829b21a6f8c9b70876ba0858053c04477534ef55a1706bf4c1112bbb242f0a2.sdkstatcache -output-file-map /Users/admin/builder/spi-builder-workspace/.derivedData/Build/Intermediates.noindex/ArtifactBundleGen.build/Debug-watchos/ArtifactBundleGen-t.build/Objects-normal/arm64/ArtifactBundleGen-OutputFileMap.json -save-temps -no-color-diagnostics -explicit-module-build -module-cache-path /Users/admin/builder/spi-builder-workspace/.derivedData/Build/Intermediates.noindex/SwiftExplicitPrecompiledModules -clang-scanner-module-cache-path /Users/admin/builder/spi-builder-workspace/.derivedData/ModuleCache.noindex -sdk-module-cache-path /Users/admin/builder/spi-builder-workspace/.derivedData/SDKExplicitPrecompiledModules -emit-dependencies -emit-module -emit-module-path /Users/admin/builder/spi-builder-workspace/.derivedData/Build/Intermediates.noindex/ArtifactBundleGen.build/Debug-watchos/ArtifactBundleGen-t.build/Objects-normal/arm64/ArtifactBundleGen.swiftmodule -serialize-diagnostics -dependency-scan-serialize-diagnostics-path /Users/admin/builder/spi-builder-workspace/.derivedData/Build/Intermediates.noindex/ArtifactBundleGen.build/Debug-watchos/ArtifactBundleGen-t.build/Objects-normal/arm64/ArtifactBundleGen-dependency-scan.dia -validate-clang-modules-once -clang-build-session-file /Users/admin/builder/spi-builder-workspace/.derivedData/ModuleCache.noindex/Session.modulevalidation -Xcc -fmodules-prune-interval\=86400 -Xcc -fmodules-prune-after\=345600 -emit-const-values -const-gather-protocols-list /Users/admin/builder/spi-builder-workspace/.derivedData/Build/Intermediates.noindex/ArtifactBundleGen.build/Debug-watchos/ArtifactBundleGen-t.build/Objects-normal/arm64/ArtifactBundleGen_const_extract_protocols.json -Xcc -I/Users/admin/builder/spi-builder-workspace/.derivedData/Build/Products/Debug-watchos/include -Xcc -I/Users/admin/builder/spi-builder-workspace/.derivedData/Build/Intermediates.noindex/ArtifactBundleGen.build/Debug-watchos/ArtifactBundleGen-t.build/DerivedSources-normal/arm64 -Xcc -I/Users/admin/builder/spi-builder-workspace/.derivedData/Build/Intermediates.noindex/ArtifactBundleGen.build/Debug-watchos/ArtifactBundleGen-t.build/DerivedSources/arm64 -Xcc -I/Users/admin/builder/spi-builder-workspace/.derivedData/Build/Intermediates.noindex/ArtifactBundleGen.build/Debug-watchos/ArtifactBundleGen-t.build/DerivedSources -Xcc -DSWIFT_PACKAGE -Xcc -DDEBUG\=1 -emit-objc-header -emit-objc-header-path /Users/admin/builder/spi-builder-workspace/.derivedData/Build/Intermediates.noindex/ArtifactBundleGen.build/Debug-watchos/ArtifactBundleGen-t.build/Objects-normal/arm64/ArtifactBundleGen-Swift.h -working-directory /Users/admin/builder/spi-builder-workspace/.swiftpm/xcode -experimental-emit-module-separately -disable-cmo
SwiftExplicitDependencyGeneratePcm arm64 /Users/admin/builder/spi-builder-workspace/.derivedData/SDKExplicitPrecompiledModules/_Builtin_stddef-1FU30Y8SWFB7OUUHMJQH5J6FM.pcm
SwiftExplicitDependencyGeneratePcm arm64_32 /Users/admin/builder/spi-builder-workspace/.derivedData/SDKExplicitPrecompiledModules/_SwiftConcurrencyShims-6RTBPQ03V7BM9SPRK8SUE055H.pcm
SwiftExplicitDependencyGeneratePcm arm64 /Users/admin/builder/spi-builder-workspace/.derivedData/SDKExplicitPrecompiledModules/_SwiftConcurrencyShims-659N52XSKR5F0QSB880BH2FJR.pcm
SwiftExplicitDependencyGeneratePcm arm64 /Users/admin/builder/spi-builder-workspace/.derivedData/SDKExplicitPrecompiledModules/_Builtin_stdbool-83J96QSOFE9VX04AAS6310UAE.pcm
SwiftExplicitDependencyGeneratePcm arm64 /Users/admin/builder/spi-builder-workspace/.derivedData/SDKExplicitPrecompiledModules/ptrauth-3TZ9WJCGLYD25HQPWH4968ONX.pcm
SwiftExplicitDependencyGeneratePcm arm64 /Users/admin/builder/spi-builder-workspace/.derivedData/SDKExplicitPrecompiledModules/_Builtin_float-C0CW5Q4HGBQYKE77TC42IAFB5.pcm
SwiftExplicitDependencyGeneratePcm arm64 /Users/admin/builder/spi-builder-workspace/.derivedData/SDKExplicitPrecompiledModules/_AvailabilityInternal-BUNV3UXM65NT37THI4W1AM0SF.pcm
SwiftExplicitDependencyGeneratePcm arm64 /Users/admin/builder/spi-builder-workspace/.derivedData/SDKExplicitPrecompiledModules/_Builtin_stdarg-A7UU8LE6MP85SM26YO7PBZNUQ.pcm
SwiftExplicitDependencyGeneratePcm arm64_32 /Users/admin/builder/spi-builder-workspace/.derivedData/SDKExplicitPrecompiledModules/SwiftShims-9CQQGWTSNTN9EB5NSHDWUJICH.pcm
SwiftExplicitDependencyGeneratePcm arm64 /Users/admin/builder/spi-builder-workspace/.derivedData/SDKExplicitPrecompiledModules/SwiftShims-4MXFZPV6FEB0XBYXCGPWAMQGL.pcm
SwiftExplicitDependencyGeneratePcm arm64_32 /Users/admin/builder/spi-builder-workspace/.derivedData/SDKExplicitPrecompiledModules/ptrauth-BFXF358ME5AK535N5A9Z766WU.pcm
SwiftExplicitDependencyGeneratePcm arm64_32 /Users/admin/builder/spi-builder-workspace/.derivedData/SDKExplicitPrecompiledModules/ptrcheck-7ELIH9BTIGVKX3UBITM9N72WD.pcm
SwiftExplicitDependencyGeneratePcm arm64_32 /Users/admin/builder/spi-builder-workspace/.derivedData/SDKExplicitPrecompiledModules/_Builtin_stddef-H44EFHQX6XSS5MZ7QP6YJZ76.pcm
SwiftExplicitDependencyGeneratePcm arm64_32 /Users/admin/builder/spi-builder-workspace/.derivedData/SDKExplicitPrecompiledModules/_Builtin_float-6KO8O3PEWRCA4WC6PPLOYO6WJ.pcm
SwiftExplicitDependencyGeneratePcm arm64_32 /Users/admin/builder/spi-builder-workspace/.derivedData/SDKExplicitPrecompiledModules/_Builtin_stdbool-A967K8W8YUYEC9SN52KJ7OO88.pcm
SwiftExplicitDependencyGeneratePcm arm64_32 /Users/admin/builder/spi-builder-workspace/.derivedData/SDKExplicitPrecompiledModules/_AvailabilityInternal-244WAN3Z1QBT7PIA64EZEFY1R.pcm
SwiftExplicitDependencyGeneratePcm arm64_32 /Users/admin/builder/spi-builder-workspace/.derivedData/SDKExplicitPrecompiledModules/_Builtin_stdarg-D305JG44A2WPI6CJY37X3QJE8.pcm
SwiftExplicitDependencyGeneratePcm arm64 /Users/admin/builder/spi-builder-workspace/.derivedData/SDKExplicitPrecompiledModules/ptrcheck-AIF0NDOYZ8ORBNHQAQR5NNB8M.pcm
SwiftExplicitDependencyGeneratePcm arm64 /Users/admin/builder/spi-builder-workspace/.derivedData/SDKExplicitPrecompiledModules/_DarwinFoundation1-7SPX3MD0HMP55E4OLNCPNDQ53.pcm
SwiftExplicitDependencyGeneratePcm arm64_32 /Users/admin/builder/spi-builder-workspace/.derivedData/SDKExplicitPrecompiledModules/_DarwinFoundation1-2GWF9RFMPLQW4PDHS3NARVI3G.pcm
SwiftExplicitDependencyGeneratePcm arm64 /Users/admin/builder/spi-builder-workspace/.derivedData/SDKExplicitPrecompiledModules/_DarwinFoundation2-D0XAPJU49S5E9XMKYOFGSTB1Q.pcm
SwiftExplicitDependencyGeneratePcm arm64 /Users/admin/builder/spi-builder-workspace/.derivedData/SDKExplicitPrecompiledModules/_Builtin_limits-9GWPA2B0H20DYUNYHYCWKABJG.pcm
SwiftExplicitDependencyGeneratePcm arm64_32 /Users/admin/builder/spi-builder-workspace/.derivedData/SDKExplicitPrecompiledModules/_DarwinFoundation2-9MY8GOSYRO0M9MKNXF6D3MBNK.pcm
SwiftExplicitDependencyGeneratePcm arm64_32 /Users/admin/builder/spi-builder-workspace/.derivedData/SDKExplicitPrecompiledModules/_Builtin_limits-3VKBU2AFTD65PAJZ5CJ3LHFM2.pcm
SwiftExplicitDependencyGeneratePcm arm64 /Users/admin/builder/spi-builder-workspace/.derivedData/SDKExplicitPrecompiledModules/_Builtin_stdint-8XMILLJZEGRN2XG7XZUXZ5RLX.pcm
SwiftExplicitDependencyGeneratePcm arm64 /Users/admin/builder/spi-builder-workspace/.derivedData/SDKExplicitPrecompiledModules/string_h-E6PRXK75PHIPCZFWOFCQ3QBMK.pcm
SwiftExplicitDependencyGeneratePcm arm64 /Users/admin/builder/spi-builder-workspace/.derivedData/SDKExplicitPrecompiledModules/sys_types-2KXQLI78OUCDP779AE68GZJ2.pcm
SwiftExplicitDependencyGeneratePcm arm64_32 /Users/admin/builder/spi-builder-workspace/.derivedData/SDKExplicitPrecompiledModules/string_h-BFVLUQUSBZWYMLCU9QI7VZALW.pcm
SwiftExplicitDependencyGeneratePcm arm64_32 /Users/admin/builder/spi-builder-workspace/.derivedData/SDKExplicitPrecompiledModules/sys_types-8TLLMW08ZJWDGIIPKOYFGHHZW.pcm
SwiftExplicitDependencyGeneratePcm arm64_32 /Users/admin/builder/spi-builder-workspace/.derivedData/SDKExplicitPrecompiledModules/_Builtin_stdint-1HMXWI3V0V4TXHRWZOMZGZ80Y.pcm
SwiftExplicitDependencyGeneratePcm arm64 /Users/admin/builder/spi-builder-workspace/.derivedData/SDKExplicitPrecompiledModules/_DarwinFoundation3-B97LRG0E9GON2NUE65TVG81HU.pcm
SwiftExplicitDependencyGeneratePcm arm64_32 /Users/admin/builder/spi-builder-workspace/.derivedData/SDKExplicitPrecompiledModules/_DarwinFoundation3-3DUTYQDQSD9HUAAVY947NMWOI.pcm
SwiftExplicitDependencyGeneratePcm arm64 /Users/admin/builder/spi-builder-workspace/.derivedData/SDKExplicitPrecompiledModules/_Builtin_inttypes-3UQSCM7WNM9EK4HZML8TY5J3D.pcm
SwiftExplicitDependencyGeneratePcm arm64_32 /Users/admin/builder/spi-builder-workspace/.derivedData/SDKExplicitPrecompiledModules/_Builtin_inttypes-D2KPCR4PEX9AQA33NGLUT5SBR.pcm
SwiftExplicitDependencyGeneratePcm arm64 /Users/admin/builder/spi-builder-workspace/.derivedData/SDKExplicitPrecompiledModules/Darwin-3984OXKFNSPE77NT743WK8SEX.pcm
SwiftExplicitDependencyGeneratePcm arm64_32 /Users/admin/builder/spi-builder-workspace/.derivedData/SDKExplicitPrecompiledModules/Darwin-3FVT1SKLN2ZQ5RVOABMTQBB34.pcm
SwiftExplicitDependencyGeneratePcm arm64_32 /Users/admin/builder/spi-builder-workspace/.derivedData/SDKExplicitPrecompiledModules/ObjectiveC-6IJNELR2E80E7LUKESVCP2KET.pcm
SwiftExplicitDependencyGeneratePcm arm64 /Users/admin/builder/spi-builder-workspace/.derivedData/SDKExplicitPrecompiledModules/ObjectiveC-72IVD3VS2RS8Q28D9PIMY0KQP.pcm
SwiftExplicitDependencyGeneratePcm arm64 /Users/admin/builder/spi-builder-workspace/.derivedData/SDKExplicitPrecompiledModules/os_object-3SDKD7F87FTZ26OON37DRYT6O.pcm
SwiftExplicitDependencyGeneratePcm arm64_32 /Users/admin/builder/spi-builder-workspace/.derivedData/SDKExplicitPrecompiledModules/os_object-5YWTC6L4756IWSTPGXS5NM0D0.pcm
SwiftExplicitDependencyGeneratePcm arm64_32 /Users/admin/builder/spi-builder-workspace/.derivedData/SDKExplicitPrecompiledModules/os_workgroup-5JHTPDMNBUNHLJI8LPHKQK1JK.pcm
SwiftExplicitDependencyGeneratePcm arm64 /Users/admin/builder/spi-builder-workspace/.derivedData/SDKExplicitPrecompiledModules/os_workgroup-89GG5G7YC2D0ZTK6AZXXQ20DH.pcm
SwiftExplicitDependencyGeneratePcm arm64 /Users/admin/builder/spi-builder-workspace/.derivedData/SDKExplicitPrecompiledModules/Dispatch-1NLJOVAK60XP0DUB05XA59EIM.pcm
SwiftExplicitDependencyGeneratePcm arm64_32 /Users/admin/builder/spi-builder-workspace/.derivedData/SDKExplicitPrecompiledModules/Dispatch-2P62F1T4XV63S4P99TUDTOK2Q.pcm
SwiftExplicitDependencyGeneratePcm arm64_32 /Users/admin/builder/spi-builder-workspace/.derivedData/SDKExplicitPrecompiledModules/CoreFoundation-8E6Y4BA3EXYKUGJ24GT9LGV3N.pcm
SwiftExplicitDependencyGeneratePcm arm64_32 /Users/admin/builder/spi-builder-workspace/.derivedData/SDKExplicitPrecompiledModules/XPC-81Y45QFY96XYYFCW2GT6FY8S4.pcm
SwiftExplicitDependencyGeneratePcm arm64 /Users/admin/builder/spi-builder-workspace/.derivedData/SDKExplicitPrecompiledModules/XPC-40DR0X1DHKGCV4J1IOLFS8MOU.pcm
SwiftExplicitDependencyGeneratePcm arm64 /Users/admin/builder/spi-builder-workspace/.derivedData/SDKExplicitPrecompiledModules/CoreFoundation-8T2L24YC5NU7WO6WQJWRY7W08.pcm
SwiftExplicitDependencyGeneratePcm arm64 /Users/admin/builder/spi-builder-workspace/.derivedData/SDKExplicitPrecompiledModules/Security-6RZ6YBRU8WCUHRFFRVUK5WKMM.pcm
SwiftExplicitDependencyGeneratePcm arm64_32 /Users/admin/builder/spi-builder-workspace/.derivedData/SDKExplicitPrecompiledModules/Security-D7TOWF88VWF67TB9HAFP5UWB1.pcm
SwiftExplicitDependencyGeneratePcm arm64_32 /Users/admin/builder/spi-builder-workspace/.derivedData/SDKExplicitPrecompiledModules/Foundation-BJ2VQGI3OGR34500MEQ1VKHPH.pcm
SwiftExplicitDependencyGeneratePcm arm64 /Users/admin/builder/spi-builder-workspace/.derivedData/SDKExplicitPrecompiledModules/Foundation-DLBKUSGXN8QHAT8W0OARR9S8A.pcm
SwiftCompile normal arm64_32 Compiling\ ZipComposer.swift /Users/admin/builder/spi-builder-workspace/Sources/ArtifactBundleGen/Utils/ZipComposer.swift (in target 'ArtifactBundleGen' from project 'ArtifactBundleGen')
SwiftCompile normal arm64_32 /Users/admin/builder/spi-builder-workspace/Sources/ArtifactBundleGen/Utils/ZipComposer.swift (in target 'ArtifactBundleGen' from project 'ArtifactBundleGen')
cd /Users/admin/builder/spi-builder-workspace/.swiftpm/xcode
builtin-SwiftPerFileCompile ZipComposer.swift
/Users/admin/builder/spi-builder-workspace/Sources/ArtifactBundleGen/Utils/ZipComposer.swift:7:21: error: cannot find 'Process' in scope
5 | try await withCheckedThrowingContinuation { continuation in
6 | do {
7 | try Process.run(URL(fileURLWithPath: "/usr/bin/zip"), arguments: ["-FSr", "\(bundlePath.relativePath).zip", "\(bundlePath.relativePath)"]) { _ in
| `- error: cannot find 'Process' in scope
8 | continuation.resume(returning: ())
9 | }
Failed frontend command:
/Applications/Xcode-27.0.0-Release.Candidate.app/Contents/Developer/Toolchains/XcodeDefault.xctoolchain/usr/bin/swift-frontend -frontend -c /Users/admin/builder/spi-builder-workspace/Sources/ArtifactBundleGen/ArtifactBundleGen.swift /Users/admin/builder/spi-builder-workspace/Sources/ArtifactBundleGen/Error/ArtifactBundleGenError.swift /Users/admin/builder/spi-builder-workspace/Sources/ArtifactBundleGen/Model/ArtifactBundle.swift /Users/admin/builder/spi-builder-workspace/Sources/ArtifactBundleGen/Model/Config.swift /Users/admin/builder/spi-builder-workspace/Sources/ArtifactBundleGen/Model/VariantTriples.swift /Users/admin/builder/spi-builder-workspace/Sources/ArtifactBundleGen/Utils/FileCleaner.swift /Users/admin/builder/spi-builder-workspace/Sources/ArtifactBundleGen/Utils/FileCopy.swift /Users/admin/builder/spi-builder-workspace/Sources/ArtifactBundleGen/Utils/FileExistChecker.swift /Users/admin/builder/spi-builder-workspace/Sources/ArtifactBundleGen/Utils/FolderCreator.swift /Users/admin/builder/spi-builder-workspace/Sources/ArtifactBundleGen/Utils/LipoRunnner.swift -primary-file /Users/admin/builder/spi-builder-workspace/Sources/ArtifactBundleGen/Utils/ZipComposer.swift -emit-dependencies-path /Users/admin/builder/spi-builder-workspace/.derivedData/Build/Intermediates.noindex/ArtifactBundleGen.build/Debug-watchos/ArtifactBundleGen-t.build/Objects-normal/arm64_32/ZipComposer.d -emit-const-values-path /Users/admin/builder/spi-builder-workspace/.derivedData/Build/Intermediates.noindex/ArtifactBundleGen.build/Debug-watchos/ArtifactBundleGen-t.build/Objects-normal/arm64_32/ZipComposer.swiftconstvalues -emit-reference-dependencies-path /Users/admin/builder/spi-builder-workspace/.derivedData/Build/Intermediates.noindex/ArtifactBundleGen.build/Debug-watchos/ArtifactBundleGen-t.build/Objects-normal/arm64_32/ZipComposer.swiftdeps -serialize-diagnostics-path /Users/admin/builder/spi-builder-workspace/.derivedData/Build/Intermediates.noindex/ArtifactBundleGen.build/Debug-watchos/ArtifactBundleGen-t.build/Objects-normal/arm64_32/ZipComposer.dia -target arm64_32-apple-watchos9.0 -disable-cross-import-overlay-search -load-resolved-plugin /Applications/Xcode-27.0.0-Release.Candidate.app/Contents/Developer/Platforms/WatchOS.platform/Developer/usr/lib/swift/host/plugins/libFoundationMacros.dylib\#/Applications/Xcode-27.0.0-Release.Candidate.app/Contents/Developer/Platforms/WatchOS.platform/Developer/usr/bin/swift-plugin-server\#FoundationMacros -load-resolved-plugin /Applications/Xcode-27.0.0-Release.Candidate.app/Contents/Developer/Platforms/WatchOS.platform/Developer/usr/lib/swift/host/plugins/libObservationMacros.dylib\#/Applications/Xcode-27.0.0-Release.Candidate.app/Contents/Developer/Platforms/WatchOS.platform/Developer/usr/bin/swift-plugin-server\#ObservationMacros -load-resolved-plugin /Applications/Xcode-27.0.0-Release.Candidate.app/Contents/Developer/Platforms/WatchOS.platform/Developer/usr/lib/swift/host/plugins/libSwiftMacros.dylib\#/Applications/Xcode-27.0.0-Release.Candidate.app/Contents/Developer/Platforms/WatchOS.platform/Developer/usr/bin/swift-plugin-server\#SwiftMacros -disable-implicit-swift-modules -Xcc -fno-implicit-modules -Xcc -fno-implicit-module-maps -explicit-swift-module-map-file /Users/admin/builder/spi-builder-workspace/.derivedData/Build/Intermediates.noindex/ArtifactBundleGen.build/Debug-watchos/ArtifactBundleGen-t.build/Objects-normal/arm64_32/ArtifactBundleGen-dependencies-2.json -enable-objc-interop -sdk /Applications/Xcode-27.0.0-Release.Candidate.app/Contents/Developer/Platforms/WatchOS.platform/Developer/SDKs/WatchOS27.0.sdk -I /Users/admin/builder/spi-builder-workspace/.derivedData/Build/Products/Debug-watchos -Isystem /Applications/Xcode-27.0.0-Release.Candidate.app/Contents/Developer/Platforms/WatchOS.platform/Developer/usr/lib -F /Users/admin/builder/spi-builder-workspace/.derivedData/Build/Products/Debug-watchos -F /Applications/Xcode-27.0.0-Release.Candidate.app/Contents/Developer/Platforms/WatchOS.platform/Developer/Library/Frameworks -F /Applications/Xcode-27.0.0-Release.Candidate.app/Contents/Developer/Platforms/WatchOS.platform/Developer/SDKs/WatchOS27.0.sdk/Developer/Library/Frameworks -module-cache-path /Users/admin/builder/spi-builder-workspace/.derivedData/Build/Intermediates.noindex/SwiftExplicitPrecompiledModules -no-color-diagnostics -Xcc -fno-color-diagnostics -enable-testing -g -debug-info-format\=dwarf -dwarf-version\=4 -profile-generate -profile-coverage-mapping -swift-version 5 -Onone -D SWIFT_PACKAGE -D DEBUG -D SWIFT_MODULE_RESOURCE_BUNDLE_UNAVAILABLE -D Xcode -serialize-debugging-options -enable-experimental-feature DebugDescriptionMacro -empty-abi-descriptor -validate-clang-modules-once -clang-build-session-file /Users/admin/builder/spi-builder-workspace/.derivedData/ModuleCache.noindex/Session.modulevalidation -Xcc -working-directory -Xcc /Users/admin/builder/spi-builder-workspace/.swiftpm/xcode -enable-anonymous-context-mangled-names -file-compilation-dir /Users/admin/builder/spi-builder-workspace/.swiftpm/xcode -Xcc -D_LIBCPP_HARDENING_MODE\=_LIBCPP_HARDENING_MODE_DEBUG -Xcc -ivfsstatcache -Xcc /Users/admin/builder/spi-builder-workspace/.derivedData/SDKStatCaches.noindex/watchos27.0-24R360-e829b21a6f8c9b70876ba0858053c04477534ef55a1706bf4c1112bbb242f0a2.sdkstatcache -Xcc -fmodules-prune-interval\=86400 -Xcc -fmodules-prune-after\=345600 -Xcc -I/Users/admin/builder/spi-builder-workspace/.derivedData/Build/Products/Debug-watchos/include -Xcc -I/Users/admin/builder/spi-builder-workspace/.derivedData/Build/Intermediates.noindex/ArtifactBundleGen.build/Debug-watchos/ArtifactBundleGen-t.build/DerivedSources-normal/arm64_32 -Xcc -I/Users/admin/builder/spi-builder-workspace/.derivedData/Build/Intermediates.noindex/ArtifactBundleGen.build/Debug-watchos/ArtifactBundleGen-t.build/DerivedSources/arm64_32 -Xcc -I/Users/admin/builder/spi-builder-workspace/.derivedData/Build/Intermediates.noindex/ArtifactBundleGen.build/Debug-watchos/ArtifactBundleGen-t.build/DerivedSources -Xcc -DSWIFT_PACKAGE -Xcc -DDEBUG\=1 -no-auto-bridging-header-chaining -module-name ArtifactBundleGen -const-gather-protocols-file /Users/admin/builder/spi-builder-workspace/.derivedData/Build/Intermediates.noindex/ArtifactBundleGen.build/Debug-watchos/ArtifactBundleGen-t.build/Objects-normal/arm64_32/ArtifactBundleGen_const_extract_protocols.json -disable-clang-spi -clang-target arm64_32-apple-watchos27.0 -target-sdk-version 27.0 -target-sdk-name watchos27.0 -in-process-plugin-server-path /Applications/Xcode-27.0.0-Release.Candidate.app/Contents/Developer/Toolchains/XcodeDefault.xctoolchain/usr/lib/swift/host/libSwiftInProcPluginServer.dylib -parse-as-library -o /Users/admin/builder/spi-builder-workspace/.derivedData/Build/Intermediates.noindex/ArtifactBundleGen.build/Debug-watchos/ArtifactBundleGen-t.build/Objects-normal/arm64_32/ZipComposer.o -debug-module-path /Users/admin/builder/spi-builder-workspace/.derivedData/Build/Intermediates.noindex/ArtifactBundleGen.build/Debug-watchos/ArtifactBundleGen-t.build/Objects-normal/arm64_32/ArtifactBundleGen.swiftmodule -index-unit-output-path /ArtifactBundleGen.build/Debug-watchos/ArtifactBundleGen-t.build/Objects-normal/arm64_32/ZipComposer.o -index-store-path /Users/admin/builder/spi-builder-workspace/.derivedData/Index.noindex/DataStore -index-system-modules
SwiftCompile normal arm64_32 Compiling\ FileCopy.swift /Users/admin/builder/spi-builder-workspace/Sources/ArtifactBundleGen/Utils/FileCopy.swift (in target 'ArtifactBundleGen' from project 'ArtifactBundleGen')
SwiftCompile normal arm64_32 /Users/admin/builder/spi-builder-workspace/Sources/ArtifactBundleGen/Utils/FileCopy.swift (in target 'ArtifactBundleGen' from project 'ArtifactBundleGen')
cd /Users/admin/builder/spi-builder-workspace/.swiftpm/xcode
builtin-SwiftPerFileCompile FileCopy.swift
SwiftCompile normal arm64_32 Compiling\ FileExistChecker.swift /Users/admin/builder/spi-builder-workspace/Sources/ArtifactBundleGen/Utils/FileExistChecker.swift (in target 'ArtifactBundleGen' from project 'ArtifactBundleGen')
SwiftCompile normal arm64_32 /Users/admin/builder/spi-builder-workspace/Sources/ArtifactBundleGen/Utils/FileExistChecker.swift (in target 'ArtifactBundleGen' from project 'ArtifactBundleGen')
cd /Users/admin/builder/spi-builder-workspace/.swiftpm/xcode
builtin-SwiftPerFileCompile FileExistChecker.swift
SwiftCompile normal arm64_32 Compiling\ LipoRunnner.swift /Users/admin/builder/spi-builder-workspace/Sources/ArtifactBundleGen/Utils/LipoRunnner.swift (in target 'ArtifactBundleGen' from project 'ArtifactBundleGen')
/Users/admin/builder/spi-builder-workspace/Sources/ArtifactBundleGen/Utils/LipoRunnner.swift:5:20: error: cannot find 'Process' in scope
3 | struct LipoRunnner {
4 | func checkArch(of targetPath: String) throws -> [String] {
5 | let task = Process()
| `- error: cannot find 'Process' in scope
6 | let pipe = Pipe()
7 |
Failed frontend command:
/Applications/Xcode-27.0.0-Release.Candidate.app/Contents/Developer/Toolchains/XcodeDefault.xctoolchain/usr/bin/swift-frontend -frontend -c /Users/admin/builder/spi-builder-workspace/Sources/ArtifactBundleGen/ArtifactBundleGen.swift /Users/admin/builder/spi-builder-workspace/Sources/ArtifactBundleGen/Error/ArtifactBundleGenError.swift /Users/admin/builder/spi-builder-workspace/Sources/ArtifactBundleGen/Model/ArtifactBundle.swift /Users/admin/builder/spi-builder-workspace/Sources/ArtifactBundleGen/Model/Config.swift /Users/admin/builder/spi-builder-workspace/Sources/ArtifactBundleGen/Model/VariantTriples.swift /Users/admin/builder/spi-builder-workspace/Sources/ArtifactBundleGen/Utils/FileCleaner.swift /Users/admin/builder/spi-builder-workspace/Sources/ArtifactBundleGen/Utils/FileCopy.swift /Users/admin/builder/spi-builder-workspace/Sources/ArtifactBundleGen/Utils/FileExistChecker.swift /Users/admin/builder/spi-builder-workspace/Sources/ArtifactBundleGen/Utils/FolderCreator.swift -primary-file /Users/admin/builder/spi-builder-workspace/Sources/ArtifactBundleGen/Utils/LipoRunnner.swift /Users/admin/builder/spi-builder-workspace/Sources/ArtifactBundleGen/Utils/ZipComposer.swift -emit-dependencies-path /Users/admin/builder/spi-builder-workspace/.derivedData/Build/Intermediates.noindex/ArtifactBundleGen.build/Debug-watchos/ArtifactBundleGen-t.build/Objects-normal/arm64_32/LipoRunnner.d -emit-const-values-path /Users/admin/builder/spi-builder-workspace/.derivedData/Build/Intermediates.noindex/ArtifactBundleGen.build/Debug-watchos/ArtifactBundleGen-t.build/Objects-normal/arm64_32/LipoRunnner.swiftconstvalues -emit-reference-dependencies-path /Users/admin/builder/spi-builder-workspace/.derivedData/Build/Intermediates.noindex/ArtifactBundleGen.build/Debug-watchos/ArtifactBundleGen-t.build/Objects-normal/arm64_32/LipoRunnner.swiftdeps -serialize-diagnostics-path /Users/admin/builder/spi-builder-workspace/.derivedData/Build/Intermediates.noindex/ArtifactBundleGen.build/Debug-watchos/ArtifactBundleGen-t.build/Objects-normal/arm64_32/LipoRunnner.dia -target arm64_32-apple-watchos9.0 -disable-cross-import-overlay-search -load-resolved-plugin /Applications/Xcode-27.0.0-Release.Candidate.app/Contents/Developer/Platforms/WatchOS.platform/Developer/usr/lib/swift/host/plugins/libFoundationMacros.dylib\#/Applications/Xcode-27.0.0-Release.Candidate.app/Contents/Developer/Platforms/WatchOS.platform/Developer/usr/bin/swift-plugin-server\#FoundationMacros -load-resolved-plugin /Applications/Xcode-27.0.0-Release.Candidate.app/Contents/Developer/Platforms/WatchOS.platform/Developer/usr/lib/swift/host/plugins/libObservationMacros.dylib\#/Applications/Xcode-27.0.0-Release.Candidate.app/Contents/Developer/Platforms/WatchOS.platform/Developer/usr/bin/swift-plugin-server\#ObservationMacros -load-resolved-plugin /Applications/Xcode-27.0.0-Release.Candidate.app/Contents/Developer/Platforms/WatchOS.platform/Developer/usr/lib/swift/host/plugins/libSwiftMacros.dylib\#/Applications/Xcode-27.0.0-Release.Candidate.app/Contents/Developer/Platforms/WatchOS.platform/Developer/usr/bin/swift-plugin-server\#SwiftMacros -disable-implicit-swift-modules -Xcc -fno-implicit-modules -Xcc -fno-implicit-module-maps -explicit-swift-module-map-file /Users/admin/builder/spi-builder-workspace/.derivedData/Build/Intermediates.noindex/ArtifactBundleGen.build/Debug-watchos/ArtifactBundleGen-t.build/Objects-normal/arm64_32/ArtifactBundleGen-dependencies-2.json -enable-objc-interop -sdk /Applications/Xcode-27.0.0-Release.Candidate.app/Contents/Developer/Platforms/WatchOS.platform/Developer/SDKs/WatchOS27.0.sdk -I /Users/admin/builder/spi-builder-workspace/.derivedData/Build/Products/Debug-watchos -Isystem /Applications/Xcode-27.0.0-Release.Candidate.app/Contents/Developer/Platforms/WatchOS.platform/Developer/usr/lib -F /Users/admin/builder/spi-builder-workspace/.derivedData/Build/Products/Debug-watchos -F /Applications/Xcode-27.0.0-Release.Candidate.app/Contents/Developer/Platforms/WatchOS.platform/Developer/Library/Frameworks -F /Applications/Xcode-27.0.0-Release.Candidate.app/Contents/Developer/Platforms/WatchOS.platform/Developer/SDKs/WatchOS27.0.sdk/Developer/Library/Frameworks -module-cache-path /Users/admin/builder/spi-builder-workspace/.derivedData/Build/Intermediates.noindex/SwiftExplicitPrecompiledModules -no-color-diagnostics -Xcc -fno-color-diagnostics -enable-testing -g -debug-info-format\=dwarf -dwarf-version\=4 -profile-generate -profile-coverage-mapping -swift-version 5 -Onone -D SWIFT_PACKAGE -D DEBUG -D SWIFT_MODULE_RESOURCE_BUNDLE_UNAVAILABLE -D Xcode -serialize-debugging-options -enable-experimental-feature DebugDescriptionMacro -empty-abi-descriptor -validate-clang-modules-once -clang-build-session-file /Users/admin/builder/spi-builder-workspace/.derivedData/ModuleCache.noindex/Session.modulevalidation -Xcc -working-directory -Xcc /Users/admin/builder/spi-builder-workspace/.swiftpm/xcode -enable-anonymous-context-mangled-names -file-compilation-dir /Users/admin/builder/spi-builder-workspace/.swiftpm/xcode -Xcc -D_LIBCPP_HARDENING_MODE\=_LIBCPP_HARDENING_MODE_DEBUG -Xcc -ivfsstatcache -Xcc /Users/admin/builder/spi-builder-workspace/.derivedData/SDKStatCaches.noindex/watchos27.0-24R360-e829b21a6f8c9b70876ba0858053c04477534ef55a1706bf4c1112bbb242f0a2.sdkstatcache -Xcc -fmodules-prune-interval\=86400 -Xcc -fmodules-prune-after\=345600 -Xcc -I/Users/admin/builder/spi-builder-workspace/.derivedData/Build/Products/Debug-watchos/include -Xcc -I/Users/admin/builder/spi-builder-workspace/.derivedData/Build/Intermediates.noindex/ArtifactBundleGen.build/Debug-watchos/ArtifactBundleGen-t.build/DerivedSources-normal/arm64_32 -Xcc -I/Users/admin/builder/spi-builder-workspace/.derivedData/Build/Intermediates.noindex/ArtifactBundleGen.build/Debug-watchos/ArtifactBundleGen-t.build/DerivedSources/arm64_32 -Xcc -I/Users/admin/builder/spi-builder-workspace/.derivedData/Build/Intermediates.noindex/ArtifactBundleGen.build/Debug-watchos/ArtifactBundleGen-t.build/DerivedSources -Xcc -DSWIFT_PACKAGE -Xcc -DDEBUG\=1 -no-auto-bridging-header-chaining -module-name ArtifactBundleGen -const-gather-protocols-file /Users/admin/builder/spi-builder-workspace/.derivedData/Build/Intermediates.noindex/ArtifactBundleGen.build/Debug-watchos/ArtifactBundleGen-t.build/Objects-normal/arm64_32/ArtifactBundleGen_const_extract_protocols.json -disable-clang-spi -clang-target arm64_32-apple-watchos27.0 -target-sdk-version 27.0 -target-sdk-name watchos27.0 -in-process-plugin-server-path /Applications/Xcode-27.0.0-Release.Candidate.app/Contents/Developer/Toolchains/XcodeDefault.xctoolchain/usr/lib/swift/host/libSwiftInProcPluginServer.dylib -parse-as-library -o /Users/admin/builder/spi-builder-workspace/.derivedData/Build/Intermediates.noindex/ArtifactBundleGen.build/Debug-watchos/ArtifactBundleGen-t.build/Objects-normal/arm64_32/LipoRunnner.o -debug-module-path /Users/admin/builder/spi-builder-workspace/.derivedData/Build/Intermediates.noindex/ArtifactBundleGen.build/Debug-watchos/ArtifactBundleGen-t.build/Objects-normal/arm64_32/ArtifactBundleGen.swiftmodule -index-unit-output-path /ArtifactBundleGen.build/Debug-watchos/ArtifactBundleGen-t.build/Objects-normal/arm64_32/LipoRunnner.o -index-store-path /Users/admin/builder/spi-builder-workspace/.derivedData/Index.noindex/DataStore -index-system-modules
SwiftCompile normal arm64_32 /Users/admin/builder/spi-builder-workspace/Sources/ArtifactBundleGen/Utils/LipoRunnner.swift (in target 'ArtifactBundleGen' from project 'ArtifactBundleGen')
cd /Users/admin/builder/spi-builder-workspace/.swiftpm/xcode
builtin-SwiftPerFileCompile LipoRunnner.swift
SwiftCompile normal arm64_32 Compiling\ FolderCreator.swift /Users/admin/builder/spi-builder-workspace/Sources/ArtifactBundleGen/Utils/FolderCreator.swift (in target 'ArtifactBundleGen' from project 'ArtifactBundleGen')
SwiftCompile normal arm64_32 /Users/admin/builder/spi-builder-workspace/Sources/ArtifactBundleGen/Utils/FolderCreator.swift (in target 'ArtifactBundleGen' from project 'ArtifactBundleGen')
cd /Users/admin/builder/spi-builder-workspace/.swiftpm/xcode
builtin-SwiftPerFileCompile FolderCreator.swift
SwiftCompile normal arm64_32 Compiling\ FileCleaner.swift /Users/admin/builder/spi-builder-workspace/Sources/ArtifactBundleGen/Utils/FileCleaner.swift (in target 'ArtifactBundleGen' from project 'ArtifactBundleGen')
SwiftCompile normal arm64_32 /Users/admin/builder/spi-builder-workspace/Sources/ArtifactBundleGen/Utils/FileCleaner.swift (in target 'ArtifactBundleGen' from project 'ArtifactBundleGen')
cd /Users/admin/builder/spi-builder-workspace/.swiftpm/xcode
builtin-SwiftPerFileCompile FileCleaner.swift
SwiftCompile normal arm64_32 Compiling\ VariantTriples.swift /Users/admin/builder/spi-builder-workspace/Sources/ArtifactBundleGen/Model/VariantTriples.swift (in target 'ArtifactBundleGen' from project 'ArtifactBundleGen')
SwiftCompile normal arm64_32 /Users/admin/builder/spi-builder-workspace/Sources/ArtifactBundleGen/Model/VariantTriples.swift (in target 'ArtifactBundleGen' from project 'ArtifactBundleGen')
cd /Users/admin/builder/spi-builder-workspace/.swiftpm/xcode
builtin-SwiftPerFileCompile VariantTriples.swift
SwiftCompile normal arm64_32 Compiling\ ArtifactBundle.swift /Users/admin/builder/spi-builder-workspace/Sources/ArtifactBundleGen/Model/ArtifactBundle.swift (in target 'ArtifactBundleGen' from project 'ArtifactBundleGen')
SwiftCompile normal arm64_32 /Users/admin/builder/spi-builder-workspace/Sources/ArtifactBundleGen/Model/ArtifactBundle.swift (in target 'ArtifactBundleGen' from project 'ArtifactBundleGen')
cd /Users/admin/builder/spi-builder-workspace/.swiftpm/xcode
builtin-SwiftPerFileCompile ArtifactBundle.swift
SwiftCompile normal arm64_32 Compiling\ Config.swift /Users/admin/builder/spi-builder-workspace/Sources/ArtifactBundleGen/Model/Config.swift (in target 'ArtifactBundleGen' from project 'ArtifactBundleGen')
SwiftCompile normal arm64_32 /Users/admin/builder/spi-builder-workspace/Sources/ArtifactBundleGen/Model/Config.swift (in target 'ArtifactBundleGen' from project 'ArtifactBundleGen')
cd /Users/admin/builder/spi-builder-workspace/.swiftpm/xcode
builtin-SwiftPerFileCompile Config.swift
SwiftCompile normal arm64_32 Compiling\ ArtifactBundleGen.swift,\ ArtifactBundleGenError.swift /Users/admin/builder/spi-builder-workspace/Sources/ArtifactBundleGen/ArtifactBundleGen.swift /Users/admin/builder/spi-builder-workspace/Sources/ArtifactBundleGen/Error/ArtifactBundleGenError.swift (in target 'ArtifactBundleGen' from project 'ArtifactBundleGen')
SwiftCompile normal arm64_32 /Users/admin/builder/spi-builder-workspace/Sources/ArtifactBundleGen/ArtifactBundleGen.swift (in target 'ArtifactBundleGen' from project 'ArtifactBundleGen')
cd /Users/admin/builder/spi-builder-workspace/.swiftpm/xcode
builtin-SwiftPerFileCompile ArtifactBundleGen.swift
SwiftCompile normal arm64_32 /Users/admin/builder/spi-builder-workspace/Sources/ArtifactBundleGen/Error/ArtifactBundleGenError.swift (in target 'ArtifactBundleGen' from project 'ArtifactBundleGen')
cd /Users/admin/builder/spi-builder-workspace/.swiftpm/xcode
builtin-SwiftPerFileCompile ArtifactBundleGenError.swift
SwiftEmitModule normal arm64_32 Emitting\ module\ for\ ArtifactBundleGen (in target 'ArtifactBundleGen' from project 'ArtifactBundleGen')
SwiftCompile normal arm64_32 (in target 'ArtifactBundleGen' from project 'ArtifactBundleGen')
cd /Users/admin/builder/spi-builder-workspace/.swiftpm/xcode
SwiftDriverJobDiscovery normal arm64_32 Compiling ArtifactBundle.swift (in target 'ArtifactBundleGen' from project 'ArtifactBundleGen')
SwiftEmitModule normal arm64 Emitting\ module\ for\ ArtifactBundleGen (in target 'ArtifactBundleGen' from project 'ArtifactBundleGen')
SwiftCompile normal arm64 (in target 'ArtifactBundleGen' from project 'ArtifactBundleGen')
cd /Users/admin/builder/spi-builder-workspace/.swiftpm/xcode
SwiftDriverJobDiscovery normal arm64_32 Emitting module for ArtifactBundleGen (in target 'ArtifactBundleGen' from project 'ArtifactBundleGen')
SwiftDriver\ Compilation\ Requirements ArtifactBundleGen normal arm64_32 com.apple.xcode.tools.swift.compiler (in target 'ArtifactBundleGen' from project 'ArtifactBundleGen')
cd /Users/admin/builder/spi-builder-workspace/.swiftpm/xcode
builtin-Swift-Compilation-Requirements -- /Applications/Xcode-27.0.0-Release.Candidate.app/Contents/Developer/Toolchains/XcodeDefault.xctoolchain/usr/bin/swiftc -parse-as-library -module-name ArtifactBundleGen -Onone @/Users/admin/builder/spi-builder-workspace/.derivedData/Build/Intermediates.noindex/ArtifactBundleGen.build/Debug-watchos/ArtifactBundleGen-t.build/Objects-normal/arm64_32/ArtifactBundleGen.SwiftFileList -DSWIFT_PACKAGE -DDEBUG -DSWIFT_MODULE_RESOURCE_BUNDLE_UNAVAILABLE -DXcode -plugin-path /Applications/Xcode-27.0.0-Release.Candidate.app/Contents/Developer/Toolchains/XcodeDefault.xctoolchain/usr/lib/swift/host/plugins/testing -enable-experimental-feature DebugDescriptionMacro -sdk /Applications/Xcode-27.0.0-Release.Candidate.app/Contents/Developer/Platforms/WatchOS.platform/Developer/SDKs/WatchOS27.0.sdk -target arm64_32-apple-watchos9.0 -g -module-cache-path /Users/admin/builder/spi-builder-workspace/.derivedData/ModuleCache.noindex -Xfrontend -serialize-debugging-options -profile-coverage-mapping -profile-generate -enable-testing -index-store-path /Users/admin/builder/spi-builder-workspace/.derivedData/Index.noindex/DataStore -Xcc -D_LIBCPP_HARDENING_MODE\=_LIBCPP_HARDENING_MODE_DEBUG -swift-version 5 -I /Users/admin/builder/spi-builder-workspace/.derivedData/Build/Products/Debug-watchos -Isystem /Applications/Xcode-27.0.0-Release.Candidate.app/Contents/Developer/Platforms/WatchOS.platform/Developer/usr/lib -F /Users/admin/builder/spi-builder-workspace/.derivedData/Build/Products/Debug-watchos -F /Applications/Xcode-27.0.0-Release.Candidate.app/Contents/Developer/Platforms/WatchOS.platform/Developer/Library/Frameworks -F /Applications/Xcode-27.0.0-Release.Candidate.app/Contents/Developer/Platforms/WatchOS.platform/Developer/SDKs/WatchOS27.0.sdk/Developer/Library/Frameworks -c -j10 -enable-batch-mode -incremental -Xcc -ivfsstatcache -Xcc /Users/admin/builder/spi-builder-workspace/.derivedData/SDKStatCaches.noindex/watchos27.0-24R360-e829b21a6f8c9b70876ba0858053c04477534ef55a1706bf4c1112bbb242f0a2.sdkstatcache -output-file-map /Users/admin/builder/spi-builder-workspace/.derivedData/Build/Intermediates.noindex/ArtifactBundleGen.build/Debug-watchos/ArtifactBundleGen-t.build/Objects-normal/arm64_32/ArtifactBundleGen-OutputFileMap.json -save-temps -no-color-diagnostics -explicit-module-build -module-cache-path /Users/admin/builder/spi-builder-workspace/.derivedData/Build/Intermediates.noindex/SwiftExplicitPrecompiledModules -clang-scanner-module-cache-path /Users/admin/builder/spi-builder-workspace/.derivedData/ModuleCache.noindex -sdk-module-cache-path /Users/admin/builder/spi-builder-workspace/.derivedData/SDKExplicitPrecompiledModules -emit-dependencies -emit-module -emit-module-path /Users/admin/builder/spi-builder-workspace/.derivedData/Build/Intermediates.noindex/ArtifactBundleGen.build/Debug-watchos/ArtifactBundleGen-t.build/Objects-normal/arm64_32/ArtifactBundleGen.swiftmodule -serialize-diagnostics -dependency-scan-serialize-diagnostics-path /Users/admin/builder/spi-builder-workspace/.derivedData/Build/Intermediates.noindex/ArtifactBundleGen.build/Debug-watchos/ArtifactBundleGen-t.build/Objects-normal/arm64_32/ArtifactBundleGen-dependency-scan.dia -validate-clang-modules-once -clang-build-session-file /Users/admin/builder/spi-builder-workspace/.derivedData/ModuleCache.noindex/Session.modulevalidation -Xcc -fmodules-prune-interval\=86400 -Xcc -fmodules-prune-after\=345600 -emit-const-values -const-gather-protocols-list /Users/admin/builder/spi-builder-workspace/.derivedData/Build/Intermediates.noindex/ArtifactBundleGen.build/Debug-watchos/ArtifactBundleGen-t.build/Objects-normal/arm64_32/ArtifactBundleGen_const_extract_protocols.json -Xcc -I/Users/admin/builder/spi-builder-workspace/.derivedData/Build/Products/Debug-watchos/include -Xcc -I/Users/admin/builder/spi-builder-workspace/.derivedData/Build/Intermediates.noindex/ArtifactBundleGen.build/Debug-watchos/ArtifactBundleGen-t.build/DerivedSources-normal/arm64_32 -Xcc -I/Users/admin/builder/spi-builder-workspace/.derivedData/Build/Intermediates.noindex/ArtifactBundleGen.build/Debug-watchos/ArtifactBundleGen-t.build/DerivedSources/arm64_32 -Xcc -I/Users/admin/builder/spi-builder-workspace/.derivedData/Build/Intermediates.noindex/ArtifactBundleGen.build/Debug-watchos/ArtifactBundleGen-t.build/DerivedSources -Xcc -DSWIFT_PACKAGE -Xcc -DDEBUG\=1 -emit-objc-header -emit-objc-header-path /Users/admin/builder/spi-builder-workspace/.derivedData/Build/Intermediates.noindex/ArtifactBundleGen.build/Debug-watchos/ArtifactBundleGen-t.build/Objects-normal/arm64_32/ArtifactBundleGen-Swift.h -working-directory /Users/admin/builder/spi-builder-workspace/.swiftpm/xcode -experimental-emit-module-separately -disable-cmo
SwiftDriverJobDiscovery normal arm64 Emitting module for ArtifactBundleGen (in target 'ArtifactBundleGen' from project 'ArtifactBundleGen')
SwiftDriver\ Compilation\ Requirements ArtifactBundleGen normal arm64 com.apple.xcode.tools.swift.compiler (in target 'ArtifactBundleGen' from project 'ArtifactBundleGen')
cd /Users/admin/builder/spi-builder-workspace/.swiftpm/xcode
builtin-Swift-Compilation-Requirements -- /Applications/Xcode-27.0.0-Release.Candidate.app/Contents/Developer/Toolchains/XcodeDefault.xctoolchain/usr/bin/swiftc -parse-as-library -module-name ArtifactBundleGen -Onone @/Users/admin/builder/spi-builder-workspace/.derivedData/Build/Intermediates.noindex/ArtifactBundleGen.build/Debug-watchos/ArtifactBundleGen-t.build/Objects-normal/arm64/ArtifactBundleGen.SwiftFileList -DSWIFT_PACKAGE -DDEBUG -DSWIFT_MODULE_RESOURCE_BUNDLE_UNAVAILABLE -DXcode -plugin-path /Applications/Xcode-27.0.0-Release.Candidate.app/Contents/Developer/Toolchains/XcodeDefault.xctoolchain/usr/lib/swift/host/plugins/testing -enable-experimental-feature DebugDescriptionMacro -sdk /Applications/Xcode-27.0.0-Release.Candidate.app/Contents/Developer/Platforms/WatchOS.platform/Developer/SDKs/WatchOS27.0.sdk -target arm64-apple-watchos9.0 -g -module-cache-path /Users/admin/builder/spi-builder-workspace/.derivedData/ModuleCache.noindex -Xfrontend -serialize-debugging-options -profile-coverage-mapping -profile-generate -enable-testing -index-store-path /Users/admin/builder/spi-builder-workspace/.derivedData/Index.noindex/DataStore -Xcc -D_LIBCPP_HARDENING_MODE\=_LIBCPP_HARDENING_MODE_DEBUG -swift-version 5 -I /Users/admin/builder/spi-builder-workspace/.derivedData/Build/Products/Debug-watchos -Isystem /Applications/Xcode-27.0.0-Release.Candidate.app/Contents/Developer/Platforms/WatchOS.platform/Developer/usr/lib -F /Users/admin/builder/spi-builder-workspace/.derivedData/Build/Products/Debug-watchos -F /Applications/Xcode-27.0.0-Release.Candidate.app/Contents/Developer/Platforms/WatchOS.platform/Developer/Library/Frameworks -F /Applications/Xcode-27.0.0-Release.Candidate.app/Contents/Developer/Platforms/WatchOS.platform/Developer/SDKs/WatchOS27.0.sdk/Developer/Library/Frameworks -c -j10 -enable-batch-mode -incremental -Xcc -ivfsstatcache -Xcc /Users/admin/builder/spi-builder-workspace/.derivedData/SDKStatCaches.noindex/watchos27.0-24R360-e829b21a6f8c9b70876ba0858053c04477534ef55a1706bf4c1112bbb242f0a2.sdkstatcache -output-file-map /Users/admin/builder/spi-builder-workspace/.derivedData/Build/Intermediates.noindex/ArtifactBundleGen.build/Debug-watchos/ArtifactBundleGen-t.build/Objects-normal/arm64/ArtifactBundleGen-OutputFileMap.json -save-temps -no-color-diagnostics -explicit-module-build -module-cache-path /Users/admin/builder/spi-builder-workspace/.derivedData/Build/Intermediates.noindex/SwiftExplicitPrecompiledModules -clang-scanner-module-cache-path /Users/admin/builder/spi-builder-workspace/.derivedData/ModuleCache.noindex -sdk-module-cache-path /Users/admin/builder/spi-builder-workspace/.derivedData/SDKExplicitPrecompiledModules -emit-dependencies -emit-module -emit-module-path /Users/admin/builder/spi-builder-workspace/.derivedData/Build/Intermediates.noindex/ArtifactBundleGen.build/Debug-watchos/ArtifactBundleGen-t.build/Objects-normal/arm64/ArtifactBundleGen.swiftmodule -serialize-diagnostics -dependency-scan-serialize-diagnostics-path /Users/admin/builder/spi-builder-workspace/.derivedData/Build/Intermediates.noindex/ArtifactBundleGen.build/Debug-watchos/ArtifactBundleGen-t.build/Objects-normal/arm64/ArtifactBundleGen-dependency-scan.dia -validate-clang-modules-once -clang-build-session-file /Users/admin/builder/spi-builder-workspace/.derivedData/ModuleCache.noindex/Session.modulevalidation -Xcc -fmodules-prune-interval\=86400 -Xcc -fmodules-prune-after\=345600 -emit-const-values -const-gather-protocols-list /Users/admin/builder/spi-builder-workspace/.derivedData/Build/Intermediates.noindex/ArtifactBundleGen.build/Debug-watchos/ArtifactBundleGen-t.build/Objects-normal/arm64/ArtifactBundleGen_const_extract_protocols.json -Xcc -I/Users/admin/builder/spi-builder-workspace/.derivedData/Build/Products/Debug-watchos/include -Xcc -I/Users/admin/builder/spi-builder-workspace/.derivedData/Build/Intermediates.noindex/ArtifactBundleGen.build/Debug-watchos/ArtifactBundleGen-t.build/DerivedSources-normal/arm64 -Xcc -I/Users/admin/builder/spi-builder-workspace/.derivedData/Build/Intermediates.noindex/ArtifactBundleGen.build/Debug-watchos/ArtifactBundleGen-t.build/DerivedSources/arm64 -Xcc -I/Users/admin/builder/spi-builder-workspace/.derivedData/Build/Intermediates.noindex/ArtifactBundleGen.build/Debug-watchos/ArtifactBundleGen-t.build/DerivedSources -Xcc -DSWIFT_PACKAGE -Xcc -DDEBUG\=1 -emit-objc-header -emit-objc-header-path /Users/admin/builder/spi-builder-workspace/.derivedData/Build/Intermediates.noindex/ArtifactBundleGen.build/Debug-watchos/ArtifactBundleGen-t.build/Objects-normal/arm64/ArtifactBundleGen-Swift.h -working-directory /Users/admin/builder/spi-builder-workspace/.swiftpm/xcode -experimental-emit-module-separately -disable-cmo
SwiftCompile normal arm64 Compiling\ LipoRunnner.swift /Users/admin/builder/spi-builder-workspace/Sources/ArtifactBundleGen/Utils/LipoRunnner.swift (in target 'ArtifactBundleGen' from project 'ArtifactBundleGen')
/Users/admin/builder/spi-builder-workspace/Sources/ArtifactBundleGen/Utils/LipoRunnner.swift:5:20: error: cannot find 'Process' in scope
3 | struct LipoRunnner {
4 | func checkArch(of targetPath: String) throws -> [String] {
5 | let task = Process()
| `- error: cannot find 'Process' in scope
6 | let pipe = Pipe()
7 |
Failed frontend command:
/Applications/Xcode-27.0.0-Release.Candidate.app/Contents/Developer/Toolchains/XcodeDefault.xctoolchain/usr/bin/swift-frontend -frontend -c /Users/admin/builder/spi-builder-workspace/Sources/ArtifactBundleGen/ArtifactBundleGen.swift /Users/admin/builder/spi-builder-workspace/Sources/ArtifactBundleGen/Error/ArtifactBundleGenError.swift /Users/admin/builder/spi-builder-workspace/Sources/ArtifactBundleGen/Model/ArtifactBundle.swift /Users/admin/builder/spi-builder-workspace/Sources/ArtifactBundleGen/Model/Config.swift /Users/admin/builder/spi-builder-workspace/Sources/ArtifactBundleGen/Model/VariantTriples.swift /Users/admin/builder/spi-builder-workspace/Sources/ArtifactBundleGen/Utils/FileCleaner.swift /Users/admin/builder/spi-builder-workspace/Sources/ArtifactBundleGen/Utils/FileCopy.swift /Users/admin/builder/spi-builder-workspace/Sources/ArtifactBundleGen/Utils/FileExistChecker.swift /Users/admin/builder/spi-builder-workspace/Sources/ArtifactBundleGen/Utils/FolderCreator.swift -primary-file /Users/admin/builder/spi-builder-workspace/Sources/ArtifactBundleGen/Utils/LipoRunnner.swift /Users/admin/builder/spi-builder-workspace/Sources/ArtifactBundleGen/Utils/ZipComposer.swift -emit-dependencies-path /Users/admin/builder/spi-builder-workspace/.derivedData/Build/Intermediates.noindex/ArtifactBundleGen.build/Debug-watchos/ArtifactBundleGen-t.build/Objects-normal/arm64/LipoRunnner.d -emit-const-values-path /Users/admin/builder/spi-builder-workspace/.derivedData/Build/Intermediates.noindex/ArtifactBundleGen.build/Debug-watchos/ArtifactBundleGen-t.build/Objects-normal/arm64/LipoRunnner.swiftconstvalues -emit-reference-dependencies-path /Users/admin/builder/spi-builder-workspace/.derivedData/Build/Intermediates.noindex/ArtifactBundleGen.build/Debug-watchos/ArtifactBundleGen-t.build/Objects-normal/arm64/LipoRunnner.swiftdeps -serialize-diagnostics-path /Users/admin/builder/spi-builder-workspace/.derivedData/Build/Intermediates.noindex/ArtifactBundleGen.build/Debug-watchos/ArtifactBundleGen-t.build/Objects-normal/arm64/LipoRunnner.dia -target arm64-apple-watchos9.0 -disable-cross-import-overlay-search -load-resolved-plugin /Applications/Xcode-27.0.0-Release.Candidate.app/Contents/Developer/Platforms/WatchOS.platform/Developer/usr/lib/swift/host/plugins/libFoundationMacros.dylib\#/Applications/Xcode-27.0.0-Release.Candidate.app/Contents/Developer/Platforms/WatchOS.platform/Developer/usr/bin/swift-plugin-server\#FoundationMacros -load-resolved-plugin /Applications/Xcode-27.0.0-Release.Candidate.app/Contents/Developer/Platforms/WatchOS.platform/Developer/usr/lib/swift/host/plugins/libObservationMacros.dylib\#/Applications/Xcode-27.0.0-Release.Candidate.app/Contents/Developer/Platforms/WatchOS.platform/Developer/usr/bin/swift-plugin-server\#ObservationMacros -load-resolved-plugin /Applications/Xcode-27.0.0-Release.Candidate.app/Contents/Developer/Platforms/WatchOS.platform/Developer/usr/lib/swift/host/plugins/libSwiftMacros.dylib\#/Applications/Xcode-27.0.0-Release.Candidate.app/Contents/Developer/Platforms/WatchOS.platform/Developer/usr/bin/swift-plugin-server\#SwiftMacros -disable-implicit-swift-modules -Xcc -fno-implicit-modules -Xcc -fno-implicit-module-maps -explicit-swift-module-map-file /Users/admin/builder/spi-builder-workspace/.derivedData/Build/Intermediates.noindex/ArtifactBundleGen.build/Debug-watchos/ArtifactBundleGen-t.build/Objects-normal/arm64/ArtifactBundleGen-dependencies-1.json -Xllvm -aarch64-use-tbi -enable-objc-interop -stack-check -sdk /Applications/Xcode-27.0.0-Release.Candidate.app/Contents/Developer/Platforms/WatchOS.platform/Developer/SDKs/WatchOS27.0.sdk -I /Users/admin/builder/spi-builder-workspace/.derivedData/Build/Products/Debug-watchos -Isystem /Applications/Xcode-27.0.0-Release.Candidate.app/Contents/Developer/Platforms/WatchOS.platform/Developer/usr/lib -F /Users/admin/builder/spi-builder-workspace/.derivedData/Build/Products/Debug-watchos -F /Applications/Xcode-27.0.0-Release.Candidate.app/Contents/Developer/Platforms/WatchOS.platform/Developer/Library/Frameworks -F /Applications/Xcode-27.0.0-Release.Candidate.app/Contents/Developer/Platforms/WatchOS.platform/Developer/SDKs/WatchOS27.0.sdk/Developer/Library/Frameworks -module-cache-path /Users/admin/builder/spi-builder-workspace/.derivedData/Build/Intermediates.noindex/SwiftExplicitPrecompiledModules -no-color-diagnostics -Xcc -fno-color-diagnostics -enable-testing -g -debug-info-format\=dwarf -dwarf-version\=4 -profile-generate -profile-coverage-mapping -swift-version 5 -Onone -D SWIFT_PACKAGE -D DEBUG -D SWIFT_MODULE_RESOURCE_BUNDLE_UNAVAILABLE -D Xcode -serialize-debugging-options -enable-experimental-feature DebugDescriptionMacro -empty-abi-descriptor -validate-clang-modules-once -clang-build-session-file /Users/admin/builder/spi-builder-workspace/.derivedData/ModuleCache.noindex/Session.modulevalidation -Xcc -working-directory -Xcc /Users/admin/builder/spi-builder-workspace/.swiftpm/xcode -enable-anonymous-context-mangled-names -file-compilation-dir /Users/admin/builder/spi-builder-workspace/.swiftpm/xcode -Xcc -D_LIBCPP_HARDENING_MODE\=_LIBCPP_HARDENING_MODE_DEBUG -Xcc -ivfsstatcache -Xcc /Users/admin/builder/spi-builder-workspace/.derivedData/SDKStatCaches.noindex/watchos27.0-24R360-e829b21a6f8c9b70876ba0858053c04477534ef55a1706bf4c1112bbb242f0a2.sdkstatcache -Xcc -fmodules-prune-interval\=86400 -Xcc -fmodules-prune-after\=345600 -Xcc -I/Users/admin/builder/spi-builder-workspace/.derivedData/Build/Products/Debug-watchos/include -Xcc -I/Users/admin/builder/spi-builder-workspace/.derivedData/Build/Intermediates.noindex/ArtifactBundleGen.build/Debug-watchos/ArtifactBundleGen-t.build/DerivedSources-normal/arm64 -Xcc -I/Users/admin/builder/spi-builder-workspace/.derivedData/Build/Intermediates.noindex/ArtifactBundleGen.build/Debug-watchos/ArtifactBundleGen-t.build/DerivedSources/arm64 -Xcc -I/Users/admin/builder/spi-builder-workspace/.derivedData/Build/Intermediates.noindex/ArtifactBundleGen.build/Debug-watchos/ArtifactBundleGen-t.build/DerivedSources -Xcc -DSWIFT_PACKAGE -Xcc -DDEBUG\=1 -no-auto-bridging-header-chaining -module-name ArtifactBundleGen -const-gather-protocols-file /Users/admin/builder/spi-builder-workspace/.derivedData/Build/Intermediates.noindex/ArtifactBundleGen.build/Debug-watchos/ArtifactBundleGen-t.build/Objects-normal/arm64/ArtifactBundleGen_const_extract_protocols.json -disable-clang-spi -clang-target arm64-apple-watchos27.0 -target-sdk-version 27.0 -target-sdk-name watchos27.0 -in-process-plugin-server-path /Applications/Xcode-27.0.0-Release.Candidate.app/Contents/Developer/Toolchains/XcodeDefault.xctoolchain/usr/lib/swift/host/libSwiftInProcPluginServer.dylib -parse-as-library -o /Users/admin/builder/spi-builder-workspace/.derivedData/Build/Intermediates.noindex/ArtifactBundleGen.build/Debug-watchos/ArtifactBundleGen-t.build/Objects-normal/arm64/LipoRunnner.o -debug-module-path /Users/admin/builder/spi-builder-workspace/.derivedData/Build/Intermediates.noindex/ArtifactBundleGen.build/Debug-watchos/ArtifactBundleGen-t.build/Objects-normal/arm64/ArtifactBundleGen.swiftmodule -index-unit-output-path /ArtifactBundleGen.build/Debug-watchos/ArtifactBundleGen-t.build/Objects-normal/arm64/LipoRunnner.o -index-store-path /Users/admin/builder/spi-builder-workspace/.derivedData/Index.noindex/DataStore -index-system-modules
SwiftCompile normal arm64 /Users/admin/builder/spi-builder-workspace/Sources/ArtifactBundleGen/Utils/LipoRunnner.swift (in target 'ArtifactBundleGen' from project 'ArtifactBundleGen')
cd /Users/admin/builder/spi-builder-workspace/.swiftpm/xcode
builtin-SwiftPerFileCompile LipoRunnner.swift
SwiftMergeGeneratedHeaders /Users/admin/builder/spi-builder-workspace/.derivedData/Build/Intermediates.noindex/GeneratedModuleMaps-watchos/ArtifactBundleGen-Swift.h /Users/admin/builder/spi-builder-workspace/.derivedData/Build/Intermediates.noindex/ArtifactBundleGen.build/Debug-watchos/ArtifactBundleGen-t.build/Objects-normal/arm64/ArtifactBundleGen-Swift.h /Users/admin/builder/spi-builder-workspace/.derivedData/Build/Intermediates.noindex/ArtifactBundleGen.build/Debug-watchos/ArtifactBundleGen-t.build/Objects-normal/arm64_32/ArtifactBundleGen-Swift.h (in target 'ArtifactBundleGen' from project 'ArtifactBundleGen')
cd /Users/admin/builder/spi-builder-workspace
builtin-swiftHeaderTool -arch arm64 /Users/admin/builder/spi-builder-workspace/.derivedData/Build/Intermediates.noindex/ArtifactBundleGen.build/Debug-watchos/ArtifactBundleGen-t.build/Objects-normal/arm64/ArtifactBundleGen-Swift.h -arch arm64_32 /Users/admin/builder/spi-builder-workspace/.derivedData/Build/Intermediates.noindex/ArtifactBundleGen.build/Debug-watchos/ArtifactBundleGen-t.build/Objects-normal/arm64_32/ArtifactBundleGen-Swift.h -o /Users/admin/builder/spi-builder-workspace/.derivedData/Build/Intermediates.noindex/GeneratedModuleMaps-watchos/ArtifactBundleGen-Swift.h
PruneExplicitPrecompiledModules /Users/admin/builder/spi-builder-workspace/.derivedData/Build/Intermediates.noindex/SwiftExplicitPrecompiledModules
PruneExplicitPrecompiledModules /Users/admin/builder/spi-builder-workspace/.derivedData/Build/Intermediates.noindex/ExplicitPrecompiledModules
PruneExplicitPrecompiledModules /Users/admin/builder/spi-builder-workspace/.derivedData/SDKExplicitPrecompiledModules
2026-09-22 13:26:01.941 xcodebuild[768:4902] [MT] IDERunDestination: Supported platforms for the buildables in the current scheme is empty.
** BUILD FAILED **
The following build commands failed:
SwiftCompile normal arm64_32 /Users/admin/builder/spi-builder-workspace/Sources/ArtifactBundleGen/Utils/ZipComposer.swift (in target 'ArtifactBundleGen' from project 'ArtifactBundleGen')
SwiftCompile normal arm64_32 Compiling\ ZipComposer.swift /Users/admin/builder/spi-builder-workspace/Sources/ArtifactBundleGen/Utils/ZipComposer.swift (in target 'ArtifactBundleGen' from project 'ArtifactBundleGen')
SwiftCompile normal arm64_32 Compiling\ LipoRunnner.swift /Users/admin/builder/spi-builder-workspace/Sources/ArtifactBundleGen/Utils/LipoRunnner.swift (in target 'ArtifactBundleGen' from project 'ArtifactBundleGen')
SwiftCompile normal arm64_32 /Users/admin/builder/spi-builder-workspace/Sources/ArtifactBundleGen/Utils/LipoRunnner.swift (in target 'ArtifactBundleGen' from project 'ArtifactBundleGen')
SwiftCompile normal arm64 Compiling\ LipoRunnner.swift /Users/admin/builder/spi-builder-workspace/Sources/ArtifactBundleGen/Utils/LipoRunnner.swift (in target 'ArtifactBundleGen' from project 'ArtifactBundleGen')
SwiftCompile normal arm64 /Users/admin/builder/spi-builder-workspace/Sources/ArtifactBundleGen/Utils/LipoRunnner.swift (in target 'ArtifactBundleGen' from project 'ArtifactBundleGen')
Building workspace ArtifactBundleGen with scheme ArtifactBundleGen
(7 failures)
Command line invocation:
/Applications/Xcode-27.0.0-Release.Candidate.app/Contents/Developer/usr/bin/xcodebuild -IDEClonedSourcePackagesDirPathOverride=/Users/admin/builder/spi-builder-workspace/.dependencies -resolvePackageDependencies
Resolve Package Graph
Resolved source packages:
ArtifactBundleGen: /Users/admin/builder/spi-builder-workspace
SwiftFormat: https://github.com/nicklockwood/SwiftFormat @ 0.63.0
resolved source packages: ArtifactBundleGen, SwiftFormat
2026-09-22 13:26:15.072 xcodebuild[905:5620] [MT] IDERunDestination: Supported platforms for the buildables in the current scheme is empty.
{
"dependencies" : [
{
"identity" : "swiftformat",
"requirement" : {
"range" : [
{
"lower_bound" : "0.50.4",
"upper_bound" : "1.0.0"
}
]
},
"type" : "sourceControl",
"url" : "https://github.com/nicklockwood/SwiftFormat"
}
],
"manifest_display_name" : "ArtifactBundleGen",
"name" : "ArtifactBundleGen",
"path" : "/Users/admin/builder/spi-builder-workspace",
"platforms" : [
{
"name" : "macos",
"version" : "12.0"
}
],
"products" : [
{
"name" : "ArtifactBundleGenPluginCommand",
"targets" : [
"ArtifactBundleGenPluginCommand"
],
"type" : {
"plugin" : null
}
},
{
"name" : "ArtifactBundleGen",
"targets" : [
"ArtifactBundleGen"
],
"type" : {
"library" : [
"automatic"
]
}
}
],
"targets" : [
{
"c99name" : "ArtifactBundleGenTests",
"module_type" : "SwiftTarget",
"name" : "ArtifactBundleGenTests",
"path" : "Tests/ArtifactBundleGenTests",
"sources" : [
"ArtifactBundleGenTests.swift",
"XCTestManifests.swift"
],
"target_dependencies" : [
"ArtifactBundleGen"
],
"type" : "test"
},
{
"c99name" : "ArtifactBundleGenPluginCommand",
"module_type" : "PluginTarget",
"name" : "ArtifactBundleGenPluginCommand",
"path" : "Plugins/ArtifactBundleGenPluginCommand",
"plugin_capability" : {
"intent" : {
"description" : "Generate Artifact Bundle",
"type" : "custom",
"verb" : "generate-artifact-bundle"
},
"permissions" : [
{
"network_scope" : {
"none" : {
}
},
"reason" : "Save Artifact Bundle information",
"type" : "writeToPackageDirectory"
}
],
"type" : "command"
},
"product_memberships" : [
"ArtifactBundleGenPluginCommand"
],
"sources" : [
"ArtifactBundleGenPluginCommand.swift",
"Symbolic Links/ArtifactBundleGen/ArtifactBundleGen.swift",
"Symbolic Links/ArtifactBundleGen/Error/ArtifactBundleGenError.swift",
"Symbolic Links/ArtifactBundleGen/Model/ArtifactBundle.swift",
"Symbolic Links/ArtifactBundleGen/Model/Config.swift",
"Symbolic Links/ArtifactBundleGen/Model/VariantTriples.swift",
"Symbolic Links/ArtifactBundleGen/Utils/FileCleaner.swift",
"Symbolic Links/ArtifactBundleGen/Utils/FileCopy.swift",
"Symbolic Links/ArtifactBundleGen/Utils/FileExistChecker.swift",
"Symbolic Links/ArtifactBundleGen/Utils/FolderCreator.swift",
"Symbolic Links/ArtifactBundleGen/Utils/LipoRunnner.swift",
"Symbolic Links/ArtifactBundleGen/Utils/ZipComposer.swift"
],
"type" : "plugin"
},
{
"c99name" : "ArtifactBundleGen",
"module_type" : "SwiftTarget",
"name" : "ArtifactBundleGen",
"path" : "Sources/ArtifactBundleGen",
"product_memberships" : [
"ArtifactBundleGen"
],
"sources" : [
"ArtifactBundleGen.swift",
"Error/ArtifactBundleGenError.swift",
"Model/ArtifactBundle.swift",
"Model/Config.swift",
"Model/VariantTriples.swift",
"Utils/FileCleaner.swift",
"Utils/FileCopy.swift",
"Utils/FileExistChecker.swift",
"Utils/FolderCreator.swift",
"Utils/LipoRunnner.swift",
"Utils/ZipComposer.swift"
],
"type" : "library"
}
],
"tools_version" : "5.7"
}
{
"workspace" : {
"name" : "ArtifactBundleGen",
"schemes" : [
"ArtifactBundleGen"
]
}
}
2026-09-22 13:26:18.294 xcodebuild[929:5788] [MT] IDERunDestination: Supported platforms for the buildables in the current scheme is empty.
Running build ...
env DEVELOPER_DIR=/Applications/Xcode-27.0.0-Release.Candidate.app xcrun xcodebuild -IDEClonedSourcePackagesDirPathOverride=$PWD/.dependencies -skipMacroValidation -skipPackagePluginValidation -derivedDataPath $PWD/.derivedData build -scheme ArtifactBundleGen -destination generic/platform=watchOS
Command line invocation:
/Applications/Xcode-27.0.0-Release.Candidate.app/Contents/Developer/usr/bin/xcodebuild -IDEClonedSourcePackagesDirPathOverride=/Users/admin/builder/spi-builder-workspace/.dependencies -skipMacroValidation -skipPackagePluginValidation -derivedDataPath /Users/admin/builder/spi-builder-workspace/.derivedData build -scheme ArtifactBundleGen -destination generic/platform=watchOS
Resolve Package Graph
Resolved source packages:
ArtifactBundleGen: /Users/admin/builder/spi-builder-workspace
SwiftFormat: https://github.com/nicklockwood/SwiftFormat @ 0.63.0
ComputePackagePrebuildTargetDependencyGraph
Prepare packages
Compile plug-in “ArtifactBundleGenPluginCommand” in package “spi-builder-workspace”
[debug]: Compiling plugin to executable at /Users/admin/builder/spi-builder-workspace/.derivedData/Build/Products/PluginExecutables/ArtifactBundleGenPluginCommand
[debug]: Using compiler /Applications/Xcode-27.0.0-Release.Candidate.app/Contents/Developer/Toolchains/XcodeDefault.xctoolchain/usr/bin/swiftc
[debug]: Plugin compilation output directory '/Users/admin/builder/spi-builder-workspace/.derivedData/Build/Products/PluginExecutables'
[debug]: Computed hash of plugin compilation inputs: 7dbe24ce229abecaf9a3f5505fce1344137537c116cef0fb56b53bc24f515ba5
Process build tool plug-in results
CreateBuildRequest
SendProjectDescription
CreateBuildOperation
ComputeTargetDependencyGraph
note: Building targets in dependency order
note: Target dependency graph (2 targets)
Target 'ArtifactBundleGen-product' in project 'ArtifactBundleGen'
➜ Explicit dependency on target 'ArtifactBundleGen' in project 'ArtifactBundleGen'
Target 'ArtifactBundleGen' in project 'ArtifactBundleGen' (no dependencies)
GatherProvisioningInputs
CreateBuildDescription
ClangStatCache /Applications/Xcode-27.0.0-Release.Candidate.app/Contents/Developer/Toolchains/XcodeDefault.xctoolchain/usr/bin/clang-stat-cache /Applications/Xcode-27.0.0-Release.Candidate.app/Contents/Developer/Platforms/WatchOS.platform/Developer/SDKs/WatchOS27.0.sdk /Users/admin/builder/spi-builder-workspace/.derivedData/SDKStatCaches.noindex/watchos27.0-24R360-e829b21a6f8c9b70876ba0858053c04477534ef55a1706bf4c1112bbb242f0a2.sdkstatcache
cd /Users/admin/builder/spi-builder-workspace/.swiftpm/xcode
/Applications/Xcode-27.0.0-Release.Candidate.app/Contents/Developer/Toolchains/XcodeDefault.xctoolchain/usr/bin/clang-stat-cache /Applications/Xcode-27.0.0-Release.Candidate.app/Contents/Developer/Platforms/WatchOS.platform/Developer/SDKs/WatchOS27.0.sdk -o /Users/admin/builder/spi-builder-workspace/.derivedData/SDKStatCaches.noindex/watchos27.0-24R360-e829b21a6f8c9b70876ba0858053c04477534ef55a1706bf4c1112bbb242f0a2.sdkstatcache
SwiftMergeGeneratedHeaders /Users/admin/builder/spi-builder-workspace/.derivedData/Build/Intermediates.noindex/GeneratedModuleMaps-watchos/ArtifactBundleGen-Swift.h /Users/admin/builder/spi-builder-workspace/.derivedData/Build/Intermediates.noindex/ArtifactBundleGen.build/Debug-watchos/ArtifactBundleGen-t.build/Objects-normal/arm64/ArtifactBundleGen-Swift.h /Users/admin/builder/spi-builder-workspace/.derivedData/Build/Intermediates.noindex/ArtifactBundleGen.build/Debug-watchos/ArtifactBundleGen-t.build/Objects-normal/arm64_32/ArtifactBundleGen-Swift.h (in target 'ArtifactBundleGen' from project 'ArtifactBundleGen')
cd /Users/admin/builder/spi-builder-workspace
builtin-swiftHeaderTool -arch arm64 /Users/admin/builder/spi-builder-workspace/.derivedData/Build/Intermediates.noindex/ArtifactBundleGen.build/Debug-watchos/ArtifactBundleGen-t.build/Objects-normal/arm64/ArtifactBundleGen-Swift.h -arch arm64_32 /Users/admin/builder/spi-builder-workspace/.derivedData/Build/Intermediates.noindex/ArtifactBundleGen.build/Debug-watchos/ArtifactBundleGen-t.build/Objects-normal/arm64_32/ArtifactBundleGen-Swift.h -o /Users/admin/builder/spi-builder-workspace/.derivedData/Build/Intermediates.noindex/GeneratedModuleMaps-watchos/ArtifactBundleGen-Swift.h
SwiftDriver ArtifactBundleGen normal arm64_32 com.apple.xcode.tools.swift.compiler (in target 'ArtifactBundleGen' from project 'ArtifactBundleGen')
cd /Users/admin/builder/spi-builder-workspace/.swiftpm/xcode
builtin-SwiftDriver -- /Applications/Xcode-27.0.0-Release.Candidate.app/Contents/Developer/Toolchains/XcodeDefault.xctoolchain/usr/bin/swiftc -parse-as-library -module-name ArtifactBundleGen -Onone @/Users/admin/builder/spi-builder-workspace/.derivedData/Build/Intermediates.noindex/ArtifactBundleGen.build/Debug-watchos/ArtifactBundleGen-t.build/Objects-normal/arm64_32/ArtifactBundleGen.SwiftFileList -DSWIFT_PACKAGE -DDEBUG -DSWIFT_MODULE_RESOURCE_BUNDLE_UNAVAILABLE -DXcode -plugin-path /Applications/Xcode-27.0.0-Release.Candidate.app/Contents/Developer/Toolchains/XcodeDefault.xctoolchain/usr/lib/swift/host/plugins/testing -enable-experimental-feature DebugDescriptionMacro -sdk /Applications/Xcode-27.0.0-Release.Candidate.app/Contents/Developer/Platforms/WatchOS.platform/Developer/SDKs/WatchOS27.0.sdk -target arm64_32-apple-watchos9.0 -g -module-cache-path /Users/admin/builder/spi-builder-workspace/.derivedData/ModuleCache.noindex -Xfrontend -serialize-debugging-options -profile-coverage-mapping -profile-generate -enable-testing -index-store-path /Users/admin/builder/spi-builder-workspace/.derivedData/Index.noindex/DataStore -Xcc -D_LIBCPP_HARDENING_MODE\=_LIBCPP_HARDENING_MODE_DEBUG -swift-version 5 -I /Users/admin/builder/spi-builder-workspace/.derivedData/Build/Products/Debug-watchos -Isystem /Applications/Xcode-27.0.0-Release.Candidate.app/Contents/Developer/Platforms/WatchOS.platform/Developer/usr/lib -F /Users/admin/builder/spi-builder-workspace/.derivedData/Build/Products/Debug-watchos -F /Applications/Xcode-27.0.0-Release.Candidate.app/Contents/Developer/Platforms/WatchOS.platform/Developer/Library/Frameworks -F /Applications/Xcode-27.0.0-Release.Candidate.app/Contents/Developer/Platforms/WatchOS.platform/Developer/SDKs/WatchOS27.0.sdk/Developer/Library/Frameworks -c -j10 -enable-batch-mode -incremental -Xcc -ivfsstatcache -Xcc /Users/admin/builder/spi-builder-workspace/.derivedData/SDKStatCaches.noindex/watchos27.0-24R360-e829b21a6f8c9b70876ba0858053c04477534ef55a1706bf4c1112bbb242f0a2.sdkstatcache -output-file-map /Users/admin/builder/spi-builder-workspace/.derivedData/Build/Intermediates.noindex/ArtifactBundleGen.build/Debug-watchos/ArtifactBundleGen-t.build/Objects-normal/arm64_32/ArtifactBundleGen-OutputFileMap.json -save-temps -no-color-diagnostics -explicit-module-build -module-cache-path /Users/admin/builder/spi-builder-workspace/.derivedData/Build/Intermediates.noindex/SwiftExplicitPrecompiledModules -clang-scanner-module-cache-path /Users/admin/builder/spi-builder-workspace/.derivedData/ModuleCache.noindex -sdk-module-cache-path /Users/admin/builder/spi-builder-workspace/.derivedData/SDKExplicitPrecompiledModules -emit-dependencies -emit-module -emit-module-path /Users/admin/builder/spi-builder-workspace/.derivedData/Build/Intermediates.noindex/ArtifactBundleGen.build/Debug-watchos/ArtifactBundleGen-t.build/Objects-normal/arm64_32/ArtifactBundleGen.swiftmodule -serialize-diagnostics -dependency-scan-serialize-diagnostics-path /Users/admin/builder/spi-builder-workspace/.derivedData/Build/Intermediates.noindex/ArtifactBundleGen.build/Debug-watchos/ArtifactBundleGen-t.build/Objects-normal/arm64_32/ArtifactBundleGen-dependency-scan.dia -validate-clang-modules-once -clang-build-session-file /Users/admin/builder/spi-builder-workspace/.derivedData/ModuleCache.noindex/Session.modulevalidation -Xcc -fmodules-prune-interval\=86400 -Xcc -fmodules-prune-after\=345600 -emit-const-values -const-gather-protocols-list /Users/admin/builder/spi-builder-workspace/.derivedData/Build/Intermediates.noindex/ArtifactBundleGen.build/Debug-watchos/ArtifactBundleGen-t.build/Objects-normal/arm64_32/ArtifactBundleGen_const_extract_protocols.json -Xcc -I/Users/admin/builder/spi-builder-workspace/.derivedData/Build/Products/Debug-watchos/include -Xcc -I/Users/admin/builder/spi-builder-workspace/.derivedData/Build/Intermediates.noindex/ArtifactBundleGen.build/Debug-watchos/ArtifactBundleGen-t.build/DerivedSources-normal/arm64_32 -Xcc -I/Users/admin/builder/spi-builder-workspace/.derivedData/Build/Intermediates.noindex/ArtifactBundleGen.build/Debug-watchos/ArtifactBundleGen-t.build/DerivedSources/arm64_32 -Xcc -I/Users/admin/builder/spi-builder-workspace/.derivedData/Build/Intermediates.noindex/ArtifactBundleGen.build/Debug-watchos/ArtifactBundleGen-t.build/DerivedSources -Xcc -DSWIFT_PACKAGE -Xcc -DDEBUG\=1 -emit-objc-header -emit-objc-header-path /Users/admin/builder/spi-builder-workspace/.derivedData/Build/Intermediates.noindex/ArtifactBundleGen.build/Debug-watchos/ArtifactBundleGen-t.build/Objects-normal/arm64_32/ArtifactBundleGen-Swift.h -working-directory /Users/admin/builder/spi-builder-workspace/.swiftpm/xcode -experimental-emit-module-separately -disable-cmo
Copy /Users/admin/builder/spi-builder-workspace/.derivedData/Build/Products/Debug-watchos/ArtifactBundleGen.swiftmodule/arm64-apple-watchos.swiftdoc /Users/admin/builder/spi-builder-workspace/.derivedData/Build/Intermediates.noindex/ArtifactBundleGen.build/Debug-watchos/ArtifactBundleGen-t.build/Objects-normal/arm64/ArtifactBundleGen.swiftdoc (in target 'ArtifactBundleGen' from project 'ArtifactBundleGen')
cd /Users/admin/builder/spi-builder-workspace
builtin-copy -exclude .DS_Store -exclude CVS -exclude .svn -exclude .git -exclude .hg -resolve-src-symlinks -rename /Users/admin/builder/spi-builder-workspace/.derivedData/Build/Intermediates.noindex/ArtifactBundleGen.build/Debug-watchos/ArtifactBundleGen-t.build/Objects-normal/arm64/ArtifactBundleGen.swiftdoc /Users/admin/builder/spi-builder-workspace/.derivedData/Build/Products/Debug-watchos/ArtifactBundleGen.swiftmodule/arm64-apple-watchos.swiftdoc
Copy /Users/admin/builder/spi-builder-workspace/.derivedData/Build/Products/Debug-watchos/ArtifactBundleGen.swiftmodule/arm64_32-apple-watchos.swiftdoc /Users/admin/builder/spi-builder-workspace/.derivedData/Build/Intermediates.noindex/ArtifactBundleGen.build/Debug-watchos/ArtifactBundleGen-t.build/Objects-normal/arm64_32/ArtifactBundleGen.swiftdoc (in target 'ArtifactBundleGen' from project 'ArtifactBundleGen')
cd /Users/admin/builder/spi-builder-workspace
builtin-copy -exclude .DS_Store -exclude CVS -exclude .svn -exclude .git -exclude .hg -resolve-src-symlinks -rename /Users/admin/builder/spi-builder-workspace/.derivedData/Build/Intermediates.noindex/ArtifactBundleGen.build/Debug-watchos/ArtifactBundleGen-t.build/Objects-normal/arm64_32/ArtifactBundleGen.swiftdoc /Users/admin/builder/spi-builder-workspace/.derivedData/Build/Products/Debug-watchos/ArtifactBundleGen.swiftmodule/arm64_32-apple-watchos.swiftdoc
Copy /Users/admin/builder/spi-builder-workspace/.derivedData/Build/Products/Debug-watchos/ArtifactBundleGen.swiftmodule/arm64_32-apple-watchos.abi.json /Users/admin/builder/spi-builder-workspace/.derivedData/Build/Intermediates.noindex/ArtifactBundleGen.build/Debug-watchos/ArtifactBundleGen-t.build/Objects-normal/arm64_32/ArtifactBundleGen.abi.json (in target 'ArtifactBundleGen' from project 'ArtifactBundleGen')
cd /Users/admin/builder/spi-builder-workspace
builtin-copy -exclude .DS_Store -exclude CVS -exclude .svn -exclude .git -exclude .hg -resolve-src-symlinks -rename /Users/admin/builder/spi-builder-workspace/.derivedData/Build/Intermediates.noindex/ArtifactBundleGen.build/Debug-watchos/ArtifactBundleGen-t.build/Objects-normal/arm64_32/ArtifactBundleGen.abi.json /Users/admin/builder/spi-builder-workspace/.derivedData/Build/Products/Debug-watchos/ArtifactBundleGen.swiftmodule/arm64_32-apple-watchos.abi.json
Copy /Users/admin/builder/spi-builder-workspace/.derivedData/Build/Products/Debug-watchos/ArtifactBundleGen.swiftmodule/arm64-apple-watchos.abi.json /Users/admin/builder/spi-builder-workspace/.derivedData/Build/Intermediates.noindex/ArtifactBundleGen.build/Debug-watchos/ArtifactBundleGen-t.build/Objects-normal/arm64/ArtifactBundleGen.abi.json (in target 'ArtifactBundleGen' from project 'ArtifactBundleGen')
cd /Users/admin/builder/spi-builder-workspace
builtin-copy -exclude .DS_Store -exclude CVS -exclude .svn -exclude .git -exclude .hg -resolve-src-symlinks -rename /Users/admin/builder/spi-builder-workspace/.derivedData/Build/Intermediates.noindex/ArtifactBundleGen.build/Debug-watchos/ArtifactBundleGen-t.build/Objects-normal/arm64/ArtifactBundleGen.abi.json /Users/admin/builder/spi-builder-workspace/.derivedData/Build/Products/Debug-watchos/ArtifactBundleGen.swiftmodule/arm64-apple-watchos.abi.json
Copy /Users/admin/builder/spi-builder-workspace/.derivedData/Build/Products/Debug-watchos/ArtifactBundleGen.swiftmodule/arm64-apple-watchos.swiftmodule /Users/admin/builder/spi-builder-workspace/.derivedData/Build/Intermediates.noindex/ArtifactBundleGen.build/Debug-watchos/ArtifactBundleGen-t.build/Objects-normal/arm64/ArtifactBundleGen.swiftmodule (in target 'ArtifactBundleGen' from project 'ArtifactBundleGen')
cd /Users/admin/builder/spi-builder-workspace
builtin-copy -exclude .DS_Store -exclude CVS -exclude .svn -exclude .git -exclude .hg -resolve-src-symlinks -rename /Users/admin/builder/spi-builder-workspace/.derivedData/Build/Intermediates.noindex/ArtifactBundleGen.build/Debug-watchos/ArtifactBundleGen-t.build/Objects-normal/arm64/ArtifactBundleGen.swiftmodule /Users/admin/builder/spi-builder-workspace/.derivedData/Build/Products/Debug-watchos/ArtifactBundleGen.swiftmodule/arm64-apple-watchos.swiftmodule
Copy /Users/admin/builder/spi-builder-workspace/.derivedData/Build/Products/Debug-watchos/ArtifactBundleGen.swiftmodule/arm64_32-apple-watchos.swiftmodule /Users/admin/builder/spi-builder-workspace/.derivedData/Build/Intermediates.noindex/ArtifactBundleGen.build/Debug-watchos/ArtifactBundleGen-t.build/Objects-normal/arm64_32/ArtifactBundleGen.swiftmodule (in target 'ArtifactBundleGen' from project 'ArtifactBundleGen')
cd /Users/admin/builder/spi-builder-workspace
builtin-copy -exclude .DS_Store -exclude CVS -exclude .svn -exclude .git -exclude .hg -resolve-src-symlinks -rename /Users/admin/builder/spi-builder-workspace/.derivedData/Build/Intermediates.noindex/ArtifactBundleGen.build/Debug-watchos/ArtifactBundleGen-t.build/Objects-normal/arm64_32/ArtifactBundleGen.swiftmodule /Users/admin/builder/spi-builder-workspace/.derivedData/Build/Products/Debug-watchos/ArtifactBundleGen.swiftmodule/arm64_32-apple-watchos.swiftmodule
Copy /Users/admin/builder/spi-builder-workspace/.derivedData/Build/Products/Debug-watchos/ArtifactBundleGen.swiftmodule/Project/arm64_32-apple-watchos.swiftsourceinfo /Users/admin/builder/spi-builder-workspace/.derivedData/Build/Intermediates.noindex/ArtifactBundleGen.build/Debug-watchos/ArtifactBundleGen-t.build/Objects-normal/arm64_32/ArtifactBundleGen.swiftsourceinfo (in target 'ArtifactBundleGen' from project 'ArtifactBundleGen')
cd /Users/admin/builder/spi-builder-workspace
builtin-copy -exclude .DS_Store -exclude CVS -exclude .svn -exclude .git -exclude .hg -resolve-src-symlinks -rename /Users/admin/builder/spi-builder-workspace/.derivedData/Build/Intermediates.noindex/ArtifactBundleGen.build/Debug-watchos/ArtifactBundleGen-t.build/Objects-normal/arm64_32/ArtifactBundleGen.swiftsourceinfo /Users/admin/builder/spi-builder-workspace/.derivedData/Build/Products/Debug-watchos/ArtifactBundleGen.swiftmodule/Project/arm64_32-apple-watchos.swiftsourceinfo
Copy /Users/admin/builder/spi-builder-workspace/.derivedData/Build/Products/Debug-watchos/ArtifactBundleGen.swiftmodule/Project/arm64-apple-watchos.swiftsourceinfo /Users/admin/builder/spi-builder-workspace/.derivedData/Build/Intermediates.noindex/ArtifactBundleGen.build/Debug-watchos/ArtifactBundleGen-t.build/Objects-normal/arm64/ArtifactBundleGen.swiftsourceinfo (in target 'ArtifactBundleGen' from project 'ArtifactBundleGen')
cd /Users/admin/builder/spi-builder-workspace
builtin-copy -exclude .DS_Store -exclude CVS -exclude .svn -exclude .git -exclude .hg -resolve-src-symlinks -rename /Users/admin/builder/spi-builder-workspace/.derivedData/Build/Intermediates.noindex/ArtifactBundleGen.build/Debug-watchos/ArtifactBundleGen-t.build/Objects-normal/arm64/ArtifactBundleGen.swiftsourceinfo /Users/admin/builder/spi-builder-workspace/.derivedData/Build/Products/Debug-watchos/ArtifactBundleGen.swiftmodule/Project/arm64-apple-watchos.swiftsourceinfo
SwiftDriver ArtifactBundleGen normal arm64 com.apple.xcode.tools.swift.compiler (in target 'ArtifactBundleGen' from project 'ArtifactBundleGen')
cd /Users/admin/builder/spi-builder-workspace/.swiftpm/xcode
builtin-SwiftDriver -- /Applications/Xcode-27.0.0-Release.Candidate.app/Contents/Developer/Toolchains/XcodeDefault.xctoolchain/usr/bin/swiftc -parse-as-library -module-name ArtifactBundleGen -Onone @/Users/admin/builder/spi-builder-workspace/.derivedData/Build/Intermediates.noindex/ArtifactBundleGen.build/Debug-watchos/ArtifactBundleGen-t.build/Objects-normal/arm64/ArtifactBundleGen.SwiftFileList -DSWIFT_PACKAGE -DDEBUG -DSWIFT_MODULE_RESOURCE_BUNDLE_UNAVAILABLE -DXcode -plugin-path /Applications/Xcode-27.0.0-Release.Candidate.app/Contents/Developer/Toolchains/XcodeDefault.xctoolchain/usr/lib/swift/host/plugins/testing -enable-experimental-feature DebugDescriptionMacro -sdk /Applications/Xcode-27.0.0-Release.Candidate.app/Contents/Developer/Platforms/WatchOS.platform/Developer/SDKs/WatchOS27.0.sdk -target arm64-apple-watchos9.0 -g -module-cache-path /Users/admin/builder/spi-builder-workspace/.derivedData/ModuleCache.noindex -Xfrontend -serialize-debugging-options -profile-coverage-mapping -profile-generate -enable-testing -index-store-path /Users/admin/builder/spi-builder-workspace/.derivedData/Index.noindex/DataStore -Xcc -D_LIBCPP_HARDENING_MODE\=_LIBCPP_HARDENING_MODE_DEBUG -swift-version 5 -I /Users/admin/builder/spi-builder-workspace/.derivedData/Build/Products/Debug-watchos -Isystem /Applications/Xcode-27.0.0-Release.Candidate.app/Contents/Developer/Platforms/WatchOS.platform/Developer/usr/lib -F /Users/admin/builder/spi-builder-workspace/.derivedData/Build/Products/Debug-watchos -F /Applications/Xcode-27.0.0-Release.Candidate.app/Contents/Developer/Platforms/WatchOS.platform/Developer/Library/Frameworks -F /Applications/Xcode-27.0.0-Release.Candidate.app/Contents/Developer/Platforms/WatchOS.platform/Developer/SDKs/WatchOS27.0.sdk/Developer/Library/Frameworks -c -j10 -enable-batch-mode -incremental -Xcc -ivfsstatcache -Xcc /Users/admin/builder/spi-builder-workspace/.derivedData/SDKStatCaches.noindex/watchos27.0-24R360-e829b21a6f8c9b70876ba0858053c04477534ef55a1706bf4c1112bbb242f0a2.sdkstatcache -output-file-map /Users/admin/builder/spi-builder-workspace/.derivedData/Build/Intermediates.noindex/ArtifactBundleGen.build/Debug-watchos/ArtifactBundleGen-t.build/Objects-normal/arm64/ArtifactBundleGen-OutputFileMap.json -save-temps -no-color-diagnostics -explicit-module-build -module-cache-path /Users/admin/builder/spi-builder-workspace/.derivedData/Build/Intermediates.noindex/SwiftExplicitPrecompiledModules -clang-scanner-module-cache-path /Users/admin/builder/spi-builder-workspace/.derivedData/ModuleCache.noindex -sdk-module-cache-path /Users/admin/builder/spi-builder-workspace/.derivedData/SDKExplicitPrecompiledModules -emit-dependencies -emit-module -emit-module-path /Users/admin/builder/spi-builder-workspace/.derivedData/Build/Intermediates.noindex/ArtifactBundleGen.build/Debug-watchos/ArtifactBundleGen-t.build/Objects-normal/arm64/ArtifactBundleGen.swiftmodule -serialize-diagnostics -dependency-scan-serialize-diagnostics-path /Users/admin/builder/spi-builder-workspace/.derivedData/Build/Intermediates.noindex/ArtifactBundleGen.build/Debug-watchos/ArtifactBundleGen-t.build/Objects-normal/arm64/ArtifactBundleGen-dependency-scan.dia -validate-clang-modules-once -clang-build-session-file /Users/admin/builder/spi-builder-workspace/.derivedData/ModuleCache.noindex/Session.modulevalidation -Xcc -fmodules-prune-interval\=86400 -Xcc -fmodules-prune-after\=345600 -emit-const-values -const-gather-protocols-list /Users/admin/builder/spi-builder-workspace/.derivedData/Build/Intermediates.noindex/ArtifactBundleGen.build/Debug-watchos/ArtifactBundleGen-t.build/Objects-normal/arm64/ArtifactBundleGen_const_extract_protocols.json -Xcc -I/Users/admin/builder/spi-builder-workspace/.derivedData/Build/Products/Debug-watchos/include -Xcc -I/Users/admin/builder/spi-builder-workspace/.derivedData/Build/Intermediates.noindex/ArtifactBundleGen.build/Debug-watchos/ArtifactBundleGen-t.build/DerivedSources-normal/arm64 -Xcc -I/Users/admin/builder/spi-builder-workspace/.derivedData/Build/Intermediates.noindex/ArtifactBundleGen.build/Debug-watchos/ArtifactBundleGen-t.build/DerivedSources/arm64 -Xcc -I/Users/admin/builder/spi-builder-workspace/.derivedData/Build/Intermediates.noindex/ArtifactBundleGen.build/Debug-watchos/ArtifactBundleGen-t.build/DerivedSources -Xcc -DSWIFT_PACKAGE -Xcc -DDEBUG\=1 -emit-objc-header -emit-objc-header-path /Users/admin/builder/spi-builder-workspace/.derivedData/Build/Intermediates.noindex/ArtifactBundleGen.build/Debug-watchos/ArtifactBundleGen-t.build/Objects-normal/arm64/ArtifactBundleGen-Swift.h -working-directory /Users/admin/builder/spi-builder-workspace/.swiftpm/xcode -experimental-emit-module-separately -disable-cmo
SwiftCompile normal arm64_32 Compiling\ Config.swift /Users/admin/builder/spi-builder-workspace/Sources/ArtifactBundleGen/Model/Config.swift (in target 'ArtifactBundleGen' from project 'ArtifactBundleGen')
SwiftCompile normal arm64_32 /Users/admin/builder/spi-builder-workspace/Sources/ArtifactBundleGen/Model/Config.swift (in target 'ArtifactBundleGen' from project 'ArtifactBundleGen')
cd /Users/admin/builder/spi-builder-workspace/.swiftpm/xcode
builtin-SwiftPerFileCompile Config.swift
SwiftCompile normal arm64_32 Compiling\ ArtifactBundleGen.swift /Users/admin/builder/spi-builder-workspace/Sources/ArtifactBundleGen/ArtifactBundleGen.swift (in target 'ArtifactBundleGen' from project 'ArtifactBundleGen')
SwiftCompile normal arm64_32 /Users/admin/builder/spi-builder-workspace/Sources/ArtifactBundleGen/ArtifactBundleGen.swift (in target 'ArtifactBundleGen' from project 'ArtifactBundleGen')
cd /Users/admin/builder/spi-builder-workspace/.swiftpm/xcode
builtin-SwiftPerFileCompile ArtifactBundleGen.swift
SwiftCompile normal arm64_32 Compiling\ FileExistChecker.swift /Users/admin/builder/spi-builder-workspace/Sources/ArtifactBundleGen/Utils/FileExistChecker.swift (in target 'ArtifactBundleGen' from project 'ArtifactBundleGen')
SwiftCompile normal arm64_32 /Users/admin/builder/spi-builder-workspace/Sources/ArtifactBundleGen/Utils/FileExistChecker.swift (in target 'ArtifactBundleGen' from project 'ArtifactBundleGen')
cd /Users/admin/builder/spi-builder-workspace/.swiftpm/xcode
builtin-SwiftPerFileCompile FileExistChecker.swift
SwiftCompile normal arm64_32 Compiling\ FileCleaner.swift /Users/admin/builder/spi-builder-workspace/Sources/ArtifactBundleGen/Utils/FileCleaner.swift (in target 'ArtifactBundleGen' from project 'ArtifactBundleGen')
SwiftCompile normal arm64_32 /Users/admin/builder/spi-builder-workspace/Sources/ArtifactBundleGen/Utils/FileCleaner.swift (in target 'ArtifactBundleGen' from project 'ArtifactBundleGen')
cd /Users/admin/builder/spi-builder-workspace/.swiftpm/xcode
builtin-SwiftPerFileCompile FileCleaner.swift
SwiftCompile normal arm64_32 Compiling\ FolderCreator.swift /Users/admin/builder/spi-builder-workspace/Sources/ArtifactBundleGen/Utils/FolderCreator.swift (in target 'ArtifactBundleGen' from project 'ArtifactBundleGen')
SwiftCompile normal arm64_32 /Users/admin/builder/spi-builder-workspace/Sources/ArtifactBundleGen/Utils/FolderCreator.swift (in target 'ArtifactBundleGen' from project 'ArtifactBundleGen')
cd /Users/admin/builder/spi-builder-workspace/.swiftpm/xcode
builtin-SwiftPerFileCompile FolderCreator.swift
SwiftCompile normal arm64_32 Compiling\ LipoRunnner.swift /Users/admin/builder/spi-builder-workspace/Sources/ArtifactBundleGen/Utils/LipoRunnner.swift (in target 'ArtifactBundleGen' from project 'ArtifactBundleGen')
/Users/admin/builder/spi-builder-workspace/Sources/ArtifactBundleGen/Utils/LipoRunnner.swift:5:20: error: cannot find 'Process' in scope
3 | struct LipoRunnner {
4 | func checkArch(of targetPath: String) throws -> [String] {
5 | let task = Process()
| `- error: cannot find 'Process' in scope
6 | let pipe = Pipe()
7 |
Failed frontend command:
/Applications/Xcode-27.0.0-Release.Candidate.app/Contents/Developer/Toolchains/XcodeDefault.xctoolchain/usr/bin/swift-frontend -frontend -c /Users/admin/builder/spi-builder-workspace/Sources/ArtifactBundleGen/ArtifactBundleGen.swift /Users/admin/builder/spi-builder-workspace/Sources/ArtifactBundleGen/Error/ArtifactBundleGenError.swift /Users/admin/builder/spi-builder-workspace/Sources/ArtifactBundleGen/Model/ArtifactBundle.swift /Users/admin/builder/spi-builder-workspace/Sources/ArtifactBundleGen/Model/Config.swift /Users/admin/builder/spi-builder-workspace/Sources/ArtifactBundleGen/Model/VariantTriples.swift /Users/admin/builder/spi-builder-workspace/Sources/ArtifactBundleGen/Utils/FileCleaner.swift /Users/admin/builder/spi-builder-workspace/Sources/ArtifactBundleGen/Utils/FileCopy.swift /Users/admin/builder/spi-builder-workspace/Sources/ArtifactBundleGen/Utils/FileExistChecker.swift /Users/admin/builder/spi-builder-workspace/Sources/ArtifactBundleGen/Utils/FolderCreator.swift -primary-file /Users/admin/builder/spi-builder-workspace/Sources/ArtifactBundleGen/Utils/LipoRunnner.swift /Users/admin/builder/spi-builder-workspace/Sources/ArtifactBundleGen/Utils/ZipComposer.swift -emit-dependencies-path /Users/admin/builder/spi-builder-workspace/.derivedData/Build/Intermediates.noindex/ArtifactBundleGen.build/Debug-watchos/ArtifactBundleGen-t.build/Objects-normal/arm64_32/LipoRunnner.d -emit-const-values-path /Users/admin/builder/spi-builder-workspace/.derivedData/Build/Intermediates.noindex/ArtifactBundleGen.build/Debug-watchos/ArtifactBundleGen-t.build/Objects-normal/arm64_32/LipoRunnner.swiftconstvalues -emit-reference-dependencies-path /Users/admin/builder/spi-builder-workspace/.derivedData/Build/Intermediates.noindex/ArtifactBundleGen.build/Debug-watchos/ArtifactBundleGen-t.build/Objects-normal/arm64_32/LipoRunnner.swiftdeps -serialize-diagnostics-path /Users/admin/builder/spi-builder-workspace/.derivedData/Build/Intermediates.noindex/ArtifactBundleGen.build/Debug-watchos/ArtifactBundleGen-t.build/Objects-normal/arm64_32/LipoRunnner.dia -target arm64_32-apple-watchos9.0 -disable-cross-import-overlay-search -load-resolved-plugin /Applications/Xcode-27.0.0-Release.Candidate.app/Contents/Developer/Platforms/WatchOS.platform/Developer/usr/lib/swift/host/plugins/libFoundationMacros.dylib\#/Applications/Xcode-27.0.0-Release.Candidate.app/Contents/Developer/Platforms/WatchOS.platform/Developer/usr/bin/swift-plugin-server\#FoundationMacros -load-resolved-plugin /Applications/Xcode-27.0.0-Release.Candidate.app/Contents/Developer/Platforms/WatchOS.platform/Developer/usr/lib/swift/host/plugins/libObservationMacros.dylib\#/Applications/Xcode-27.0.0-Release.Candidate.app/Contents/Developer/Platforms/WatchOS.platform/Developer/usr/bin/swift-plugin-server\#ObservationMacros -load-resolved-plugin /Applications/Xcode-27.0.0-Release.Candidate.app/Contents/Developer/Platforms/WatchOS.platform/Developer/usr/lib/swift/host/plugins/libSwiftMacros.dylib\#/Applications/Xcode-27.0.0-Release.Candidate.app/Contents/Developer/Platforms/WatchOS.platform/Developer/usr/bin/swift-plugin-server\#SwiftMacros -disable-implicit-swift-modules -Xcc -fno-implicit-modules -Xcc -fno-implicit-module-maps -explicit-swift-module-map-file /Users/admin/builder/spi-builder-workspace/.derivedData/Build/Intermediates.noindex/ArtifactBundleGen.build/Debug-watchos/ArtifactBundleGen-t.build/Objects-normal/arm64_32/ArtifactBundleGen-dependencies-2.json -enable-objc-interop -sdk /Applications/Xcode-27.0.0-Release.Candidate.app/Contents/Developer/Platforms/WatchOS.platform/Developer/SDKs/WatchOS27.0.sdk -I /Users/admin/builder/spi-builder-workspace/.derivedData/Build/Products/Debug-watchos -Isystem /Applications/Xcode-27.0.0-Release.Candidate.app/Contents/Developer/Platforms/WatchOS.platform/Developer/usr/lib -F /Users/admin/builder/spi-builder-workspace/.derivedData/Build/Products/Debug-watchos -F /Applications/Xcode-27.0.0-Release.Candidate.app/Contents/Developer/Platforms/WatchOS.platform/Developer/Library/Frameworks -F /Applications/Xcode-27.0.0-Release.Candidate.app/Contents/Developer/Platforms/WatchOS.platform/Developer/SDKs/WatchOS27.0.sdk/Developer/Library/Frameworks -module-cache-path /Users/admin/builder/spi-builder-workspace/.derivedData/Build/Intermediates.noindex/SwiftExplicitPrecompiledModules -no-color-diagnostics -Xcc -fno-color-diagnostics -enable-testing -g -debug-info-format\=dwarf -dwarf-version\=4 -profile-generate -profile-coverage-mapping -swift-version 5 -Onone -D SWIFT_PACKAGE -D DEBUG -D SWIFT_MODULE_RESOURCE_BUNDLE_UNAVAILABLE -D Xcode -serialize-debugging-options -enable-experimental-feature DebugDescriptionMacro -empty-abi-descriptor -validate-clang-modules-once -clang-build-session-file /Users/admin/builder/spi-builder-workspace/.derivedData/ModuleCache.noindex/Session.modulevalidation -Xcc -working-directory -Xcc /Users/admin/builder/spi-builder-workspace/.swiftpm/xcode -enable-anonymous-context-mangled-names -file-compilation-dir /Users/admin/builder/spi-builder-workspace/.swiftpm/xcode -Xcc -D_LIBCPP_HARDENING_MODE\=_LIBCPP_HARDENING_MODE_DEBUG -Xcc -ivfsstatcache -Xcc /Users/admin/builder/spi-builder-workspace/.derivedData/SDKStatCaches.noindex/watchos27.0-24R360-e829b21a6f8c9b70876ba0858053c04477534ef55a1706bf4c1112bbb242f0a2.sdkstatcache -Xcc -fmodules-prune-interval\=86400 -Xcc -fmodules-prune-after\=345600 -Xcc -I/Users/admin/builder/spi-builder-workspace/.derivedData/Build/Products/Debug-watchos/include -Xcc -I/Users/admin/builder/spi-builder-workspace/.derivedData/Build/Intermediates.noindex/ArtifactBundleGen.build/Debug-watchos/ArtifactBundleGen-t.build/DerivedSources-normal/arm64_32 -Xcc -I/Users/admin/builder/spi-builder-workspace/.derivedData/Build/Intermediates.noindex/ArtifactBundleGen.build/Debug-watchos/ArtifactBundleGen-t.build/DerivedSources/arm64_32 -Xcc -I/Users/admin/builder/spi-builder-workspace/.derivedData/Build/Intermediates.noindex/ArtifactBundleGen.build/Debug-watchos/ArtifactBundleGen-t.build/DerivedSources -Xcc -DSWIFT_PACKAGE -Xcc -DDEBUG\=1 -no-auto-bridging-header-chaining -module-name ArtifactBundleGen -const-gather-protocols-file /Users/admin/builder/spi-builder-workspace/.derivedData/Build/Intermediates.noindex/ArtifactBundleGen.build/Debug-watchos/ArtifactBundleGen-t.build/Objects-normal/arm64_32/ArtifactBundleGen_const_extract_protocols.json -disable-clang-spi -clang-target arm64_32-apple-watchos27.0 -target-sdk-version 27.0 -target-sdk-name watchos27.0 -in-process-plugin-server-path /Applications/Xcode-27.0.0-Release.Candidate.app/Contents/Developer/Toolchains/XcodeDefault.xctoolchain/usr/lib/swift/host/libSwiftInProcPluginServer.dylib -parse-as-library -o /Users/admin/builder/spi-builder-workspace/.derivedData/Build/Intermediates.noindex/ArtifactBundleGen.build/Debug-watchos/ArtifactBundleGen-t.build/Objects-normal/arm64_32/LipoRunnner.o -debug-module-path /Users/admin/builder/spi-builder-workspace/.derivedData/Build/Intermediates.noindex/ArtifactBundleGen.build/Debug-watchos/ArtifactBundleGen-t.build/Objects-normal/arm64_32/ArtifactBundleGen.swiftmodule -index-unit-output-path /ArtifactBundleGen.build/Debug-watchos/ArtifactBundleGen-t.build/Objects-normal/arm64_32/LipoRunnner.o -index-store-path /Users/admin/builder/spi-builder-workspace/.derivedData/Index.noindex/DataStore -index-system-modules
SwiftCompile normal arm64_32 /Users/admin/builder/spi-builder-workspace/Sources/ArtifactBundleGen/Utils/LipoRunnner.swift (in target 'ArtifactBundleGen' from project 'ArtifactBundleGen')
cd /Users/admin/builder/spi-builder-workspace/.swiftpm/xcode
builtin-SwiftPerFileCompile LipoRunnner.swift
SwiftCompile normal arm64_32 Compiling\ FileCopy.swift /Users/admin/builder/spi-builder-workspace/Sources/ArtifactBundleGen/Utils/FileCopy.swift (in target 'ArtifactBundleGen' from project 'ArtifactBundleGen')
SwiftCompile normal arm64_32 /Users/admin/builder/spi-builder-workspace/Sources/ArtifactBundleGen/Utils/FileCopy.swift (in target 'ArtifactBundleGen' from project 'ArtifactBundleGen')
cd /Users/admin/builder/spi-builder-workspace/.swiftpm/xcode
builtin-SwiftPerFileCompile FileCopy.swift
SwiftCompile normal arm64_32 Compiling\ ArtifactBundleGenError.swift /Users/admin/builder/spi-builder-workspace/Sources/ArtifactBundleGen/Error/ArtifactBundleGenError.swift (in target 'ArtifactBundleGen' from project 'ArtifactBundleGen')
SwiftCompile normal arm64_32 /Users/admin/builder/spi-builder-workspace/Sources/ArtifactBundleGen/Error/ArtifactBundleGenError.swift (in target 'ArtifactBundleGen' from project 'ArtifactBundleGen')
cd /Users/admin/builder/spi-builder-workspace/.swiftpm/xcode
builtin-SwiftPerFileCompile ArtifactBundleGenError.swift
SwiftCompile normal arm64_32 Compiling\ VariantTriples.swift /Users/admin/builder/spi-builder-workspace/Sources/ArtifactBundleGen/Model/VariantTriples.swift (in target 'ArtifactBundleGen' from project 'ArtifactBundleGen')
SwiftCompile normal arm64_32 /Users/admin/builder/spi-builder-workspace/Sources/ArtifactBundleGen/Model/VariantTriples.swift (in target 'ArtifactBundleGen' from project 'ArtifactBundleGen')
cd /Users/admin/builder/spi-builder-workspace/.swiftpm/xcode
builtin-SwiftPerFileCompile VariantTriples.swift
SwiftEmitModule normal arm64_32 Emitting\ module\ for\ ArtifactBundleGen (in target 'ArtifactBundleGen' from project 'ArtifactBundleGen')
SwiftCompile normal arm64_32 (in target 'ArtifactBundleGen' from project 'ArtifactBundleGen')
cd /Users/admin/builder/spi-builder-workspace/.swiftpm/xcode
SwiftEmitModule normal arm64 Emitting\ module\ for\ ArtifactBundleGen (in target 'ArtifactBundleGen' from project 'ArtifactBundleGen')
SwiftCompile normal arm64 (in target 'ArtifactBundleGen' from project 'ArtifactBundleGen')
cd /Users/admin/builder/spi-builder-workspace/.swiftpm/xcode
SwiftDriverJobDiscovery normal arm64_32 Compiling FileExistChecker.swift (in target 'ArtifactBundleGen' from project 'ArtifactBundleGen')
SwiftCompile normal arm64 Compiling\ VariantTriples.swift /Users/admin/builder/spi-builder-workspace/Sources/ArtifactBundleGen/Model/VariantTriples.swift (in target 'ArtifactBundleGen' from project 'ArtifactBundleGen')
SwiftCompile normal arm64 /Users/admin/builder/spi-builder-workspace/Sources/ArtifactBundleGen/Model/VariantTriples.swift (in target 'ArtifactBundleGen' from project 'ArtifactBundleGen')
cd /Users/admin/builder/spi-builder-workspace/.swiftpm/xcode
builtin-SwiftPerFileCompile VariantTriples.swift
SwiftDriverJobDiscovery normal arm64_32 Compiling FileCleaner.swift (in target 'ArtifactBundleGen' from project 'ArtifactBundleGen')
SwiftCompile normal arm64 Compiling\ FolderCreator.swift /Users/admin/builder/spi-builder-workspace/Sources/ArtifactBundleGen/Utils/FolderCreator.swift (in target 'ArtifactBundleGen' from project 'ArtifactBundleGen')
SwiftCompile normal arm64 /Users/admin/builder/spi-builder-workspace/Sources/ArtifactBundleGen/Utils/FolderCreator.swift (in target 'ArtifactBundleGen' from project 'ArtifactBundleGen')
cd /Users/admin/builder/spi-builder-workspace/.swiftpm/xcode
builtin-SwiftPerFileCompile FolderCreator.swift
SwiftCompile normal arm64_32 Compiling\ ZipComposer.swift /Users/admin/builder/spi-builder-workspace/Sources/ArtifactBundleGen/Utils/ZipComposer.swift (in target 'ArtifactBundleGen' from project 'ArtifactBundleGen')
SwiftCompile normal arm64_32 /Users/admin/builder/spi-builder-workspace/Sources/ArtifactBundleGen/Utils/ZipComposer.swift (in target 'ArtifactBundleGen' from project 'ArtifactBundleGen')
cd /Users/admin/builder/spi-builder-workspace/.swiftpm/xcode
builtin-SwiftPerFileCompile ZipComposer.swift
SwiftDriverJobDiscovery normal arm64_32 Compiling FolderCreator.swift (in target 'ArtifactBundleGen' from project 'ArtifactBundleGen')
SwiftDriverJobDiscovery normal arm64_32 Compiling FileCopy.swift (in target 'ArtifactBundleGen' from project 'ArtifactBundleGen')
SwiftCompile normal arm64 Compiling\ ArtifactBundle.swift /Users/admin/builder/spi-builder-workspace/Sources/ArtifactBundleGen/Model/ArtifactBundle.swift (in target 'ArtifactBundleGen' from project 'ArtifactBundleGen')
SwiftCompile normal arm64 /Users/admin/builder/spi-builder-workspace/Sources/ArtifactBundleGen/Model/ArtifactBundle.swift (in target 'ArtifactBundleGen' from project 'ArtifactBundleGen')
cd /Users/admin/builder/spi-builder-workspace/.swiftpm/xcode
builtin-SwiftPerFileCompile ArtifactBundle.swift
PruneExplicitPrecompiledModules /Users/admin/builder/spi-builder-workspace/.derivedData/SDKExplicitPrecompiledModules
PruneExplicitPrecompiledModules /Users/admin/builder/spi-builder-workspace/.derivedData/Build/Intermediates.noindex/ExplicitPrecompiledModules
PruneExplicitPrecompiledModules /Users/admin/builder/spi-builder-workspace/.derivedData/Build/Intermediates.noindex/SwiftExplicitPrecompiledModules
2026-09-22 13:26:21.287 xcodebuild[946:5907] [MT] IDERunDestination: Supported platforms for the buildables in the current scheme is empty.
** BUILD FAILED **
The following build commands failed:
SwiftCompile normal arm64_32 Compiling\ LipoRunnner.swift /Users/admin/builder/spi-builder-workspace/Sources/ArtifactBundleGen/Utils/LipoRunnner.swift (in target 'ArtifactBundleGen' from project 'ArtifactBundleGen')
SwiftCompile normal arm64_32 /Users/admin/builder/spi-builder-workspace/Sources/ArtifactBundleGen/Utils/LipoRunnner.swift (in target 'ArtifactBundleGen' from project 'ArtifactBundleGen')
Building workspace ArtifactBundleGen with scheme ArtifactBundleGen
(3 failures)
BUILD FAILURE 6.4 watchOS