The Swift Package Index logo.Swift Package Index

Build Information

Failed to build GoogleBigQueryDataPoliciesV1, reference 0.5.0 (fb5869), with Swift 6.2 for Android on 10 Oct 2026 20:22:51 UTC.

Build Command

bash -c docker run --pull=always --rm -v "checkouts-54344849-0":/host -w "$PWD" -e JAVA_HOME="/root/.sdkman/candidates/java/current" -e SPI_BUILD="1" -e SPI_PROCESSING="1" registry.gitlab.com/saguaro1/spi-images:android-6.2-latest swift build --swift-sdk aarch64-unknown-linux-android28 2>&1

Build Log

========================================
RunAll
========================================
Builder version: 5.1.1
Interrupt handler set up.
========================================
Checkout
========================================
Clone URL: https://github.com/googleapis/swift-google-cloud-bigquery-datapolicies-v1.git
Reference: 0.5.0
Initialized empty Git repository in /host/spi-builder-workspace/.git/
hint: Using 'master' as the name for the initial branch. This default branch name
hint: is subject to change. To configure the initial branch name to use in all
hint: of your new repositories, which will suppress this warning, call:
hint:
hint: 	git config --global init.defaultBranch <name>
hint:
hint: Names commonly chosen instead of 'master' are 'main', 'trunk' and
hint: 'development'. The just-created branch can be renamed via this command:
hint:
hint: 	git branch -m <name>
From https://github.com/googleapis/swift-google-cloud-bigquery-datapolicies-v1
 * tag               0.5.0      -> FETCH_HEAD
HEAD is now at fb58691 chore: release circa 2026-10-07 (#1382)
Cloned https://github.com/googleapis/swift-google-cloud-bigquery-datapolicies-v1.git
Revision (git rev-parse @):
fb58691a532eec907be02840e705af7fc08a0f3a
SPI manifest file found: $PWD/.spi.yml
SUCCESS checkout https://github.com/googleapis/swift-google-cloud-bigquery-datapolicies-v1.git at 0.5.0
========================================
Build
========================================
Selected platform:         android
Swift version:             6.2
Building package at path:  $PWD
https://github.com/googleapis/swift-google-cloud-bigquery-datapolicies-v1.git
Running build ...
bash -c docker run --pull=always --rm -v "checkouts-54344849-0":/host -w "$PWD" -e JAVA_HOME="/root/.sdkman/candidates/java/current" -e SPI_BUILD="1" -e SPI_PROCESSING="1" registry.gitlab.com/saguaro1/spi-images:android-6.2-latest swift build --swift-sdk aarch64-unknown-linux-android28 2>&1
android-6.2-latest: Pulling from saguaro1/spi-images
Digest: sha256:a839c9ce201f1dacc8eb056626ec7ab0a1c6d53d7b77c83feda395f4507c51be
Status: Image is up to date for registry.gitlab.com/saguaro1/spi-images:android-6.2-latest
Fetching https://github.com/apple/swift-log
Fetching https://github.com/googleapis/swift-google-auth
Fetching https://github.com/googleapis/swift-google-gax
[1/1748] Fetching swift-google-gax
[875/10005] Fetching swift-google-gax, swift-log
[2063/11028] Fetching swift-google-gax, swift-log, swift-google-auth
Fetched https://github.com/googleapis/swift-google-gax from cache (0.56s)
[5317/9280] Fetching swift-log, swift-google-auth
Fetched https://github.com/googleapis/swift-google-auth from cache (0.57s)
[4377/8257] Fetching swift-log
Fetching https://github.com/googleapis/swift-google-wkt
Fetching https://github.com/googleapis/swift-google-iam-v1
Fetched https://github.com/apple/swift-log from cache (0.76s)
[1/1023] Fetching swift-google-wkt
[329/1729] Fetching swift-google-wkt, swift-google-iam-v1
Fetched https://github.com/googleapis/swift-google-wkt from cache (0.44s)
Fetched https://github.com/googleapis/swift-google-iam-v1 from cache (0.44s)
Computing version for https://github.com/googleapis/swift-google-wkt
Computed https://github.com/googleapis/swift-google-wkt at 0.5.0 (1.56s)
Fetching https://github.com/swift-extras/swift-extras-base64
[1/954] Fetching swift-extras-base64
Fetched https://github.com/swift-extras/swift-extras-base64 from cache (0.43s)
Computing version for https://github.com/googleapis/swift-google-iam-v1
Computed https://github.com/googleapis/swift-google-iam-v1 at 0.5.0 (0.73s)
Fetching https://github.com/googleapis/swift-google-type
[1/437] Fetching swift-google-type
Fetched https://github.com/googleapis/swift-google-type from cache (0.42s)
Computing version for https://github.com/googleapis/swift-google-gax
Computed https://github.com/googleapis/swift-google-gax at 0.5.0 (0.78s)
Fetching https://github.com/apple/swift-nio
Fetching https://github.com/googleapis/swift-google-rpc
Fetching https://github.com/swift-server/async-http-client.git
[1/422] Fetching swift-google-rpc
[423/86796] Fetching swift-google-rpc, swift-nio
[34973/103260] Fetching swift-google-rpc, swift-nio, async-http-client
Fetched https://github.com/googleapis/swift-google-rpc from cache (2.02s)
Fetched https://github.com/swift-server/async-http-client.git from cache (2.02s)
[62190/86374] Fetching swift-nio
Fetched https://github.com/apple/swift-nio from cache (5.08s)
Computing version for https://github.com/googleapis/swift-google-auth
Computed https://github.com/googleapis/swift-google-auth at 0.5.0 (5.43s)
Fetching https://github.com/apple/swift-system.git
Fetching https://github.com/vapor/jwt-kit.git
[1/7241] Fetching swift-system
[726/17495] Fetching swift-system, jwt-kit
Fetched https://github.com/apple/swift-system.git from cache (0.81s)
[1026/10254] Fetching jwt-kit
Fetched https://github.com/vapor/jwt-kit.git from cache (1.27s)
Computing version for https://github.com/googleapis/swift-google-type
Computed https://github.com/googleapis/swift-google-type at 0.5.0 (1.58s)
Computing version for https://github.com/googleapis/swift-google-rpc
Computed https://github.com/googleapis/swift-google-rpc at 0.5.0 (0.34s)
Computing version for https://github.com/swift-extras/swift-extras-base64
Computed https://github.com/swift-extras/swift-extras-base64 at 1.2.0 (0.33s)
Computing version for https://github.com/swift-server/async-http-client.git
Computed https://github.com/swift-server/async-http-client.git at 1.36.2 (0.34s)
Fetching https://github.com/apple/swift-nio-transport-services.git
Fetching https://github.com/apple/swift-configuration.git
Fetching https://github.com/apple/swift-service-context.git
Fetching https://github.com/apple/swift-distributed-tracing.git
Fetching https://github.com/apple/swift-algorithms.git
[1/3928] Fetching swift-configuration
[237/6795] Fetching swift-configuration, swift-nio-transport-services
[666/8295] Fetching swift-configuration, swift-nio-transport-services, swift-service-context
[4443/14459] Fetching swift-configuration, swift-nio-transport-services, swift-service-context, swift-algorithms
[6104/21010] Fetching swift-configuration, swift-nio-transport-services, swift-service-context, swift-algorithms, swift-distributed-tracing
Fetched https://github.com/apple/swift-nio-transport-services.git from cache (0.60s)
Fetching https://github.com/apple/swift-atomics.git
[10218/18143] Fetching swift-configuration, swift-service-context, swift-algorithms, swift-distributed-tracing
Fetched https://github.com/apple/swift-algorithms.git from cache (0.79s)
Fetching https://github.com/apple/swift-nio-http2.git
Fetched https://github.com/apple/swift-service-context.git from cache (0.88s)
Fetched https://github.com/apple/swift-configuration.git from cache (0.88s)
Fetched https://github.com/apple/swift-distributed-tracing.git from cache (0.88s)
Fetching https://github.com/apple/swift-nio-ssl.git
[1/1889] Fetching swift-atomics
Fetching https://github.com/apple/swift-nio-extras.git
Fetched https://github.com/apple/swift-atomics.git from cache (0.63s)
[1/12294] Fetching swift-nio-http2
[1231/29155] Fetching swift-nio-http2, swift-nio-ssl
[13813/35858] Fetching swift-nio-http2, swift-nio-ssl, swift-nio-extras
Fetched https://github.com/apple/swift-nio-extras.git from cache (0.75s)
[16678/29155] Fetching swift-nio-http2, swift-nio-ssl
Fetched https://github.com/apple/swift-nio-http2.git from cache (1.54s)
[13152/16861] Fetching swift-nio-ssl
Fetched https://github.com/apple/swift-nio-ssl.git from cache (2.31s)
Computing version for https://github.com/apple/swift-service-context.git
Computed https://github.com/apple/swift-service-context.git at 1.3.0 (3.45s)
Computing version for https://github.com/apple/swift-algorithms.git
Computed https://github.com/apple/swift-algorithms.git at 1.2.1 (1.47s)
Fetching https://github.com/apple/swift-numerics.git
[1/6728] Fetching swift-numerics
Fetched https://github.com/apple/swift-numerics.git from cache (0.64s)
Computing version for https://github.com/apple/swift-log
Computed https://github.com/apple/swift-log at 1.16.1 (0.91s)
Computing version for https://github.com/apple/swift-distributed-tracing.git
Computed https://github.com/apple/swift-distributed-tracing.git at 1.5.0 (0.39s)
Computing version for https://github.com/apple/swift-atomics.git
Computed https://github.com/apple/swift-atomics.git at 1.3.1 (0.27s)
Computing version for https://github.com/apple/swift-numerics.git
Computed https://github.com/apple/swift-numerics.git at 1.1.1 (0.31s)
Computing version for https://github.com/apple/swift-nio
Computed https://github.com/apple/swift-nio at 2.104.0 (0.61s)
Fetching https://github.com/apple/swift-collections.git
[1/28703] Fetching swift-collections
Fetched https://github.com/apple/swift-collections.git from cache (1.78s)
Computing version for https://github.com/apple/swift-configuration.git
Computed https://github.com/apple/swift-configuration.git at 1.2.2 (3.18s)
Fetching https://github.com/swift-server/swift-service-lifecycle
[1/2867] Fetching swift-service-lifecycle
Fetched https://github.com/swift-server/swift-service-lifecycle from cache (0.50s)
Computing version for https://github.com/apple/swift-nio-transport-services.git
Computed https://github.com/apple/swift-nio-transport-services.git at 1.28.0 (0.83s)
Computing version for https://github.com/swift-server/swift-service-lifecycle
Computed https://github.com/swift-server/swift-service-lifecycle at 2.12.1 (0.29s)
Fetching https://github.com/apple/swift-async-algorithms.git
[1/6820] Fetching swift-async-algorithms
Fetched https://github.com/apple/swift-async-algorithms.git from cache (0.68s)
Computing version for https://github.com/apple/swift-async-algorithms.git
Computed https://github.com/apple/swift-async-algorithms.git at 1.1.7 (1.09s)
Computing version for https://github.com/apple/swift-collections.git
Computed https://github.com/apple/swift-collections.git at 1.7.2 (0.43s)
Computing version for https://github.com/apple/swift-nio-http2.git
Computed https://github.com/apple/swift-nio-http2.git at 1.46.0 (0.31s)
Computing version for https://github.com/vapor/jwt-kit.git
Computed https://github.com/vapor/jwt-kit.git at 5.7.1 (0.30s)
Fetching https://github.com/apple/swift-certificates.git
Fetching https://github.com/apple/swift-crypto.git
[1/18629] Fetching swift-crypto
[2/26238] Fetching swift-crypto, swift-certificates
Fetched https://github.com/apple/swift-certificates.git from cache (1.80s)
Fetched https://github.com/apple/swift-crypto.git from cache (1.82s)
Computing version for https://github.com/apple/swift-crypto.git
Computed https://github.com/apple/swift-crypto.git at 4.5.2 (2.83s)
Fetching https://github.com/apple/swift-asn1.git
[1/2009] Fetching swift-asn1
Fetched https://github.com/apple/swift-asn1.git from cache (0.46s)
Computing version for https://github.com/apple/swift-asn1.git
Computed https://github.com/apple/swift-asn1.git at 1.7.3 (0.86s)
Computing version for https://github.com/apple/swift-certificates.git
Computed https://github.com/apple/swift-certificates.git at 1.21.0 (0.35s)
Computing version for https://github.com/apple/swift-nio-ssl.git
Computed https://github.com/apple/swift-nio-ssl.git at 2.37.5 (0.40s)
Computing version for https://github.com/apple/swift-system.git
Computed https://github.com/apple/swift-system.git at 1.8.1 (0.39s)
Computing version for https://github.com/apple/swift-nio-extras.git
Computed https://github.com/apple/swift-nio-extras.git at 1.35.1 (0.51s)
Fetching https://github.com/apple/swift-http-structured-headers.git
Fetching https://github.com/apple/swift-http-types.git
[13/1253] Fetching swift-http-structured-headers
[1254/3192] Fetching swift-http-structured-headers, swift-http-types
Fetched https://github.com/apple/swift-http-structured-headers.git from cache (0.41s)
[505/1939] Fetching swift-http-types
Fetched https://github.com/apple/swift-http-types.git from cache (0.47s)
Computing version for https://github.com/apple/swift-http-structured-headers.git
Computed https://github.com/apple/swift-http-structured-headers.git at 1.7.0 (0.73s)
Computing version for https://github.com/apple/swift-http-types.git
Computed https://github.com/apple/swift-http-types.git at 1.8.0 (0.32s)
Creating working copy for https://github.com/swift-server/swift-service-lifecycle
Working copy of https://github.com/swift-server/swift-service-lifecycle resolved at 2.12.1
Creating working copy for https://github.com/googleapis/swift-google-iam-v1
Working copy of https://github.com/googleapis/swift-google-iam-v1 resolved at 0.5.0
Creating working copy for https://github.com/googleapis/swift-google-gax
Working copy of https://github.com/googleapis/swift-google-gax resolved at 0.5.0
Creating working copy for https://github.com/apple/swift-nio-extras.git
Working copy of https://github.com/apple/swift-nio-extras.git resolved at 1.35.1
Creating working copy for https://github.com/googleapis/swift-google-type
Working copy of https://github.com/googleapis/swift-google-type resolved at 0.5.0
Creating working copy for https://github.com/apple/swift-certificates.git
Working copy of https://github.com/apple/swift-certificates.git resolved at 1.21.0
Creating working copy for https://github.com/vapor/jwt-kit.git
Working copy of https://github.com/vapor/jwt-kit.git resolved at 5.7.1
Creating working copy for https://github.com/apple/swift-collections.git
Working copy of https://github.com/apple/swift-collections.git resolved at 1.7.2
Creating working copy for https://github.com/apple/swift-algorithms.git
Working copy of https://github.com/apple/swift-algorithms.git resolved at 1.2.1
Creating working copy for https://github.com/apple/swift-nio-http2.git
Working copy of https://github.com/apple/swift-nio-http2.git resolved at 1.46.0
Creating working copy for https://github.com/googleapis/swift-google-wkt
Working copy of https://github.com/googleapis/swift-google-wkt resolved at 0.5.0
Creating working copy for https://github.com/apple/swift-distributed-tracing.git
Working copy of https://github.com/apple/swift-distributed-tracing.git resolved at 1.5.0
Creating working copy for https://github.com/googleapis/swift-google-auth
Working copy of https://github.com/googleapis/swift-google-auth resolved at 0.5.0
Creating working copy for https://github.com/apple/swift-http-structured-headers.git
Working copy of https://github.com/apple/swift-http-structured-headers.git resolved at 1.7.0
Creating working copy for https://github.com/apple/swift-nio-transport-services.git
Working copy of https://github.com/apple/swift-nio-transport-services.git resolved at 1.28.0
Creating working copy for https://github.com/apple/swift-service-context.git
Working copy of https://github.com/apple/swift-service-context.git resolved at 1.3.0
Creating working copy for https://github.com/apple/swift-numerics.git
Working copy of https://github.com/apple/swift-numerics.git resolved at 1.1.1
Creating working copy for https://github.com/apple/swift-async-algorithms.git
Working copy of https://github.com/apple/swift-async-algorithms.git resolved at 1.1.7
Creating working copy for https://github.com/apple/swift-log
Working copy of https://github.com/apple/swift-log resolved at 1.16.1
Creating working copy for https://github.com/swift-extras/swift-extras-base64
Working copy of https://github.com/swift-extras/swift-extras-base64 resolved at 1.2.0
Creating working copy for https://github.com/apple/swift-asn1.git
Working copy of https://github.com/apple/swift-asn1.git resolved at 1.7.3
Creating working copy for https://github.com/apple/swift-nio
Working copy of https://github.com/apple/swift-nio resolved at 2.104.0
Creating working copy for https://github.com/apple/swift-http-types.git
Working copy of https://github.com/apple/swift-http-types.git resolved at 1.8.0
Creating working copy for https://github.com/googleapis/swift-google-rpc
Working copy of https://github.com/googleapis/swift-google-rpc resolved at 0.5.0
Creating working copy for https://github.com/apple/swift-system.git
Working copy of https://github.com/apple/swift-system.git resolved at 1.8.1
Creating working copy for https://github.com/apple/swift-configuration.git
Working copy of https://github.com/apple/swift-configuration.git resolved at 1.2.2
Creating working copy for https://github.com/apple/swift-atomics.git
Working copy of https://github.com/apple/swift-atomics.git resolved at 1.3.1
Creating working copy for https://github.com/apple/swift-crypto.git
Working copy of https://github.com/apple/swift-crypto.git resolved at 4.5.2
Creating working copy for https://github.com/apple/swift-nio-ssl.git
Working copy of https://github.com/apple/swift-nio-ssl.git resolved at 2.37.5
Creating working copy for https://github.com/swift-server/async-http-client.git
Working copy of https://github.com/swift-server/async-http-client.git resolved at 1.36.2
Building for debugging...
[0/930] Write swift-version--11D90AFD9DD3AB2.txt
[1/930] Compiling _NumericsShims _NumericsShims.c
[2/930] Write sources
[3/934] Compiling asn1_par.cc
[3/934] Write sources
[7/934] Compiling _AtomicsShims.c
[8/936] Compiling a_d2i_fp.cc
[9/938] Compiling a_utctm.cc
[9/938] Write sources
[58/938] Compiling CXKCPShims shims.c
[59/955] Compiling a_type.cc
[60/958] Compiling asn1_lib.cc
[62/958] Emitting module ServiceContextModule
[62/969] Compiling a_bool.cc
[63/969] Compiling a_object.cc
[65/1008] Emitting module _NIODataStructures
[66/1008] Compiling InternalCollectionsUtilities Debugging.swift
[67/1008] Compiling InternalCollectionsUtilities Descriptions.swift
[68/1008] Compiling InternalCollectionsUtilities Strideable+LimitHelpers.swift
[69/1008] Compiling InternalCollectionsUtilities String+Padding.swift
[70/1011] Compiling RealModule RealFunctions.swift
[73/1011] Compiling InternalCollectionsUtilities TemporaryAllocation.swift
[74/1011] Compiling InternalCollectionsUtilities _UnsafeBitSet+Index.swift
[75/1011] Compiling _NIODataStructures _TinyArray.swift
[76/1011] Emitting module RealModule
[77/1014] Compiling RealModule RelaxedArithmetic.swift
[78/1014] Compiling RealModule Float80+Real.swift
[79/1014] Compiling RealModule Real.swift
[80/1014] Compiling InternalCollectionsUtilities BorrowingIteratorProtocol+Equality.swift
[81/1014] Compiling InternalCollectionsUtilities BorrowingIteratorProtocol+Extras.swift
[82/1014] Compiling InternalCollectionsUtilities MutableSpan+Extras.swift
[83/1014] Compiling InternalCollectionsUtilities OutputSpan+Extras.swift
[84/1014] Compiling InternalCollectionsUtilities RandomAccessCollection+Offsets.swift
[85/1014] Compiling InternalCollectionsUtilities Span+Extras.swift
[90/1014] Compiling _CertificateInternals _TinyArray.swift
[91/1014] Emitting module _CertificateInternals
[93/1015] Compiling _NIODataStructures PriorityQueue.swift
[94/1015] Compiling InternalCollectionsUtilities FixedWidthInteger+roundUpToPowerOfTwo.swift
[95/1015] Compiling InternalCollectionsUtilities Integer rank.swift
[96/1015] Compiling InternalCollectionsUtilities UInt+first and last set bit.swift
[97/1015] Compiling InternalCollectionsUtilities UInt+reversed.swift
[98/1015] Emitting module InternalCollectionsUtilities
[99/1015] Compiling Logging LoggingSystem.swift
[100/1015] Compiling _NIOBase64 Base64.swift
[101/1016] Emitting module _NIOBase64
[102/1018] Emitting module SwiftASN1
[103/1018] Compiling ServiceContextModule ServiceContextKey.swift
[104/1018] Compiling ServiceContextModule ServiceContext.swift
[107/1018] Compiling RealModule Float16+Real.swift
[117/1024] Compiling SwiftASN1 DER.swift
[118/1024] Compiling SwiftASN1 Errors.swift
[119/1024] Compiling InternalCollectionsUtilities LifetimeOverride.swift
[120/1024] Compiling InternalCollectionsUtilities MutableRef.swift
[121/1024] Compiling InternalCollectionsUtilities UnsafeMutablePointer+Extras.swift
[122/1024] Compiling InternalCollectionsUtilities UnsafeMutableRawBufferPointer+Extras.swift
[123/1024] Compiling InternalCollectionsUtilities UnsafePointer+Extras.swift
[124/1024] Compiling InternalCollectionsUtilities _UnsafeBitSet+_Word.swift
[125/1024] Compiling InternalCollectionsUtilities _UnsafeBitSet.swift
[126/1024] Compiling InternalCollectionsUtilities UnsafeBufferPointer+Extras.swift
[127/1024] Compiling InternalCollectionsUtilities UnsafeMutableBufferPointer+Extras.swift
[129/1024] Compiling _NIODataStructures Heap.swift
[130/1025] Wrapping AST for _CertificateInternals for debugging
[131/1025] Compiling SimpleFIPS202.c
[133/1025] Compiling Logging Logger.swift
[134/1025] Compiling Logging Logger+With.swift
[135/1025] Compiling InternalCollectionsUtilities UnsafeRawBufferPointer+Extras.swift
[136/1025] Compiling InternalCollectionsUtilities _SortedCollection.swift
[137/1025] Compiling InternalCollectionsUtilities _UniqueCollection.swift
[141/1026] Compiling Logging Logger+Attributes.swift
[141/1026] Wrapping AST for ServiceContextModule for debugging
[142/1026] Wrapping AST for _NIOBase64 for debugging
[143/1026] Wrapping AST for RealModule for debugging
[145/1032] Wrapping AST for _NIODataStructures for debugging
[146/1032] Compiling KeccakSponge.c
[147/1032] Compiling KeccakHash.c
[148/1032] Compiling CSystem shims.c
[149/1032] Compiling CNIOWindows shim.c
[151/1032] Compiling Instrumentation NoOpInstrument.swift
[151/1032] Wrapping AST for InternalCollectionsUtilities for debugging
[153/1033] Compiling Instrumentation MultiplexInstrument.swift
[153/1036] Compiling CNIOWindows WSAStartup.c
[154/1046] Compiling CNIOWASI CNIOWASI.c
[156/1066] Compiling ExtrasBase64 Base64+Span.swift
[157/1073] Compiling SpanPreview OutputSpan+InputSpanHelpers.swift
[158/1073] Compiling SpanPreview MutableSpan+InputSpanHelpers.swift
[159/1073] Emitting module SpanPreview
[160/1073] Compiling SpanPreview InputSpan.swift
[160/1073] Compiling CNIOPosix event_loop_id.c
[162/1074] Compiling CNIOOpenBSD shim.c
[164/1074] Compiling Instrumentation Instrument.swift
[165/1074] Emitting module Instrumentation
[165/1074] Compiling CNIOLinux liburing_shims.c
[166/1116] Compiling CNIOLinux shim.c
[167/1116] Wrapping AST for SpanPreview for debugging
[169/1116] Compiling DequeModule RigidDeque+Prepend.swift
[170/1116] Compiling DequeModule RigidDeque+Removals.swift
[171/1116] Compiling DequeModule RigidDeque+Replacements.swift
[172/1116] Compiling DequeModule RigidDeque+Testing.swift
[173/1116] Compiling DequeModule RigidDeque.swift
[174/1116] Compiling DequeModule UniqueDeque+Append.swift
[174/1121] Compiling CNIOLLHTTP c_nio_llhttp.c
[175/1121] Compiling CNIOLLHTTP c_nio_http.c
[177/1121] Compiling DequeModule UniqueDeque+Initializers.swift
[178/1121] Compiling DequeModule UniqueDeque+Insertions.swift
[179/1121] Compiling DequeModule UniqueDeque+Iterable.swift
[180/1121] Compiling DequeModule UniqueDeque+Prepend.swift
[181/1121] Compiling DequeModule UniqueDeque+Removals.swift
[181/1121] Compiling CNIOLLHTTP c_nio_api.c
[182/1121] Compiling KeccakP-1600-opt64.c
[183/1121] Compiling CNIOFreeBSD shim.c
[184/1121] Compiling CNIOExtrasZlib zutil.c
[185/1121] Compiling CNIOExtrasZlib inftrees.c
[186/1121] Compiling CNIOExtrasZlib inflate.c
[188/1121] Compiling DequeModule UniqueDeque+Consumption.swift
[189/1121] Compiling DequeModule UniqueDeque+ContainerOperations.swift
[190/1121] Compiling DequeModule UniqueDeque+Deprecations.swift
[191/1121] Compiling DequeModule UniqueDeque+Descriptions.swift
[192/1121] Compiling DequeModule UniqueDeque+Equatable.swift
[193/1121] Compiling DequeModule UniqueDeque+Hashable.swift
[193/1121] Compiling CNIOExtrasZlib trees.c
[194/1121] Compiling CNIOExtrasZlib inffast.c
[195/1121] Compiling CNIOExtrasZlib deflate.c
[197/1121] Compiling DequeModule RigidDeque+Descriptions.swift
[198/1121] Compiling DequeModule RigidDeque+Equatable.swift
[199/1121] Compiling DequeModule RigidDeque+Hashable.swift
[200/1121] Compiling DequeModule RigidDeque+Initializers.swift
[201/1121] Compiling DequeModule RigidDeque+Insertions.swift
[202/1121] Compiling DequeModule RigidDeque+Iterable.swift
[202/1121] Compiling CNIOExtrasZlib crc32.c
[203/1121] Compiling CNIODarwin shim.c
[204/1121] Compiling CNIOExtrasZlib adler32.c
[206/1121] Compiling DequeModule RigidDeque+ContainerOperations.swift
[207/1121] Compiling DequeModule RigidDeque+Deprecations.swift
[207/1121] Compiling fiat_p256_adx_sqr.S
[209/1121] Compiling DequeModule _DequeBuffer.swift
[210/1121] Compiling DequeModule _DequeBufferHeader.swift
[211/1121] Compiling DequeModule RigidDeque+Append.swift
[212/1121] Compiling DequeModule RigidDeque+Consumption.swift
[214/1121] Compiling fiat_p256_adx_mul.S
[215/1121] Compiling fiat_curve25519_adx_square.S
[216/1121] Compiling fiat_curve25519_adx_mul.S
[218/1121] Compiling ExtrasBase64 Base32+Span.swift
[219/1121] Compiling ExtrasBase64 Base32.swift
[219/1121] Compiling CNIOBoringSSLShims shims.c
[221/1121] Compiling DequeModule Deque+Extras.swift
[222/1121] Compiling DequeModule Deque+Hashable.swift
[223/1121] Compiling DequeModule Deque+Testing.swift
[224/1121] Compiling DequeModule Deque._Storage.swift
[225/1121] Compiling DequeModule Deque._UnsafeHandle.swift
[226/1121] Compiling DequeModule Deque.swift
[227/1121] Compiling DequeModule Deque+Codable.swift
[228/1121] Compiling DequeModule Deque+Collection.swift
[229/1121] Compiling DequeModule Deque+CustomReflectable.swift
[230/1121] Compiling DequeModule Deque+Descriptions.swift
[231/1121] Compiling DequeModule Deque+Equatable.swift
[232/1121] Compiling DequeModule Deque+ExpressibleByArrayLiteral.swift
[233/1121] Emitting module SystemPackage
[251/1126] Emitting module Logging
[270/1126] Compiling Logging MetadataProvider.swift
[278/1128] Compiling Instrumentation InstrumentationSystem.swift
[279/1128] Compiling Instrumentation Locks.swift
[281/1129] Wrapping AST for Logging for debugging
[282/1137] Wrapping AST for SwiftASN1 for debugging
[283/1137] Wrapping AST for Instrumentation for debugging
[284/1137] Compiling tls_record.cc
[286/1137] Compiling Tracing InstrumentationSystem+Tracing.swift
[292/1138] Compiling Tracing TracingTime.swift
[293/1138] Compiling Tracing WithTracer.swift
[294/1138] Compiling Tracing TracerProtocol.swift
[295/1138] Emitting module Tracing
[296/1138] Compiling Tracing Tracer.swift
[297/1138] Compiling Tracing TracerProtocol+Legacy.swift
[298/1138] Compiling Tracing NoOpTracer.swift
[299/1138] Compiling Tracing SpanProtocol.swift
[300/1139] Wrapping AST for Tracing for debugging
[301/1139] Compiling tls_method.cc
[303/1139] Compiling SystemPackage SystemString.swift
[304/1139] Compiling SystemPackage Util+StringArray.swift
[305/1139] Compiling SystemPackage Util.swift
[306/1139] Compiling SystemPackage UtilConsumers.swift
[307/1139] Compiling SystemPackage WinSDK+Overlay.swift
[308/1140] Compiling tls13_server.cc
[309/1140] Compiling tls13_enc.cc
[310/1140] Wrapping AST for SystemPackage for debugging
[311/1140] Compiling tls13_client.cc
[313/1140] Compiling DequeModule UniqueDeque+Replacements.swift
[314/1140] Compiling DequeModule UniqueDeque.swift
[315/1140] Compiling DequeModule _DequeSlot.swift
[316/1140] Compiling DequeModule _UnsafeDequeHandle.swift
[317/1140] Compiling DequeModule _UnsafeDequeSegments.swift
[317/1140] Compiling tls13_both.cc
[318/1140] Compiling t1_enc.cc
[319/1140] Compiling ssl_stat.cc
[320/1140] Compiling ssl_versions.cc
[322/1140] Emitting module DequeModule
[323/1141] Compiling ssl_x509.cc
[324/1184] Compiling ssl_transcript.cc
[325/1184] Wrapping AST for DequeModule for debugging
[327/1184] Compiling Configuration Deprecations.swift
[328/1184] Compiling Configuration ExpressibleByConfigInt.swift
[329/1184] Compiling Configuration ExpressibleByConfigString.swift
[330/1184] Compiling Configuration CLIKeyEncoder.swift
[331/1184] Compiling Configuration ConfigKeyEncoder.swift
[332/1184] Compiling Configuration DotSeparatorKeyDecoder.swift
[333/1189] Compiling ExtrasBase64 Base64.swift
[333/1189] Compiling ssl_session.cc
[334/1189] Compiling ssl_privkey.cc
[335/1189] Compiling ssl_lib.cc
[336/1189] Compiling ssl_file.cc
[337/1189] Compiling ssl_key_share.cc
[339/1189] Emitting module ExtrasBase64
[340/1190] Compiling ssl_credential.cc
[341/1221] Compiling ssl_buffer.cc
[342/1221] Wrapping AST for ExtrasBase64 for debugging
[343/1221] Compiling ssl_cipher.cc
[344/1221] Compiling ssl_cert.cc
[345/1221] Compiling ssl_aead_ctx.cc
[346/1221] Compiling ssl_asn1.cc
[347/1221] Compiling s3_pkt.cc
[349/1221] Compiling GoogleWKT WKTValue.swift
[350/1221] Compiling GoogleWKT WKTApi.swift
[351/1221] Compiling GoogleWKT WKTEnum.swift
[352/1221] Compiling GoogleWKT WKTEnumValue.swift
[353/1221] Compiling GoogleWKT WKTStringValue.swift
[354/1221] Compiling GoogleWKT WKTTimestamp.swift
[355/1221] Compiling Configuration CombineLatestManyStorage.swift
[356/1221] Compiling Configuration AsyncSequences.swift
[357/1221] Compiling Configuration FoundationExtensions.swift
[358/1221] Compiling Configuration Span.swift
[359/1221] Compiling Configuration ConfigBytesFromStringDecoder.swift
[360/1221] Compiling GoogleWKT WKTUInt32Value.swift
[361/1221] Compiling GoogleWKT WKTUInt64Value.swift
[362/1221] Compiling GoogleWKT WKTField.swift
[363/1221] Compiling GoogleWKT WKTMethod.swift
[364/1221] Compiling GoogleWKT WKTMixin.swift
[365/1221] Compiling GoogleWKT WKTOption.swift
[366/1221] Compiling Configuration MutableInMemoryProvider.swift
[367/1221] Compiling Configuration ConfigProvider+Operators.swift
[368/1221] Compiling Configuration KeyMappingProvider.swift
[369/1221] Compiling Configuration SecretsSpecifier.swift
[370/1221] Compiling Configuration AsyncCombineLatestManySequence.swift
[371/1221] Compiling Configuration CombineLatestManyStateMachine.swift
[372/1221] Compiling Configuration JSONSnapshot.swift
[373/1221] Compiling Configuration PropertyListSnapshot.swift
[374/1221] Compiling Configuration ReloadingFileProvider.swift
[375/1221] Compiling Configuration ReloadingFileProviderMetrics.swift
[376/1221] Compiling Configuration YAMLSnapshot.swift
[377/1221] Compiling Configuration InMemoryProvider.swift
[378/1221] Compiling GoogleWKT DecodeToDefault.swift
[379/1221] Compiling GoogleWKT DiscoveryBase64.swift
[380/1221] Compiling GoogleWKT ProtoJSONDecoder.swift
[381/1221] Compiling GoogleWKT ProtoJSONEncoder.swift
[382/1221] Compiling GoogleWKT WKTDoubleValue.swift
[383/1221] Compiling GoogleWKT WKTDuration.swift
[383/1221] Compiling s3_lib.cc
[387/1221] Compiling GoogleWKT WKTEmpty.swift
[388/1221] Compiling GoogleWKT WKTFieldMask.swift
[389/1225] Compiling GoogleWKT WKTFloatValue.swift
[390/1225] Compiling GoogleWKT WKTInt32Value.swift
[391/1225] Compiling GoogleWKT WKTInt64Value.swift
[392/1225] Compiling GoogleWKT WKTRecursive.swift
[393/1225] Compiling GoogleWKT UnknownFields.swift
[394/1225] Compiling GoogleWKT WKTAny.swift
[395/1225] Compiling GoogleWKT WKTAnyError.swift
[396/1225] Compiling GoogleWKT WKTBoolValue.swift
[397/1225] Compiling GoogleWKT WKTBytesValue.swift
[401/1225] Compiling s3_both.cc
[411/1225] Compiling GoogleWKT AnyPackable.swift
[416/1225] Emitting module GoogleWKT
[417/1225] Emitting module Configuration
[425/1226] Compiling GoogleWKT WKTSourceContext.swift
[426/1226] Compiling GoogleWKT WKTSyntax.swift
[427/1226] Compiling GoogleWKT WKTType.swift
[428/1226] Compiling GoogleWKT PackageVersion.swift
[428/1227] Compiling handshake_client.cc
[429/1227] Compiling handshake.cc
[430/1227] Compiling handshake_server.cc
[432/1227] Wrapping AST for Configuration for debugging
[433/1227] Compiling handoff.cc
[434/1227] Compiling extensions.cc
[436/1260] Compiling GoogleRpc Help.swift
[437/1260] Compiling GoogleRpc HttpHeader.swift
[437/1262] Compiling encrypted_client_hello.cc
[440/1262] Compiling GoogleRpc DebugInfo.swift
[441/1262] Compiling GoogleRpc ErrorInfo.swift
[442/1264] Compiling GoogleRpc RequestInfo.swift
[443/1264] Compiling GoogleRpc ResourceInfo.swift
[446/1264] Compiling GoogleRpc HttpRequest.swift
[447/1264] Compiling GoogleRpc HttpResponse.swift
[447/1264] Wrapping AST for GoogleWKT for debugging
[449/1264] Compiling GoogleRpc BadRequest.swift
[450/1264] Compiling GoogleRpc Code.swift
[451/1264] Emitting module GoogleRpc
[452/1264] Compiling GoogleRpc PreconditionFailure.swift
[453/1264] Compiling GoogleRpc QuotaFailure.swift
[454/1264] Compiling GoogleRpc LocalizedMessage.swift
[455/1264] Compiling GoogleRpc PackageVersion.swift
[459/1264] Compiling GoogleRpc RetryInfo.swift
[460/1264] Compiling GoogleRpc Status.swift
[461/1264] Compiling GoogleType PhoneNumber.swift
[470/1264] Emitting module GoogleType
[470/1264] Compiling dtls_method.cc
[471/1264] Compiling d1_srtp.cc
[472/1264] Compiling md5-x86_64-linux.S
[476/1265] Compiling md5-x86_64-apple.S
[477/1265] Compiling d1_lib.cc
[478/1265] Compiling dtls_record.cc
[479/1265] Compiling md5-586-linux.S
[480/1265] Compiling md5-586-apple.S
[481/1265] Compiling chacha20_poly1305_x86_64-linux.S
[482/1265] Compiling chacha20_poly1305_x86_64-apple.S
[483/1265] Wrapping AST for GoogleRpc for debugging
[484/1265] Compiling chacha20_poly1305_armv8-win.S
[485/1265] Compiling chacha20_poly1305_armv8-apple.S
[486/1265] Compiling chacha-x86_64-linux.S
[487/1265] Compiling chacha20_poly1305_armv8-linux.S
[488/1265] Compiling chacha-x86-linux.S
[489/1265] Compiling chacha-x86_64-apple.S
[491/1265] Compiling GoogleType TimeOfDay.swift
[492/1265] Compiling GoogleType TimeZone.swift
[492/1265] Compiling chacha-x86-apple.S
[493/1266] Compiling chacha-armv8-apple.S
[494/1266] Compiling chacha-armv8-win.S
[496/1266] Compiling chacha-armv8-linux.S
[497/1266] Compiling aes128gcmsiv-x86_64-linux.S
[498/1266] Compiling d1_pkt.cc
[499/1266] Compiling aes128gcmsiv-x86_64-apple.S
[500/1266] Compiling chacha-armv4-linux.S
[501/1266] Wrapping AST for GoogleType for debugging
[502/1266] Compiling x86_64-mont5-linux.S
[503/1266] Compiling x86_64-mont5-apple.S
[504/1266] Compiling x86-mont-apple.S
[505/1266] Compiling x86_64-mont-linux.S
[506/1266] Compiling x86_64-mont-apple.S
[507/1266] Compiling x86-mont-linux.S
[508/1266] Compiling vpaes-x86_64-linux.S
[509/1266] Compiling vpaes-x86-apple.S
[510/1266] Compiling vpaes-x86_64-apple.S
[511/1266] Compiling vpaes-armv8-win.S
[512/1266] Compiling vpaes-x86-linux.S
[513/1266] Compiling vpaes-armv8-apple.S
[514/1266] Compiling vpaes-armv8-linux.S
[515/1266] Compiling vpaes-armv7-linux.S
[516/1266] Compiling sha512-x86_64-linux.S
[517/1266] Compiling sha512-x86_64-apple.S
[518/1266] Compiling sha512-armv8-win.S
[519/1266] Compiling sha512-armv4-linux.S
[520/1266] Compiling sha512-586-linux.S
[521/1266] Compiling sha512-armv8-apple.S
[522/1266] Compiling sha256-x86_64-apple.S
[523/1266] Compiling sha256-x86_64-linux.S
[524/1266] Compiling sha512-586-apple.S
[525/1266] Compiling sha512-armv8-linux.S
[526/1266] Compiling sha256-armv8-win.S
[527/1266] Compiling sha256-armv8-apple.S
[528/1266] Compiling sha256-armv4-linux.S
[529/1266] Compiling sha256-586-linux.S
[530/1266] Compiling sha256-armv8-linux.S
[531/1266] Compiling sha1-x86_64-linux.S
[532/1266] Compiling sha256-586-apple.S
[533/1266] Compiling sha1-x86_64-apple.S
[534/1266] Compiling sha1-armv8-apple.S
[535/1266] Compiling sha1-armv8-linux.S
[536/1266] Compiling sha1-armv8-win.S
[537/1266] Compiling sha1-armv4-large-linux.S
[538/1266] Compiling sha1-586-apple.S
[539/1266] Compiling rsaz-avx2-linux.S
[540/1266] Compiling sha1-586-linux.S
[541/1266] Compiling rdrand-x86_64-linux.S
[542/1266] Compiling rsaz-avx2-apple.S
[543/1266] Compiling rdrand-x86_64-apple.S
[544/1266] Compiling p256_beeu-armv8-asm-win.S
[545/1266] Compiling p256_beeu-x86_64-asm-linux.S
[546/1266] Compiling p256_beeu-x86_64-asm-apple.S
[546/1266] Compiling p256_beeu-armv8-asm-linux.S
[548/1266] Compiling p256_beeu-armv8-asm-apple.S
[549/1266] Compiling err_data.cc
[550/1266] Compiling p256-x86_64-asm-apple.S
[551/1266] Compiling p256-x86_64-asm-linux.S
[551/1266] Compiling p256-armv8-asm-win.S
[553/1266] Compiling p256-armv8-asm-apple.S
[554/1266] Compiling p256-armv8-asm-linux.S
[555/1266] Compiling ghashv8-armv8-win.S
[556/1266] Compiling ghashv8-armv8-linux.S
[557/1266] Compiling ghash-x86-linux.S
[558/1266] Compiling ghashv8-armv8-apple.S
[559/1266] Compiling ghashv8-armv7-linux.S
[560/1266] Compiling ghash-x86_64-apple.S
[561/1266] Compiling ghash-x86_64-linux.S
[562/1266] Compiling ghash-ssse3-x86_64-linux.S
[563/1266] Compiling ghash-x86-apple.S
[564/1266] Compiling ghash-neon-armv8-win.S
[565/1266] Compiling ghash-ssse3-x86-apple.S
[566/1266] Compiling ghash-ssse3-x86_64-apple.S
[567/1266] Compiling ghash-neon-armv8-linux.S
[568/1266] Compiling ghash-neon-armv8-apple.S
[569/1266] Compiling ghash-ssse3-x86-linux.S
[570/1266] Compiling bio_ssl.cc
[571/1266] Compiling ghash-armv4-linux.S
[572/1266] Compiling co-586-apple.S
[573/1266] Compiling bn-armv8-win.S
[574/1266] Compiling co-586-linux.S
[575/1266] Compiling bsaes-armv7-linux.S
[576/1266] Compiling bn-armv8-linux.S
[577/1266] Compiling bn-586-linux.S
[578/1266] Compiling bn-586-apple.S
[579/1266] Compiling bn-armv8-apple.S
[580/1266] Compiling armv8-mont-apple.S
[581/1266] Compiling armv8-mont-win.S
[582/1266] Compiling armv8-mont-linux.S
[582/1266] Compiling aesv8-gcm-armv8-apple.S
[584/1266] Compiling armv4-mont-linux.S
[585/1266] Compiling aesv8-gcm-armv8-win.S
[586/1266] Compiling aesv8-armv8-linux.S
[587/1266] Compiling aesv8-armv8-apple.S
[588/1266] Compiling aesv8-gcm-armv8-linux.S
[589/1266] Compiling aesv8-armv7-linux.S
[590/1266] Compiling aesni-x86_64-linux.S
[591/1266] Compiling aesni-x86_64-apple.S
[592/1266] Compiling aesv8-armv8-win.S
[593/1266] Compiling aesni-x86-linux.S
[594/1266] Compiling aesni-x86-apple.S
[595/1266] Compiling aesni-gcm-x86_64-apple.S
[596/1266] Compiling aesni-gcm-x86_64-linux.S
[597/1266] Compiling aes-gcm-avx2-x86_64-apple.S
[598/1266] Compiling aes-gcm-avx2-x86_64-linux.S
[599/1266] Compiling aes-gcm-avx10-x86_64-apple.S
[600/1266] Compiling aes-gcm-avx10-x86_64-linux.S
[601/1266] Compiling d1_both.cc
[602/1266] Compiling x_val.cc
[603/1266] Compiling x_sig.cc
[604/1266] Compiling x_spki.cc
[605/1266] Compiling x_x509a.cc
[606/1266] Compiling x_req.cc
[607/1266] Compiling x_x509.cc
[608/1266] Compiling x_pubkey.cc
[609/1266] Compiling x_name.cc
[610/1266] Compiling x_exten.cc
[611/1266] Compiling x_algor.cc
[612/1266] Compiling x509spki.cc
[613/1266] Compiling x_crl.cc
[614/1266] Compiling x509_vpm.cc
[615/1266] Compiling x_attrib.cc
[616/1266] Compiling x509cset.cc
[617/1266] Compiling x_all.cc
[618/1266] Compiling x509rset.cc
[619/1266] Compiling x509name.cc
[620/1266] Compiling x509_vfy.cc
[621/1266] Compiling x509_v3.cc
[622/1266] Compiling x509_set.cc
[623/1266] Compiling x509_req.cc
[624/1266] Compiling x509_txt.cc
[625/1266] Compiling x509_obj.cc
[626/1266] Compiling x509_trs.cc
[627/1266] Compiling x509_lu.cc
[628/1266] Compiling x509_def.cc
[629/1266] Compiling x509_ext.cc
[630/1266] Compiling x509_d2.cc
[631/1266] Compiling x509.cc
[632/1266] Compiling x509_cmp.cc
[633/1266] Compiling v3_utl.cc
[634/1266] Compiling x509_att.cc
[635/1266] Compiling v3_purp.cc
[636/1266] Compiling v3_prn.cc
[637/1266] Compiling v3_skey.cc
[638/1266] Compiling v3_pmaps.cc
[639/1266] Compiling v3_pcons.cc
[640/1266] Compiling v3_ocsp.cc
[641/1266] Compiling v3_int.cc
[642/1266] Compiling v3_lib.cc
[643/1266] Compiling v3_ncons.cc
[644/1266] Compiling v3_info.cc
[645/1266] Compiling v3_genn.cc
[646/1266] Compiling v3_ia5.cc
[647/1266] Compiling v3_conf.cc
[648/1266] Compiling v3_extku.cc
[649/1266] Compiling v3_cpols.cc
[650/1266] Compiling v3_enum.cc
[651/1266] Compiling v3_bcons.cc
[652/1266] Compiling v3_bitst.cc
[653/1266] Compiling v3_alt.cc
[654/1266] Compiling v3_crld.cc
[655/1266] Compiling t_x509.cc
[656/1266] Compiling t_x509a.cc
[656/1266] Compiling v3_akeya.cc
[658/1266] Compiling v3_akey.cc
[659/1266] Compiling t_req.cc
[660/1266] Compiling t_crl.cc
[661/1266] Compiling name_print.cc
[662/1266] Compiling policy.cc
[663/1266] Compiling rsa_pss.cc
[664/1266] Compiling i2d_pr.cc
[665/1266] Compiling by_dir.cc
[666/1266] Compiling asn1_gen.cc
[667/1266] Compiling by_file.cc
[668/1266] Compiling algorithm.cc
[669/1266] Compiling a_verify.cc
[670/1266] Compiling voprf.cc
[671/1266] Compiling thread_win.cc
[672/1266] Compiling a_sign.cc
[673/1266] Compiling thread_pthread.cc
[674/1266] Compiling a_digest.cc
[675/1266] Compiling stack.cc
[676/1266] Compiling trust_token.cc
[677/1266] Compiling thread_none.cc
[678/1266] Compiling pmbtoken.cc
[679/1266] Compiling thread.cc
[680/1266] Compiling sha512.cc
[681/1266] Compiling sha256.cc
[682/1266] Compiling sha1.cc
[683/1266] Compiling siphash.cc
[684/1266] Compiling slhdsa.cc
[685/1266] Compiling rsa_print.cc
[686/1266] Compiling rsa_extra.cc
[687/1266] Compiling spake2plus.cc
[688/1266] Compiling rsa_crypt.cc
[689/1266] Compiling rsa_asn1.cc
[690/1266] Compiling windows.cc
[691/1266] Compiling rc4.cc
[691/1266] Compiling refcount.cc
[693/1266] Compiling trusty.cc
[694/1266] Compiling urandom.cc
[695/1266] Compiling rand.cc
[696/1266] Compiling getentropy.cc
[697/1266] Compiling poly1305_arm_asm.S
[698/1266] Compiling ios.cc
[699/1266] Compiling passive.cc
[700/1266] Compiling fork_detect.cc
[701/1266] Compiling forkunsafe.cc
[702/1266] Compiling poly1305_vec.cc
[703/1266] Compiling deterministic.cc
[704/1266] Compiling poly1305_arm.cc
[705/1266] Compiling poly1305.cc
[706/1266] Compiling pkcs8_x509.cc
[707/1266] Compiling pool.cc
[708/1266] Compiling pkcs8.cc
[709/1266] Compiling pem_pkey.cc
[710/1266] Compiling pkcs7.cc
[711/1266] Compiling pem_pk8.cc
[712/1266] Compiling p5_pbev2.cc
[713/1266] Compiling pkcs7_x509.cc
[714/1266] Compiling pem_x509.cc
[715/1266] Compiling pem_xaux.cc
[716/1266] Compiling pem_oth.cc
[717/1266] Compiling mlkem.cc
[718/1266] Compiling mldsa.cc
[719/1266] Compiling pem_lib.cc
[720/1266] Compiling pem_all.cc
[721/1266] Compiling obj_xref.cc
[722/1266] Compiling obj.cc
[723/1266] Compiling pem_info.cc
[724/1266] Compiling poly_rq_mul.S
[725/1266] Compiling fips_shared_support.cc
[726/1266] Compiling mem.cc
[727/1266] Compiling md4.cc
[728/1266] Compiling lhash.cc
[729/1266] Compiling md5.cc
[729/1266] Compiling kyber.cc
[731/1266] Compiling scrypt.cc
[732/1266] Compiling print.cc
[733/1266] Compiling sign.cc
[734/1266] Compiling hrss.cc
[735/1266] Compiling hpke.cc
[736/1266] Compiling ex_data.cc
[737/1266] Compiling p_x25519.cc
[738/1266] Compiling pbkdf.cc
[739/1266] Compiling p_x25519_asn1.cc
[740/1266] Compiling p_ed25519.cc
[741/1266] Compiling p_hkdf.cc
[741/1266] Compiling p_rsa_asn1.cc
[743/1266] Compiling p_rsa.cc
[744/1266] Compiling p_ed25519_asn1.cc
[745/1266] Compiling p_ec.cc
[746/1266] Compiling p_ec_asn1.cc
[747/1266] Compiling p_dh_asn1.cc
[748/1266] Compiling p_dsa_asn1.cc
[749/1266] Compiling evp_ctx.cc
[750/1266] Compiling evp.cc
[751/1266] Compiling p_dh.cc
[752/1266] Compiling evp_asn1.cc
[753/1266] Compiling err.cc
[754/1266] Compiling ec_derive.cc
[755/1266] Compiling ecdh.cc
[756/1266] Compiling ecdsa_asn1.cc
[757/1266] Compiling bcm.cc
[758/1266] Compiling engine.cc
[759/1266] Compiling hash_to_curve.cc
[760/1266] Compiling dsa_asn1.cc
[761/1266] Compiling dsa.cc
[762/1266] Compiling params.cc
[762/1266] Compiling dh_asn1.cc
[764/1266] Compiling ec_asn1.cc
[765/1266] Compiling x25519-asm-arm.S
[766/1266] Compiling digest_extra.cc
[767/1266] Compiling des.cc
[768/1266] Compiling spake25519.cc
[769/1266] Compiling cpu_intel.cc
[770/1266] Compiling cpu_arm_linux.cc
[771/1266] Compiling curve25519_64_adx.cc
[772/1266] Compiling crypto.cc
[773/1266] Compiling curve25519.cc
[774/1266] Compiling cpu_arm_freebsd.cc
[775/1266] Compiling cpu_aarch64_win.cc
[776/1266] Compiling cpu_aarch64_fuchsia.cc
[777/1266] Compiling cpu_aarch64_sysreg.cc
[778/1266] Compiling cpu_aarch64_linux.cc
[779/1266] Compiling cpu_aarch64_openbsd.cc
[780/1266] Compiling conf.cc
[781/1266] Compiling e_tls.cc
[781/1266] Compiling get_cipher.cc
[782/1266] Compiling cpu_aarch64_apple.cc
[784/1266] Compiling tls_cbc.cc
[785/1266] Compiling e_rc4.cc
[786/1266] Compiling e_rc2.cc
[787/1266] Compiling e_null.cc
[788/1266] Compiling derive_key.cc
[789/1266] Compiling e_des.cc
[790/1266] Compiling unicode.cc
[791/1266] Compiling chacha.cc
[792/1266] Compiling e_aesctrhmac.cc
[793/1266] Compiling e_aesgcmsiv.cc
[794/1266] Compiling e_chacha20poly1305.cc
[795/1266] Compiling cbs.cc
[796/1266] Compiling ber.cc
[797/1266] Compiling cbb.cc
[798/1266] Compiling buf.cc
[799/1266] Compiling bn_asn1.cc
[800/1266] Compiling asn1_compat.cc
[801/1266] Compiling convert.cc
[801/1266] Compiling blake2.cc
[803/1266] Compiling socket.cc
[804/1266] Compiling socket_helper.cc
[805/1266] Compiling printf.cc
[806/1266] Compiling hexdump.cc
[807/1266] Compiling pair.cc
[808/1266] Compiling file.cc
[809/1266] Compiling fd.cc
[810/1266] Compiling errno.cc
[811/1266] Compiling connect.cc
[812/1266] Compiling base64.cc
[813/1266] Compiling bio_mem.cc
[814/1266] Compiling tasn_typ.cc
[815/1266] Compiling bio.cc
[816/1266] Compiling tasn_utl.cc
[817/1266] Compiling tasn_fre.cc
[818/1266] Compiling asn_pack.cc
[819/1266] Compiling tasn_new.cc
[819/1266] Compiling f_int.cc
[821/1266] Compiling f_string.cc
[822/1266] Compiling tasn_enc.cc
[823/1266] Compiling posix_time.cc
[824/1266] Compiling asn1_par.cc
[825/1266] Compiling tasn_dec.cc
[826/1266] Compiling asn1_lib.cc
[827/1266] Compiling a_time.cc
[828/1266] Compiling a_utctm.cc
[829/1266] Compiling a_type.cc
[829/1266] Compiling a_octet.cc
[831/1266] Compiling a_strnid.cc
[832/1266] Compiling a_strex.cc
[833/1266] Compiling a_object.cc
[834/1266] Compiling a_int.cc
[835/1266] Compiling a_dup.cc
[836/1266] Compiling a_mbstr.cc
[837/1266] Compiling a_d2i_fp.cc
[838/1266] Compiling CGoogleGaxCRC32C CGoogleGaxCRC32C.c
[839/1266] Compiling fiat_p256_adx_sqr.S
[840/1266] Compiling a_i2d_fp.cc
[841/1266] Compiling fiat_p256_adx_mul.S
[842/1266] Compiling fiat_curve25519_adx_square.S
[843/1266] Compiling a_bitstr.cc
[844/1266] Compiling fiat_curve25519_adx_mul.S
[845/1266] Compiling md5-x86_64-linux.S
[846/1266] Compiling md5-x86_64-apple.S
[847/1266] Compiling md5-586-linux.S
[847/1266] Compiling md5-586-apple.S
[849/1266] Compiling CCryptoBoringSSLShims shims.c
[850/1266] Compiling a_bool.cc
[851/1266] Compiling chacha20_poly1305_x86_64-apple.S
[852/1266] Compiling chacha20_poly1305_x86_64-linux.S
[853/1266] Compiling chacha20_poly1305_armv8-win.S
[854/1266] Compiling a_gentm.cc
[855/1266] Compiling chacha20_poly1305_armv8-linux.S
[856/1266] Compiling chacha20_poly1305_armv8-apple.S
[857/1266] Compiling chacha-x86_64-linux.S
[858/1266] Compiling chacha-x86_64-apple.S
[859/1266] Compiling chacha-x86-linux.S
[860/1266] Compiling chacha-x86-apple.S
[861/1266] Compiling chacha-armv8-win.S
[862/1266] Compiling chacha-armv8-linux.S
[863/1266] Compiling chacha-armv4-linux.S
[864/1266] Compiling chacha-armv8-apple.S
[865/1266] Compiling aes128gcmsiv-x86_64-linux.S
[866/1266] Compiling err_data.cc
[867/1266] Compiling x86_64-mont-apple.S
[868/1266] Compiling aes128gcmsiv-x86_64-apple.S
[869/1266] Compiling x86_64-mont5-apple.S
[869/1266] Compiling x86_64-mont-linux.S
[871/1266] Compiling x86-mont-linux.S
[872/1266] Compiling x86_64-mont5-linux.S
[873/1266] Compiling vpaes-x86_64-linux.S
[874/1266] Compiling vpaes-armv8-win.S
[875/1266] Compiling x86-mont-apple.S
[876/1266] Compiling vpaes-x86_64-apple.S
[877/1266] Compiling vpaes-x86-apple.S
[878/1266] Compiling vpaes-x86-linux.S
[879/1266] Compiling vpaes-armv8-apple.S
[880/1266] Compiling vpaes-armv8-linux.S
[881/1266] Compiling sha512-x86_64-linux.S
[882/1266] Compiling sha512-armv8-win.S
[883/1266] Compiling vpaes-armv7-linux.S
[884/1266] Compiling sha512-x86_64-apple.S
[885/1266] Compiling sha512-armv8-apple.S
[886/1266] Compiling sha512-586-apple.S
[887/1266] Compiling sha512-armv4-linux.S
[887/1266] Compiling sha512-armv8-linux.S
[889/1266] Compiling sha256-x86_64-linux.S
[890/1266] Compiling sha512-586-linux.S
[891/1266] Compiling sha256-x86_64-apple.S
[892/1266] Compiling c-nioatomics.c
[893/1266] Compiling sha256-armv8-win.S
[894/1266] Compiling sha256-armv8-apple.S
[895/1266] Compiling sha256-armv8-linux.S
[896/1266] Compiling sha256-586-linux.S
[897/1266] Compiling sha1-x86_64-apple.S
[898/1266] Compiling sha256-586-apple.S
[899/1266] Compiling sha256-armv4-linux.S
[900/1266] Compiling sha1-x86_64-linux.S
[900/1266] Compiling sha1-armv8-win.S
[902/1266] Compiling c-atomics.c
[903/1266] Compiling sha1-armv4-large-linux.S
[904/1273] Compiling sha1-armv8-apple.S
[905/1273] Compiling sha1-586-apple.S
[906/1273] Compiling sha1-586-linux.S
[907/1273] Compiling sha1-armv8-linux.S
[908/1273] Compiling rsaz-avx2-apple.S
[909/1273] Compiling rsaz-avx2-linux.S
[910/1273] Compiling p256_beeu-armv8-asm-apple.S
[911/1273] Compiling p256_beeu-armv8-asm-win.S
[912/1273] Compiling p256_beeu-armv8-asm-linux.S
[913/1273] Compiling rdrand-x86_64-linux.S
[914/1273] Compiling p256_beeu-x86_64-asm-apple.S
[915/1273] Compiling p256_beeu-x86_64-asm-linux.S
[916/1273] Compiling rdrand-x86_64-apple.S
[918/1273] Compiling NIOConcurrencyHelpers NIOThreadPoolWorkAvailable.swift
[919/1273] Compiling NIOConcurrencyHelpers NIOLockedValueBox.swift
[919/1273] Compiling p256-x86_64-asm-linux.S
[921/1273] Compiling NIOConcurrencyHelpers NIOLock.swift
[921/1273] Compiling p256-x86_64-asm-apple.S
[922/1273] Compiling p256-armv8-asm-linux.S
[924/1273] Compiling NIOConcurrencyHelpers atomics.swift
[924/1273] Compiling ghashv8-armv8-win.S
[925/1273] Compiling p256-armv8-asm-win.S
[926/1273] Compiling p256-armv8-asm-apple.S
[927/1273] Compiling ghashv8-armv8-linux.S
[929/1273] Compiling NIOConcurrencyHelpers lock.swift
[930/1273] Emitting module NIOConcurrencyHelpers
[931/1273] Compiling NIOConcurrencyHelpers NIOAtomic.swift
[931/1273] Compiling ghash-x86_64-linux.S
[932/1274] Compiling ghashv8-armv7-linux.S
[933/1274] Compiling ghashv8-armv8-apple.S
[935/1274] Compiling ghash-x86-linux.S
[936/1274] Compiling ghash-x86_64-apple.S
[937/1274] Compiling ghash-x86-apple.S
[938/1274] Compiling ghash-ssse3-x86_64-linux.S
[939/1274] Compiling ghash-ssse3-x86-linux.S
[940/1274] Compiling ghash-ssse3-x86-apple.S
[941/1274] Compiling ghash-neon-armv8-win.S
[942/1274] Compiling ghash-ssse3-x86_64-apple.S
[943/1274] Compiling ghash-neon-armv8-linux.S
[944/1274] Compiling bsaes-armv7-linux.S
[945/1274] Wrapping AST for NIOConcurrencyHelpers for debugging
[946/1274] Compiling ghash-neon-armv8-apple.S
[947/1274] Compiling co-586-apple.S
[948/1274] Compiling ghash-armv4-linux.S
[949/1274] Compiling bn-armv8-win.S
[949/1274] Compiling co-586-linux.S
[951/1274] Compiling bn-armv8-linux.S
[952/1274] Compiling bn-586-apple.S
[953/1274] Compiling bn-586-linux.S
[954/1274] Compiling bn-armv8-apple.S
[955/1274] Compiling armv8-mont-apple.S
[956/1274] Compiling armv8-mont-win.S
[957/1274] Compiling armv4-mont-linux.S
[958/1274] Compiling armv8-mont-linux.S
[959/1274] Compiling aesv8-gcm-armv8-apple.S
[960/1274] Compiling aesv8-gcm-armv8-linux.S
[961/1274] Compiling aesv8-armv8-win.S
[962/1274] Compiling aesv8-gcm-armv8-win.S
[963/1274] Compiling aesv8-armv8-linux.S
[964/1274] Compiling aesni-x86_64-apple.S
[965/1274] Compiling aesni-x86_64-linux.S
[966/1274] Compiling aesv8-armv7-linux.S
[967/1274] Compiling aesv8-armv8-apple.S
[968/1274] Compiling aesni-gcm-x86_64-linux.S
[969/1274] Compiling aesni-x86-linux.S
[970/1274] Compiling aes-gcm-avx512-x86_64-linux.S
[971/1274] Compiling aesni-x86-apple.S
[972/1274] Compiling aesni-gcm-x86_64-apple.S
[973/1274] Compiling aes-gcm-avx512-x86_64-apple.S
[974/1274] Compiling aes-gcm-avx2-x86_64-apple.S
[975/1274] Compiling aes-gcm-avx2-x86_64-linux.S
[976/1274] Compiling xwing.cc
[977/1274] Compiling x_x509a.cc
[978/1274] Compiling x_req.cc
[978/1274] Compiling x_x509.cc
[980/1274] Compiling x_pubkey.cc
[981/1274] Compiling x_spki.cc
[982/1274] Compiling x_name.cc
[983/1274] Compiling x_sig.cc
[984/1274] Compiling x509rset.cc
[985/1274] Compiling x_exten.cc
[986/1274] Compiling x_algor.cc
[987/1274] Compiling x509name.cc
[988/1274] Compiling x_crl.cc
[989/1274] Compiling x_all.cc
[990/1274] Compiling x_attrib.cc
[991/1274] Compiling x509spki.cc
[992/1274] Compiling x509cset.cc
[993/1274] Compiling x509_vpm.cc
[994/1274] Compiling x509_trs.cc
[995/1274] Compiling x509_txt.cc
[996/1274] Compiling x509_v3.cc
[997/1274] Compiling x509_req.cc
[998/1274] Compiling x509_vfy.cc
[999/1274] Compiling x509_obj.cc
[1000/1274] Compiling x509_lu.cc
[1000/1274] Compiling x509_set.cc
[1002/1274] Compiling x509_ext.cc
[1003/1274] Compiling x509_cmp.cc
[1003/1274] Compiling x509_def.cc
[1005/1274] Compiling x509_d2.cc
[1006/1274] Compiling x509_att.cc
[1007/1274] Compiling x509.cc
[1008/1274] Compiling v3_skey.cc
[1009/1274] Compiling v3_pmaps.cc
[1010/1274] Compiling v3_purp.cc
[1011/1274] Compiling v3_pcons.cc
[1012/1274] Compiling v3_prn.cc
[1012/1274] Compiling v3_utl.cc
[1014/1274] Compiling v3_ncons.cc
[1015/1274] Compiling v3_ocsp.cc
[1016/1274] Compiling v3_int.cc
[1017/1274] Compiling v3_extku.cc
[1017/1274] Compiling v3_info.cc
[1019/1274] Compiling v3_lib.cc
[1019/1274] Compiling v3_ia5.cc
[1021/1274] Compiling v3_enum.cc
[1022/1274] Compiling v3_genn.cc
[1023/1274] Compiling v3_cpols.cc
[1024/1274] Compiling v3_crld.cc
[1025/1274] Compiling v3_bitst.cc
[1026/1274] Compiling v3_conf.cc
[1027/1274] Compiling v3_bcons.cc
[1028/1274] Compiling t_x509a.cc
[1029/1274] Compiling t_x509.cc
[1029/1274] Compiling v3_akey.cc
[1031/1274] Compiling v3_alt.cc
[1032/1274] Compiling v3_akeya.cc
[1033/1274] Compiling t_crl.cc
[1034/1274] Compiling t_req.cc
[1035/1274] Compiling i2d_pr.cc
[1036/1274] Compiling by_dir.cc
[1036/1274] Compiling name_print.cc
[1038/1274] Compiling rsa_pss.cc
[1039/1274] Compiling policy.cc
[1039/1274] Compiling by_file.cc
[1041/1274] Compiling algorithm.cc
[1042/1274] Compiling asn1_gen.cc
[1043/1274] Compiling a_verify.cc
[1044/1274] Compiling a_digest.cc
[1045/1274] Compiling thread_win.cc
[1045/1274] Compiling pmbtoken.cc
[1047/1274] Compiling voprf.cc
[1048/1274] Compiling a_sign.cc
[1049/1274] Compiling trust_token.cc
[1050/1274] Compiling thread_pthread.cc
[1051/1274] Compiling thread.cc
[1051/1274] Compiling thread_none.cc
[1051/1274] Compiling stack.cc
[1053/1274] Compiling sha512.cc
[1055/1274] Compiling siphash.cc
[1056/1274] Compiling sha256.cc
[1057/1274] Compiling spake2plus.cc
[1057/1274] Compiling slhdsa.cc
[1059/1274] Compiling sha1.cc
[1060/1274] Compiling rc4.cc
[1061/1274] Compiling rsa_extra.cc
[1062/1274] Compiling rsa_print.cc
[1063/1274] Compiling refcount.cc
[1064/1274] Compiling windows.cc
[1065/1274] Compiling rsa_crypt.cc
[1066/1274] Compiling trusty.cc
[1067/1274] Compiling passive.cc
[1068/1274] Compiling ios.cc
[1069/1274] Compiling rand.cc
[1070/1274] Compiling urandom.cc
[1071/1274] Compiling rsa_asn1.cc
[1072/1274] Compiling forkunsafe.cc
[1072/1274] Compiling getentropy.cc
[1074/1274] Compiling poly1305_arm_asm.S
[1075/1274] Compiling poly1305_vec.cc
[1076/1274] Compiling fork_detect.cc
[1077/1274] Compiling poly1305_arm.cc
[1078/1274] Compiling deterministic.cc
[1079/1274] Compiling poly1305.cc
[1080/1274] Compiling pool.cc
[1081/1274] Compiling pkcs8.cc
[1082/1274] Compiling pkcs8_x509.cc
[1083/1274] Compiling p5_pbev2.cc
[1084/1274] Compiling pkcs7.cc
[1085/1274] Compiling pem_xaux.cc
[1086/1274] Compiling pkcs7_x509.cc
[1087/1274] Compiling pem_x509.cc
[1088/1274] Compiling pem_pkey.cc
[1089/1274] Compiling pem_pk8.cc
[1089/1274] Compiling pem_oth.cc
[1091/1274] Compiling pem_lib.cc
[1092/1274] Compiling mlkem.cc
[1093/1274] Compiling pem_info.cc
[1094/1274] Compiling mem.cc
[1095/1274] Compiling obj_xref.cc
[1096/1274] Compiling mldsa.cc
[1096/1274] Compiling obj.cc
[1098/1274] Compiling poly_rq_mul.S
[1099/1274] Compiling pem_all.cc
[1100/1274] Compiling fips_shared_support.cc
[1101/1274] Compiling md5.cc
[1102/1274] Compiling md4.cc
[1103/1274] Compiling hrss.cc
[1104/1274] Compiling lhash.cc
[1105/1274] Compiling kyber.cc
[1106/1274] Compiling hpke.cc
[1107/1274] Compiling fuzzer_mode.cc
[1108/1274] Compiling ex_data.cc
[1109/1274] Compiling pbkdf.cc
[1110/1274] Compiling print.cc
[1111/1274] Compiling scrypt.cc
[1112/1274] Compiling sign.cc
[1113/1274] Compiling p_x25519.cc
[1114/1274] Compiling p_x25519_asn1.cc
[1115/1274] Compiling p_hkdf.cc
[1116/1274] Compiling p_rsa_asn1.cc
[1117/1274] Compiling p_ed25519.cc
[1117/1274] Compiling p_rsa.cc
[1119/1274] Compiling p_ed25519_asn1.cc
[1120/1274] Compiling p_ec.cc
[1121/1274] Compiling p_ec_asn1.cc
[1122/1274] Compiling p_dsa_asn1.cc
[1123/1274] Compiling p_dh_asn1.cc
[1124/1274] Compiling p_dh.cc
[1125/1274] Compiling engine.cc
[1126/1274] Compiling evp_ctx.cc
[1127/1274] Compiling err.cc
[1128/1274] Compiling evp_asn1.cc
[1129/1274] Compiling evp.cc
[1130/1274] Compiling ecdsa_p1363.cc
[1131/1274] Compiling ecdh.cc
[1132/1274] Compiling ec_derive.cc
[1133/1274] Compiling hash_to_curve.cc
[1134/1274] Compiling ecdsa_asn1.cc
[1134/1274] Compiling ec_asn1.cc
[1136/1274] Compiling dsa.cc
[1137/1274] Compiling dsa_asn1.cc
[1138/1274] Compiling digest_extra.cc
[1139/1274] Compiling params.cc
[1140/1274] Compiling x25519-asm-arm.S
[1141/1274] Compiling curve25519_64_adx.cc
[1142/1274] Compiling des.cc
[1143/1274] Compiling crypto.cc
[1144/1274] Compiling dh_asn1.cc
[1145/1274] Compiling spake25519.cc
[1146/1274] Compiling cpu_intel.cc
[1147/1274] Compiling cpu_arm_linux.cc
[1148/1274] Compiling curve25519.cc
[1149/1274] Compiling cpu_arm_freebsd.cc
[1150/1274] Compiling cpu_aarch64_openbsd.cc
[1151/1274] Compiling cpu_aarch64_sysreg.cc
[1152/1274] Compiling cpu_aarch64_linux.cc
[1153/1274] Compiling cpu_aarch64_win.cc
[1154/1274] Compiling cpu_aarch64_fuchsia.cc
[1155/1274] Compiling conf.cc
[1155/1274] Compiling cpu_aarch64_apple.cc
[1157/1274] Compiling get_cipher.cc
[1158/1274] Compiling cms.cc
[1159/1274] Compiling e_rc4.cc
[1160/1274] Compiling tls_cbc.cc
[1161/1274] Compiling e_tls.cc
[1162/1274] Compiling e_null.cc
[1163/1274] Compiling e_rc2.cc
[1164/1274] Compiling e_chacha20poly1305.cc
[1165/1274] Compiling e_des.cc
[1166/1274] Compiling derive_key.cc
[1167/1274] Compiling e_aesctrhmac.cc
[1167/1274] Compiling e_aesgcmsiv.cc
[1168/1274] Compiling e_aeseax.cc
[1170/1274] Compiling chacha.cc
[1171/1274] Compiling buf.cc
[1172/1274] Compiling cbs.cc
[1172/1274] Compiling unicode.cc
[1174/1274] Compiling cbb.cc
[1175/1274] Compiling asn1_compat.cc
[1176/1274] Compiling ber.cc
[1177/1274] Compiling sqrt.cc
[1178/1274] Compiling exponentiation.cc
[1178/1274] Compiling div.cc
[1180/1274] Compiling convert.cc
[1181/1274] Compiling bn_asn1.cc
[1182/1274] Compiling printf.cc
[1183/1274] Compiling pair.cc
[1184/1274] Compiling blake2.cc
[1185/1274] Compiling bcm.cc
[1186/1274] Compiling file.cc
[1187/1274] Compiling hexdump.cc
[1188/1274] Compiling errno.cc
[1189/1274] Compiling fd.cc
[1190/1274] Compiling base64.cc
[1191/1274] Compiling bio.cc
[1192/1274] Compiling bio_mem.cc
[1193/1274] Compiling tasn_fre.cc
[1194/1274] Compiling tasn_utl.cc
[1195/1274] Compiling tasn_typ.cc
[1196/1274] Compiling tasn_new.cc
[1197/1274] Compiling posix_time.cc
[1198/1274] Compiling f_string.cc
[1199/1274] Compiling tasn_enc.cc
[1200/1274] Compiling tasn_dec.cc
[1201/1274] Compiling asn_pack.cc
[1201/1274] Compiling f_int.cc
[1203/1274] Compiling a_time.cc
[1204/1274] Compiling a_octet.cc
[1205/1274] Compiling a_int.cc
[1205/1274] Compiling a_mbstr.cc
[1205/1274] Compiling a_strnid.cc
[1208/1274] Write sources
[1211/1274] Compiling a_strex.cc
[1212/1274] Compiling a_i2d_fp.cc
[1213/1292] Compiling CAsyncHTTPClient CAsyncHTTPClient.c
[1214/1317] Compiling a_dup.cc
[1215/1317] Compiling a_gentm.cc
[1216/1317] Compiling a_bitstr.cc
[1217/1317] Compiling aes.cc
[1219/1325] Compiling Algorithms Joined.swift
[1220/1325] Compiling Algorithms Keyed.swift
[1221/1325] Compiling Algorithms MinMax.swift
[1222/1328] Compiling Algorithms RandomSample.swift
[1223/1328] Compiling Algorithms Reductions.swift
[1224/1328] Compiling Algorithms Rotate.swift
[1225/1328] Compiling Algorithms Compacted.swift
[1226/1328] Compiling Algorithms Cycle.swift
[1227/1328] Compiling Algorithms EitherSequence.swift
[1228/1328] Compiling Algorithms FirstNonNil.swift
[1229/1328] Compiling Algorithms Chunked.swift
[1230/1328] Compiling Algorithms Combinations.swift
[1231/1328] Compiling Algorithms AdjacentPairs.swift
[1232/1328] Compiling Algorithms Chain.swift
[1233/1330] Compiling Algorithms Split.swift
[1234/1330] Compiling Algorithms Stride.swift
[1235/1330] Compiling Algorithms Suffix.swift
[1236/1330] Compiling Algorithms Partition.swift
[1237/1330] Compiling Algorithms Permutations.swift
[1238/1330] Compiling Algorithms Product.swift
[1239/1330] Compiling Algorithms FlattenCollection.swift
[1240/1330] Compiling Algorithms Grouped.swift
[1241/1330] Compiling Algorithms Indexed.swift
[1242/1330] Compiling Atomics IntegerOperations.swift
[1253/1330] Emitting module Algorithms
[1254/1330] Compiling Algorithms Trim.swift
[1255/1330] Compiling Algorithms Unique.swift
[1256/1330] Compiling Algorithms Windows.swift
[1263/1331] Compiling Atomics Unmanaged extensions.swift
[1263/1331] Wrapping AST for Algorithms for debugging
[1265/1331] Emitting module Atomics
[1266/1331] Compiling CryptoBoringWrapper EllipticCurvePoint.swift
[1267/1331] Compiling CryptoBoringWrapper CryptoKitErrors_boring.swift
[1268/1331] Compiling CryptoBoringWrapper EllipticCurve.swift
[1269/1331] Emitting module CryptoBoringWrapper
[1270/1331] Compiling CryptoBoringWrapper BoringSSLAEAD.swift
[1271/1331] Compiling CryptoBoringWrapper FiniteFieldArithmeticContext.swift
[1272/1331] Compiling CryptoBoringWrapper RandomBytes.swift
[1273/1331] Compiling CryptoBoringWrapper ArbitraryPrecisionInteger.swift
[1278/1333] Wrapping AST for CryptoBoringWrapper for debugging
[1279/1334] Wrapping AST for Atomics for debugging
[1281/1481] Emitting module Crypto
[1282/1492] Compiling Crypto HPKE-LabeledExtract.swift
[1283/1492] Compiling NIOCore EventLoop+SerialExecutor.swift
[1284/1492] Compiling Crypto DHKEM.swift
[1285/1492] Compiling NIOCore EventLoopFuture+AssumeIsolated.swift
[1286/1492] Compiling Crypto HPKE-NIST-EC-KEMs.swift
[1287/1492] Compiling Crypto HPKE-KEM.swift
[1288/1492] Compiling Crypto HPKE-Errors.swift
[1289/1492] Compiling Crypto HPKE.swift
[1290/1492] Compiling Crypto HPKE-Context.swift
[1291/1492] Compiling Crypto HPKE-KeySchedule.swift
[1292/1492] Compiling Crypto HPKE-Modes.swift
[1293/1492] Compiling Crypto Insecure.swift
[1294/1492] Compiling Crypto Signature.swift
[1295/1492] Compiling Crypto CryptoKitErrors_boring.swift
[1296/1492] Compiling Crypto Optional+withUnsafeBytes_boring.swift
[1297/1492] Compiling Crypto RNG_boring.swift
[1298/1492] Compiling Crypto SafeCompare_boring.swift
[1299/1492] Compiling Crypto Zeroization_boring.swift
[1300/1492] Compiling Crypto _CryptoModuleAnchor.swift
[1301/1492] Compiling Crypto PrettyBytes.swift
[1302/1492] Compiling Crypto SafeCompare.swift
[1303/1492] Compiling Crypto SecureBytes.swift
[1304/1492] Compiling Crypto Zeroization.swift
[1305/1492] Compiling Crypto HKDF.swift
[1306/1492] Compiling Crypto AESWrap.swift
[1307/1492] Compiling Crypto AESWrap_boring.swift
[1308/1492] Compiling Crypto Ed25519_boring.swift
[1309/1492] Compiling Crypto NISTCurvesKeys_boring.swift
[1310/1492] Compiling Crypto X25519Keys_boring.swift
[1311/1492] Compiling Crypto Curve25519.swift
[1312/1492] Compiling Crypto Ed25519Keys.swift
[1313/1492] Compiling Crypto NISTCurvesKeys.swift
[1314/1492] Compiling Crypto X25519Keys.swift
[1315/1492] Compiling Crypto SymmetricKeys.swift
[1316/1492] Compiling Crypto HMAC.swift
[1317/1492] Compiling Crypto ASN1Null.swift
[1318/1492] Compiling Crypto ASN1OctetString.swift
[1319/1492] Compiling Crypto ASN1Strings.swift
[1320/1492] Compiling Crypto ArraySliceBigint.swift
[1321/1492] Compiling Crypto GeneralizedTime.swift
[1322/1492] Compiling Crypto ObjectIdentifier.swift
[1323/1492] Compiling Crypto ECDSASignature.swift
[1324/1492] Compiling Crypto PEMDocument.swift
[1325/1492] Compiling Crypto PKCS8PrivateKey.swift
[1326/1492] Compiling Crypto SEC1PrivateKey.swift
[1327/1492] Compiling Crypto SubjectPublicKeyInfo.swift
[1328/1492] Compiling Crypto CryptoError_boring.swift
[1329/1492] Compiling NIOCore AddressedEnvelope.swift
[1330/1492] Compiling Crypto AES-GCM_boring.swift
[1331/1492] Compiling Crypto ChaChaPoly_boring.swift
[1332/1492] Compiling Crypto ChaChaPoly.swift
[1333/1492] Compiling NIOCore AsyncChannelInboundStream.swift
[1334/1492] Compiling NIOCore AsyncChannelOutboundWriter.swift
[1335/1492] Compiling Crypto ASN1.swift
[1336/1492] Compiling NIOCore NIOAsyncSequenceProducerStrategies.swift
[1337/1492] Compiling NIOCore NIOAsyncWriter.swift
[1338/1500] Compiling Crypto MACFunctions.swift
[1339/1500] Compiling Crypto MessageAuthenticationCode.swift
[1340/1500] Compiling Crypto AES.swift
[1341/1500] Compiling Crypto ECDSASignature_boring.swift
[1342/1500] Compiling Crypto ECDSA_boring.swift
[1343/1500] Compiling Crypto EdDSA_boring.swift
[1344/1500] Compiling Crypto MLDSA_boring.swift
[1345/1500] Compiling Crypto MLDSA_wrapper.swift
[1346/1500] Compiling Crypto ECDSA.swift
[1347/1500] Compiling Crypto Ed25519.swift
[1348/1500] Compiling Crypto MLDSA.swift
[1349/1500] Compiling Crypto CryptoKitErrors.swift
[1350/1500] Compiling Crypto Digest_boring.swift
[1351/1500] Compiling Crypto Digest.swift
[1352/1500] Compiling Crypto Digests.swift
[1353/1500] Compiling Crypto HashFunctions.swift
[1354/1500] Compiling Crypto HashFunctions_SHA2.swift
[1355/1500] Compiling Crypto HashFunctions_SHA3.swift
[1356/1500] Compiling NIOCore Linux.swift
[1357/1500] Compiling Crypto HPKE-AEAD.swift
[1358/1500] Compiling Crypto HPKE-Ciphersuite.swift
[1359/1500] Compiling Crypto HPKE-KDF.swift
[1360/1500] Compiling Crypto HPKE-KexKeyDerivation.swift
[1361/1500] Compiling Crypto Insecure_HashFunctions.swift
[1362/1500] Compiling Crypto MLKEM_boring.swift
[1363/1500] Compiling Crypto MLKEM_wrapper.swift
[1364/1500] Compiling Crypto XWing_boring.swift
[1365/1500] Compiling Crypto KEM-Errors.swift
[1366/1500] Compiling Crypto KEM.swift
[1367/1500] Compiling Crypto MLKEM.swift
[1368/1500] Compiling Crypto XWing.swift
[1369/1500] Compiling Crypto ECDH_boring.swift
[1370/1500] Compiling Crypto DH.swift
[1371/1500] Compiling Crypto ECDH.swift
[1372/1500] Compiling Crypto ANSIx963.swift
[1373/1500] Emitting module NIOCore
[1383/1500] Compiling NIOCore ByteBuffer-multi-int.swift
[1384/1500] Compiling NIOCore ByteBuffer-quicBinaryEncodingStrategy.swift
[1385/1500] Compiling NIOCore ByteBuffer-views.swift
[1404/1501] Wrapping AST for Crypto for debugging
[1406/1563] Compiling CryptoExtras RFC8410AlgorithmIdentifier.swift
[1407/1563] Compiling CryptoExtras ECToolbox_boring.swift
[1408/1563] Compiling CryptoExtras ECToolbox.swift
[1409/1563] Compiling CryptoExtras HashToField.swift
[1410/1563] Compiling CryptoExtras KDF.swift
[1411/1563] Compiling CryptoExtras PBKDF2_boring.swift
[1412/1563] Compiling CryptoExtras PBKDF2_commoncrypto.swift
[1415/1563] Compiling CryptoExtras ARCServer.swift
[1416/1563] Compiling CryptoExtras ChaCha20CTR_boring.swift
[1417/1563] Compiling CryptoExtras ChaCha20CTR.swift
[1418/1563] Compiling CryptoExtras BoringSSLSHA512256Context.swift
[1419/1563] Compiling CryptoExtras BoringSSLSHA512256HashFunction.swift
[1420/1563] Compiling CryptoExtras SHA512256.swift
[1421/1563] Compiling CryptoExtras SHA512256Digest.swift
[1422/1563] Compiling CryptoExtras Curve25519+PEM.swift
[1423/1563] Compiling CryptoExtras ObjectIdentifier.swift
[1424/1563] Compiling CryptoExtras BoringSSLPassphraseCallbackManager.swift
[1425/1563] Compiling CryptoExtras RSA+BlindSigning.swift
[1426/1563] Compiling CryptoExtras RSA.swift
[1427/1563] Compiling CryptoExtras RSA_boring.swift
[1428/1563] Compiling CryptoExtras Reexport.swift
[1429/1563] Compiling CryptoExtras Zeroization_boring.swift
[1430/1563] Compiling CryptoExtras BoringSSLHelpers.swift
[1431/1563] Compiling CryptoExtras CryptoKitErrors_boring.swift
[1432/1563] Compiling CryptoExtras Data+Extensions.swift
[1433/1563] Compiling CryptoExtras AES_CBC.swift
[1434/1563] Compiling CryptoExtras AES_CFB.swift
[1435/1563] Compiling CryptoExtras AES_CTR.swift
[1436/1563] Compiling CryptoExtras AES_GCM_SIV.swift
[1437/1563] Compiling CryptoExtras Block Function.swift
[1438/1563] Compiling CryptoExtras AES_CBC_boring.swift
[1439/1563] Compiling CryptoExtras AES_CFB_boring.swift
[1440/1563] Compiling CryptoExtras AES_CTR_boring.swift
[1441/1563] Compiling CryptoExtras AES_GCM_SIV_boring.swift
[1442/1563] Emitting module CryptoExtras
[1443/1571] Compiling CryptoExtras ThreadSpecific.swift
[1444/1571] Compiling CryptoExtras ThreadWindows.swift
[1445/1571] Compiling CryptoExtras DLEQ.swift
[1446/1571] Compiling CryptoExtras Prover.swift
[1447/1571] Compiling CryptoExtras Verifier.swift
[1448/1571] Compiling CryptoExtras ZKPToolbox.swift
[1449/1571] Compiling NIOCore UniversalBootstrapSupport.swift
[1450/1571] Compiling NIOCore Utilities.swift
[1451/1572] Wrapping AST for NIOCore for debugging
[1453/1577] Compiling CryptoExtras PKCS8DERRepresentation.swift
[1454/1577] Compiling CryptoExtras PKCS8PrivateKey.swift
[1462/1629] Compiling NIOPosix NonBlockingFileIO.swift
[1463/1629] Compiling NIOPosix PendingDatagramWritesManager.swift
[1464/1629] Compiling NIOPosix PendingWritesManager.swift
[1465/1629] Compiling NIOPosix BSDSocketAPICommon.swift
[1466/1629] Compiling NIOPosix BSDSocketAPIPosix.swift
[1467/1629] Compiling NIOPosix BSDSocketAPIWindows.swift
[1468/1629] Compiling NIOPosix BaseSocket.swift
[1469/1629] Compiling NIOPosix BaseSocketChannel+AccessibleTransport.swift
[1470/1629] Compiling NIOPosix BaseSocketChannel+SocketOptionProvider.swift
[1471/1629] Compiling NIOFoundationEssentialsCompat Codable+ByteBuffer.swift
[1472/1629] Compiling NIOFoundationEssentialsCompat ByteBuffer-foundation.swift
[1473/1629] Emitting module NIOFoundationEssentialsCompat
[1475/1630] Compiling NIOEmbedded Embedded.swift
[1476/1630] Compiling NIOEmbedded AsyncTestingEventLoop.swift
[1477/1630] Emitting module NIOEmbedded
[1478/1630] Compiling NIOEmbedded AsyncTestingChannel.swift
[1478/1630] Wrapping AST for NIOFoundationEssentialsCompat for debugging
[1481/1631] Compiling CryptoExtras ThreadOps.swift
[1482/1631] Compiling CryptoExtras ThreadPosix.swift
[1488/1631] Wrapping AST for NIOEmbedded for debugging
[1490/1631] Compiling NIOPosix Selectable.swift
[1491/1631] Compiling NIOPosix SelectableChannel.swift
[1492/1631] Compiling NIOPosix SelectableEventLoop.swift
[1493/1631] Compiling NIOPosix SelectorEpoll.swift
[1494/1631] Compiling NIOPosix SelectorGeneric.swift
[1495/1631] Compiling NIOPosix SelectorKqueue.swift
[1496/1631] Compiling NIOPosix SelectorUring.swift
[1497/1631] Compiling NIOPosix SelectorWSAPoll.swift
[1498/1631] Compiling NIOPosix BaseSocketChannel.swift
[1499/1631] Compiling NIOPosix PipeChannel.swift
[1500/1631] Compiling NIOPosix PipePair.swift
[1501/1631] Compiling NIOPosix Pool.swift
[1502/1631] Compiling NIOPosix PosixSingletons+ConcurrencyTakeOver.swift
[1503/1631] Compiling NIOPosix PosixSingletons.swift
[1504/1631] Compiling NIOPosix RawSocketBootstrap.swift
[1505/1631] Compiling NIOPosix Resolver.swift
[1506/1631] Compiling NIOPosix ServerSocket.swift
[1507/1631] Compiling NIOPosix Socket.swift
[1508/1631] Compiling NIOPosix SocketChannel.swift
[1509/1631] Compiling NIOPosix SocketProtocols.swift
[1510/1631] Compiling NIOPosix StructuredConcurrencyHelpers.swift
[1511/1631] Compiling NIOPosix System.swift
[1512/1631] Compiling CryptoExtras VOPRF+API.swift
[1513/1631] Compiling CryptoExtras VOPRFClient.swift
[1514/1631] Compiling CryptoExtras VOPRFServer.swift
[1515/1631] Compiling NIOPosix ControlMessage.swift
[1516/1631] Compiling NIOPosix DatagramVectorReadManager.swift
[1517/1631] Compiling NIOPosix Errors+Any.swift
[1518/1631] Compiling NIOPosix FileDescriptor.swift
[1519/1631] Compiling NIOPosix GetaddrinfoResolver.swift
[1520/1631] Compiling NIOPosix MultiThreadedEventLoopGroup.swift
[1521/1631] Compiling NIOPosix NIOPosixSendableMetatype.swift
[1522/1631] Compiling NIOPosix NIORandomizedDNSResolver.swift
[1523/1631] Compiling NIOPosix NIOThreadPool.swift
[1524/1631] Compiling NIOPosix HappyEyeballs.swift
[1525/1631] Compiling NIOPosix IO.swift
[1526/1631] Compiling NIOPosix IntegerBitPacking.swift
[1527/1631] Compiling NIOPosix IntegerTypes.swift
[1528/1631] Compiling NIOPosix Linux.swift
[1529/1631] Compiling NIOPosix LinuxCPUSet.swift
[1530/1631] Compiling NIOPosix LinuxUring.swift
[1531/1631] Compiling NIOPosix BaseStreamSocketChannel.swift
[1532/1631] Compiling NIOPosix Bootstrap.swift
[1533/1632] Emitting module NIOPosix
[1548/1639] Wrapping AST for CryptoExtras for debugging
[1550/1641] Compiling _CryptoExtras Exports.swift
[1551/1641] Emitting module _CryptoExtras
[1552/1642] Wrapping AST for _CryptoExtras for debugging
[1554/1737] Compiling X509 CustomPrivateKey.swift
[1555/1737] Compiling X509 Digests.swift
[1556/1737] Compiling X509 DistinguishedName.swift
[1557/1737] Compiling X509 CommonName.swift
[1558/1737] Compiling X509 CountryName.swift
[1559/1737] Compiling X509 DNBuilder.swift
[1560/1737] Compiling X509 PKCS8PrivateKey.swift
[1561/1737] Compiling X509 Lock.swift
[1562/1737] Compiling X509 LockedValueBox.swift
[1563/1737] Compiling X509 BasicOCSPResponse.swift
[1564/1737] Compiling X509 DirectoryString.swift
[1565/1737] Compiling X509 OCSPCertID.swift
[1566/1737] Compiling X509 OCSPCertStatus.swift
[1567/1737] Compiling X509 CMSIssuerAndSerialNumber.swift
[1568/1737] Compiling X509 CMSOperations.swift
[1569/1737] Compiling X509 CMSSignature.swift
[1570/1737] Compiling X509 CMSSignedData.swift
[1571/1737] Compiling X509 CMSSignerIdentifier.swift
[1572/1737] Compiling X509 CMSSignerInfo.swift
[1573/1737] Compiling X509 CMSVersion.swift
[1574/1737] Compiling X509 Curve25519+DER.swift
[1575/1737] Compiling X509 CertificatePrivateKey.swift
[1576/1737] Compiling X509 CertificatePublicKey.swift
[1577/1737] Compiling X509 CertificateSerialNumber.swift
[1578/1737] Compiling X509 CertificateVersion.swift
[1579/1737] Compiling X509 CMSAttribute.swift
[1580/1737] Compiling X509 CMSContentInfo.swift
[1581/1737] Compiling X509 CMSEncapsulatedContentInfo.swift
[1582/1737] Compiling X509 Error.swift
[1583/1737] Compiling X509 AuthorityInformationAccess.swift
[1584/1737] Compiling X509 AuthorityKeyIdentifier.swift
[1585/1737] Compiling X509 BasicConstraints.swift
[1586/1737] Compiling X509 ExtendedKeyUsage.swift
[1587/1737] Compiling X509 ExtensionIdentifiers.swift
[1588/1737] Compiling X509 KeyUsage.swift
[1589/1737] Compiling X509 DomainComponent.swift
[1590/1737] Compiling X509 EmailAddress.swift
[1591/1737] Compiling X509 LocalityName.swift
[1592/1737] Compiling X509 OrganizationName.swift
[1593/1737] Compiling X509 OrganizationalUnitName.swift
[1594/1737] Compiling X509 StateOrProvinceName.swift
[1595/1737] Compiling X509 StreetAddress.swift
[1596/1738] Wrapping AST for NIOPosix for debugging
[1598/1740] Emitting module NIO
[1599/1740] Compiling NIO Exports.swift
[1600/1741] Wrapping AST for NIO for debugging
[1602/1780] Emitting module NIOFoundationCompat
[1603/1780] Compiling NIOTLS TLSEvents.swift
[1604/1780] Compiling NIOHTTP1 HTTPServerPipelineHandler.swift
[1605/1780] Compiling NIOHTTP1 HTTPServerProtocolErrorHandler.swift
[1606/1781] Compiling NIOFoundationCompat JSONSerialization+ByteBuffer.swift
[1607/1781] Compiling NIOFoundationCompat Exports.swift
[1608/1781] Compiling NIOHTTP1 NIOHTTPClientUpgradeHandler.swift
[1609/1781] Compiling NIOHTTP1 NIOHTTPObjectAggregator.swift
[1610/1781] Compiling NIOFoundationCompat WaitSpinningRunLoop.swift
[1611/1781] Emitting module NIOSOCKS
[1612/1781] Compiling NIOHTTP1 HTTPServerRequestMethodQueue.swift
[1613/1781] Compiling NIOHTTP1 HTTPServerUpgradeHandler.swift
[1614/1781] Compiling NIOHTTP1 ByteCollectionUtils.swift
[1615/1781] Compiling NIOHTTP1 HTTPDecoder.swift
[1616/1781] Compiling NIOSOCKS ClientStateMachine.swift
[1617/1781] Compiling NIOSOCKS SOCKSResponse.swift
[1618/1781] Compiling NIOSOCKS SelectedAuthenticationMethod.swift
[1619/1781] Compiling NIOTLS ApplicationProtocolNegotiationHandler.swift
[1620/1781] Emitting module NIOTLS
[1621/1781] Compiling NIOTLS NIOTypedApplicationProtocolNegotiationHandler.swift
[1622/1781] Compiling NIOTLS ProtocolNegotiationHandlerStateMachine.swift
[1623/1781] Compiling NIOTLS SNIHandler.swift
[1626/1783] Compiling NIOSOCKS ServerStateMachine.swift
[1626/1784] Wrapping AST for NIOFoundationCompat for debugging
[1628/1784] Wrapping AST for NIOTLS for debugging
[1630/1785] Emitting module NIOHTTP1
[1630/1816] Wrapping AST for NIOSOCKS for debugging
[1632/1816] Compiling NIOSSL LinuxCABundle.swift
[1633/1816] Compiling NIOSSL NIOSSLClientHandler.swift
[1634/1816] Compiling NIOSSL ByteBufferBIO.swift
[1635/1816] Compiling NIOSSL CustomPrivateKey.swift
[1636/1816] Compiling NIOSSL NIOSSLServerHandler.swift
[1637/1816] Compiling NIOSSL ObjectIdentifier.swift
[1638/1816] Compiling NIOSSL SSLConnection.swift
[1639/1816] Compiling NIOSSL SubjectAlternativeName.swift
[1640/1816] Compiling NIOSSL SSLCertificateExtensions.swift
[1641/1816] Compiling NIOSSL SSLCertificateName.swift
[1642/1816] Compiling NIOSSL PosixPort.swift
[1643/1816] Compiling NIOSSL SSLCallbacks.swift
[1644/1816] Compiling NIOSSL AndroidCABundle.swift
[1645/1816] Compiling NIOSSL FreeBSDCABundle.swift
[1646/1816] Compiling NIOSSL IdentityVerification.swift
[1647/1816] Compiling NIOSSL SSLCertificate.swift
[1648/1816] Compiling NIOSSL NIOSSLHandler+Configuration.swift
[1649/1816] Compiling NIOSSL NIOSSLHandler.swift
[1650/1817] Wrapping AST for NIOHTTP1 for debugging
[1652/1834] Emitting module NIOSSL
[1657/1838] Compiling NIOSSL NIOSSLSecureBytes.swift
[1658/1838] Compiling NIOSSL RNG.swift
[1659/1838] Compiling NIOSSL SafeCompare.swift
[1660/1838] Compiling NIOSSL SSLContext.swift
[1661/1838] Compiling NIOSSL SSLErrors.swift
[1662/1838] Compiling NIOSSL SSLInit.swift
[1663/1838] Compiling NIOSSL SSLPKCS12Bundle.swift
[1664/1838] Compiling NIOSSL SSLPrivateKey.swift
[1665/1838] Compiling NIOSSL SSLPublicKey.swift
[1666/1838] Compiling NIOSSL SecurityFrameworkCertificateVerification.swift
[1667/1851] Emitting module X509
[1668/1851] Compiling X509 OneOfPolicies.swift
[1669/1851] Compiling X509 PolicyBuilder.swift
[1670/1851] Compiling X509 BasicConstraintsPolicy.swift
[1671/1851] Compiling X509 DNSNames.swift
[1672/1851] Compiling X509 ExpiryPolicy.swift
[1673/1851] Compiling X509 IPConstraints.swift
[1674/1851] Compiling X509 NameConstraintsPolicy.swift
[1675/1851] Compiling X509 RFC5280Policy.swift
[1676/1851] Compiling X509 URIConstraints.swift
[1677/1851] Compiling X509 VersionPolicy.swift
[1678/1851] Compiling X509 ServerIdentityPolicy.swift
[1679/1851] Compiling X509 TrustRootLoading.swift
[1680/1851] Compiling X509 UnverifiedChain.swift
[1681/1851] Compiling X509 OCSPExtensionID.swift
[1682/1851] Compiling X509 OCSPNonce.swift
[1683/1851] Compiling X509 OCSPPolicy.swift
[1684/1851] Compiling X509 OCSPRequest.swift
[1685/1851] Compiling X509 OCSPResponse.swift
[1686/1851] Compiling X509 OCSPResponseBytes.swift
[1687/1851] Compiling X509 OCSPResponseData.swift
[1688/1851] Compiling X509 OCSPResponseStatus.swift
[1689/1851] Compiling X509 OCSPSignature.swift
[1690/1851] Compiling X509 OCSPSingleRequest.swift
[1691/1851] Compiling X509 OCSPSingleResponse.swift
[1692/1851] Compiling X509 OCSPTBSRequest.swift
[1693/1851] Compiling X509 OCSPVersion.swift
[1695/1851] Compiling X509 PromiseAndFuture.swift
[1696/1851] Compiling X509 RDNAttribute.swift
[1697/1851] Compiling X509 RandomNumberGenerator+bytes.swift
[1698/1851] Compiling X509 RelativeDistinguishedName.swift
[1699/1851] Compiling X509 SEC1PrivateKey.swift
[1700/1851] Compiling X509 SecKeyWrapper.swift
[1701/1851] Compiling X509 Signature.swift
[1702/1851] Compiling X509 SignatureAlgorithm.swift
[1703/1851] Compiling X509 AllOfPolicies.swift
[1704/1851] Compiling X509 AnyPolicy.swift
[1705/1851] Compiling X509 CertificateStore.swift
[1706/1851] Compiling X509 CustomCertificateStore.swift
[1707/1851] Compiling NIOHPACK IndexedHeaderTable.swift
[1708/1851] Compiling NIOHPACK IntegerCoding.swift
[1709/1852] Compiling NIOHPACK HuffmanTables.swift
[1710/1852] Compiling NIOHPACK HuffmanCoding.swift
[1711/1852] Compiling NIOHTTPCompression HTTPResponseCompressor.swift
[1712/1852] Compiling NIOHTTPCompression HTTPRequestCompressor.swift
[1713/1852] Compiling NIOHTTPCompression HTTPCompression.swift
[1714/1852] Emitting module NIOHTTPCompression
[1715/1852] Compiling NIOHTTPCompression HTTPDecompression.swift
[1716/1852] Compiling NIOHTTPCompression HTTPDecompressor.swift
[1717/1852] Compiling NIOHPACK DynamicHeaderTable.swift
[1718/1852] Compiling NIOHPACK HPACKDecoder.swift
[1719/1852] Compiling NIOHPACK HPACKEncoder.swift
[1720/1852] Compiling NIOHPACK HPACKErrors.swift
[1721/1852] Compiling NIOHPACK HPACKHeader.swift
[1722/1852] Compiling NIOHPACK HeaderTables.swift
[1745/1852] Compiling NIOSSL String+unsafeUninitializedCapacity.swift
[1746/1852] Compiling NIOSSL Zeroization.swift
[1747/1852] Compiling NIOSSL TLSConfiguration.swift
[1748/1852] Compiling NIOSSL UniversalBootstrapSupport.swift
[1749/1852] Compiling NIOSSL UnsafeKeyAndChainTarget.swift
[1750/1852] Compiling X509 ExtensionsBuilder.swift
[1751/1852] Compiling X509 GeneralName.swift
[1758/1852] Compiling NIOHPACK StaticHeaderTable.swift
[1759/1853] Emitting module NIOHPACK
[1767/1854] Wrapping AST for NIOHTTPCompression for debugging
[1768/1854] Wrapping AST for NIOHPACK for debugging
[1770/1917] Compiling NIOHTTP2 StateMachineResult.swift
[1771/1917] Compiling NIOHTTP2 ContentLengthVerifier.swift
[1772/1917] Compiling NIOHTTP2 MaySendFrames.swift
[1773/1917] Compiling NIOHTTP2 SendingDataState.swift
[1774/1917] Compiling NIOHTTP2 HTTP2ChannelHandler+InboundStreamMultiplexer.swift
[1775/1917] Compiling NIOHTTP2 HasFlowControlWindows.swift
[1776/1917] Compiling NIOHTTP2 HasLocalSettings.swift
[1777/1917] Compiling NIOHTTP2 HasRemoteSettings.swift
[1778/1917] Compiling NIOHTTP2 SendingGoawayState.swift
[1779/1917] Compiling NIOHTTP2 SendingHeadersState.swift
[1780/1917] Compiling NIOHTTP2 SendingPushPromiseState.swift
[1781/1917] Compiling NIOHTTP2 SendingRstStreamState.swift
[1782/1917] Compiling NIOHTTP2 LocallyQuiescingState.swift
[1783/1917] Compiling NIOHTTP2 QuiescingState.swift
[1784/1917] Compiling NIOHTTP2 RemotelyQuiescingState.swift
[1785/1917] Compiling NIOHTTP2 SendAndReceiveGoawayState.swift
[1786/1917] Compiling NIOHTTP2 ConnectionStateMachine.swift
[1787/1917] Compiling NIOHTTP2 ConnectionStreamsState.swift
[1788/1917] Compiling NIOHTTP2 MayReceiveFrames.swift
[1789/1917] Compiling NIOHTTP2 ReceivingDataState.swift
[1790/1917] Compiling NIOHTTP2 ReceivingGoAwayState.swift
[1791/1917] Compiling NIOHTTP2 ReceivingHeadersState.swift
[1792/1917] Compiling NIOHTTP2 ReceivingPushPromiseState.swift
[1793/1917] Compiling NIOHTTP2 ReceivingRstStreamState.swift
[1794/1917] Compiling NIOHTTP2 OutboundFlowControlBuffer.swift
[1795/1917] Compiling NIOHTTP2 OutboundFrameBuffer.swift
[1796/1917] Compiling NIOHTTP2 GlitchesMonitor.swift
[1797/1917] Compiling NIOHTTP2 HPACKHeaders+Validation.swift
[1798/1917] Compiling NIOHTTP2 ReceivingWindowUpdateState.swift
[1799/1917] Compiling NIOHTTP2 DOSHeuristics.swift
[1800/1917] Compiling NIOHTTP2 Error+Any.swift
[1801/1917] Compiling NIOHTTP2 ConcurrentStreamBuffer.swift
[1802/1917] Compiling NIOHTTP2 ControlFrameBuffer.swift
[1803/1918] Wrapping AST for NIOSSL for debugging
[1805/1918] Compiling X509 ValidatedCertificateChain.swift
[1806/1918] Compiling X509 VerificationDiagnostic.swift
[1807/1918] Compiling X509 Verifier.swift
[1808/1918] Compiling X509 VerifierPolicy.swift
[1809/1918] Compiling X509 AlgorithmIdentifier.swift
[1810/1918] Compiling X509 ECDSASignature.swift
[1811/1918] Compiling X509 RSAPKCS1PublicKey.swift
[1812/1918] Compiling X509 SubjectPublicKeyInfo.swift
[1813/1918] Compiling X509 TBSCertificate.swift
[1814/1918] Compiling X509 Time.swift
[1815/1918] Compiling X509 TimeCalculations.swift
[1816/1918] Compiling X509 Validity.swift
[1817/1918] Compiling X509 X509SendableMetatype.swift
[1818/1919] Wrapping AST for X509 for debugging
[1820/1986] Emitting module NIOHTTP2
[1821/1994] Compiling JWTKit ECDSASigner.swift
[1822/1994] Compiling JWTKit AudienceClaim.swift
[1823/1994] Compiling JWTKit BoolClaim.swift
[1824/1994] Compiling JWTKit ExpirationClaim.swift
[1825/1994] Compiling JWTKit GoogleHostedDomainClaim.swift
[1826/1994] Compiling JWTKit IDClaim.swift
[1827/1994] Compiling JWTKit IssuedAtClaim.swift
[1828/1994] Compiling JWTKit IssuerClaim.swift
[1829/1994] Compiling JWTKit JWTClaim.swift
[1830/1994] Compiling JWTKit JWTMultiValueClaim.swift
[1831/1994] Compiling JWTKit JWTUnixEpochClaim.swift
[1832/1994] Compiling JWTKit JWTAlgorithm.swift
[1833/1994] Compiling JWTKit JWTError.swift
[1834/1994] Compiling JWTKit JWTHeader+CommonFields.swift
[1835/1994] Compiling JWTKit JWTHeader.swift
[1836/1994] Compiling JWTKit JWTHeaderField.swift
[1837/1994] Compiling JWTKit JWTKeyCollection.swift
[1838/1994] Compiling JWTKit JWTParser+MandatoryVerificationFields.swift
[1839/1994] Compiling JWTKit LocaleClaim.swift
[1840/1994] Compiling JWTKit NotBeforeClaim.swift
[1841/1994] Compiling JWTKit SubjectClaim.swift
[1842/1994] Compiling JWTKit TenantIDClaim.swift
[1843/1994] Compiling JWTKit ECDSA.swift
[1844/1994] Compiling JWTKit ECDSACurve.swift
[1845/1994] Compiling JWTKit ECDSACurveType.swift
[1846/1994] Compiling JWTKit ECDSAError.swift
[1847/1994] Compiling JWTKit ECDSAKeyTypes.swift
[1848/1994] Compiling JWTKit JWTSerializer.swift
[1849/1994] Compiling JWTKit JWTSigner.swift
[1850/1994] Compiling JWTKit JWTKeyCollection+MLDSA.swift
[1851/1994] Compiling JWTKit MLDSA.swift
[1852/1994] Compiling JWTKit MLDSA65+MLDSAKey.swift
[1853/1994] Compiling JWTKit MLDSA87+MLDSAKey.swift
[1854/1994] Compiling JWTKit MLDSAError.swift
[1855/1994] Compiling JWTKit MLDSAKey.swift
[1856/1994] Compiling JWTKit MLDSASigner.swift
[1866/2003] Compiling JWTKit MLDSAType.swift
[1867/2003] Compiling JWTKit JWTKeyCollection+UnsecuredNone.swift
[1868/2003] Compiling JWTKit UnsecuredNoneSigner.swift
[1869/2003] Compiling JWTKit JWTKeyCollection+RSA.swift
[1870/2003] Compiling JWTKit RSA.swift
[1871/2003] Compiling NIOHTTP2 NIOHTTP2ServerConnectionManagementHandler.swift
[1872/2003] Compiling NIOHTTP2 StreamChannelFlowController.swift
[1873/2003] Compiling NIOHTTP2 StreamChannelList.swift
[1874/2003] Compiling NIOHTTP2 StreamMap.swift
[1895/2003] Compiling JWTKit HMAC.swift
[1896/2003] Compiling JWTKit HMACError.swift
[1897/2003] Compiling JWTKit HMACSigner.swift
[1898/2003] Compiling JWTKit JWTKeyCollection+HMAC.swift
[1899/2003] Compiling JWTKit Insecure.swift
[1900/2003] Compiling JWTKit JWK.swift
[1901/2003] Compiling JWTKit JWKIdentifier.swift
[1902/2003] Compiling JWTKit JWKS.swift
[1903/2003] Compiling JWTKit JWKSigner.swift
[1904/2003] Emitting module JWTKit
[1909/2003] Compiling JWTKit CustomizedJSONCoders.swift
[1910/2003] Compiling JWTKit Utilities.swift
[1911/2003] Compiling JWTKit AppleIdentityToken.swift
[1912/2003] Compiling JWTKit FirebaseAuthIdentityToken.swift
[1920/2003] Compiling JWTKit JWTParser.swift
[1921/2003] Compiling JWTKit JWTPayload.swift
[1922/2003] Compiling JWTKit ECDSASigningAlgorithm.swift
[1923/2003] Compiling JWTKit JWTKeyCollection+ECDSA.swift
[1924/2003] Compiling JWTKit P256+CurveType.swift
[1925/2003] Compiling JWTKit P384+CurveType.swift
[1926/2003] Compiling JWTKit P521+CurveType.swift
[1927/2003] Compiling JWTKit EdDSA.swift
[1928/2003] Compiling JWTKit EdDSACurve.swift
[1929/2003] Compiling JWTKit EdDSAError.swift
[1930/2003] Compiling JWTKit EdDSASigner.swift
[1931/2003] Compiling JWTKit JWTKeyCollection+EdDSA.swift
[1945/2003] Compiling JWTKit GoogleIdentityToken.swift
[1946/2003] Compiling JWTKit MicrosoftIdentityToken.swift
[1947/2003] Compiling JWTKit EmptyPolicy.swift
[1948/2003] Compiling JWTKit ValidationTimePayload.swift
[1949/2003] Compiling JWTKit X5CVerifier.swift
[1950/2004] Wrapping AST for JWTKit for debugging
[1969/2005] Wrapping AST for NIOHTTP2 for debugging
[1971/2069] Emitting module AsyncHTTPClient
[1972/2077] Compiling AsyncHTTPClient AnyAsyncSequence.swift
[1973/2077] Compiling AsyncHTTPClient AnyAsyncSequenceProucerDelete.swift
[1974/2077] Compiling AsyncHTTPClient AsyncLazySequence.swift
[1975/2077] Compiling AsyncHTTPClient HTTPClient+execute.swift
[1976/2077] Compiling AsyncHTTPClient HTTPClient+shutdown.swift
[1977/2077] Compiling AsyncHTTPClient HTTPClient+tracing.swift
[1978/2077] Compiling AsyncHTTPClient HTTPClientRequest+Prepared.swift
[1979/2077] Compiling AsyncHTTPClient HTTPClientRequest+auth.swift
[1980/2077] Compiling AsyncHTTPClient HTTPClientRequest.swift
[1981/2077] Compiling AsyncHTTPClient LRUCache.swift
[1982/2077] Compiling AsyncHTTPClient NIOLoopBound+Execute.swift
[1983/2077] Compiling AsyncHTTPClient NWErrorHandler.swift
[1984/2077] Compiling AsyncHTTPClient NWWaitingHandler.swift
[1985/2077] Compiling AsyncHTTPClient TLSConfiguration.swift
[1986/2077] Compiling AsyncHTTPClient RedirectState.swift
[1987/2077] Compiling AsyncHTTPClient RequestBag+StateMachine.swift
[1988/2077] Compiling AsyncHTTPClient RequestBag+Tracing.swift
[1989/2077] Compiling AsyncHTTPClient RequestBag.swift
[1990/2077] Compiling AsyncHTTPClient RequestValidation.swift
[1991/2077] Compiling AsyncHTTPClient SSLContextCache.swift
[1992/2077] Compiling AsyncHTTPClient Scheme.swift
[1993/2077] Compiling AsyncHTTPClient Singleton.swift
[1994/2077] Compiling AsyncHTTPClient StringConvertibleInstances.swift
[1995/2077] Compiling AsyncHTTPClient StructuredConcurrencyHelpers.swift
[1996/2077] Compiling AsyncHTTPClient TracingSupport.swift
[1997/2077] Compiling AsyncHTTPClient Utils.swift
[1998/2077] Compiling AsyncHTTPClient DeconstructedURL.swift
[1999/2077] Compiling AsyncHTTPClient FileDownloadDelegate.swift
[2000/2077] Compiling AsyncHTTPClient FoundationExtensions.swift
[2001/2077] Compiling AsyncHTTPClient HTTPClient+HTTPCookie.swift
[2002/2077] Compiling AsyncHTTPClient HTTPClient+Proxy.swift
[2003/2077] Compiling AsyncHTTPClient HTTPClient+StructuredConcurrency.swift
[2004/2077] Compiling AsyncHTTPClient HTTPClient.swift
[2005/2077] Compiling AsyncHTTPClient HTTPClientConfiguration+SwiftConfiguration.swift
[2006/2077] Compiling AsyncHTTPClient HTTPHandler.swift
[2007/2077] Compiling AsyncHTTPClient HTTP1ProxyConnectHandler.swift
[2008/2077] Compiling AsyncHTTPClient SOCKSEventsHandler.swift
[2009/2077] Compiling AsyncHTTPClient TLSEventsHandler.swift
[2010/2077] Compiling AsyncHTTPClient HTTP1ClientChannelHandler.swift
[2011/2077] Compiling AsyncHTTPClient HTTP1Connection.swift
[2012/2077] Compiling AsyncHTTPClient HTTP1ConnectionStateMachine.swift
[2013/2077] Compiling AsyncHTTPClient HTTP2ClientRequestHandler.swift
[2014/2077] Compiling AsyncHTTPClient HTTP2Connection.swift
[2015/2077] Compiling AsyncHTTPClient HTTP2IdleHandler.swift
[2016/2077] Compiling AsyncHTTPClient HTTPClientResponse.swift
[2017/2077] Compiling AsyncHTTPClient SingleIteratorPrecondition.swift
[2018/2077] Compiling AsyncHTTPClient Transaction+StateMachine.swift
[2019/2077] Compiling AsyncHTTPClient Transaction.swift
[2020/2077] Compiling AsyncHTTPClient Base64.swift
[2021/2077] Compiling AsyncHTTPClient BasicAuth.swift
[2022/2077] Compiling AsyncHTTPClient BestEffortHashableTLSConfiguration.swift
[2023/2077] Compiling AsyncHTTPClient Configuration+BrowserLike.swift
[2024/2077] Compiling AsyncHTTPClient ConnectionPool.swift
[2025/2077] Compiling AsyncHTTPClient RequestOptions.swift
[2026/2077] Compiling AsyncHTTPClient HTTPConnectionPool+Backoff.swift
[2027/2077] Compiling AsyncHTTPClient HTTPConnectionPool+HTTP1Connections.swift
[2028/2077] Compiling AsyncHTTPClient HTTPConnectionPool+HTTP1StateMachine.swift
[2029/2077] Compiling AsyncHTTPClient HTTPConnectionPool+HTTP2Connections.swift
[2030/2077] Compiling AsyncHTTPClient HTTPConnectionPool+HTTP2StateMachine.swift
[2031/2077] Compiling AsyncHTTPClient HTTPConnectionPool+RequestQueue.swift
[2032/2077] Compiling AsyncHTTPClient HTTPConnectionPool+StateMachine.swift
[2033/2077] Compiling AsyncHTTPClient ConnectionTarget.swift
[2034/2077] Compiling AsyncHTTPClient HTTPConnectionEvent.swift
[2035/2077] Compiling AsyncHTTPClient HTTPConnectionPool+Factory.swift
[2036/2077] Compiling AsyncHTTPClient HTTPConnectionPool+Manager.swift
[2037/2077] Compiling AsyncHTTPClient HTTPConnectionPool.swift
[2038/2077] Compiling AsyncHTTPClient HTTPExecutableRequest.swift
[2039/2077] Compiling AsyncHTTPClient HTTPRequestStateMachine+Demand.swift
[2040/2077] Compiling AsyncHTTPClient HTTPRequestStateMachine.swift
[2041/2077] Compiling AsyncHTTPClient RequestBodyLength.swift
[2042/2077] Compiling AsyncHTTPClient RequestFramingMetadata.swift
[2043/2078] Wrapping AST for AsyncHTTPClient for debugging
[2045/2101] Emitting module GoogleAuth
[2046/2104] Compiling GoogleAuth AnonymousCredentials.swift
[2047/2104] Compiling GoogleAuth ApiKeyCredentials.swift
[2048/2104] Compiling GoogleAuth ExternalAccountCredentials.swift
[2049/2104] Compiling GoogleAuth UserAccountData.swift
[2050/2104] Compiling GoogleAuth UserAccountTokenProvider.swift
[2051/2104] Compiling GoogleAuth UserCredentials.swift
[2052/2104] Compiling GoogleAuth ADC.swift
[2053/2104] Compiling GoogleAuth ADCPath.swift
[2054/2104] Compiling GoogleAuth ADCResolver.swift
[2055/2104] Compiling GoogleAuth AuthHeaders.swift
[2056/2104] Compiling GoogleAuth SubjectTokenProvider.swift
[2057/2104] Compiling GoogleAuth MDSAccessTokenProvider.swift
[2058/2104] Compiling GoogleAuth MDSCredentials.swift
[2059/2104] Compiling GoogleAuth ServiceAccountCredentials.swift
[2060/2104] Compiling GoogleAuth ServiceAccountData.swift
[2061/2104] Compiling GoogleAuth ServiceAccountTokenProvider.swift
[2062/2104] Compiling GoogleAuth CredentialParserRegistry.swift
[2063/2104] Compiling GoogleAuth Credentials.swift
[2064/2104] Compiling GoogleAuth CredentialsError.swift
[2065/2104] Compiling GoogleAuth AuthHTTPClient.swift
[2066/2104] Compiling GoogleAuth AuthHTTPError.swift
[2067/2104] Compiling GoogleAuth RetryEngine.swift
[2068/2104] Compiling GoogleAuth STSHandler.swift
[2069/2104] Compiling GoogleAuth TokenCache.swift
[2070/2104] Compiling GoogleAuth PackageVersion.swift
[2071/2105] Wrapping AST for GoogleAuth for debugging
[2073/2163] Compiling GoogleGax AIP194+PollingErrorPolicy.swift
[2074/2163] Compiling GoogleGax AIP194+RetryPolicy.swift
[2075/2163] Compiling GoogleGax AIP194.swift
[2076/2163] Compiling GoogleGax AdaptiveThrottler.swift
[2077/2163] Compiling GoogleGax AlwaysPoll.swift
[2078/2163] Compiling GoogleGax AlwaysRetry.swift
[2079/2163] Compiling GoogleGax ApiClientHeader.swift
[2080/2163] Compiling GoogleGax BackoffPolicy.swift
[2081/2163] Compiling GoogleGax BasePollingErrorPolicy.swift
[2082/2171] Emitting module GoogleGax
[2083/2171] Compiling GoogleGax RequestOptions.swift
[2084/2171] Compiling GoogleGax RetryLoop.swift
[2085/2171] Compiling GoogleGax RetryPolicy.swift
[2086/2171] Compiling GoogleGax RetryResult.swift
[2087/2171] Compiling GoogleGax RetryState.swift
[2088/2171] Compiling GoogleGax RetryThrottler.swift
[2089/2171] Compiling GoogleGax RetryThrottlerError.swift
[2090/2171] Compiling GoogleGax RoutingMatcher.swift
[2091/2171] Compiling GoogleGax Pagination.swift
/host/spi-builder-workspace/.build/checkouts/swift-google-gax/Sources/GoogleGax/Pagination.swift:44:22: error: cannot convert '@Sendable (String) async throws -> (response: ResponseType, items: [Item], nextToken: String)' to 'nonisolated(nonsending) @Sendable (String) async throws -> (response: ResponseType, items: [Item], nextToken: String)' because crossing of an isolation boundary requires parameter and result types to conform to 'Sendable' protocol
 42 |   ) where ResponseType: _PaginatedResponse<Item> {
 43 |     self.initialPageToken = initialPageToken ?? ""
 44 |     self.fetchPage = { token in
    |                      |- error: cannot convert '@Sendable (String) async throws -> (response: ResponseType, items: [Item], nextToken: String)' to 'nonisolated(nonsending) @Sendable (String) async throws -> (response: ResponseType, items: [Item], nextToken: String)' because crossing of an isolation boundary requires parameter and result types to conform to 'Sendable' protocol
    |                      `- note: type 'Item' does not conform to 'Sendable' protocol
 45 |       let response = try await listRpc(token)
 46 |       return (response, response._getPaginatedItems(), response._nextPageToken())
[2092/2171] Compiling GoogleGax PollingBackoffPolicy.swift
/host/spi-builder-workspace/.build/checkouts/swift-google-gax/Sources/GoogleGax/Pagination.swift:44:22: error: cannot convert '@Sendable (String) async throws -> (response: ResponseType, items: [Item], nextToken: String)' to 'nonisolated(nonsending) @Sendable (String) async throws -> (response: ResponseType, items: [Item], nextToken: String)' because crossing of an isolation boundary requires parameter and result types to conform to 'Sendable' protocol
 42 |   ) where ResponseType: _PaginatedResponse<Item> {
 43 |     self.initialPageToken = initialPageToken ?? ""
 44 |     self.fetchPage = { token in
    |                      |- error: cannot convert '@Sendable (String) async throws -> (response: ResponseType, items: [Item], nextToken: String)' to 'nonisolated(nonsending) @Sendable (String) async throws -> (response: ResponseType, items: [Item], nextToken: String)' because crossing of an isolation boundary requires parameter and result types to conform to 'Sendable' protocol
    |                      `- note: type 'Item' does not conform to 'Sendable' protocol
 45 |       let response = try await listRpc(token)
 46 |       return (response, response._getPaginatedItems(), response._nextPageToken())
[2093/2171] Compiling GoogleGax PollingErrorPolicy.swift
/host/spi-builder-workspace/.build/checkouts/swift-google-gax/Sources/GoogleGax/Pagination.swift:44:22: error: cannot convert '@Sendable (String) async throws -> (response: ResponseType, items: [Item], nextToken: String)' to 'nonisolated(nonsending) @Sendable (String) async throws -> (response: ResponseType, items: [Item], nextToken: String)' because crossing of an isolation boundary requires parameter and result types to conform to 'Sendable' protocol
 42 |   ) where ResponseType: _PaginatedResponse<Item> {
 43 |     self.initialPageToken = initialPageToken ?? ""
 44 |     self.fetchPage = { token in
    |                      |- error: cannot convert '@Sendable (String) async throws -> (response: ResponseType, items: [Item], nextToken: String)' to 'nonisolated(nonsending) @Sendable (String) async throws -> (response: ResponseType, items: [Item], nextToken: String)' because crossing of an isolation boundary requires parameter and result types to conform to 'Sendable' protocol
    |                      `- note: type 'Item' does not conform to 'Sendable' protocol
 45 |       let response = try await listRpc(token)
 46 |       return (response, response._getPaginatedItems(), response._nextPageToken())
[2094/2171] Compiling GoogleGax PollingResult.swift
/host/spi-builder-workspace/.build/checkouts/swift-google-gax/Sources/GoogleGax/Pagination.swift:44:22: error: cannot convert '@Sendable (String) async throws -> (response: ResponseType, items: [Item], nextToken: String)' to 'nonisolated(nonsending) @Sendable (String) async throws -> (response: ResponseType, items: [Item], nextToken: String)' because crossing of an isolation boundary requires parameter and result types to conform to 'Sendable' protocol
 42 |   ) where ResponseType: _PaginatedResponse<Item> {
 43 |     self.initialPageToken = initialPageToken ?? ""
 44 |     self.fetchPage = { token in
    |                      |- error: cannot convert '@Sendable (String) async throws -> (response: ResponseType, items: [Item], nextToken: String)' to 'nonisolated(nonsending) @Sendable (String) async throws -> (response: ResponseType, items: [Item], nextToken: String)' because crossing of an isolation boundary requires parameter and result types to conform to 'Sendable' protocol
    |                      `- note: type 'Item' does not conform to 'Sendable' protocol
 45 |       let response = try await listRpc(token)
 46 |       return (response, response._getPaginatedItems(), response._nextPageToken())
[2095/2171] Compiling GoogleGax PollingState.swift
/host/spi-builder-workspace/.build/checkouts/swift-google-gax/Sources/GoogleGax/Pagination.swift:44:22: error: cannot convert '@Sendable (String) async throws -> (response: ResponseType, items: [Item], nextToken: String)' to 'nonisolated(nonsending) @Sendable (String) async throws -> (response: ResponseType, items: [Item], nextToken: String)' because crossing of an isolation boundary requires parameter and result types to conform to 'Sendable' protocol
 42 |   ) where ResponseType: _PaginatedResponse<Item> {
 43 |     self.initialPageToken = initialPageToken ?? ""
 44 |     self.fetchPage = { token in
    |                      |- error: cannot convert '@Sendable (String) async throws -> (response: ResponseType, items: [Item], nextToken: String)' to 'nonisolated(nonsending) @Sendable (String) async throws -> (response: ResponseType, items: [Item], nextToken: String)' because crossing of an isolation boundary requires parameter and result types to conform to 'Sendable' protocol
    |                      `- note: type 'Item' does not conform to 'Sendable' protocol
 45 |       let response = try await listRpc(token)
 46 |       return (response, response._getPaginatedItems(), response._nextPageToken())
[2096/2171] Compiling GoogleGax ProtobufConversionError.swift
/host/spi-builder-workspace/.build/checkouts/swift-google-gax/Sources/GoogleGax/Pagination.swift:44:22: error: cannot convert '@Sendable (String) async throws -> (response: ResponseType, items: [Item], nextToken: String)' to 'nonisolated(nonsending) @Sendable (String) async throws -> (response: ResponseType, items: [Item], nextToken: String)' because crossing of an isolation boundary requires parameter and result types to conform to 'Sendable' protocol
 42 |   ) where ResponseType: _PaginatedResponse<Item> {
 43 |     self.initialPageToken = initialPageToken ?? ""
 44 |     self.fetchPage = { token in
    |                      |- error: cannot convert '@Sendable (String) async throws -> (response: ResponseType, items: [Item], nextToken: String)' to 'nonisolated(nonsending) @Sendable (String) async throws -> (response: ResponseType, items: [Item], nextToken: String)' because crossing of an isolation boundary requires parameter and result types to conform to 'Sendable' protocol
    |                      `- note: type 'Item' does not conform to 'Sendable' protocol
 45 |       let response = try await listRpc(token)
 46 |       return (response, response._getPaginatedItems(), response._nextPageToken())
[2097/2171] Compiling GoogleGax QueryParameter.swift
/host/spi-builder-workspace/.build/checkouts/swift-google-gax/Sources/GoogleGax/Pagination.swift:44:22: error: cannot convert '@Sendable (String) async throws -> (response: ResponseType, items: [Item], nextToken: String)' to 'nonisolated(nonsending) @Sendable (String) async throws -> (response: ResponseType, items: [Item], nextToken: String)' because crossing of an isolation boundary requires parameter and result types to conform to 'Sendable' protocol
 42 |   ) where ResponseType: _PaginatedResponse<Item> {
 43 |     self.initialPageToken = initialPageToken ?? ""
 44 |     self.fetchPage = { token in
    |                      |- error: cannot convert '@Sendable (String) async throws -> (response: ResponseType, items: [Item], nextToken: String)' to 'nonisolated(nonsending) @Sendable (String) async throws -> (response: ResponseType, items: [Item], nextToken: String)' because crossing of an isolation boundary requires parameter and result types to conform to 'Sendable' protocol
    |                      `- note: type 'Item' does not conform to 'Sendable' protocol
 45 |       let response = try await listRpc(token)
 46 |       return (response, response._getPaginatedItems(), response._nextPageToken())
[2098/2171] Compiling GoogleGax RequestError.swift
/host/spi-builder-workspace/.build/checkouts/swift-google-gax/Sources/GoogleGax/Pagination.swift:44:22: error: cannot convert '@Sendable (String) async throws -> (response: ResponseType, items: [Item], nextToken: String)' to 'nonisolated(nonsending) @Sendable (String) async throws -> (response: ResponseType, items: [Item], nextToken: String)' because crossing of an isolation boundary requires parameter and result types to conform to 'Sendable' protocol
 42 |   ) where ResponseType: _PaginatedResponse<Item> {
 43 |     self.initialPageToken = initialPageToken ?? ""
 44 |     self.fetchPage = { token in
    |                      |- error: cannot convert '@Sendable (String) async throws -> (response: ResponseType, items: [Item], nextToken: String)' to 'nonisolated(nonsending) @Sendable (String) async throws -> (response: ResponseType, items: [Item], nextToken: String)' because crossing of an isolation boundary requires parameter and result types to conform to 'Sendable' protocol
    |                      `- note: type 'Item' does not conform to 'Sendable' protocol
 45 |       let response = try await listRpc(token)
 46 |       return (response, response._getPaginatedItems(), response._nextPageToken())
[2099/2171] Compiling GoogleGax ContinueOnIO.swift
[2100/2171] Compiling GoogleGax CredentialsProtocol.swift
[2101/2171] Compiling GoogleGax ErrorWrapper.swift
[2102/2171] Compiling GoogleGax ExponentialBackoff+BackoffPolicy.swift
[2103/2171] Compiling GoogleGax ExponentialBackoff+PollingBackoffPolicy.swift
[2104/2171] Compiling GoogleGax ExponentialBackoff.swift
[2105/2171] Compiling GoogleGax HTTPClient.swift
[2106/2171] Compiling GoogleGax HTTPClientHolder.swift
[2107/2171] Compiling GoogleGax BaseRetryPolicy.swift
[2108/2171] Compiling GoogleGax BindingError.swift
[2109/2171] Compiling GoogleGax CRC32C.swift
[2110/2171] Compiling GoogleGax CircuitBreaker.swift
[2111/2171] Compiling GoogleGax ClientError.swift
[2112/2171] Compiling GoogleGax ClientOptions.swift
[2113/2171] Compiling GoogleGax ContinueOnIO+PollingErrorPolicy.swift
[2114/2171] Compiling GoogleGax ContinueOnIO+RetryPolicy.swift
[2115/2171] Compiling GoogleGax HTTPClientProtocol.swift
[2116/2171] Compiling GoogleGax HTTPClientRequest.swift
[2117/2171] Compiling GoogleGax HTTPClientResponse.swift
[2118/2171] Compiling GoogleGax HTTPHeaders.swift
[2119/2171] Compiling GoogleGax HTTPResponseBody.swift
[2120/2171] Compiling GoogleGax HeaderNames.swift
[2121/2171] Compiling GoogleGax Host.swift
[2122/2171] Compiling GoogleGax InProgressResult.swift
[2123/2171] Compiling GoogleGax LimitedAttemptCount+PollingErrorPolicy.swift
[2124/2171] Compiling GoogleGax LimitedAttemptCount+RetryPolicy.swift
[2125/2171] Compiling GoogleGax LimitedAttemptCount.swift
[2126/2171] Compiling GoogleGax LimitedElapsedTime+PollingErrorPolicy.swift
[2127/2171] Compiling GoogleGax LimitedElapsedTime+RetryPolicy.swift
[2128/2171] Compiling GoogleGax LimitedElapsedTime.swift
[2129/2171] Compiling GoogleGax LongRunningOperations.swift
[2130/2171] Compiling GoogleGax NeverRetry.swift
[2131/2171] Compiling GoogleGax ServiceError.swift
[2132/2171] Compiling GoogleGax StatusDetail.swift
[2133/2171] Compiling GoogleGax StrictIdempotency.swift
[2134/2171] Compiling GoogleGax ThrottleResult.swift
[2135/2171] Compiling GoogleGax TooManyRequests+PollingErrorPolicy.swift
[2136/2171] Compiling GoogleGax TooManyRequests+RetryPolicy.swift
[2137/2171] Compiling GoogleGax TooManyRequests.swift
[2138/2171] Compiling GoogleGax PackageVersion.swift
BUILD FAILURE 6.2 android