Build Information
Failed to build Emoji Ninja, reference main (e82b62), with Swift 6.1 for watchOS using Xcode 16.3 on 25 Jun 2026 03:13:22 UTC.
Build Command
env DEVELOPER_DIR=/Applications/Xcode-16.3.0.app xcrun xcodebuild -IDEClonedSourcePackagesDirPathOverride=$PWD/.dependencies -skipMacroValidation -skipPackagePluginValidation -derivedDataPath $PWD/.derivedData build -scheme Emoji Ninja-Package -destination generic/platform=watchOSBuild Log
WriteAuxiliaryFile /Users/admin/builder/spi-builder-workspace/.derivedData/Build/Intermediates.noindex/Emoji\ Ninja.build/Debug-watchos/Emoji\ Ninja.build/Objects-normal/arm64/Emoji\ Ninja.LinkFileList (in target 'Emoji Ninja' from project 'Emoji Ninja')
cd /Users/admin/builder/spi-builder-workspace
write-file /Users/admin/builder/spi-builder-workspace/.derivedData/Build/Intermediates.noindex/Emoji\ Ninja.build/Debug-watchos/Emoji\ Ninja.build/Objects-normal/arm64/Emoji\ Ninja.LinkFileList
WriteAuxiliaryFile /Users/admin/builder/spi-builder-workspace/.derivedData/Build/Intermediates.noindex/Emoji\ Ninja.build/Debug-watchos/Emoji\ Ninja.build/Objects-normal/arm64/Emoji\ Ninja-OutputFileMap.json (in target 'Emoji Ninja' from project 'Emoji Ninja')
cd /Users/admin/builder/spi-builder-workspace
write-file /Users/admin/builder/spi-builder-workspace/.derivedData/Build/Intermediates.noindex/Emoji\ Ninja.build/Debug-watchos/Emoji\ Ninja.build/Objects-normal/arm64/Emoji\ Ninja-OutputFileMap.json
WriteAuxiliaryFile /Users/admin/builder/spi-builder-workspace/.derivedData/Build/Intermediates.noindex/Emoji\ Ninja.build/Debug-watchos/Emoji\ Ninja.build/Emoji\ Ninja.DependencyStaticMetadataFileList (in target 'Emoji Ninja' from project 'Emoji Ninja')
cd /Users/admin/builder/spi-builder-workspace
write-file /Users/admin/builder/spi-builder-workspace/.derivedData/Build/Intermediates.noindex/Emoji\ Ninja.build/Debug-watchos/Emoji\ Ninja.build/Emoji\ Ninja.DependencyStaticMetadataFileList
WriteAuxiliaryFile /Users/admin/builder/spi-builder-workspace/.derivedData/Build/Intermediates.noindex/Emoji\ Ninja.build/Debug-watchos/Emoji\ Ninja.build/Emoji\ Ninja.DependencyMetadataFileList (in target 'Emoji Ninja' from project 'Emoji Ninja')
cd /Users/admin/builder/spi-builder-workspace
write-file /Users/admin/builder/spi-builder-workspace/.derivedData/Build/Intermediates.noindex/Emoji\ Ninja.build/Debug-watchos/Emoji\ Ninja.build/Emoji\ Ninja.DependencyMetadataFileList
WriteAuxiliaryFile /Users/admin/builder/spi-builder-workspace/.derivedData/Build/Intermediates.noindex/Emoji\ Ninja.build/Debug-watchos/Emoji\ Ninja.build/DerivedSources/resource_bundle_accessor.swift (in target 'Emoji Ninja' from project 'Emoji Ninja')
cd /Users/admin/builder/spi-builder-workspace
write-file /Users/admin/builder/spi-builder-workspace/.derivedData/Build/Intermediates.noindex/Emoji\ Ninja.build/Debug-watchos/Emoji\ Ninja.build/DerivedSources/resource_bundle_accessor.swift
MkDir /Users/admin/builder/spi-builder-workspace/.derivedData/Build/Products/Debug-watchos/Emoji\ Ninja_ninjalib.bundle (in target 'Emoji Ninja_ninjalib' from project 'Emoji Ninja')
cd /Users/admin/builder/spi-builder-workspace
/bin/mkdir -p /Users/admin/builder/spi-builder-workspace/.derivedData/Build/Products/Debug-watchos/Emoji\ Ninja_ninjalib.bundle
MkDir /Users/admin/builder/spi-builder-workspace/.derivedData/Build/Products/Debug-watchos/Emoji\ Ninja_emoji.bundle (in target 'Emoji Ninja_emoji' from project 'Emoji Ninja')
cd /Users/admin/builder/spi-builder-workspace
/bin/mkdir -p /Users/admin/builder/spi-builder-workspace/.derivedData/Build/Products/Debug-watchos/Emoji\ Ninja_emoji.bundle
ProcessInfoPlistFile /Users/admin/builder/spi-builder-workspace/.derivedData/Build/Products/Debug-watchos/Emoji\ Ninja_ninjalib.bundle/Info.plist /Users/admin/builder/spi-builder-workspace/.derivedData/Build/Intermediates.noindex/Emoji\ Ninja.build/Debug-watchos/Emoji\ Ninja_ninjalib.build/empty-Emoji\ Ninja_ninjalib.plist (in target 'Emoji Ninja_ninjalib' from project 'Emoji Ninja')
cd /Users/admin/builder/spi-builder-workspace
builtin-infoPlistUtility /Users/admin/builder/spi-builder-workspace/.derivedData/Build/Intermediates.noindex/Emoji\ Ninja.build/Debug-watchos/Emoji\ Ninja_ninjalib.build/empty-Emoji\ Ninja_ninjalib.plist -producttype com.apple.product-type.bundle -expandbuildsettings -format binary -platform watchos -o /Users/admin/builder/spi-builder-workspace/.derivedData/Build/Products/Debug-watchos/Emoji\ Ninja_ninjalib.bundle/Info.plist
CpResource /Users/admin/builder/spi-builder-workspace/.derivedData/Build/Products/Debug-watchos/Emoji\ Ninja_ninjalib.bundle/search_index.json /Users/admin/builder/spi-builder-workspace/Sources/ninjalib/search_index.json (in target 'Emoji Ninja_ninjalib' from project 'Emoji Ninja')
cd /Users/admin/builder/spi-builder-workspace
builtin-copy -exclude .DS_Store -exclude CVS -exclude .svn -exclude .git -exclude .hg -resolve-src-symlinks /Users/admin/builder/spi-builder-workspace/Sources/ninjalib/search_index.json /Users/admin/builder/spi-builder-workspace/.derivedData/Build/Products/Debug-watchos/Emoji\ Ninja_ninjalib.bundle
CpResource /Users/admin/builder/spi-builder-workspace/.derivedData/Build/Products/Debug-watchos/Emoji\ Ninja_ninjalib.bundle/emoji_data.json /Users/admin/builder/spi-builder-workspace/Sources/ninjalib/emoji_data.json (in target 'Emoji Ninja_ninjalib' from project 'Emoji Ninja')
cd /Users/admin/builder/spi-builder-workspace
builtin-copy -exclude .DS_Store -exclude CVS -exclude .svn -exclude .git -exclude .hg -resolve-src-symlinks /Users/admin/builder/spi-builder-workspace/Sources/ninjalib/emoji_data.json /Users/admin/builder/spi-builder-workspace/.derivedData/Build/Products/Debug-watchos/Emoji\ Ninja_ninjalib.bundle
MkDir /Users/admin/builder/spi-builder-workspace/.derivedData/Build/Intermediates.noindex/Emoji\ Ninja.build/Debug-watchos/Emoji\ Ninja_emoji.build/assetcatalog_output/thinned (in target 'Emoji Ninja_emoji' from project 'Emoji Ninja')
cd /Users/admin/builder/spi-builder-workspace
/bin/mkdir -p /Users/admin/builder/spi-builder-workspace/.derivedData/Build/Intermediates.noindex/Emoji\ Ninja.build/Debug-watchos/Emoji\ Ninja_emoji.build/assetcatalog_output/thinned
MkDir /Users/admin/builder/spi-builder-workspace/.derivedData/Build/Intermediates.noindex/Emoji\ Ninja.build/Debug-watchos/Emoji\ Ninja_emoji.build/assetcatalog_output/unthinned (in target 'Emoji Ninja_emoji' from project 'Emoji Ninja')
cd /Users/admin/builder/spi-builder-workspace
/bin/mkdir -p /Users/admin/builder/spi-builder-workspace/.derivedData/Build/Intermediates.noindex/Emoji\ Ninja.build/Debug-watchos/Emoji\ Ninja_emoji.build/assetcatalog_output/unthinned
CompileAssetCatalogVariant thinned /Users/admin/builder/spi-builder-workspace/.derivedData/Build/Products/Debug-watchos/Emoji\ Ninja_emoji.bundle /Users/admin/builder/spi-builder-workspace/Sources/emojininja/Assets.xcassets (in target 'Emoji Ninja_emoji' from project 'Emoji Ninja')
cd /Users/admin/builder/spi-builder-workspace
/Applications/Xcode-16.3.0.app/Contents/Developer/usr/bin/actool /Users/admin/builder/spi-builder-workspace/Sources/emojininja/Assets.xcassets --compile /Users/admin/builder/spi-builder-workspace/.derivedData/Build/Intermediates.noindex/Emoji\ Ninja.build/Debug-watchos/Emoji\ Ninja_emoji.build/assetcatalog_output/thinned --output-format human-readable-text --notices --warnings --export-dependency-info /Users/admin/builder/spi-builder-workspace/.derivedData/Build/Intermediates.noindex/Emoji\ Ninja.build/Debug-watchos/Emoji\ Ninja_emoji.build/assetcatalog_dependencies_thinned --output-partial-info-plist /Users/admin/builder/spi-builder-workspace/.derivedData/Build/Intermediates.noindex/Emoji\ Ninja.build/Debug-watchos/Emoji\ Ninja_emoji.build/assetcatalog_generated_info.plist_thinned --compress-pngs --enable-on-demand-resources NO --development-region en --target-device watch --minimum-deployment-target 5.0 --platform watchos
/* com.apple.actool.document.warnings */
/Users/admin/builder/spi-builder-workspace/Sources/emojininja/Assets.xcassets:./ninja_menu.imageset/[mac][][][3x][][][][][][][][][][][2d][ninja_menu@3x.png]: warning: The image set "ninja_menu" has an unassigned child.
/* com.apple.actool.compilation-results */
/Users/admin/builder/spi-builder-workspace/.derivedData/Build/Intermediates.noindex/Emoji Ninja.build/Debug-watchos/Emoji Ninja_emoji.build/assetcatalog_generated_info.plist_thinned
RegisterExecutionPolicyException /Users/admin/builder/spi-builder-workspace/.derivedData/Build/Products/Debug-watchos/Emoji\ Ninja_ninjalib.bundle (in target 'Emoji Ninja_ninjalib' from project 'Emoji Ninja')
cd /Users/admin/builder/spi-builder-workspace
builtin-RegisterExecutionPolicyException /Users/admin/builder/spi-builder-workspace/.derivedData/Build/Products/Debug-watchos/Emoji\ Ninja_ninjalib.bundle
LinkAssetCatalog /Users/admin/builder/spi-builder-workspace/Sources/emojininja/Assets.xcassets (in target 'Emoji Ninja_emoji' from project 'Emoji Ninja')
cd /Users/admin/builder/spi-builder-workspace
builtin-linkAssetCatalog --thinned /Users/admin/builder/spi-builder-workspace/.derivedData/Build/Intermediates.noindex/Emoji\ Ninja.build/Debug-watchos/Emoji\ Ninja_emoji.build/assetcatalog_output/thinned --thinned-dependencies /Users/admin/builder/spi-builder-workspace/.derivedData/Build/Intermediates.noindex/Emoji\ Ninja.build/Debug-watchos/Emoji\ Ninja_emoji.build/assetcatalog_dependencies_thinned --thinned-info-plist-content /Users/admin/builder/spi-builder-workspace/.derivedData/Build/Intermediates.noindex/Emoji\ Ninja.build/Debug-watchos/Emoji\ Ninja_emoji.build/assetcatalog_generated_info.plist_thinned --unthinned /Users/admin/builder/spi-builder-workspace/.derivedData/Build/Intermediates.noindex/Emoji\ Ninja.build/Debug-watchos/Emoji\ Ninja_emoji.build/assetcatalog_output/unthinned --unthinned-dependencies /Users/admin/builder/spi-builder-workspace/.derivedData/Build/Intermediates.noindex/Emoji\ Ninja.build/Debug-watchos/Emoji\ Ninja_emoji.build/assetcatalog_dependencies_unthinned --unthinned-info-plist-content /Users/admin/builder/spi-builder-workspace/.derivedData/Build/Intermediates.noindex/Emoji\ Ninja.build/Debug-watchos/Emoji\ Ninja_emoji.build/assetcatalog_generated_info.plist_unthinned --output /Users/admin/builder/spi-builder-workspace/.derivedData/Build/Products/Debug-watchos/Emoji\ Ninja_emoji.bundle --plist-output /Users/admin/builder/spi-builder-workspace/.derivedData/Build/Intermediates.noindex/Emoji\ Ninja.build/Debug-watchos/Emoji\ Ninja_emoji.build/assetcatalog_generated_info.plist
Touch /Users/admin/builder/spi-builder-workspace/.derivedData/Build/Products/Debug-watchos/Emoji\ Ninja_ninjalib.bundle (in target 'Emoji Ninja_ninjalib' from project 'Emoji Ninja')
cd /Users/admin/builder/spi-builder-workspace
/usr/bin/touch -c /Users/admin/builder/spi-builder-workspace/.derivedData/Build/Products/Debug-watchos/Emoji\ Ninja_ninjalib.bundle
ProcessInfoPlistFile /Users/admin/builder/spi-builder-workspace/.derivedData/Build/Products/Debug-watchos/Emoji\ Ninja_emoji.bundle/Info.plist /Users/admin/builder/spi-builder-workspace/.derivedData/Build/Intermediates.noindex/Emoji\ Ninja.build/Debug-watchos/Emoji\ Ninja_emoji.build/empty-Emoji\ Ninja_emoji.plist (in target 'Emoji Ninja_emoji' from project 'Emoji Ninja')
cd /Users/admin/builder/spi-builder-workspace
builtin-infoPlistUtility /Users/admin/builder/spi-builder-workspace/.derivedData/Build/Intermediates.noindex/Emoji\ Ninja.build/Debug-watchos/Emoji\ Ninja_emoji.build/empty-Emoji\ Ninja_emoji.plist -producttype com.apple.product-type.bundle -expandbuildsettings -format binary -platform watchos -additionalcontentfile /Users/admin/builder/spi-builder-workspace/.derivedData/Build/Intermediates.noindex/Emoji\ Ninja.build/Debug-watchos/Emoji\ Ninja_emoji.build/assetcatalog_generated_info.plist -o /Users/admin/builder/spi-builder-workspace/.derivedData/Build/Products/Debug-watchos/Emoji\ Ninja_emoji.bundle/Info.plist
RegisterExecutionPolicyException /Users/admin/builder/spi-builder-workspace/.derivedData/Build/Products/Debug-watchos/Emoji\ Ninja_emoji.bundle (in target 'Emoji Ninja_emoji' from project 'Emoji Ninja')
cd /Users/admin/builder/spi-builder-workspace
builtin-RegisterExecutionPolicyException /Users/admin/builder/spi-builder-workspace/.derivedData/Build/Products/Debug-watchos/Emoji\ Ninja_emoji.bundle
Touch /Users/admin/builder/spi-builder-workspace/.derivedData/Build/Products/Debug-watchos/Emoji\ Ninja_emoji.bundle (in target 'Emoji Ninja_emoji' from project 'Emoji Ninja')
cd /Users/admin/builder/spi-builder-workspace
/usr/bin/touch -c /Users/admin/builder/spi-builder-workspace/.derivedData/Build/Products/Debug-watchos/Emoji\ Ninja_emoji.bundle
SwiftDriver ninjalib normal arm64_32 com.apple.xcode.tools.swift.compiler (in target 'ninjalib' from project 'Emoji Ninja')
cd /Users/admin/builder/spi-builder-workspace/.swiftpm/xcode
builtin-SwiftDriver -- /Applications/Xcode-16.3.0.app/Contents/Developer/Toolchains/XcodeDefault.xctoolchain/usr/bin/swiftc -module-name ninjalib -Onone -enforce-exclusivity\=checked @/Users/admin/builder/spi-builder-workspace/.derivedData/Build/Intermediates.noindex/Emoji\ Ninja.build/Debug-watchos/ninjalib.build/Objects-normal/arm64_32/ninjalib.SwiftFileList -DSWIFT_PACKAGE -DDEBUG -stats-output-dir .stats -plugin-path /Applications/Xcode-16.3.0.app/Contents/Developer/Toolchains/XcodeDefault.xctoolchain/usr/lib/swift/host/plugins/testing -enable-experimental-feature DebugDescriptionMacro -sdk /Applications/Xcode-16.3.0.app/Contents/Developer/Platforms/WatchOS.platform/Developer/SDKs/WatchOS11.4.sdk -target arm64_32-apple-watchos5.0 -g -module-cache-path /Users/admin/builder/spi-builder-workspace/.derivedData/ModuleCache.noindex -Xfrontend -serialize-debugging-options -profile-coverage-mapping -profile-generate -enable-testing -index-store-path /Users/admin/builder/spi-builder-workspace/.derivedData/Index.noindex/DataStore -swift-version 6 -I /Users/admin/builder/spi-builder-workspace/.derivedData/Build/Products/Debug-watchos -I /Applications/Xcode-16.3.0.app/Contents/Developer/Platforms/WatchOS.platform/Developer/usr/lib -F /Users/admin/builder/spi-builder-workspace/.derivedData/Build/Products/Debug-watchos -F /Applications/Xcode-16.3.0.app/Contents/Developer/Platforms/WatchOS.platform/Developer/Library/Frameworks -F /Applications/Xcode-16.3.0.app/Contents/Developer/Platforms/WatchOS.platform/Developer/SDKs/WatchOS11.4.sdk/Developer/Library/Frameworks -c -j10 -enable-batch-mode -incremental -Xcc -ivfsstatcache -Xcc /Users/admin/builder/spi-builder-workspace/.derivedData/SDKStatCaches.noindex/watchos11.4-22T246-43efb940ff07ba2497b70ec94253f576.sdkstatcache -output-file-map /Users/admin/builder/spi-builder-workspace/.derivedData/Build/Intermediates.noindex/Emoji\ Ninja.build/Debug-watchos/ninjalib.build/Objects-normal/arm64_32/ninjalib-OutputFileMap.json -use-frontend-parseable-output -save-temps -no-color-diagnostics -serialize-diagnostics -emit-dependencies -emit-module -emit-module-path /Users/admin/builder/spi-builder-workspace/.derivedData/Build/Intermediates.noindex/Emoji\ Ninja.build/Debug-watchos/ninjalib.build/Objects-normal/arm64_32/ninjalib.swiftmodule -validate-clang-modules-once -clang-build-session-file /Users/admin/builder/spi-builder-workspace/.derivedData/ModuleCache.noindex/Session.modulevalidation -package-name spi_builder_workspace -Xcc -I/Users/admin/builder/spi-builder-workspace/.derivedData/Build/Intermediates.noindex/Emoji\ Ninja.build/Debug-watchos/ninjalib.build/swift-overrides.hmap -emit-const-values -Xfrontend -const-gather-protocols-file -Xfrontend /Users/admin/builder/spi-builder-workspace/.derivedData/Build/Intermediates.noindex/Emoji\ Ninja.build/Debug-watchos/ninjalib.build/Objects-normal/arm64_32/ninjalib_const_extract_protocols.json -Xcc -I/Users/admin/builder/spi-builder-workspace/.derivedData/Build/Products/Debug-watchos/include -Xcc -I/Users/admin/builder/spi-builder-workspace/.derivedData/Build/Intermediates.noindex/Emoji\ Ninja.build/Debug-watchos/ninjalib.build/DerivedSources-normal/arm64_32 -Xcc -I/Users/admin/builder/spi-builder-workspace/.derivedData/Build/Intermediates.noindex/Emoji\ Ninja.build/Debug-watchos/ninjalib.build/DerivedSources/arm64_32 -Xcc -I/Users/admin/builder/spi-builder-workspace/.derivedData/Build/Intermediates.noindex/Emoji\ Ninja.build/Debug-watchos/ninjalib.build/DerivedSources -Xcc -DSWIFT_PACKAGE -Xcc -DDEBUG\=1 -emit-objc-header -emit-objc-header-path /Users/admin/builder/spi-builder-workspace/.derivedData/Build/Intermediates.noindex/Emoji\ Ninja.build/Debug-watchos/ninjalib.build/Objects-normal/arm64_32/ninjalib-Swift.h -working-directory /Users/admin/builder/spi-builder-workspace/.swiftpm/xcode -experimental-emit-module-separately -disable-cmo
SwiftDriver ninjalib normal arm64 com.apple.xcode.tools.swift.compiler (in target 'ninjalib' from project 'Emoji Ninja')
cd /Users/admin/builder/spi-builder-workspace/.swiftpm/xcode
builtin-SwiftDriver -- /Applications/Xcode-16.3.0.app/Contents/Developer/Toolchains/XcodeDefault.xctoolchain/usr/bin/swiftc -module-name ninjalib -Onone -enforce-exclusivity\=checked @/Users/admin/builder/spi-builder-workspace/.derivedData/Build/Intermediates.noindex/Emoji\ Ninja.build/Debug-watchos/ninjalib.build/Objects-normal/arm64/ninjalib.SwiftFileList -DSWIFT_PACKAGE -DDEBUG -stats-output-dir .stats -plugin-path /Applications/Xcode-16.3.0.app/Contents/Developer/Toolchains/XcodeDefault.xctoolchain/usr/lib/swift/host/plugins/testing -enable-experimental-feature DebugDescriptionMacro -sdk /Applications/Xcode-16.3.0.app/Contents/Developer/Platforms/WatchOS.platform/Developer/SDKs/WatchOS11.4.sdk -target arm64-apple-watchos5.0 -g -module-cache-path /Users/admin/builder/spi-builder-workspace/.derivedData/ModuleCache.noindex -Xfrontend -serialize-debugging-options -profile-coverage-mapping -profile-generate -enable-testing -index-store-path /Users/admin/builder/spi-builder-workspace/.derivedData/Index.noindex/DataStore -swift-version 6 -I /Users/admin/builder/spi-builder-workspace/.derivedData/Build/Products/Debug-watchos -I /Applications/Xcode-16.3.0.app/Contents/Developer/Platforms/WatchOS.platform/Developer/usr/lib -F /Users/admin/builder/spi-builder-workspace/.derivedData/Build/Products/Debug-watchos -F /Applications/Xcode-16.3.0.app/Contents/Developer/Platforms/WatchOS.platform/Developer/Library/Frameworks -F /Applications/Xcode-16.3.0.app/Contents/Developer/Platforms/WatchOS.platform/Developer/SDKs/WatchOS11.4.sdk/Developer/Library/Frameworks -c -j10 -enable-batch-mode -incremental -Xcc -ivfsstatcache -Xcc /Users/admin/builder/spi-builder-workspace/.derivedData/SDKStatCaches.noindex/watchos11.4-22T246-43efb940ff07ba2497b70ec94253f576.sdkstatcache -output-file-map /Users/admin/builder/spi-builder-workspace/.derivedData/Build/Intermediates.noindex/Emoji\ Ninja.build/Debug-watchos/ninjalib.build/Objects-normal/arm64/ninjalib-OutputFileMap.json -use-frontend-parseable-output -save-temps -no-color-diagnostics -serialize-diagnostics -emit-dependencies -emit-module -emit-module-path /Users/admin/builder/spi-builder-workspace/.derivedData/Build/Intermediates.noindex/Emoji\ Ninja.build/Debug-watchos/ninjalib.build/Objects-normal/arm64/ninjalib.swiftmodule -validate-clang-modules-once -clang-build-session-file /Users/admin/builder/spi-builder-workspace/.derivedData/ModuleCache.noindex/Session.modulevalidation -package-name spi_builder_workspace -Xcc -I/Users/admin/builder/spi-builder-workspace/.derivedData/Build/Intermediates.noindex/Emoji\ Ninja.build/Debug-watchos/ninjalib.build/swift-overrides.hmap -emit-const-values -Xfrontend -const-gather-protocols-file -Xfrontend /Users/admin/builder/spi-builder-workspace/.derivedData/Build/Intermediates.noindex/Emoji\ Ninja.build/Debug-watchos/ninjalib.build/Objects-normal/arm64/ninjalib_const_extract_protocols.json -Xcc -I/Users/admin/builder/spi-builder-workspace/.derivedData/Build/Products/Debug-watchos/include -Xcc -I/Users/admin/builder/spi-builder-workspace/.derivedData/Build/Intermediates.noindex/Emoji\ Ninja.build/Debug-watchos/ninjalib.build/DerivedSources-normal/arm64 -Xcc -I/Users/admin/builder/spi-builder-workspace/.derivedData/Build/Intermediates.noindex/Emoji\ Ninja.build/Debug-watchos/ninjalib.build/DerivedSources/arm64 -Xcc -I/Users/admin/builder/spi-builder-workspace/.derivedData/Build/Intermediates.noindex/Emoji\ Ninja.build/Debug-watchos/ninjalib.build/DerivedSources -Xcc -DSWIFT_PACKAGE -Xcc -DDEBUG\=1 -emit-objc-header -emit-objc-header-path /Users/admin/builder/spi-builder-workspace/.derivedData/Build/Intermediates.noindex/Emoji\ Ninja.build/Debug-watchos/ninjalib.build/Objects-normal/arm64/ninjalib-Swift.h -working-directory /Users/admin/builder/spi-builder-workspace/.swiftpm/xcode -experimental-emit-module-separately -disable-cmo
SwiftDriver ninjalib normal armv7k com.apple.xcode.tools.swift.compiler (in target 'ninjalib' from project 'Emoji Ninja')
cd /Users/admin/builder/spi-builder-workspace/.swiftpm/xcode
builtin-SwiftDriver -- /Applications/Xcode-16.3.0.app/Contents/Developer/Toolchains/XcodeDefault.xctoolchain/usr/bin/swiftc -module-name ninjalib -Onone -enforce-exclusivity\=checked @/Users/admin/builder/spi-builder-workspace/.derivedData/Build/Intermediates.noindex/Emoji\ Ninja.build/Debug-watchos/ninjalib.build/Objects-normal/armv7k/ninjalib.SwiftFileList -DSWIFT_PACKAGE -DDEBUG -stats-output-dir .stats -plugin-path /Applications/Xcode-16.3.0.app/Contents/Developer/Toolchains/XcodeDefault.xctoolchain/usr/lib/swift/host/plugins/testing -enable-experimental-feature DebugDescriptionMacro -sdk /Applications/Xcode-16.3.0.app/Contents/Developer/Platforms/WatchOS.platform/Developer/SDKs/WatchOS11.4.sdk -target armv7k-apple-watchos5.0 -g -module-cache-path /Users/admin/builder/spi-builder-workspace/.derivedData/ModuleCache.noindex -Xfrontend -serialize-debugging-options -profile-coverage-mapping -profile-generate -enable-testing -index-store-path /Users/admin/builder/spi-builder-workspace/.derivedData/Index.noindex/DataStore -swift-version 6 -I /Users/admin/builder/spi-builder-workspace/.derivedData/Build/Products/Debug-watchos -I /Applications/Xcode-16.3.0.app/Contents/Developer/Platforms/WatchOS.platform/Developer/usr/lib -F /Users/admin/builder/spi-builder-workspace/.derivedData/Build/Products/Debug-watchos -F /Applications/Xcode-16.3.0.app/Contents/Developer/Platforms/WatchOS.platform/Developer/Library/Frameworks -F /Applications/Xcode-16.3.0.app/Contents/Developer/Platforms/WatchOS.platform/Developer/SDKs/WatchOS11.4.sdk/Developer/Library/Frameworks -c -j10 -enable-batch-mode -incremental -Xcc -ivfsstatcache -Xcc /Users/admin/builder/spi-builder-workspace/.derivedData/SDKStatCaches.noindex/watchos11.4-22T246-43efb940ff07ba2497b70ec94253f576.sdkstatcache -output-file-map /Users/admin/builder/spi-builder-workspace/.derivedData/Build/Intermediates.noindex/Emoji\ Ninja.build/Debug-watchos/ninjalib.build/Objects-normal/armv7k/ninjalib-OutputFileMap.json -use-frontend-parseable-output -save-temps -no-color-diagnostics -serialize-diagnostics -emit-dependencies -emit-module -emit-module-path /Users/admin/builder/spi-builder-workspace/.derivedData/Build/Intermediates.noindex/Emoji\ Ninja.build/Debug-watchos/ninjalib.build/Objects-normal/armv7k/ninjalib.swiftmodule -validate-clang-modules-once -clang-build-session-file /Users/admin/builder/spi-builder-workspace/.derivedData/ModuleCache.noindex/Session.modulevalidation -package-name spi_builder_workspace -Xcc -I/Users/admin/builder/spi-builder-workspace/.derivedData/Build/Intermediates.noindex/Emoji\ Ninja.build/Debug-watchos/ninjalib.build/swift-overrides.hmap -emit-const-values -Xfrontend -const-gather-protocols-file -Xfrontend /Users/admin/builder/spi-builder-workspace/.derivedData/Build/Intermediates.noindex/Emoji\ Ninja.build/Debug-watchos/ninjalib.build/Objects-normal/armv7k/ninjalib_const_extract_protocols.json -Xcc -I/Users/admin/builder/spi-builder-workspace/.derivedData/Build/Products/Debug-watchos/include -Xcc -I/Users/admin/builder/spi-builder-workspace/.derivedData/Build/Intermediates.noindex/Emoji\ Ninja.build/Debug-watchos/ninjalib.build/DerivedSources-normal/armv7k -Xcc -I/Users/admin/builder/spi-builder-workspace/.derivedData/Build/Intermediates.noindex/Emoji\ Ninja.build/Debug-watchos/ninjalib.build/DerivedSources/armv7k -Xcc -I/Users/admin/builder/spi-builder-workspace/.derivedData/Build/Intermediates.noindex/Emoji\ Ninja.build/Debug-watchos/ninjalib.build/DerivedSources -Xcc -DSWIFT_PACKAGE -Xcc -DDEBUG\=1 -emit-objc-header -emit-objc-header-path /Users/admin/builder/spi-builder-workspace/.derivedData/Build/Intermediates.noindex/Emoji\ Ninja.build/Debug-watchos/ninjalib.build/Objects-normal/armv7k/ninjalib-Swift.h -working-directory /Users/admin/builder/spi-builder-workspace/.swiftpm/xcode -experimental-emit-module-separately -disable-cmo
SwiftEmitModule normal armv7k Emitting\ module\ for\ ninjalib (in target 'ninjalib' from project 'Emoji Ninja')
EmitSwiftModule normal armv7k (in target 'ninjalib' from project 'Emoji Ninja')
cd /Users/admin/builder/spi-builder-workspace/.swiftpm/xcode
SwiftCompile normal arm64_32 Compiling\ SkinTone.swift /Users/admin/builder/spi-builder-workspace/Sources/ninjalib/SkinTone.swift (in target 'ninjalib' from project 'Emoji Ninja')
SwiftCompile normal arm64_32 /Users/admin/builder/spi-builder-workspace/Sources/ninjalib/SkinTone.swift (in target 'ninjalib' from project 'Emoji Ninja')
cd /Users/admin/builder/spi-builder-workspace/.swiftpm/xcode
SwiftEmitModule normal arm64_32 Emitting\ module\ for\ ninjalib (in target 'ninjalib' from project 'Emoji Ninja')
EmitSwiftModule normal arm64_32 (in target 'ninjalib' from project 'Emoji Ninja')
cd /Users/admin/builder/spi-builder-workspace/.swiftpm/xcode
SwiftCompile normal armv7k Compiling\ EmojiData.swift /Users/admin/builder/spi-builder-workspace/Sources/ninjalib/EmojiData.swift (in target 'ninjalib' from project 'Emoji Ninja')
SwiftCompile normal armv7k /Users/admin/builder/spi-builder-workspace/Sources/ninjalib/EmojiData.swift (in target 'ninjalib' from project 'Emoji Ninja')
cd /Users/admin/builder/spi-builder-workspace/.swiftpm/xcode
SwiftCompile normal arm64 Compiling\ EmojiData.swift /Users/admin/builder/spi-builder-workspace/Sources/ninjalib/EmojiData.swift (in target 'ninjalib' from project 'Emoji Ninja')
SwiftCompile normal arm64 /Users/admin/builder/spi-builder-workspace/Sources/ninjalib/EmojiData.swift (in target 'ninjalib' from project 'Emoji Ninja')
cd /Users/admin/builder/spi-builder-workspace/.swiftpm/xcode
SwiftCompile normal arm64_32 Compiling\ EmojiData.swift /Users/admin/builder/spi-builder-workspace/Sources/ninjalib/EmojiData.swift (in target 'ninjalib' from project 'Emoji Ninja')
SwiftCompile normal arm64_32 /Users/admin/builder/spi-builder-workspace/Sources/ninjalib/EmojiData.swift (in target 'ninjalib' from project 'Emoji Ninja')
cd /Users/admin/builder/spi-builder-workspace/.swiftpm/xcode
SwiftCompile normal armv7k Compiling\ EmojiSearchKit.swift /Users/admin/builder/spi-builder-workspace/Sources/ninjalib/EmojiSearchKit.swift (in target 'ninjalib' from project 'Emoji Ninja')
SwiftCompile normal armv7k /Users/admin/builder/spi-builder-workspace/Sources/ninjalib/EmojiSearchKit.swift (in target 'ninjalib' from project 'Emoji Ninja')
cd /Users/admin/builder/spi-builder-workspace/.swiftpm/xcode
SwiftCompile normal arm64 Compiling\ EmojiSearchKit.swift /Users/admin/builder/spi-builder-workspace/Sources/ninjalib/EmojiSearchKit.swift (in target 'ninjalib' from project 'Emoji Ninja')
SwiftCompile normal arm64 /Users/admin/builder/spi-builder-workspace/Sources/ninjalib/EmojiSearchKit.swift (in target 'ninjalib' from project 'Emoji Ninja')
cd /Users/admin/builder/spi-builder-workspace/.swiftpm/xcode
SwiftEmitModule normal arm64 Emitting\ module\ for\ ninjalib (in target 'ninjalib' from project 'Emoji Ninja')
EmitSwiftModule normal arm64 (in target 'ninjalib' from project 'Emoji Ninja')
cd /Users/admin/builder/spi-builder-workspace/.swiftpm/xcode
SwiftCompile normal arm64_32 Compiling\ resource_bundle_accessor.swift /Users/admin/builder/spi-builder-workspace/.derivedData/Build/Intermediates.noindex/Emoji\ Ninja.build/Debug-watchos/ninjalib.build/DerivedSources/resource_bundle_accessor.swift (in target 'ninjalib' from project 'Emoji Ninja')
SwiftCompile normal arm64_32 /Users/admin/builder/spi-builder-workspace/.derivedData/Build/Intermediates.noindex/Emoji\ Ninja.build/Debug-watchos/ninjalib.build/DerivedSources/resource_bundle_accessor.swift (in target 'ninjalib' from project 'Emoji Ninja')
cd /Users/admin/builder/spi-builder-workspace/.swiftpm/xcode
SwiftCompile normal arm64 Compiling\ SkinTone.swift /Users/admin/builder/spi-builder-workspace/Sources/ninjalib/SkinTone.swift (in target 'ninjalib' from project 'Emoji Ninja')
SwiftCompile normal arm64 /Users/admin/builder/spi-builder-workspace/Sources/ninjalib/SkinTone.swift (in target 'ninjalib' from project 'Emoji Ninja')
cd /Users/admin/builder/spi-builder-workspace/.swiftpm/xcode
SwiftCompile normal armv7k Compiling\ SkinTone.swift /Users/admin/builder/spi-builder-workspace/Sources/ninjalib/SkinTone.swift (in target 'ninjalib' from project 'Emoji Ninja')
SwiftCompile normal armv7k /Users/admin/builder/spi-builder-workspace/Sources/ninjalib/SkinTone.swift (in target 'ninjalib' from project 'Emoji Ninja')
cd /Users/admin/builder/spi-builder-workspace/.swiftpm/xcode
SwiftDriverJobDiscovery normal armv7k Emitting module for ninjalib (in target 'ninjalib' from project 'Emoji Ninja')
SwiftDriverJobDiscovery normal arm64 Emitting module for ninjalib (in target 'ninjalib' from project 'Emoji Ninja')
SwiftDriver\ Compilation\ Requirements ninjalib normal armv7k com.apple.xcode.tools.swift.compiler (in target 'ninjalib' from project 'Emoji Ninja')
cd /Users/admin/builder/spi-builder-workspace/.swiftpm/xcode
builtin-Swift-Compilation-Requirements -- /Applications/Xcode-16.3.0.app/Contents/Developer/Toolchains/XcodeDefault.xctoolchain/usr/bin/swiftc -module-name ninjalib -Onone -enforce-exclusivity\=checked @/Users/admin/builder/spi-builder-workspace/.derivedData/Build/Intermediates.noindex/Emoji\ Ninja.build/Debug-watchos/ninjalib.build/Objects-normal/armv7k/ninjalib.SwiftFileList -DSWIFT_PACKAGE -DDEBUG -stats-output-dir .stats -plugin-path /Applications/Xcode-16.3.0.app/Contents/Developer/Toolchains/XcodeDefault.xctoolchain/usr/lib/swift/host/plugins/testing -enable-experimental-feature DebugDescriptionMacro -sdk /Applications/Xcode-16.3.0.app/Contents/Developer/Platforms/WatchOS.platform/Developer/SDKs/WatchOS11.4.sdk -target armv7k-apple-watchos5.0 -g -module-cache-path /Users/admin/builder/spi-builder-workspace/.derivedData/ModuleCache.noindex -Xfrontend -serialize-debugging-options -profile-coverage-mapping -profile-generate -enable-testing -index-store-path /Users/admin/builder/spi-builder-workspace/.derivedData/Index.noindex/DataStore -swift-version 6 -I /Users/admin/builder/spi-builder-workspace/.derivedData/Build/Products/Debug-watchos -I /Applications/Xcode-16.3.0.app/Contents/Developer/Platforms/WatchOS.platform/Developer/usr/lib -F /Users/admin/builder/spi-builder-workspace/.derivedData/Build/Products/Debug-watchos -F /Applications/Xcode-16.3.0.app/Contents/Developer/Platforms/WatchOS.platform/Developer/Library/Frameworks -F /Applications/Xcode-16.3.0.app/Contents/Developer/Platforms/WatchOS.platform/Developer/SDKs/WatchOS11.4.sdk/Developer/Library/Frameworks -c -j10 -enable-batch-mode -incremental -Xcc -ivfsstatcache -Xcc /Users/admin/builder/spi-builder-workspace/.derivedData/SDKStatCaches.noindex/watchos11.4-22T246-43efb940ff07ba2497b70ec94253f576.sdkstatcache -output-file-map /Users/admin/builder/spi-builder-workspace/.derivedData/Build/Intermediates.noindex/Emoji\ Ninja.build/Debug-watchos/ninjalib.build/Objects-normal/armv7k/ninjalib-OutputFileMap.json -use-frontend-parseable-output -save-temps -no-color-diagnostics -serialize-diagnostics -emit-dependencies -emit-module -emit-module-path /Users/admin/builder/spi-builder-workspace/.derivedData/Build/Intermediates.noindex/Emoji\ Ninja.build/Debug-watchos/ninjalib.build/Objects-normal/armv7k/ninjalib.swiftmodule -validate-clang-modules-once -clang-build-session-file /Users/admin/builder/spi-builder-workspace/.derivedData/ModuleCache.noindex/Session.modulevalidation -package-name spi_builder_workspace -Xcc -I/Users/admin/builder/spi-builder-workspace/.derivedData/Build/Intermediates.noindex/Emoji\ Ninja.build/Debug-watchos/ninjalib.build/swift-overrides.hmap -emit-const-values -Xfrontend -const-gather-protocols-file -Xfrontend /Users/admin/builder/spi-builder-workspace/.derivedData/Build/Intermediates.noindex/Emoji\ Ninja.build/Debug-watchos/ninjalib.build/Objects-normal/armv7k/ninjalib_const_extract_protocols.json -Xcc -I/Users/admin/builder/spi-builder-workspace/.derivedData/Build/Products/Debug-watchos/include -Xcc -I/Users/admin/builder/spi-builder-workspace/.derivedData/Build/Intermediates.noindex/Emoji\ Ninja.build/Debug-watchos/ninjalib.build/DerivedSources-normal/armv7k -Xcc -I/Users/admin/builder/spi-builder-workspace/.derivedData/Build/Intermediates.noindex/Emoji\ Ninja.build/Debug-watchos/ninjalib.build/DerivedSources/armv7k -Xcc -I/Users/admin/builder/spi-builder-workspace/.derivedData/Build/Intermediates.noindex/Emoji\ Ninja.build/Debug-watchos/ninjalib.build/DerivedSources -Xcc -DSWIFT_PACKAGE -Xcc -DDEBUG\=1 -emit-objc-header -emit-objc-header-path /Users/admin/builder/spi-builder-workspace/.derivedData/Build/Intermediates.noindex/Emoji\ Ninja.build/Debug-watchos/ninjalib.build/Objects-normal/armv7k/ninjalib-Swift.h -working-directory /Users/admin/builder/spi-builder-workspace/.swiftpm/xcode -experimental-emit-module-separately -disable-cmo
SwiftDriverJobDiscovery normal arm64_32 Emitting module for ninjalib (in target 'ninjalib' from project 'Emoji Ninja')
SwiftDriver\ Compilation\ Requirements ninjalib normal arm64_32 com.apple.xcode.tools.swift.compiler (in target 'ninjalib' from project 'Emoji Ninja')
cd /Users/admin/builder/spi-builder-workspace/.swiftpm/xcode
builtin-Swift-Compilation-Requirements -- /Applications/Xcode-16.3.0.app/Contents/Developer/Toolchains/XcodeDefault.xctoolchain/usr/bin/swiftc -module-name ninjalib -Onone -enforce-exclusivity\=checked @/Users/admin/builder/spi-builder-workspace/.derivedData/Build/Intermediates.noindex/Emoji\ Ninja.build/Debug-watchos/ninjalib.build/Objects-normal/arm64_32/ninjalib.SwiftFileList -DSWIFT_PACKAGE -DDEBUG -stats-output-dir .stats -plugin-path /Applications/Xcode-16.3.0.app/Contents/Developer/Toolchains/XcodeDefault.xctoolchain/usr/lib/swift/host/plugins/testing -enable-experimental-feature DebugDescriptionMacro -sdk /Applications/Xcode-16.3.0.app/Contents/Developer/Platforms/WatchOS.platform/Developer/SDKs/WatchOS11.4.sdk -target arm64_32-apple-watchos5.0 -g -module-cache-path /Users/admin/builder/spi-builder-workspace/.derivedData/ModuleCache.noindex -Xfrontend -serialize-debugging-options -profile-coverage-mapping -profile-generate -enable-testing -index-store-path /Users/admin/builder/spi-builder-workspace/.derivedData/Index.noindex/DataStore -swift-version 6 -I /Users/admin/builder/spi-builder-workspace/.derivedData/Build/Products/Debug-watchos -I /Applications/Xcode-16.3.0.app/Contents/Developer/Platforms/WatchOS.platform/Developer/usr/lib -F /Users/admin/builder/spi-builder-workspace/.derivedData/Build/Products/Debug-watchos -F /Applications/Xcode-16.3.0.app/Contents/Developer/Platforms/WatchOS.platform/Developer/Library/Frameworks -F /Applications/Xcode-16.3.0.app/Contents/Developer/Platforms/WatchOS.platform/Developer/SDKs/WatchOS11.4.sdk/Developer/Library/Frameworks -c -j10 -enable-batch-mode -incremental -Xcc -ivfsstatcache -Xcc /Users/admin/builder/spi-builder-workspace/.derivedData/SDKStatCaches.noindex/watchos11.4-22T246-43efb940ff07ba2497b70ec94253f576.sdkstatcache -output-file-map /Users/admin/builder/spi-builder-workspace/.derivedData/Build/Intermediates.noindex/Emoji\ Ninja.build/Debug-watchos/ninjalib.build/Objects-normal/arm64_32/ninjalib-OutputFileMap.json -use-frontend-parseable-output -save-temps -no-color-diagnostics -serialize-diagnostics -emit-dependencies -emit-module -emit-module-path /Users/admin/builder/spi-builder-workspace/.derivedData/Build/Intermediates.noindex/Emoji\ Ninja.build/Debug-watchos/ninjalib.build/Objects-normal/arm64_32/ninjalib.swiftmodule -validate-clang-modules-once -clang-build-session-file /Users/admin/builder/spi-builder-workspace/.derivedData/ModuleCache.noindex/Session.modulevalidation -package-name spi_builder_workspace -Xcc -I/Users/admin/builder/spi-builder-workspace/.derivedData/Build/Intermediates.noindex/Emoji\ Ninja.build/Debug-watchos/ninjalib.build/swift-overrides.hmap -emit-const-values -Xfrontend -const-gather-protocols-file -Xfrontend /Users/admin/builder/spi-builder-workspace/.derivedData/Build/Intermediates.noindex/Emoji\ Ninja.build/Debug-watchos/ninjalib.build/Objects-normal/arm64_32/ninjalib_const_extract_protocols.json -Xcc -I/Users/admin/builder/spi-builder-workspace/.derivedData/Build/Products/Debug-watchos/include -Xcc -I/Users/admin/builder/spi-builder-workspace/.derivedData/Build/Intermediates.noindex/Emoji\ Ninja.build/Debug-watchos/ninjalib.build/DerivedSources-normal/arm64_32 -Xcc -I/Users/admin/builder/spi-builder-workspace/.derivedData/Build/Intermediates.noindex/Emoji\ Ninja.build/Debug-watchos/ninjalib.build/DerivedSources/arm64_32 -Xcc -I/Users/admin/builder/spi-builder-workspace/.derivedData/Build/Intermediates.noindex/Emoji\ Ninja.build/Debug-watchos/ninjalib.build/DerivedSources -Xcc -DSWIFT_PACKAGE -Xcc -DDEBUG\=1 -emit-objc-header -emit-objc-header-path /Users/admin/builder/spi-builder-workspace/.derivedData/Build/Intermediates.noindex/Emoji\ Ninja.build/Debug-watchos/ninjalib.build/Objects-normal/arm64_32/ninjalib-Swift.h -working-directory /Users/admin/builder/spi-builder-workspace/.swiftpm/xcode -experimental-emit-module-separately -disable-cmo
SwiftDriver\ Compilation\ Requirements ninjalib normal arm64 com.apple.xcode.tools.swift.compiler (in target 'ninjalib' from project 'Emoji Ninja')
cd /Users/admin/builder/spi-builder-workspace/.swiftpm/xcode
builtin-Swift-Compilation-Requirements -- /Applications/Xcode-16.3.0.app/Contents/Developer/Toolchains/XcodeDefault.xctoolchain/usr/bin/swiftc -module-name ninjalib -Onone -enforce-exclusivity\=checked @/Users/admin/builder/spi-builder-workspace/.derivedData/Build/Intermediates.noindex/Emoji\ Ninja.build/Debug-watchos/ninjalib.build/Objects-normal/arm64/ninjalib.SwiftFileList -DSWIFT_PACKAGE -DDEBUG -stats-output-dir .stats -plugin-path /Applications/Xcode-16.3.0.app/Contents/Developer/Toolchains/XcodeDefault.xctoolchain/usr/lib/swift/host/plugins/testing -enable-experimental-feature DebugDescriptionMacro -sdk /Applications/Xcode-16.3.0.app/Contents/Developer/Platforms/WatchOS.platform/Developer/SDKs/WatchOS11.4.sdk -target arm64-apple-watchos5.0 -g -module-cache-path /Users/admin/builder/spi-builder-workspace/.derivedData/ModuleCache.noindex -Xfrontend -serialize-debugging-options -profile-coverage-mapping -profile-generate -enable-testing -index-store-path /Users/admin/builder/spi-builder-workspace/.derivedData/Index.noindex/DataStore -swift-version 6 -I /Users/admin/builder/spi-builder-workspace/.derivedData/Build/Products/Debug-watchos -I /Applications/Xcode-16.3.0.app/Contents/Developer/Platforms/WatchOS.platform/Developer/usr/lib -F /Users/admin/builder/spi-builder-workspace/.derivedData/Build/Products/Debug-watchos -F /Applications/Xcode-16.3.0.app/Contents/Developer/Platforms/WatchOS.platform/Developer/Library/Frameworks -F /Applications/Xcode-16.3.0.app/Contents/Developer/Platforms/WatchOS.platform/Developer/SDKs/WatchOS11.4.sdk/Developer/Library/Frameworks -c -j10 -enable-batch-mode -incremental -Xcc -ivfsstatcache -Xcc /Users/admin/builder/spi-builder-workspace/.derivedData/SDKStatCaches.noindex/watchos11.4-22T246-43efb940ff07ba2497b70ec94253f576.sdkstatcache -output-file-map /Users/admin/builder/spi-builder-workspace/.derivedData/Build/Intermediates.noindex/Emoji\ Ninja.build/Debug-watchos/ninjalib.build/Objects-normal/arm64/ninjalib-OutputFileMap.json -use-frontend-parseable-output -save-temps -no-color-diagnostics -serialize-diagnostics -emit-dependencies -emit-module -emit-module-path /Users/admin/builder/spi-builder-workspace/.derivedData/Build/Intermediates.noindex/Emoji\ Ninja.build/Debug-watchos/ninjalib.build/Objects-normal/arm64/ninjalib.swiftmodule -validate-clang-modules-once -clang-build-session-file /Users/admin/builder/spi-builder-workspace/.derivedData/ModuleCache.noindex/Session.modulevalidation -package-name spi_builder_workspace -Xcc -I/Users/admin/builder/spi-builder-workspace/.derivedData/Build/Intermediates.noindex/Emoji\ Ninja.build/Debug-watchos/ninjalib.build/swift-overrides.hmap -emit-const-values -Xfrontend -const-gather-protocols-file -Xfrontend /Users/admin/builder/spi-builder-workspace/.derivedData/Build/Intermediates.noindex/Emoji\ Ninja.build/Debug-watchos/ninjalib.build/Objects-normal/arm64/ninjalib_const_extract_protocols.json -Xcc -I/Users/admin/builder/spi-builder-workspace/.derivedData/Build/Products/Debug-watchos/include -Xcc -I/Users/admin/builder/spi-builder-workspace/.derivedData/Build/Intermediates.noindex/Emoji\ Ninja.build/Debug-watchos/ninjalib.build/DerivedSources-normal/arm64 -Xcc -I/Users/admin/builder/spi-builder-workspace/.derivedData/Build/Intermediates.noindex/Emoji\ Ninja.build/Debug-watchos/ninjalib.build/DerivedSources/arm64 -Xcc -I/Users/admin/builder/spi-builder-workspace/.derivedData/Build/Intermediates.noindex/Emoji\ Ninja.build/Debug-watchos/ninjalib.build/DerivedSources -Xcc -DSWIFT_PACKAGE -Xcc -DDEBUG\=1 -emit-objc-header -emit-objc-header-path /Users/admin/builder/spi-builder-workspace/.derivedData/Build/Intermediates.noindex/Emoji\ Ninja.build/Debug-watchos/ninjalib.build/Objects-normal/arm64/ninjalib-Swift.h -working-directory /Users/admin/builder/spi-builder-workspace/.swiftpm/xcode -experimental-emit-module-separately -disable-cmo
Copy /Users/admin/builder/spi-builder-workspace/.derivedData/Build/Products/Debug-watchos/ninjalib.swiftmodule/armv7k-apple-watchos.swiftmodule /Users/admin/builder/spi-builder-workspace/.derivedData/Build/Intermediates.noindex/Emoji\ Ninja.build/Debug-watchos/ninjalib.build/Objects-normal/armv7k/ninjalib.swiftmodule (in target 'ninjalib' from project 'Emoji Ninja')
cd /Users/admin/builder/spi-builder-workspace
builtin-copy -exclude .DS_Store -exclude CVS -exclude .svn -exclude .git -exclude .hg -resolve-src-symlinks -rename /Users/admin/builder/spi-builder-workspace/.derivedData/Build/Intermediates.noindex/Emoji\ Ninja.build/Debug-watchos/ninjalib.build/Objects-normal/armv7k/ninjalib.swiftmodule /Users/admin/builder/spi-builder-workspace/.derivedData/Build/Products/Debug-watchos/ninjalib.swiftmodule/armv7k-apple-watchos.swiftmodule
SwiftMergeGeneratedHeaders /Users/admin/builder/spi-builder-workspace/.derivedData/Build/Intermediates.noindex/GeneratedModuleMaps-watchos/ninjalib-Swift.h /Users/admin/builder/spi-builder-workspace/.derivedData/Build/Intermediates.noindex/Emoji\ Ninja.build/Debug-watchos/ninjalib.build/Objects-normal/arm64/ninjalib-Swift.h /Users/admin/builder/spi-builder-workspace/.derivedData/Build/Intermediates.noindex/Emoji\ Ninja.build/Debug-watchos/ninjalib.build/Objects-normal/arm64_32/ninjalib-Swift.h /Users/admin/builder/spi-builder-workspace/.derivedData/Build/Intermediates.noindex/Emoji\ Ninja.build/Debug-watchos/ninjalib.build/Objects-normal/armv7k/ninjalib-Swift.h (in target 'ninjalib' from project 'Emoji Ninja')
cd /Users/admin/builder/spi-builder-workspace
builtin-swiftHeaderTool -arch arm64 /Users/admin/builder/spi-builder-workspace/.derivedData/Build/Intermediates.noindex/Emoji\ Ninja.build/Debug-watchos/ninjalib.build/Objects-normal/arm64/ninjalib-Swift.h -arch arm64_32 /Users/admin/builder/spi-builder-workspace/.derivedData/Build/Intermediates.noindex/Emoji\ Ninja.build/Debug-watchos/ninjalib.build/Objects-normal/arm64_32/ninjalib-Swift.h -arch armv7k /Users/admin/builder/spi-builder-workspace/.derivedData/Build/Intermediates.noindex/Emoji\ Ninja.build/Debug-watchos/ninjalib.build/Objects-normal/armv7k/ninjalib-Swift.h -o /Users/admin/builder/spi-builder-workspace/.derivedData/Build/Intermediates.noindex/GeneratedModuleMaps-watchos/ninjalib-Swift.h
Copy /Users/admin/builder/spi-builder-workspace/.derivedData/Build/Products/Debug-watchos/ninjalib.swiftmodule/armv7k-apple-watchos.swiftdoc /Users/admin/builder/spi-builder-workspace/.derivedData/Build/Intermediates.noindex/Emoji\ Ninja.build/Debug-watchos/ninjalib.build/Objects-normal/armv7k/ninjalib.swiftdoc (in target 'ninjalib' from project 'Emoji Ninja')
cd /Users/admin/builder/spi-builder-workspace
builtin-copy -exclude .DS_Store -exclude CVS -exclude .svn -exclude .git -exclude .hg -resolve-src-symlinks -rename /Users/admin/builder/spi-builder-workspace/.derivedData/Build/Intermediates.noindex/Emoji\ Ninja.build/Debug-watchos/ninjalib.build/Objects-normal/armv7k/ninjalib.swiftdoc /Users/admin/builder/spi-builder-workspace/.derivedData/Build/Products/Debug-watchos/ninjalib.swiftmodule/armv7k-apple-watchos.swiftdoc
Copy /Users/admin/builder/spi-builder-workspace/.derivedData/Build/Products/Debug-watchos/ninjalib.swiftmodule/armv7k-apple-watchos.abi.json /Users/admin/builder/spi-builder-workspace/.derivedData/Build/Intermediates.noindex/Emoji\ Ninja.build/Debug-watchos/ninjalib.build/Objects-normal/armv7k/ninjalib.abi.json (in target 'ninjalib' from project 'Emoji Ninja')
cd /Users/admin/builder/spi-builder-workspace
builtin-copy -exclude .DS_Store -exclude CVS -exclude .svn -exclude .git -exclude .hg -resolve-src-symlinks -rename /Users/admin/builder/spi-builder-workspace/.derivedData/Build/Intermediates.noindex/Emoji\ Ninja.build/Debug-watchos/ninjalib.build/Objects-normal/armv7k/ninjalib.abi.json /Users/admin/builder/spi-builder-workspace/.derivedData/Build/Products/Debug-watchos/ninjalib.swiftmodule/armv7k-apple-watchos.abi.json
Copy /Users/admin/builder/spi-builder-workspace/.derivedData/Build/Products/Debug-watchos/ninjalib.swiftmodule/arm64_32-apple-watchos.swiftmodule /Users/admin/builder/spi-builder-workspace/.derivedData/Build/Intermediates.noindex/Emoji\ Ninja.build/Debug-watchos/ninjalib.build/Objects-normal/arm64_32/ninjalib.swiftmodule (in target 'ninjalib' from project 'Emoji Ninja')
cd /Users/admin/builder/spi-builder-workspace
builtin-copy -exclude .DS_Store -exclude CVS -exclude .svn -exclude .git -exclude .hg -resolve-src-symlinks -rename /Users/admin/builder/spi-builder-workspace/.derivedData/Build/Intermediates.noindex/Emoji\ Ninja.build/Debug-watchos/ninjalib.build/Objects-normal/arm64_32/ninjalib.swiftmodule /Users/admin/builder/spi-builder-workspace/.derivedData/Build/Products/Debug-watchos/ninjalib.swiftmodule/arm64_32-apple-watchos.swiftmodule
Copy /Users/admin/builder/spi-builder-workspace/.derivedData/Build/Products/Debug-watchos/ninjalib.swiftmodule/arm64_32-apple-watchos.swiftdoc /Users/admin/builder/spi-builder-workspace/.derivedData/Build/Intermediates.noindex/Emoji\ Ninja.build/Debug-watchos/ninjalib.build/Objects-normal/arm64_32/ninjalib.swiftdoc (in target 'ninjalib' from project 'Emoji Ninja')
cd /Users/admin/builder/spi-builder-workspace
builtin-copy -exclude .DS_Store -exclude CVS -exclude .svn -exclude .git -exclude .hg -resolve-src-symlinks -rename /Users/admin/builder/spi-builder-workspace/.derivedData/Build/Intermediates.noindex/Emoji\ Ninja.build/Debug-watchos/ninjalib.build/Objects-normal/arm64_32/ninjalib.swiftdoc /Users/admin/builder/spi-builder-workspace/.derivedData/Build/Products/Debug-watchos/ninjalib.swiftmodule/arm64_32-apple-watchos.swiftdoc
Copy /Users/admin/builder/spi-builder-workspace/.derivedData/Build/Products/Debug-watchos/ninjalib.swiftmodule/arm64_32-apple-watchos.abi.json /Users/admin/builder/spi-builder-workspace/.derivedData/Build/Intermediates.noindex/Emoji\ Ninja.build/Debug-watchos/ninjalib.build/Objects-normal/arm64_32/ninjalib.abi.json (in target 'ninjalib' from project 'Emoji Ninja')
cd /Users/admin/builder/spi-builder-workspace
builtin-copy -exclude .DS_Store -exclude CVS -exclude .svn -exclude .git -exclude .hg -resolve-src-symlinks -rename /Users/admin/builder/spi-builder-workspace/.derivedData/Build/Intermediates.noindex/Emoji\ Ninja.build/Debug-watchos/ninjalib.build/Objects-normal/arm64_32/ninjalib.abi.json /Users/admin/builder/spi-builder-workspace/.derivedData/Build/Products/Debug-watchos/ninjalib.swiftmodule/arm64_32-apple-watchos.abi.json
Copy /Users/admin/builder/spi-builder-workspace/.derivedData/Build/Products/Debug-watchos/ninjalib.swiftmodule/arm64-apple-watchos.swiftmodule /Users/admin/builder/spi-builder-workspace/.derivedData/Build/Intermediates.noindex/Emoji\ Ninja.build/Debug-watchos/ninjalib.build/Objects-normal/arm64/ninjalib.swiftmodule (in target 'ninjalib' from project 'Emoji Ninja')
cd /Users/admin/builder/spi-builder-workspace
builtin-copy -exclude .DS_Store -exclude CVS -exclude .svn -exclude .git -exclude .hg -resolve-src-symlinks -rename /Users/admin/builder/spi-builder-workspace/.derivedData/Build/Intermediates.noindex/Emoji\ Ninja.build/Debug-watchos/ninjalib.build/Objects-normal/arm64/ninjalib.swiftmodule /Users/admin/builder/spi-builder-workspace/.derivedData/Build/Products/Debug-watchos/ninjalib.swiftmodule/arm64-apple-watchos.swiftmodule
Copy /Users/admin/builder/spi-builder-workspace/.derivedData/Build/Products/Debug-watchos/ninjalib.swiftmodule/arm64-apple-watchos.swiftdoc /Users/admin/builder/spi-builder-workspace/.derivedData/Build/Intermediates.noindex/Emoji\ Ninja.build/Debug-watchos/ninjalib.build/Objects-normal/arm64/ninjalib.swiftdoc (in target 'ninjalib' from project 'Emoji Ninja')
cd /Users/admin/builder/spi-builder-workspace
builtin-copy -exclude .DS_Store -exclude CVS -exclude .svn -exclude .git -exclude .hg -resolve-src-symlinks -rename /Users/admin/builder/spi-builder-workspace/.derivedData/Build/Intermediates.noindex/Emoji\ Ninja.build/Debug-watchos/ninjalib.build/Objects-normal/arm64/ninjalib.swiftdoc /Users/admin/builder/spi-builder-workspace/.derivedData/Build/Products/Debug-watchos/ninjalib.swiftmodule/arm64-apple-watchos.swiftdoc
Copy /Users/admin/builder/spi-builder-workspace/.derivedData/Build/Products/Debug-watchos/ninjalib.swiftmodule/arm64-apple-watchos.abi.json /Users/admin/builder/spi-builder-workspace/.derivedData/Build/Intermediates.noindex/Emoji\ Ninja.build/Debug-watchos/ninjalib.build/Objects-normal/arm64/ninjalib.abi.json (in target 'ninjalib' from project 'Emoji Ninja')
cd /Users/admin/builder/spi-builder-workspace
builtin-copy -exclude .DS_Store -exclude CVS -exclude .svn -exclude .git -exclude .hg -resolve-src-symlinks -rename /Users/admin/builder/spi-builder-workspace/.derivedData/Build/Intermediates.noindex/Emoji\ Ninja.build/Debug-watchos/ninjalib.build/Objects-normal/arm64/ninjalib.abi.json /Users/admin/builder/spi-builder-workspace/.derivedData/Build/Products/Debug-watchos/ninjalib.swiftmodule/arm64-apple-watchos.abi.json
Copy /Users/admin/builder/spi-builder-workspace/.derivedData/Build/Products/Debug-watchos/ninjalib.swiftmodule/Project/armv7k-apple-watchos.swiftsourceinfo /Users/admin/builder/spi-builder-workspace/.derivedData/Build/Intermediates.noindex/Emoji\ Ninja.build/Debug-watchos/ninjalib.build/Objects-normal/armv7k/ninjalib.swiftsourceinfo (in target 'ninjalib' from project 'Emoji Ninja')
cd /Users/admin/builder/spi-builder-workspace
builtin-copy -exclude .DS_Store -exclude CVS -exclude .svn -exclude .git -exclude .hg -resolve-src-symlinks -rename /Users/admin/builder/spi-builder-workspace/.derivedData/Build/Intermediates.noindex/Emoji\ Ninja.build/Debug-watchos/ninjalib.build/Objects-normal/armv7k/ninjalib.swiftsourceinfo /Users/admin/builder/spi-builder-workspace/.derivedData/Build/Products/Debug-watchos/ninjalib.swiftmodule/Project/armv7k-apple-watchos.swiftsourceinfo
Copy /Users/admin/builder/spi-builder-workspace/.derivedData/Build/Products/Debug-watchos/ninjalib.swiftmodule/Project/arm64_32-apple-watchos.swiftsourceinfo /Users/admin/builder/spi-builder-workspace/.derivedData/Build/Intermediates.noindex/Emoji\ Ninja.build/Debug-watchos/ninjalib.build/Objects-normal/arm64_32/ninjalib.swiftsourceinfo (in target 'ninjalib' from project 'Emoji Ninja')
cd /Users/admin/builder/spi-builder-workspace
builtin-copy -exclude .DS_Store -exclude CVS -exclude .svn -exclude .git -exclude .hg -resolve-src-symlinks -rename /Users/admin/builder/spi-builder-workspace/.derivedData/Build/Intermediates.noindex/Emoji\ Ninja.build/Debug-watchos/ninjalib.build/Objects-normal/arm64_32/ninjalib.swiftsourceinfo /Users/admin/builder/spi-builder-workspace/.derivedData/Build/Products/Debug-watchos/ninjalib.swiftmodule/Project/arm64_32-apple-watchos.swiftsourceinfo
Copy /Users/admin/builder/spi-builder-workspace/.derivedData/Build/Products/Debug-watchos/ninjalib.swiftmodule/Project/arm64-apple-watchos.swiftsourceinfo /Users/admin/builder/spi-builder-workspace/.derivedData/Build/Intermediates.noindex/Emoji\ Ninja.build/Debug-watchos/ninjalib.build/Objects-normal/arm64/ninjalib.swiftsourceinfo (in target 'ninjalib' from project 'Emoji Ninja')
cd /Users/admin/builder/spi-builder-workspace
builtin-copy -exclude .DS_Store -exclude CVS -exclude .svn -exclude .git -exclude .hg -resolve-src-symlinks -rename /Users/admin/builder/spi-builder-workspace/.derivedData/Build/Intermediates.noindex/Emoji\ Ninja.build/Debug-watchos/ninjalib.build/Objects-normal/arm64/ninjalib.swiftsourceinfo /Users/admin/builder/spi-builder-workspace/.derivedData/Build/Products/Debug-watchos/ninjalib.swiftmodule/Project/arm64-apple-watchos.swiftsourceinfo
SwiftCompile normal arm64_32 Compiling\ EmojiSearchKit.swift /Users/admin/builder/spi-builder-workspace/Sources/ninjalib/EmojiSearchKit.swift (in target 'ninjalib' from project 'Emoji Ninja')
SwiftCompile normal arm64_32 /Users/admin/builder/spi-builder-workspace/Sources/ninjalib/EmojiSearchKit.swift (in target 'ninjalib' from project 'Emoji Ninja')
cd /Users/admin/builder/spi-builder-workspace/.swiftpm/xcode
SwiftCompile normal armv7k Compiling\ EmojiNavigationReducer.swift /Users/admin/builder/spi-builder-workspace/Sources/ninjalib/EmojiNavigationReducer.swift (in target 'ninjalib' from project 'Emoji Ninja')
SwiftCompile normal armv7k /Users/admin/builder/spi-builder-workspace/Sources/ninjalib/EmojiNavigationReducer.swift (in target 'ninjalib' from project 'Emoji Ninja')
cd /Users/admin/builder/spi-builder-workspace/.swiftpm/xcode
SwiftDriverJobDiscovery normal arm64_32 Compiling EmojiData.swift (in target 'ninjalib' from project 'Emoji Ninja')
SwiftCompile normal armv7k Compiling\ resource_bundle_accessor.swift /Users/admin/builder/spi-builder-workspace/.derivedData/Build/Intermediates.noindex/Emoji\ Ninja.build/Debug-watchos/ninjalib.build/DerivedSources/resource_bundle_accessor.swift (in target 'ninjalib' from project 'Emoji Ninja')
SwiftCompile normal armv7k /Users/admin/builder/spi-builder-workspace/.derivedData/Build/Intermediates.noindex/Emoji\ Ninja.build/Debug-watchos/ninjalib.build/DerivedSources/resource_bundle_accessor.swift (in target 'ninjalib' from project 'Emoji Ninja')
cd /Users/admin/builder/spi-builder-workspace/.swiftpm/xcode
SwiftDriverJobDiscovery normal arm64 Compiling SkinTone.swift (in target 'ninjalib' from project 'Emoji Ninja')
SwiftCompile normal arm64_32 Compiling\ EmojiNavigationReducer.swift /Users/admin/builder/spi-builder-workspace/Sources/ninjalib/EmojiNavigationReducer.swift (in target 'ninjalib' from project 'Emoji Ninja')
SwiftCompile normal arm64_32 /Users/admin/builder/spi-builder-workspace/Sources/ninjalib/EmojiNavigationReducer.swift (in target 'ninjalib' from project 'Emoji Ninja')
cd /Users/admin/builder/spi-builder-workspace/.swiftpm/xcode
SwiftDriverJobDiscovery normal arm64_32 Compiling resource_bundle_accessor.swift (in target 'ninjalib' from project 'Emoji Ninja')
SwiftCompile normal arm64 Compiling\ resource_bundle_accessor.swift /Users/admin/builder/spi-builder-workspace/.derivedData/Build/Intermediates.noindex/Emoji\ Ninja.build/Debug-watchos/ninjalib.build/DerivedSources/resource_bundle_accessor.swift (in target 'ninjalib' from project 'Emoji Ninja')
SwiftCompile normal arm64 /Users/admin/builder/spi-builder-workspace/.derivedData/Build/Intermediates.noindex/Emoji\ Ninja.build/Debug-watchos/ninjalib.build/DerivedSources/resource_bundle_accessor.swift (in target 'ninjalib' from project 'Emoji Ninja')
cd /Users/admin/builder/spi-builder-workspace/.swiftpm/xcode
SwiftDriverJobDiscovery normal arm64_32 Compiling EmojiSearchKit.swift (in target 'ninjalib' from project 'Emoji Ninja')
SwiftCompile normal arm64 Compiling\ EmojiNavigationReducer.swift /Users/admin/builder/spi-builder-workspace/Sources/ninjalib/EmojiNavigationReducer.swift (in target 'ninjalib' from project 'Emoji Ninja')
SwiftCompile normal arm64 /Users/admin/builder/spi-builder-workspace/Sources/ninjalib/EmojiNavigationReducer.swift (in target 'ninjalib' from project 'Emoji Ninja')
cd /Users/admin/builder/spi-builder-workspace/.swiftpm/xcode
SwiftDriverJobDiscovery normal armv7k Compiling SkinTone.swift (in target 'ninjalib' from project 'Emoji Ninja')
SwiftDriverJobDiscovery normal arm64_32 Compiling SkinTone.swift (in target 'ninjalib' from project 'Emoji Ninja')
GenerateAssetSymbols /Users/admin/builder/spi-builder-workspace/Sources/emojininja/Assets.xcassets (in target 'Emoji Ninja' from project 'Emoji Ninja')
cd /Users/admin/builder/spi-builder-workspace
/Applications/Xcode-16.3.0.app/Contents/Developer/usr/bin/actool /Users/admin/builder/spi-builder-workspace/Sources/emojininja/Assets.xcassets --compile /Users/admin/builder/spi-builder-workspace/.derivedData/Build/Products/Debug-watchos --output-format human-readable-text --notices --warnings --export-dependency-info /Users/admin/builder/spi-builder-workspace/.derivedData/Build/Intermediates.noindex/Emoji\ Ninja.build/Debug-watchos/Emoji\ Ninja.build/assetcatalog_dependencies --output-partial-info-plist /Users/admin/builder/spi-builder-workspace/.derivedData/Build/Intermediates.noindex/Emoji\ Ninja.build/Debug-watchos/Emoji\ Ninja.build/assetcatalog_generated_info.plist --compress-pngs --enable-on-demand-resources NO --development-region en --target-device watch --minimum-deployment-target 5.0 --platform watchos --bundle-identifier spi-builder-workspace.Emoji-Ninja --generate-swift-asset-symbol-extensions NO --generate-swift-asset-symbols /Users/admin/builder/spi-builder-workspace/.derivedData/Build/Intermediates.noindex/Emoji\ Ninja.build/Debug-watchos/Emoji\ Ninja.build/DerivedSources/GeneratedAssetSymbols.swift --generate-objc-asset-symbols /Users/admin/builder/spi-builder-workspace/.derivedData/Build/Intermediates.noindex/Emoji\ Ninja.build/Debug-watchos/Emoji\ Ninja.build/DerivedSources/GeneratedAssetSymbols.h --generate-asset-symbol-index /Users/admin/builder/spi-builder-workspace/.derivedData/Build/Intermediates.noindex/Emoji\ Ninja.build/Debug-watchos/Emoji\ Ninja.build/DerivedSources/GeneratedAssetSymbols-Index.plist
/* com.apple.actool.document.warnings */
/Users/admin/builder/spi-builder-workspace/Sources/emojininja/Assets.xcassets:./ninja_menu.imageset/[mac][][][3x][][][][][][][][][][][2d][ninja_menu@3x.png]: warning: The image set "ninja_menu" has an unassigned child.
/* com.apple.actool.compilation-results */
/Users/admin/builder/spi-builder-workspace/.derivedData/Build/Intermediates.noindex/Emoji Ninja.build/Debug-watchos/Emoji Ninja.build/DerivedSources/GeneratedAssetSymbols-Index.plist
/Users/admin/builder/spi-builder-workspace/.derivedData/Build/Intermediates.noindex/Emoji Ninja.build/Debug-watchos/Emoji Ninja.build/DerivedSources/GeneratedAssetSymbols.h
/Users/admin/builder/spi-builder-workspace/.derivedData/Build/Intermediates.noindex/Emoji Ninja.build/Debug-watchos/Emoji Ninja.build/DerivedSources/GeneratedAssetSymbols.swift
SwiftDriverJobDiscovery normal armv7k Compiling EmojiData.swift (in target 'ninjalib' from project 'Emoji Ninja')
SwiftDriverJobDiscovery normal armv7k Compiling EmojiSearchKit.swift (in target 'ninjalib' from project 'Emoji Ninja')
SwiftDriverJobDiscovery normal arm64 Compiling EmojiSearchKit.swift (in target 'ninjalib' from project 'Emoji Ninja')
SwiftDriverJobDiscovery normal arm64 Compiling EmojiData.swift (in target 'ninjalib' from project 'Emoji Ninja')
SwiftDriver Emoji\ Ninja normal armv7k com.apple.xcode.tools.swift.compiler (in target 'Emoji Ninja' from project 'Emoji Ninja')
cd /Users/admin/builder/spi-builder-workspace/.swiftpm/xcode
builtin-SwiftDriver -- /Applications/Xcode-16.3.0.app/Contents/Developer/Toolchains/XcodeDefault.xctoolchain/usr/bin/swiftc -module-name Emoji_Ninja -Onone -enforce-exclusivity\=checked @/Users/admin/builder/spi-builder-workspace/.derivedData/Build/Intermediates.noindex/Emoji\ Ninja.build/Debug-watchos/Emoji\ Ninja.build/Objects-normal/armv7k/Emoji\ Ninja.SwiftFileList -DSWIFT_PACKAGE -DDEBUG -stats-output-dir .stats -plugin-path /Applications/Xcode-16.3.0.app/Contents/Developer/Toolchains/XcodeDefault.xctoolchain/usr/lib/swift/host/plugins/testing -enable-experimental-feature DebugDescriptionMacro -sdk /Applications/Xcode-16.3.0.app/Contents/Developer/Platforms/WatchOS.platform/Developer/SDKs/WatchOS11.4.sdk -target armv7k-apple-watchos5.0 -g -module-cache-path /Users/admin/builder/spi-builder-workspace/.derivedData/ModuleCache.noindex -Xfrontend -serialize-debugging-options -profile-coverage-mapping -profile-generate -enable-testing -index-store-path /Users/admin/builder/spi-builder-workspace/.derivedData/Index.noindex/DataStore -swift-version 6 -I /Users/admin/builder/spi-builder-workspace/.derivedData/Build/Products/Debug-watchos -I /Applications/Xcode-16.3.0.app/Contents/Developer/Platforms/WatchOS.platform/Developer/usr/lib -F /Users/admin/builder/spi-builder-workspace/.derivedData/Build/Products/Debug-watchos/PackageFrameworks -F /Users/admin/builder/spi-builder-workspace/.derivedData/Build/Products/Debug-watchos -F /Applications/Xcode-16.3.0.app/Contents/Developer/Platforms/WatchOS.platform/Developer/Library/Frameworks -F /Applications/Xcode-16.3.0.app/Contents/Developer/Platforms/WatchOS.platform/Developer/SDKs/WatchOS11.4.sdk/Developer/Library/Frameworks -c -j10 -enable-batch-mode -incremental -Xcc -ivfsstatcache -Xcc /Users/admin/builder/spi-builder-workspace/.derivedData/SDKStatCaches.noindex/watchos11.4-22T246-43efb940ff07ba2497b70ec94253f576.sdkstatcache -output-file-map /Users/admin/builder/spi-builder-workspace/.derivedData/Build/Intermediates.noindex/Emoji\ Ninja.build/Debug-watchos/Emoji\ Ninja.build/Objects-normal/armv7k/Emoji\ Ninja-OutputFileMap.json -use-frontend-parseable-output -save-temps -no-color-diagnostics -serialize-diagnostics -emit-dependencies -emit-module -emit-module-path /Users/admin/builder/spi-builder-workspace/.derivedData/Build/Intermediates.noindex/Emoji\ Ninja.build/Debug-watchos/Emoji\ Ninja.build/Objects-normal/armv7k/Emoji_Ninja.swiftmodule -validate-clang-modules-once -clang-build-session-file /Users/admin/builder/spi-builder-workspace/.derivedData/ModuleCache.noindex/Session.modulevalidation -package-name spi_builder_workspace -emit-const-values -Xfrontend -const-gather-protocols-file -Xfrontend /Users/admin/builder/spi-builder-workspace/.derivedData/Build/Intermediates.noindex/Emoji\ Ninja.build/Debug-watchos/Emoji\ Ninja.build/Objects-normal/armv7k/Emoji\ Ninja_const_extract_protocols.json -Xcc -I/Users/admin/builder/spi-builder-workspace/.derivedData/Build/Products/Debug-watchos/include -Xcc -I/Users/admin/builder/spi-builder-workspace/.derivedData/Build/Intermediates.noindex/Emoji\ Ninja.build/Debug-watchos/Emoji\ Ninja.build/DerivedSources-normal/armv7k -Xcc -I/Users/admin/builder/spi-builder-workspace/.derivedData/Build/Intermediates.noindex/Emoji\ Ninja.build/Debug-watchos/Emoji\ Ninja.build/DerivedSources/armv7k -Xcc -I/Users/admin/builder/spi-builder-workspace/.derivedData/Build/Intermediates.noindex/Emoji\ Ninja.build/Debug-watchos/Emoji\ Ninja.build/DerivedSources -Xcc -DSWIFT_PACKAGE -Xcc -DDEBUG\=1 -working-directory /Users/admin/builder/spi-builder-workspace/.swiftpm/xcode -experimental-emit-module-separately -disable-cmo
SwiftDriver Emoji\ Ninja normal arm64_32 com.apple.xcode.tools.swift.compiler (in target 'Emoji Ninja' from project 'Emoji Ninja')
cd /Users/admin/builder/spi-builder-workspace/.swiftpm/xcode
builtin-SwiftDriver -- /Applications/Xcode-16.3.0.app/Contents/Developer/Toolchains/XcodeDefault.xctoolchain/usr/bin/swiftc -module-name Emoji_Ninja -Onone -enforce-exclusivity\=checked @/Users/admin/builder/spi-builder-workspace/.derivedData/Build/Intermediates.noindex/Emoji\ Ninja.build/Debug-watchos/Emoji\ Ninja.build/Objects-normal/arm64_32/Emoji\ Ninja.SwiftFileList -DSWIFT_PACKAGE -DDEBUG -stats-output-dir .stats -plugin-path /Applications/Xcode-16.3.0.app/Contents/Developer/Toolchains/XcodeDefault.xctoolchain/usr/lib/swift/host/plugins/testing -enable-experimental-feature DebugDescriptionMacro -sdk /Applications/Xcode-16.3.0.app/Contents/Developer/Platforms/WatchOS.platform/Developer/SDKs/WatchOS11.4.sdk -target arm64_32-apple-watchos5.0 -g -module-cache-path /Users/admin/builder/spi-builder-workspace/.derivedData/ModuleCache.noindex -Xfrontend -serialize-debugging-options -profile-coverage-mapping -profile-generate -enable-testing -index-store-path /Users/admin/builder/spi-builder-workspace/.derivedData/Index.noindex/DataStore -swift-version 6 -I /Users/admin/builder/spi-builder-workspace/.derivedData/Build/Products/Debug-watchos -I /Applications/Xcode-16.3.0.app/Contents/Developer/Platforms/WatchOS.platform/Developer/usr/lib -F /Users/admin/builder/spi-builder-workspace/.derivedData/Build/Products/Debug-watchos/PackageFrameworks -F /Users/admin/builder/spi-builder-workspace/.derivedData/Build/Products/Debug-watchos -F /Applications/Xcode-16.3.0.app/Contents/Developer/Platforms/WatchOS.platform/Developer/Library/Frameworks -F /Applications/Xcode-16.3.0.app/Contents/Developer/Platforms/WatchOS.platform/Developer/SDKs/WatchOS11.4.sdk/Developer/Library/Frameworks -c -j10 -enable-batch-mode -incremental -Xcc -ivfsstatcache -Xcc /Users/admin/builder/spi-builder-workspace/.derivedData/SDKStatCaches.noindex/watchos11.4-22T246-43efb940ff07ba2497b70ec94253f576.sdkstatcache -output-file-map /Users/admin/builder/spi-builder-workspace/.derivedData/Build/Intermediates.noindex/Emoji\ Ninja.build/Debug-watchos/Emoji\ Ninja.build/Objects-normal/arm64_32/Emoji\ Ninja-OutputFileMap.json -use-frontend-parseable-output -save-temps -no-color-diagnostics -serialize-diagnostics -emit-dependencies -emit-module -emit-module-path /Users/admin/builder/spi-builder-workspace/.derivedData/Build/Intermediates.noindex/Emoji\ Ninja.build/Debug-watchos/Emoji\ Ninja.build/Objects-normal/arm64_32/Emoji_Ninja.swiftmodule -validate-clang-modules-once -clang-build-session-file /Users/admin/builder/spi-builder-workspace/.derivedData/ModuleCache.noindex/Session.modulevalidation -package-name spi_builder_workspace -emit-const-values -Xfrontend -const-gather-protocols-file -Xfrontend /Users/admin/builder/spi-builder-workspace/.derivedData/Build/Intermediates.noindex/Emoji\ Ninja.build/Debug-watchos/Emoji\ Ninja.build/Objects-normal/arm64_32/Emoji\ Ninja_const_extract_protocols.json -Xcc -I/Users/admin/builder/spi-builder-workspace/.derivedData/Build/Products/Debug-watchos/include -Xcc -I/Users/admin/builder/spi-builder-workspace/.derivedData/Build/Intermediates.noindex/Emoji\ Ninja.build/Debug-watchos/Emoji\ Ninja.build/DerivedSources-normal/arm64_32 -Xcc -I/Users/admin/builder/spi-builder-workspace/.derivedData/Build/Intermediates.noindex/Emoji\ Ninja.build/Debug-watchos/Emoji\ Ninja.build/DerivedSources/arm64_32 -Xcc -I/Users/admin/builder/spi-builder-workspace/.derivedData/Build/Intermediates.noindex/Emoji\ Ninja.build/Debug-watchos/Emoji\ Ninja.build/DerivedSources -Xcc -DSWIFT_PACKAGE -Xcc -DDEBUG\=1 -working-directory /Users/admin/builder/spi-builder-workspace/.swiftpm/xcode -experimental-emit-module-separately -disable-cmo
SwiftDriver Emoji\ Ninja normal arm64 com.apple.xcode.tools.swift.compiler (in target 'Emoji Ninja' from project 'Emoji Ninja')
cd /Users/admin/builder/spi-builder-workspace/.swiftpm/xcode
builtin-SwiftDriver -- /Applications/Xcode-16.3.0.app/Contents/Developer/Toolchains/XcodeDefault.xctoolchain/usr/bin/swiftc -module-name Emoji_Ninja -Onone -enforce-exclusivity\=checked @/Users/admin/builder/spi-builder-workspace/.derivedData/Build/Intermediates.noindex/Emoji\ Ninja.build/Debug-watchos/Emoji\ Ninja.build/Objects-normal/arm64/Emoji\ Ninja.SwiftFileList -DSWIFT_PACKAGE -DDEBUG -stats-output-dir .stats -plugin-path /Applications/Xcode-16.3.0.app/Contents/Developer/Toolchains/XcodeDefault.xctoolchain/usr/lib/swift/host/plugins/testing -enable-experimental-feature DebugDescriptionMacro -sdk /Applications/Xcode-16.3.0.app/Contents/Developer/Platforms/WatchOS.platform/Developer/SDKs/WatchOS11.4.sdk -target arm64-apple-watchos5.0 -g -module-cache-path /Users/admin/builder/spi-builder-workspace/.derivedData/ModuleCache.noindex -Xfrontend -serialize-debugging-options -profile-coverage-mapping -profile-generate -enable-testing -index-store-path /Users/admin/builder/spi-builder-workspace/.derivedData/Index.noindex/DataStore -swift-version 6 -I /Users/admin/builder/spi-builder-workspace/.derivedData/Build/Products/Debug-watchos -I /Applications/Xcode-16.3.0.app/Contents/Developer/Platforms/WatchOS.platform/Developer/usr/lib -F /Users/admin/builder/spi-builder-workspace/.derivedData/Build/Products/Debug-watchos/PackageFrameworks -F /Users/admin/builder/spi-builder-workspace/.derivedData/Build/Products/Debug-watchos -F /Applications/Xcode-16.3.0.app/Contents/Developer/Platforms/WatchOS.platform/Developer/Library/Frameworks -F /Applications/Xcode-16.3.0.app/Contents/Developer/Platforms/WatchOS.platform/Developer/SDKs/WatchOS11.4.sdk/Developer/Library/Frameworks -c -j10 -enable-batch-mode -incremental -Xcc -ivfsstatcache -Xcc /Users/admin/builder/spi-builder-workspace/.derivedData/SDKStatCaches.noindex/watchos11.4-22T246-43efb940ff07ba2497b70ec94253f576.sdkstatcache -output-file-map /Users/admin/builder/spi-builder-workspace/.derivedData/Build/Intermediates.noindex/Emoji\ Ninja.build/Debug-watchos/Emoji\ Ninja.build/Objects-normal/arm64/Emoji\ Ninja-OutputFileMap.json -use-frontend-parseable-output -save-temps -no-color-diagnostics -serialize-diagnostics -emit-dependencies -emit-module -emit-module-path /Users/admin/builder/spi-builder-workspace/.derivedData/Build/Intermediates.noindex/Emoji\ Ninja.build/Debug-watchos/Emoji\ Ninja.build/Objects-normal/arm64/Emoji_Ninja.swiftmodule -validate-clang-modules-once -clang-build-session-file /Users/admin/builder/spi-builder-workspace/.derivedData/ModuleCache.noindex/Session.modulevalidation -package-name spi_builder_workspace -emit-const-values -Xfrontend -const-gather-protocols-file -Xfrontend /Users/admin/builder/spi-builder-workspace/.derivedData/Build/Intermediates.noindex/Emoji\ Ninja.build/Debug-watchos/Emoji\ Ninja.build/Objects-normal/arm64/Emoji\ Ninja_const_extract_protocols.json -Xcc -I/Users/admin/builder/spi-builder-workspace/.derivedData/Build/Products/Debug-watchos/include -Xcc -I/Users/admin/builder/spi-builder-workspace/.derivedData/Build/Intermediates.noindex/Emoji\ Ninja.build/Debug-watchos/Emoji\ Ninja.build/DerivedSources-normal/arm64 -Xcc -I/Users/admin/builder/spi-builder-workspace/.derivedData/Build/Intermediates.noindex/Emoji\ Ninja.build/Debug-watchos/Emoji\ Ninja.build/DerivedSources/arm64 -Xcc -I/Users/admin/builder/spi-builder-workspace/.derivedData/Build/Intermediates.noindex/Emoji\ Ninja.build/Debug-watchos/Emoji\ Ninja.build/DerivedSources -Xcc -DSWIFT_PACKAGE -Xcc -DDEBUG\=1 -working-directory /Users/admin/builder/spi-builder-workspace/.swiftpm/xcode -experimental-emit-module-separately -disable-cmo
SwiftCompile normal arm64 Compiling\ EmojiRepository.swift,\ EmojiGroupExtensions.swift,\ BuildVersion.swift,\ AppEmojiManager.swift /Users/admin/builder/spi-builder-workspace/Sources/emojininja/Domain/EmojiRepository.swift /Users/admin/builder/spi-builder-workspace/Sources/emojininja/Extensions/EmojiGroupExtensions.swift /Users/admin/builder/spi-builder-workspace/Sources/emojininja/Generated/BuildVersion.swift /Users/admin/builder/spi-builder-workspace/Sources/emojininja/Managers/AppEmojiManager.swift (in target 'Emoji Ninja' from project 'Emoji Ninja')
SwiftCompile normal arm64 /Users/admin/builder/spi-builder-workspace/Sources/emojininja/Domain/EmojiRepository.swift (in target 'Emoji Ninja' from project 'Emoji Ninja')
cd /Users/admin/builder/spi-builder-workspace/.swiftpm/xcode
/Users/admin/builder/spi-builder-workspace/Sources/emojininja/App.swift:1:8: error: no such module 'AppKit'
import AppKit
^
SwiftCompile normal arm64 /Users/admin/builder/spi-builder-workspace/Sources/emojininja/Extensions/EmojiGroupExtensions.swift (in target 'Emoji Ninja' from project 'Emoji Ninja')
cd /Users/admin/builder/spi-builder-workspace/.swiftpm/xcode
/Users/admin/builder/spi-builder-workspace/Sources/emojininja/App.swift:1:8: error: no such module 'AppKit'
import AppKit
^
SwiftCompile normal arm64 /Users/admin/builder/spi-builder-workspace/Sources/emojininja/Generated/BuildVersion.swift (in target 'Emoji Ninja' from project 'Emoji Ninja')
cd /Users/admin/builder/spi-builder-workspace/.swiftpm/xcode
/Users/admin/builder/spi-builder-workspace/Sources/emojininja/App.swift:1:8: error: no such module 'AppKit'
import AppKit
^
SwiftCompile normal arm64 /Users/admin/builder/spi-builder-workspace/Sources/emojininja/Managers/AppEmojiManager.swift (in target 'Emoji Ninja' from project 'Emoji Ninja')
cd /Users/admin/builder/spi-builder-workspace/.swiftpm/xcode
/Users/admin/builder/spi-builder-workspace/Sources/emojininja/App.swift:1:8: error: no such module 'AppKit'
import AppKit
^
Failed frontend command:
/Applications/Xcode-16.3.0.app/Contents/Developer/Toolchains/XcodeDefault.xctoolchain/usr/bin/swift-frontend -frontend -c /Users/admin/builder/spi-builder-workspace/.derivedData/Build/Intermediates.noindex/Emoji\ Ninja.build/Debug-watchos/Emoji\ Ninja.build/DerivedSources/resource_bundle_accessor.swift /Users/admin/builder/spi-builder-workspace/Sources/emojininja/App.swift /Users/admin/builder/spi-builder-workspace/Sources/emojininja/Domain/EmojiDataSource.swift /Users/admin/builder/spi-builder-workspace/Sources/emojininja/Domain/EmojiNavigator.swift -primary-file /Users/admin/builder/spi-builder-workspace/Sources/emojininja/Domain/EmojiRepository.swift -primary-file /Users/admin/builder/spi-builder-workspace/Sources/emojininja/Extensions/EmojiGroupExtensions.swift -primary-file /Users/admin/builder/spi-builder-workspace/Sources/emojininja/Generated/BuildVersion.swift -primary-file /Users/admin/builder/spi-builder-workspace/Sources/emojininja/Managers/AppEmojiManager.swift /Users/admin/builder/spi-builder-workspace/Sources/emojininja/Managers/EmojiManager.swift /Users/admin/builder/spi-builder-workspace/Sources/emojininja/Managers/FrequentlyUsedEmojiManager.swift /Users/admin/builder/spi-builder-workspace/Sources/emojininja/Models/AppState.swift /Users/admin/builder/spi-builder-workspace/Sources/emojininja/Models/CategoryType.swift /Users/admin/builder/spi-builder-workspace/Sources/emojininja/Utils/EmojiSupportChecker.swift /Users/admin/builder/spi-builder-workspace/Sources/emojininja/Views/Components/AccessibilityPermissionDialog.swift /Users/admin/builder/spi-builder-workspace/Sources/emojininja/Views/Components/CategoryFilterView.swift /Users/admin/builder/spi-builder-workspace/Sources/emojininja/Views/Components/CategoryPill.swift /Users/admin/builder/spi-builder-workspace/Sources/emojininja/Views/Components/EmojiButton.swift /Users/admin/builder/spi-builder-workspace/Sources/emojininja/Views/Components/SearchBar.swift /Users/admin/builder/spi-builder-workspace/Sources/emojininja/Views/Components/TooltipManager.swift /Users/admin/builder/spi-builder-workspace/Sources/emojininja/Views/EmojiPicker/EmojiGridView.swift /Users/admin/builder/spi-builder-workspace/Sources/emojininja/Views/EmojiPicker/EmojiPickerView.swift /Users/admin/builder/spi-builder-workspace/Sources/emojininja/Views/EmojiPicker/SearchResultsView.swift /Users/admin/builder/spi-builder-workspace/Sources/emojininja/Views/Extensions/ScrollViewExtensions.swift /Users/admin/builder/spi-builder-workspace/Sources/emojininja/Views/MenuBar/MenuBarView.swift /Users/admin/builder/spi-builder-workspace/Sources/emojininja/Views/Styling/Modifiers/EmojiStyling.swift /Users/admin/builder/spi-builder-workspace/Sources/emojininja/Views/Styling/Modifiers/ViewExtensions.swift /Users/admin/builder/spi-builder-workspace/Sources/emojininja/Views/Styling/Themes/Theme.swift /Users/admin/builder/spi-builder-workspace/Sources/emojininja/Views/Styling/Themes/ThemeManager.swift /Users/admin/builder/spi-builder-workspace/Sources/emojininja/Views/Styling/Themes/ThemeSettingsView.swift /Users/admin/builder/spi-builder-workspace/Sources/emojininja/Views/Utils/EmojiLayout.swift /Users/admin/builder/spi-builder-workspace/Sources/emojininja/Views/ViewModels/EmojiPickerViewModel.swift /Users/admin/builder/spi-builder-workspace/Sources/emojininja/Views/ViewModels/MenuBarViewModel.swift /Users/admin/builder/spi-builder-workspace/.derivedData/Build/Intermediates.noindex/Emoji\ Ninja.build/Debug-watchos/Emoji\ Ninja.build/DerivedSources/GeneratedAssetSymbols.swift -supplementary-output-file-map /Users/admin/builder/spi-builder-workspace/.derivedData/Build/Intermediates.noindex/Emoji\ Ninja.build/Debug-watchos/Emoji\ Ninja.build/Objects-normal/arm64/supplementaryOutputs-7 -target arm64-apple-watchos5.0 -Xllvm -aarch64-use-tbi -enable-objc-interop -sdk /Applications/Xcode-16.3.0.app/Contents/Developer/Platforms/WatchOS.platform/Developer/SDKs/WatchOS11.4.sdk -I /Users/admin/builder/spi-builder-workspace/.derivedData/Build/Products/Debug-watchos -I /Applications/Xcode-16.3.0.app/Contents/Developer/Platforms/WatchOS.platform/Developer/usr/lib -F /Users/admin/builder/spi-builder-workspace/.derivedData/Build/Products/Debug-watchos/PackageFrameworks -F /Users/admin/builder/spi-builder-workspace/.derivedData/Build/Products/Debug-watchos -F /Applications/Xcode-16.3.0.app/Contents/Developer/Platforms/WatchOS.platform/Developer/Library/Frameworks -F /Applications/Xcode-16.3.0.app/Contents/Developer/Platforms/WatchOS.platform/Developer/SDKs/WatchOS11.4.sdk/Developer/Library/Frameworks -no-color-diagnostics -enable-testing -g -debug-info-format\=dwarf -dwarf-version\=4 -module-cache-path /Users/admin/builder/spi-builder-workspace/.derivedData/ModuleCache.noindex -profile-generate -profile-coverage-mapping -swift-version 6 -enforce-exclusivity\=checked -stats-output-dir /Users/admin/builder/spi-builder-workspace/.swiftpm/xcode/.stats -Onone -D SWIFT_PACKAGE -D DEBUG -serialize-debugging-options -const-gather-protocols-file /Users/admin/builder/spi-builder-workspace/.derivedData/Build/Intermediates.noindex/Emoji\ Ninja.build/Debug-watchos/Emoji\ Ninja.build/Objects-normal/arm64/Emoji\ Ninja_const_extract_protocols.json -enable-experimental-feature DebugDescriptionMacro -empty-abi-descriptor -plugin-path /Applications/Xcode-16.3.0.app/Contents/Developer/Toolchains/XcodeDefault.xctoolchain/usr/lib/swift/host/plugins/testing -validate-clang-modules-once -clang-build-session-file /Users/admin/builder/spi-builder-workspace/.derivedData/ModuleCache.noindex/Session.modulevalidation -Xcc -working-directory -Xcc /Users/admin/builder/spi-builder-workspace/.swiftpm/xcode -resource-dir /Applications/Xcode-16.3.0.app/Contents/Developer/Toolchains/XcodeDefault.xctoolchain/usr/lib/swift -enable-anonymous-context-mangled-names -file-compilation-dir /Users/admin/builder/spi-builder-workspace/.swiftpm/xcode -Xcc -ivfsstatcache -Xcc /Users/admin/builder/spi-builder-workspace/.derivedData/SDKStatCaches.noindex/watchos11.4-22T246-43efb940ff07ba2497b70ec94253f576.sdkstatcache -Xcc -I/Users/admin/builder/spi-builder-workspace/.derivedData/Build/Products/Debug-watchos/include -Xcc -I/Users/admin/builder/spi-builder-workspace/.derivedData/Build/Intermediates.noindex/Emoji\ Ninja.build/Debug-watchos/Emoji\ Ninja.build/DerivedSources-normal/arm64 -Xcc -I/Users/admin/builder/spi-builder-workspace/.derivedData/Build/Intermediates.noindex/Emoji\ Ninja.build/Debug-watchos/Emoji\ Ninja.build/DerivedSources/arm64 -Xcc -I/Users/admin/builder/spi-builder-workspace/.derivedData/Build/Intermediates.noindex/Emoji\ Ninja.build/Debug-watchos/Emoji\ Ninja.build/DerivedSources -Xcc -DSWIFT_PACKAGE -Xcc -DDEBUG\=1 -module-name Emoji_Ninja -package-name spi_builder_workspace -frontend-parseable-output -disable-clang-spi -target-sdk-version 11.4 -target-sdk-name watchos11.4 -external-plugin-path /Applications/Xcode-16.3.0.app/Contents/Developer/Platforms/WatchOS.platform/Developer/usr/lib/swift/host/plugins\#/Applications/Xcode-16.3.0.app/Contents/Developer/Platforms/WatchOS.platform/Developer/usr/bin/swift-plugin-server -external-plugin-path /Applications/Xcode-16.3.0.app/Contents/Developer/Platforms/WatchOS.platform/Developer/usr/local/lib/swift/host/plugins\#/Applications/Xcode-16.3.0.app/Contents/Developer/Platforms/WatchOS.platform/Developer/usr/bin/swift-plugin-server -in-process-plugin-server-path /Applications/Xcode-16.3.0.app/Contents/Developer/Toolchains/XcodeDefault.xctoolchain/usr/lib/swift/host/libSwiftInProcPluginServer.dylib -plugin-path /Applications/Xcode-16.3.0.app/Contents/Developer/Toolchains/XcodeDefault.xctoolchain/usr/lib/swift/host/plugins -plugin-path /Applications/Xcode-16.3.0.app/Contents/Developer/Toolchains/XcodeDefault.xctoolchain/usr/local/lib/swift/host/plugins -o /Users/admin/builder/spi-builder-workspace/.derivedData/Build/Intermediates.noindex/Emoji\ Ninja.build/Debug-watchos/Emoji\ Ninja.build/Objects-normal/arm64/EmojiRepository.o -o /Users/admin/builder/spi-builder-workspace/.derivedData/Build/Intermediates.noindex/Emoji\ Ninja.build/Debug-watchos/Emoji\ Ninja.build/Objects-normal/arm64/EmojiGroupExtensions.o -o /Users/admin/builder/spi-builder-workspace/.derivedData/Build/Intermediates.noindex/Emoji\ Ninja.build/Debug-watchos/Emoji\ Ninja.build/Objects-normal/arm64/BuildVersion.o -o /Users/admin/builder/spi-builder-workspace/.derivedData/Build/Intermediates.noindex/Emoji\ Ninja.build/Debug-watchos/Emoji\ Ninja.build/Objects-normal/arm64/AppEmojiManager.o -index-unit-output-path /Emoji\ Ninja.build/Debug-watchos/Emoji\ Ninja.build/Objects-normal/arm64/EmojiRepository.o -index-unit-output-path /Emoji\ Ninja.build/Debug-watchos/Emoji\ Ninja.build/Objects-normal/arm64/EmojiGroupExtensions.o -index-unit-output-path /Emoji\ Ninja.build/Debug-watchos/Emoji\ Ninja.build/Objects-normal/arm64/BuildVersion.o -index-unit-output-path /Emoji\ Ninja.build/Debug-watchos/Emoji\ Ninja.build/Objects-normal/arm64/AppEmojiManager.o -index-store-path /Users/admin/builder/spi-builder-workspace/.derivedData/Index.noindex/DataStore -index-system-modules
SwiftEmitModule normal arm64 Emitting\ module\ for\ Emoji_Ninja (in target 'Emoji Ninja' from project 'Emoji Ninja')
EmitSwiftModule normal arm64 (in target 'Emoji Ninja' from project 'Emoji Ninja')
cd /Users/admin/builder/spi-builder-workspace/.swiftpm/xcode
SwiftCompile normal arm64 Compiling\ EmojiPickerViewModel.swift,\ MenuBarViewModel.swift,\ GeneratedAssetSymbols.swift /Users/admin/builder/spi-builder-workspace/Sources/emojininja/Views/ViewModels/EmojiPickerViewModel.swift /Users/admin/builder/spi-builder-workspace/Sources/emojininja/Views/ViewModels/MenuBarViewModel.swift /Users/admin/builder/spi-builder-workspace/.derivedData/Build/Intermediates.noindex/Emoji\ Ninja.build/Debug-watchos/Emoji\ Ninja.build/DerivedSources/GeneratedAssetSymbols.swift (in target 'Emoji Ninja' from project 'Emoji Ninja')
SwiftCompile normal arm64 /Users/admin/builder/spi-builder-workspace/Sources/emojininja/Views/ViewModels/EmojiPickerViewModel.swift (in target 'Emoji Ninja' from project 'Emoji Ninja')
cd /Users/admin/builder/spi-builder-workspace/.swiftpm/xcode
SwiftCompile normal arm64 /Users/admin/builder/spi-builder-workspace/Sources/emojininja/Views/ViewModels/MenuBarViewModel.swift (in target 'Emoji Ninja' from project 'Emoji Ninja')
cd /Users/admin/builder/spi-builder-workspace/.swiftpm/xcode
SwiftCompile normal arm64 /Users/admin/builder/spi-builder-workspace/.derivedData/Build/Intermediates.noindex/Emoji\ Ninja.build/Debug-watchos/Emoji\ Ninja.build/DerivedSources/GeneratedAssetSymbols.swift (in target 'Emoji Ninja' from project 'Emoji Ninja')
cd /Users/admin/builder/spi-builder-workspace/.swiftpm/xcode
SwiftCompile normal arm64 Compiling\ SearchResultsView.swift,\ ScrollViewExtensions.swift,\ MenuBarView.swift /Users/admin/builder/spi-builder-workspace/Sources/emojininja/Views/EmojiPicker/SearchResultsView.swift /Users/admin/builder/spi-builder-workspace/Sources/emojininja/Views/Extensions/ScrollViewExtensions.swift /Users/admin/builder/spi-builder-workspace/Sources/emojininja/Views/MenuBar/MenuBarView.swift (in target 'Emoji Ninja' from project 'Emoji Ninja')
SwiftCompile normal arm64 /Users/admin/builder/spi-builder-workspace/Sources/emojininja/Views/EmojiPicker/SearchResultsView.swift (in target 'Emoji Ninja' from project 'Emoji Ninja')
cd /Users/admin/builder/spi-builder-workspace/.swiftpm/xcode
SwiftCompile normal arm64 /Users/admin/builder/spi-builder-workspace/Sources/emojininja/Views/Extensions/ScrollViewExtensions.swift (in target 'Emoji Ninja' from project 'Emoji Ninja')
cd /Users/admin/builder/spi-builder-workspace/.swiftpm/xcode
SwiftCompile normal arm64 /Users/admin/builder/spi-builder-workspace/Sources/emojininja/Views/MenuBar/MenuBarView.swift (in target 'Emoji Ninja' from project 'Emoji Ninja')
cd /Users/admin/builder/spi-builder-workspace/.swiftpm/xcode
SwiftCompile normal arm64 Compiling\ EmojiManager.swift,\ FrequentlyUsedEmojiManager.swift,\ AppState.swift,\ CategoryType.swift /Users/admin/builder/spi-builder-workspace/Sources/emojininja/Managers/EmojiManager.swift /Users/admin/builder/spi-builder-workspace/Sources/emojininja/Managers/FrequentlyUsedEmojiManager.swift /Users/admin/builder/spi-builder-workspace/Sources/emojininja/Models/AppState.swift /Users/admin/builder/spi-builder-workspace/Sources/emojininja/Models/CategoryType.swift (in target 'Emoji Ninja' from project 'Emoji Ninja')
SwiftCompile normal arm64 /Users/admin/builder/spi-builder-workspace/Sources/emojininja/Managers/EmojiManager.swift (in target 'Emoji Ninja' from project 'Emoji Ninja')
cd /Users/admin/builder/spi-builder-workspace/.swiftpm/xcode
SwiftCompile normal arm64 /Users/admin/builder/spi-builder-workspace/Sources/emojininja/Managers/FrequentlyUsedEmojiManager.swift (in target 'Emoji Ninja' from project 'Emoji Ninja')
cd /Users/admin/builder/spi-builder-workspace/.swiftpm/xcode
SwiftCompile normal arm64 /Users/admin/builder/spi-builder-workspace/Sources/emojininja/Models/AppState.swift (in target 'Emoji Ninja' from project 'Emoji Ninja')
cd /Users/admin/builder/spi-builder-workspace/.swiftpm/xcode
SwiftCompile normal arm64 /Users/admin/builder/spi-builder-workspace/Sources/emojininja/Models/CategoryType.swift (in target 'Emoji Ninja' from project 'Emoji Ninja')
cd /Users/admin/builder/spi-builder-workspace/.swiftpm/xcode
SwiftEmitModule normal armv7k Emitting\ module\ for\ Emoji_Ninja (in target 'Emoji Ninja' from project 'Emoji Ninja')
EmitSwiftModule normal armv7k (in target 'Emoji Ninja' from project 'Emoji Ninja')
cd /Users/admin/builder/spi-builder-workspace/.swiftpm/xcode
SwiftDriverJobDiscovery normal armv7k Compiling resource_bundle_accessor.swift (in target 'ninjalib' from project 'Emoji Ninja')
SwiftEmitModule normal arm64_32 Emitting\ module\ for\ Emoji_Ninja (in target 'Emoji Ninja' from project 'Emoji Ninja')
EmitSwiftModule normal arm64_32 (in target 'Emoji Ninja' from project 'Emoji Ninja')
cd /Users/admin/builder/spi-builder-workspace/.swiftpm/xcode
SwiftDriverJobDiscovery normal arm64 Compiling resource_bundle_accessor.swift (in target 'ninjalib' from project 'Emoji Ninja')
SwiftCompile normal arm64_32 Compiling\ resource_bundle_accessor.swift,\ App.swift,\ EmojiDataSource.swift,\ EmojiNavigator.swift /Users/admin/builder/spi-builder-workspace/.derivedData/Build/Intermediates.noindex/Emoji\ Ninja.build/Debug-watchos/Emoji\ Ninja.build/DerivedSources/resource_bundle_accessor.swift /Users/admin/builder/spi-builder-workspace/Sources/emojininja/App.swift /Users/admin/builder/spi-builder-workspace/Sources/emojininja/Domain/EmojiDataSource.swift /Users/admin/builder/spi-builder-workspace/Sources/emojininja/Domain/EmojiNavigator.swift (in target 'Emoji Ninja' from project 'Emoji Ninja')
SwiftCompile normal arm64_32 /Users/admin/builder/spi-builder-workspace/.derivedData/Build/Intermediates.noindex/Emoji\ Ninja.build/Debug-watchos/Emoji\ Ninja.build/DerivedSources/resource_bundle_accessor.swift (in target 'Emoji Ninja' from project 'Emoji Ninja')
cd /Users/admin/builder/spi-builder-workspace/.swiftpm/xcode
SwiftCompile normal arm64_32 /Users/admin/builder/spi-builder-workspace/Sources/emojininja/App.swift (in target 'Emoji Ninja' from project 'Emoji Ninja')
cd /Users/admin/builder/spi-builder-workspace/.swiftpm/xcode
SwiftCompile normal arm64_32 /Users/admin/builder/spi-builder-workspace/Sources/emojininja/Domain/EmojiDataSource.swift (in target 'Emoji Ninja' from project 'Emoji Ninja')
cd /Users/admin/builder/spi-builder-workspace/.swiftpm/xcode
SwiftCompile normal arm64_32 /Users/admin/builder/spi-builder-workspace/Sources/emojininja/Domain/EmojiNavigator.swift (in target 'Emoji Ninja' from project 'Emoji Ninja')
cd /Users/admin/builder/spi-builder-workspace/.swiftpm/xcode
SwiftDriverJobDiscovery normal armv7k Compiling EmojiNavigationReducer.swift (in target 'ninjalib' from project 'Emoji Ninja')
SwiftDriver\ Compilation ninjalib normal armv7k com.apple.xcode.tools.swift.compiler (in target 'ninjalib' from project 'Emoji Ninja')
cd /Users/admin/builder/spi-builder-workspace/.swiftpm/xcode
builtin-Swift-Compilation -- /Applications/Xcode-16.3.0.app/Contents/Developer/Toolchains/XcodeDefault.xctoolchain/usr/bin/swiftc -module-name ninjalib -Onone -enforce-exclusivity\=checked @/Users/admin/builder/spi-builder-workspace/.derivedData/Build/Intermediates.noindex/Emoji\ Ninja.build/Debug-watchos/ninjalib.build/Objects-normal/armv7k/ninjalib.SwiftFileList -DSWIFT_PACKAGE -DDEBUG -stats-output-dir .stats -plugin-path /Applications/Xcode-16.3.0.app/Contents/Developer/Toolchains/XcodeDefault.xctoolchain/usr/lib/swift/host/plugins/testing -enable-experimental-feature DebugDescriptionMacro -sdk /Applications/Xcode-16.3.0.app/Contents/Developer/Platforms/WatchOS.platform/Developer/SDKs/WatchOS11.4.sdk -target armv7k-apple-watchos5.0 -g -module-cache-path /Users/admin/builder/spi-builder-workspace/.derivedData/ModuleCache.noindex -Xfrontend -serialize-debugging-options -profile-coverage-mapping -profile-generate -enable-testing -index-store-path /Users/admin/builder/spi-builder-workspace/.derivedData/Index.noindex/DataStore -swift-version 6 -I /Users/admin/builder/spi-builder-workspace/.derivedData/Build/Products/Debug-watchos -I /Applications/Xcode-16.3.0.app/Contents/Developer/Platforms/WatchOS.platform/Developer/usr/lib -F /Users/admin/builder/spi-builder-workspace/.derivedData/Build/Products/Debug-watchos -F /Applications/Xcode-16.3.0.app/Contents/Developer/Platforms/WatchOS.platform/Developer/Library/Frameworks -F /Applications/Xcode-16.3.0.app/Contents/Developer/Platforms/WatchOS.platform/Developer/SDKs/WatchOS11.4.sdk/Developer/Library/Frameworks -c -j10 -enable-batch-mode -incremental -Xcc -ivfsstatcache -Xcc /Users/admin/builder/spi-builder-workspace/.derivedData/SDKStatCaches.noindex/watchos11.4-22T246-43efb940ff07ba2497b70ec94253f576.sdkstatcache -output-file-map /Users/admin/builder/spi-builder-workspace/.derivedData/Build/Intermediates.noindex/Emoji\ Ninja.build/Debug-watchos/ninjalib.build/Objects-normal/armv7k/ninjalib-OutputFileMap.json -use-frontend-parseable-output -save-temps -no-color-diagnostics -serialize-diagnostics -emit-dependencies -emit-module -emit-module-path /Users/admin/builder/spi-builder-workspace/.derivedData/Build/Intermediates.noindex/Emoji\ Ninja.build/Debug-watchos/ninjalib.build/Objects-normal/armv7k/ninjalib.swiftmodule -validate-clang-modules-once -clang-build-session-file /Users/admin/builder/spi-builder-workspace/.derivedData/ModuleCache.noindex/Session.modulevalidation -package-name spi_builder_workspace -Xcc -I/Users/admin/builder/spi-builder-workspace/.derivedData/Build/Intermediates.noindex/Emoji\ Ninja.build/Debug-watchos/ninjalib.build/swift-overrides.hmap -emit-const-values -Xfrontend -const-gather-protocols-file -Xfrontend /Users/admin/builder/spi-builder-workspace/.derivedData/Build/Intermediates.noindex/Emoji\ Ninja.build/Debug-watchos/ninjalib.build/Objects-normal/armv7k/ninjalib_const_extract_protocols.json -Xcc -I/Users/admin/builder/spi-builder-workspace/.derivedData/Build/Products/Debug-watchos/include -Xcc -I/Users/admin/builder/spi-builder-workspace/.derivedData/Build/Intermediates.noindex/Emoji\ Ninja.build/Debug-watchos/ninjalib.build/DerivedSources-normal/armv7k -Xcc -I/Users/admin/builder/spi-builder-workspace/.derivedData/Build/Intermediates.noindex/Emoji\ Ninja.build/Debug-watchos/ninjalib.build/DerivedSources/armv7k -Xcc -I/Users/admin/builder/spi-builder-workspace/.derivedData/Build/Intermediates.noindex/Emoji\ Ninja.build/Debug-watchos/ninjalib.build/DerivedSources -Xcc -DSWIFT_PACKAGE -Xcc -DDEBUG\=1 -emit-objc-header -emit-objc-header-path /Users/admin/builder/spi-builder-workspace/.derivedData/Build/Intermediates.noindex/Emoji\ Ninja.build/Debug-watchos/ninjalib.build/Objects-normal/armv7k/ninjalib-Swift.h -working-directory /Users/admin/builder/spi-builder-workspace/.swiftpm/xcode -experimental-emit-module-separately -disable-cmo
SwiftDriverJobDiscovery normal arm64_32 Compiling EmojiNavigationReducer.swift (in target 'ninjalib' from project 'Emoji Ninja')
SwiftCompile normal arm64_32 Compiling\ SearchResultsView.swift,\ ScrollViewExtensions.swift,\ MenuBarView.swift /Users/admin/builder/spi-builder-workspace/Sources/emojininja/Views/EmojiPicker/SearchResultsView.swift /Users/admin/builder/spi-builder-workspace/Sources/emojininja/Views/Extensions/ScrollViewExtensions.swift /Users/admin/builder/spi-builder-workspace/Sources/emojininja/Views/MenuBar/MenuBarView.swift (in target 'Emoji Ninja' from project 'Emoji Ninja')
SwiftCompile normal arm64_32 /Users/admin/builder/spi-builder-workspace/Sources/emojininja/Views/EmojiPicker/SearchResultsView.swift (in target 'Emoji Ninja' from project 'Emoji Ninja')
cd /Users/admin/builder/spi-builder-workspace/.swiftpm/xcode
SwiftCompile normal arm64_32 /Users/admin/builder/spi-builder-workspace/Sources/emojininja/Views/Extensions/ScrollViewExtensions.swift (in target 'Emoji Ninja' from project 'Emoji Ninja')
cd /Users/admin/builder/spi-builder-workspace/.swiftpm/xcode
SwiftCompile normal arm64_32 /Users/admin/builder/spi-builder-workspace/Sources/emojininja/Views/MenuBar/MenuBarView.swift (in target 'Emoji Ninja' from project 'Emoji Ninja')
cd /Users/admin/builder/spi-builder-workspace/.swiftpm/xcode
SwiftDriverJobDiscovery normal arm64 Compiling EmojiNavigationReducer.swift (in target 'ninjalib' from project 'Emoji Ninja')
Ld /Users/admin/builder/spi-builder-workspace/.derivedData/Build/Intermediates.noindex/Emoji\ Ninja.build/Debug-watchos/ninjalib.build/Objects-normal/armv7k/Binary/ninjalib.o normal armv7k (in target 'ninjalib' from project 'Emoji Ninja')
cd /Users/admin/builder/spi-builder-workspace
/Applications/Xcode-16.3.0.app/Contents/Developer/Toolchains/XcodeDefault.xctoolchain/usr/bin/clang -Xlinker -reproducible -target armv7k-apple-watchos5.0 -r -isysroot /Applications/Xcode-16.3.0.app/Contents/Developer/Platforms/WatchOS.platform/Developer/SDKs/WatchOS11.4.sdk -O0 -L/Users/admin/builder/spi-builder-workspace/.derivedData/Build/Intermediates.noindex/EagerLinkingTBDs/Debug-watchos -L/Users/admin/builder/spi-builder-workspace/.derivedData/Build/Products/Debug-watchos -L/Applications/Xcode-16.3.0.app/Contents/Developer/Platforms/WatchOS.platform/Developer/usr/lib -F/Users/admin/builder/spi-builder-workspace/.derivedData/Build/Intermediates.noindex/EagerLinkingTBDs/Debug-watchos -F/Users/admin/builder/spi-builder-workspace/.derivedData/Build/Products/Debug-watchos -iframework /Applications/Xcode-16.3.0.app/Contents/Developer/Platforms/WatchOS.platform/Developer/Library/Frameworks -iframework /Applications/Xcode-16.3.0.app/Contents/Developer/Platforms/WatchOS.platform/Developer/SDKs/WatchOS11.4.sdk/Developer/Library/Frameworks -filelist /Users/admin/builder/spi-builder-workspace/.derivedData/Build/Intermediates.noindex/Emoji\ Ninja.build/Debug-watchos/ninjalib.build/Objects-normal/armv7k/ninjalib.LinkFileList -nostdlib -Xlinker -object_path_lto -Xlinker /Users/admin/builder/spi-builder-workspace/.derivedData/Build/Intermediates.noindex/Emoji\ Ninja.build/Debug-watchos/ninjalib.build/Objects-normal/armv7k/ninjalib_lto.o -rdynamic -Xlinker -no_deduplicate -Xlinker -debug_variant -Xlinker -dependency_info -Xlinker /Users/admin/builder/spi-builder-workspace/.derivedData/Build/Intermediates.noindex/Emoji\ Ninja.build/Debug-watchos/ninjalib.build/Objects-normal/armv7k/ninjalib_dependency_info.dat -fobjc-link-runtime -L/Applications/Xcode-16.3.0.app/Contents/Developer/Toolchains/XcodeDefault.xctoolchain/usr/lib/swift/watchos -L/usr/lib/swift -Xlinker -add_ast_path -Xlinker /Users/admin/builder/spi-builder-workspace/.derivedData/Build/Intermediates.noindex/Emoji\ Ninja.build/Debug-watchos/ninjalib.build/Objects-normal/armv7k/ninjalib.swiftmodule -o /Users/admin/builder/spi-builder-workspace/.derivedData/Build/Intermediates.noindex/Emoji\ Ninja.build/Debug-watchos/ninjalib.build/Objects-normal/armv7k/Binary/ninjalib.o
SwiftDriver\ Compilation ninjalib normal arm64_32 com.apple.xcode.tools.swift.compiler (in target 'ninjalib' from project 'Emoji Ninja')
cd /Users/admin/builder/spi-builder-workspace/.swiftpm/xcode
builtin-Swift-Compilation -- /Applications/Xcode-16.3.0.app/Contents/Developer/Toolchains/XcodeDefault.xctoolchain/usr/bin/swiftc -module-name ninjalib -Onone -enforce-exclusivity\=checked @/Users/admin/builder/spi-builder-workspace/.derivedData/Build/Intermediates.noindex/Emoji\ Ninja.build/Debug-watchos/ninjalib.build/Objects-normal/arm64_32/ninjalib.SwiftFileList -DSWIFT_PACKAGE -DDEBUG -stats-output-dir .stats -plugin-path /Applications/Xcode-16.3.0.app/Contents/Developer/Toolchains/XcodeDefault.xctoolchain/usr/lib/swift/host/plugins/testing -enable-experimental-feature DebugDescriptionMacro -sdk /Applications/Xcode-16.3.0.app/Contents/Developer/Platforms/WatchOS.platform/Developer/SDKs/WatchOS11.4.sdk -target arm64_32-apple-watchos5.0 -g -module-cache-path /Users/admin/builder/spi-builder-workspace/.derivedData/ModuleCache.noindex -Xfrontend -serialize-debugging-options -profile-coverage-mapping -profile-generate -enable-testing -index-store-path /Users/admin/builder/spi-builder-workspace/.derivedData/Index.noindex/DataStore -swift-version 6 -I /Users/admin/builder/spi-builder-workspace/.derivedData/Build/Products/Debug-watchos -I /Applications/Xcode-16.3.0.app/Contents/Developer/Platforms/WatchOS.platform/Developer/usr/lib -F /Users/admin/builder/spi-builder-workspace/.derivedData/Build/Products/Debug-watchos -F /Applications/Xcode-16.3.0.app/Contents/Developer/Platforms/WatchOS.platform/Developer/Library/Frameworks -F /Applications/Xcode-16.3.0.app/Contents/Developer/Platforms/WatchOS.platform/Developer/SDKs/WatchOS11.4.sdk/Developer/Library/Frameworks -c -j10 -enable-batch-mode -incremental -Xcc -ivfsstatcache -Xcc /Users/admin/builder/spi-builder-workspace/.derivedData/SDKStatCaches.noindex/watchos11.4-22T246-43efb940ff07ba2497b70ec94253f576.sdkstatcache -output-file-map /Users/admin/builder/spi-builder-workspace/.derivedData/Build/Intermediates.noindex/Emoji\ Ninja.build/Debug-watchos/ninjalib.build/Objects-normal/arm64_32/ninjalib-OutputFileMap.json -use-frontend-parseable-output -save-temps -no-color-diagnostics -serialize-diagnostics -emit-dependencies -emit-module -emit-module-path /Users/admin/builder/spi-builder-workspace/.derivedData/Build/Intermediates.noindex/Emoji\ Ninja.build/Debug-watchos/ninjalib.build/Objects-normal/arm64_32/ninjalib.swiftmodule -validate-clang-modules-once -clang-build-session-file /Users/admin/builder/spi-builder-workspace/.derivedData/ModuleCache.noindex/Session.modulevalidation -package-name spi_builder_workspace -Xcc -I/Users/admin/builder/spi-builder-workspace/.derivedData/Build/Intermediates.noindex/Emoji\ Ninja.build/Debug-watchos/ninjalib.build/swift-overrides.hmap -emit-const-values -Xfrontend -const-gather-protocols-file -Xfrontend /Users/admin/builder/spi-builder-workspace/.derivedData/Build/Intermediates.noindex/Emoji\ Ninja.build/Debug-watchos/ninjalib.build/Objects-normal/arm64_32/ninjalib_const_extract_protocols.json -Xcc -I/Users/admin/builder/spi-builder-workspace/.derivedData/Build/Products/Debug-watchos/include -Xcc -I/Users/admin/builder/spi-builder-workspace/.derivedData/Build/Intermediates.noindex/Emoji\ Ninja.build/Debug-watchos/ninjalib.build/DerivedSources-normal/arm64_32 -Xcc -I/Users/admin/builder/spi-builder-workspace/.derivedData/Build/Intermediates.noindex/Emoji\ Ninja.build/Debug-watchos/ninjalib.build/DerivedSources/arm64_32 -Xcc -I/Users/admin/builder/spi-builder-workspace/.derivedData/Build/Intermediates.noindex/Emoji\ Ninja.build/Debug-watchos/ninjalib.build/DerivedSources -Xcc -DSWIFT_PACKAGE -Xcc -DDEBUG\=1 -emit-objc-header -emit-objc-header-path /Users/admin/builder/spi-builder-workspace/.derivedData/Build/Intermediates.noindex/Emoji\ Ninja.build/Debug-watchos/ninjalib.build/Objects-normal/arm64_32/ninjalib-Swift.h -working-directory /Users/admin/builder/spi-builder-workspace/.swiftpm/xcode -experimental-emit-module-separately -disable-cmo
SwiftDriver\ Compilation ninjalib normal arm64 com.apple.xcode.tools.swift.compiler (in target 'ninjalib' from project 'Emoji Ninja')
cd /Users/admin/builder/spi-builder-workspace/.swiftpm/xcode
builtin-Swift-Compilation -- /Applications/Xcode-16.3.0.app/Contents/Developer/Toolchains/XcodeDefault.xctoolchain/usr/bin/swiftc -module-name ninjalib -Onone -enforce-exclusivity\=checked @/Users/admin/builder/spi-builder-workspace/.derivedData/Build/Intermediates.noindex/Emoji\ Ninja.build/Debug-watchos/ninjalib.build/Objects-normal/arm64/ninjalib.SwiftFileList -DSWIFT_PACKAGE -DDEBUG -stats-output-dir .stats -plugin-path /Applications/Xcode-16.3.0.app/Contents/Developer/Toolchains/XcodeDefault.xctoolchain/usr/lib/swift/host/plugins/testing -enable-experimental-feature DebugDescriptionMacro -sdk /Applications/Xcode-16.3.0.app/Contents/Developer/Platforms/WatchOS.platform/Developer/SDKs/WatchOS11.4.sdk -target arm64-apple-watchos5.0 -g -module-cache-path /Users/admin/builder/spi-builder-workspace/.derivedData/ModuleCache.noindex -Xfrontend -serialize-debugging-options -profile-coverage-mapping -profile-generate -enable-testing -index-store-path /Users/admin/builder/spi-builder-workspace/.derivedData/Index.noindex/DataStore -swift-version 6 -I /Users/admin/builder/spi-builder-workspace/.derivedData/Build/Products/Debug-watchos -I /Applications/Xcode-16.3.0.app/Contents/Developer/Platforms/WatchOS.platform/Developer/usr/lib -F /Users/admin/builder/spi-builder-workspace/.derivedData/Build/Products/Debug-watchos -F /Applications/Xcode-16.3.0.app/Contents/Developer/Platforms/WatchOS.platform/Developer/Library/Frameworks -F /Applications/Xcode-16.3.0.app/Contents/Developer/Platforms/WatchOS.platform/Developer/SDKs/WatchOS11.4.sdk/Developer/Library/Frameworks -c -j10 -enable-batch-mode -incremental -Xcc -ivfsstatcache -Xcc /Users/admin/builder/spi-builder-workspace/.derivedData/SDKStatCaches.noindex/watchos11.4-22T246-43efb940ff07ba2497b70ec94253f576.sdkstatcache -output-file-map /Users/admin/builder/spi-builder-workspace/.derivedData/Build/Intermediates.noindex/Emoji\ Ninja.build/Debug-watchos/ninjalib.build/Objects-normal/arm64/ninjalib-OutputFileMap.json -use-frontend-parseable-output -save-temps -no-color-diagnostics -serialize-diagnostics -emit-dependencies -emit-module -emit-module-path /Users/admin/builder/spi-builder-workspace/.derivedData/Build/Intermediates.noindex/Emoji\ Ninja.build/Debug-watchos/ninjalib.build/Objects-normal/arm64/ninjalib.swiftmodule -validate-clang-modules-once -clang-build-session-file /Users/admin/builder/spi-builder-workspace/.derivedData/ModuleCache.noindex/Session.modulevalidation -package-name spi_builder_workspace -Xcc -I/Users/admin/builder/spi-builder-workspace/.derivedData/Build/Intermediates.noindex/Emoji\ Ninja.build/Debug-watchos/ninjalib.build/swift-overrides.hmap -emit-const-values -Xfrontend -const-gather-protocols-file -Xfrontend /Users/admin/builder/spi-builder-workspace/.derivedData/Build/Intermediates.noindex/Emoji\ Ninja.build/Debug-watchos/ninjalib.build/Objects-normal/arm64/ninjalib_const_extract_protocols.json -Xcc -I/Users/admin/builder/spi-builder-workspace/.derivedData/Build/Products/Debug-watchos/include -Xcc -I/Users/admin/builder/spi-builder-workspace/.derivedData/Build/Intermediates.noindex/Emoji\ Ninja.build/Debug-watchos/ninjalib.build/DerivedSources-normal/arm64 -Xcc -I/Users/admin/builder/spi-builder-workspace/.derivedData/Build/Intermediates.noindex/Emoji\ Ninja.build/Debug-watchos/ninjalib.build/DerivedSources/arm64 -Xcc -I/Users/admin/builder/spi-builder-workspace/.derivedData/Build/Intermediates.noindex/Emoji\ Ninja.build/Debug-watchos/ninjalib.build/DerivedSources -Xcc -DSWIFT_PACKAGE -Xcc -DDEBUG\=1 -emit-objc-header -emit-objc-header-path /Users/admin/builder/spi-builder-workspace/.derivedData/Build/Intermediates.noindex/Emoji\ Ninja.build/Debug-watchos/ninjalib.build/Objects-normal/arm64/ninjalib-Swift.h -working-directory /Users/admin/builder/spi-builder-workspace/.swiftpm/xcode -experimental-emit-module-separately -disable-cmo
Ld /Users/admin/builder/spi-builder-workspace/.derivedData/Build/Intermediates.noindex/Emoji\ Ninja.build/Debug-watchos/ninjalib.build/Objects-normal/arm64_32/Binary/ninjalib.o normal arm64_32 (in target 'ninjalib' from project 'Emoji Ninja')
cd /Users/admin/builder/spi-builder-workspace
/Applications/Xcode-16.3.0.app/Contents/Developer/Toolchains/XcodeDefault.xctoolchain/usr/bin/clang -Xlinker -reproducible -target arm64_32-apple-watchos5.0 -r -isysroot /Applications/Xcode-16.3.0.app/Contents/Developer/Platforms/WatchOS.platform/Developer/SDKs/WatchOS11.4.sdk -O0 -L/Users/admin/builder/spi-builder-workspace/.derivedData/Build/Intermediates.noindex/EagerLinkingTBDs/Debug-watchos -L/Users/admin/builder/spi-builder-workspace/.derivedData/Build/Products/Debug-watchos -L/Applications/Xcode-16.3.0.app/Contents/Developer/Platforms/WatchOS.platform/Developer/usr/lib -F/Users/admin/builder/spi-builder-workspace/.derivedData/Build/Intermediates.noindex/EagerLinkingTBDs/Debug-watchos -F/Users/admin/builder/spi-builder-workspace/.derivedData/Build/Products/Debug-watchos -iframework /Applications/Xcode-16.3.0.app/Contents/Developer/Platforms/WatchOS.platform/Developer/Library/Frameworks -iframework /Applications/Xcode-16.3.0.app/Contents/Developer/Platforms/WatchOS.platform/Developer/SDKs/WatchOS11.4.sdk/Developer/Library/Frameworks -filelist /Users/admin/builder/spi-builder-workspace/.derivedData/Build/Intermediates.noindex/Emoji\ Ninja.build/Debug-watchos/ninjalib.build/Objects-normal/arm64_32/ninjalib.LinkFileList -nostdlib -Xlinker -object_path_lto -Xlinker /Users/admin/builder/spi-builder-workspace/.derivedData/Build/Intermediates.noindex/Emoji\ Ninja.build/Debug-watchos/ninjalib.build/Objects-normal/arm64_32/ninjalib_lto.o -rdynamic -Xlinker -no_deduplicate -Xlinker -debug_variant -Xlinker -dependency_info -Xlinker /Users/admin/builder/spi-builder-workspace/.derivedData/Build/Intermediates.noindex/Emoji\ Ninja.build/Debug-watchos/ninjalib.build/Objects-normal/arm64_32/ninjalib_dependency_info.dat -fobjc-link-runtime -L/Applications/Xcode-16.3.0.app/Contents/Developer/Toolchains/XcodeDefault.xctoolchain/usr/lib/swift/watchos -L/usr/lib/swift -Xlinker -add_ast_path -Xlinker /Users/admin/builder/spi-builder-workspace/.derivedData/Build/Intermediates.noindex/Emoji\ Ninja.build/Debug-watchos/ninjalib.build/Objects-normal/arm64_32/ninjalib.swiftmodule -o /Users/admin/builder/spi-builder-workspace/.derivedData/Build/Intermediates.noindex/Emoji\ Ninja.build/Debug-watchos/ninjalib.build/Objects-normal/arm64_32/Binary/ninjalib.o
Ld /Users/admin/builder/spi-builder-workspace/.derivedData/Build/Intermediates.noindex/Emoji\ Ninja.build/Debug-watchos/ninjalib.build/Objects-normal/arm64/Binary/ninjalib.o normal arm64 (in target 'ninjalib' from project 'Emoji Ninja')
cd /Users/admin/builder/spi-builder-workspace
/Applications/Xcode-16.3.0.app/Contents/Developer/Toolchains/XcodeDefault.xctoolchain/usr/bin/clang -Xlinker -reproducible -target arm64-apple-watchos5.0 -r -isysroot /Applications/Xcode-16.3.0.app/Contents/Developer/Platforms/WatchOS.platform/Developer/SDKs/WatchOS11.4.sdk -O0 -L/Users/admin/builder/spi-builder-workspace/.derivedData/Build/Intermediates.noindex/EagerLinkingTBDs/Debug-watchos -L/Users/admin/builder/spi-builder-workspace/.derivedData/Build/Products/Debug-watchos -L/Applications/Xcode-16.3.0.app/Contents/Developer/Platforms/WatchOS.platform/Developer/usr/lib -F/Users/admin/builder/spi-builder-workspace/.derivedData/Build/Intermediates.noindex/EagerLinkingTBDs/Debug-watchos -F/Users/admin/builder/spi-builder-workspace/.derivedData/Build/Products/Debug-watchos -iframework /Applications/Xcode-16.3.0.app/Contents/Developer/Platforms/WatchOS.platform/Developer/Library/Frameworks -iframework /Applications/Xcode-16.3.0.app/Contents/Developer/Platforms/WatchOS.platform/Developer/SDKs/WatchOS11.4.sdk/Developer/Library/Frameworks -filelist /Users/admin/builder/spi-builder-workspace/.derivedData/Build/Intermediates.noindex/Emoji\ Ninja.build/Debug-watchos/ninjalib.build/Objects-normal/arm64/ninjalib.LinkFileList -nostdlib -Xlinker -object_path_lto -Xlinker /Users/admin/builder/spi-builder-workspace/.derivedData/Build/Intermediates.noindex/Emoji\ Ninja.build/Debug-watchos/ninjalib.build/Objects-normal/arm64/ninjalib_lto.o -rdynamic -Xlinker -no_deduplicate -Xlinker -debug_variant -Xlinker -dependency_info -Xlinker /Users/admin/builder/spi-builder-workspace/.derivedData/Build/Intermediates.noindex/Emoji\ Ninja.build/Debug-watchos/ninjalib.build/Objects-normal/arm64/ninjalib_dependency_info.dat -fobjc-link-runtime -L/Applications/Xcode-16.3.0.app/Contents/Developer/Toolchains/XcodeDefault.xctoolchain/usr/lib/swift/watchos -L/usr/lib/swift -Xlinker -add_ast_path -Xlinker /Users/admin/builder/spi-builder-workspace/.derivedData/Build/Intermediates.noindex/Emoji\ Ninja.build/Debug-watchos/ninjalib.build/Objects-normal/arm64/ninjalib.swiftmodule -o /Users/admin/builder/spi-builder-workspace/.derivedData/Build/Intermediates.noindex/Emoji\ Ninja.build/Debug-watchos/ninjalib.build/Objects-normal/arm64/Binary/ninjalib.o
SwiftCompile normal arm64 Compiling\ EmojiSupportChecker.swift,\ AccessibilityPermissionDialog.swift,\ CategoryFilterView.swift /Users/admin/builder/spi-builder-workspace/Sources/emojininja/Utils/EmojiSupportChecker.swift /Users/admin/builder/spi-builder-workspace/Sources/emojininja/Views/Components/AccessibilityPermissionDialog.swift /Users/admin/builder/spi-builder-workspace/Sources/emojininja/Views/Components/CategoryFilterView.swift (in target 'Emoji Ninja' from project 'Emoji Ninja')
SwiftCompile normal arm64 /Users/admin/builder/spi-builder-workspace/Sources/emojininja/Utils/EmojiSupportChecker.swift (in target 'Emoji Ninja' from project 'Emoji Ninja')
cd /Users/admin/builder/spi-builder-workspace/.swiftpm/xcode
SwiftCompile normal arm64 /Users/admin/builder/spi-builder-workspace/Sources/emojininja/Views/Components/AccessibilityPermissionDialog.swift (in target 'Emoji Ninja' from project 'Emoji Ninja')
cd /Users/admin/builder/spi-builder-workspace/.swiftpm/xcode
SwiftCompile normal arm64 /Users/admin/builder/spi-builder-workspace/Sources/emojininja/Views/Components/CategoryFilterView.swift (in target 'Emoji Ninja' from project 'Emoji Ninja')
cd /Users/admin/builder/spi-builder-workspace/.swiftpm/xcode
CreateUniversalBinary /Users/admin/builder/spi-builder-workspace/.derivedData/Build/Products/Debug-watchos/ninjalib.o normal arm64\ armv7k\ arm64_32 (in target 'ninjalib' from project 'Emoji Ninja')
cd /Users/admin/builder/spi-builder-workspace
/Applications/Xcode-16.3.0.app/Contents/Developer/Toolchains/XcodeDefault.xctoolchain/usr/bin/lipo -create /Users/admin/builder/spi-builder-workspace/.derivedData/Build/Intermediates.noindex/Emoji\ Ninja.build/Debug-watchos/ninjalib.build/Objects-normal/arm64/Binary/ninjalib.o /Users/admin/builder/spi-builder-workspace/.derivedData/Build/Intermediates.noindex/Emoji\ Ninja.build/Debug-watchos/ninjalib.build/Objects-normal/armv7k/Binary/ninjalib.o /Users/admin/builder/spi-builder-workspace/.derivedData/Build/Intermediates.noindex/Emoji\ Ninja.build/Debug-watchos/ninjalib.build/Objects-normal/arm64_32/Binary/ninjalib.o -output /Users/admin/builder/spi-builder-workspace/.derivedData/Build/Products/Debug-watchos/ninjalib.o
** BUILD FAILED **
The following build commands failed:
SwiftCompile normal arm64 /Users/admin/builder/spi-builder-workspace/Sources/emojininja/Domain/EmojiRepository.swift (in target 'Emoji Ninja' from project 'Emoji Ninja')
SwiftCompile normal arm64 /Users/admin/builder/spi-builder-workspace/Sources/emojininja/Extensions/EmojiGroupExtensions.swift (in target 'Emoji Ninja' from project 'Emoji Ninja')
SwiftCompile normal arm64 /Users/admin/builder/spi-builder-workspace/Sources/emojininja/Generated/BuildVersion.swift (in target 'Emoji Ninja' from project 'Emoji Ninja')
SwiftCompile normal arm64 /Users/admin/builder/spi-builder-workspace/Sources/emojininja/Managers/AppEmojiManager.swift (in target 'Emoji Ninja' from project 'Emoji Ninja')
SwiftCompile normal arm64 Compiling\ EmojiRepository.swift,\ EmojiGroupExtensions.swift,\ BuildVersion.swift,\ AppEmojiManager.swift /Users/admin/builder/spi-builder-workspace/Sources/emojininja/Domain/EmojiRepository.swift /Users/admin/builder/spi-builder-workspace/Sources/emojininja/Extensions/EmojiGroupExtensions.swift /Users/admin/builder/spi-builder-workspace/Sources/emojininja/Generated/BuildVersion.swift /Users/admin/builder/spi-builder-workspace/Sources/emojininja/Managers/AppEmojiManager.swift (in target 'Emoji Ninja' from project 'Emoji Ninja')
Building workspace spi-builder-workspace with scheme Emoji Ninja-Package
(6 failures)
Command line invocation:
/Applications/Xcode-16.3.0.app/Contents/Developer/usr/bin/xcodebuild -IDEClonedSourcePackagesDirPathOverride=/Users/admin/builder/spi-builder-workspace/.dependencies -resolvePackageDependencies
Resolve Package Graph
Resolved source packages:
Emoji Ninja: /Users/admin/builder/spi-builder-workspace
resolved source packages: Emoji Ninja
{
"dependencies" : [
],
"manifest_display_name" : "Emoji Ninja",
"name" : "Emoji Ninja",
"path" : "/Users/admin/builder/spi-builder-workspace",
"platforms" : [
{
"name" : "macos",
"version" : "14.0"
}
],
"products" : [
{
"name" : "ninjalib",
"targets" : [
"ninjalib"
],
"type" : {
"library" : [
"automatic"
]
}
},
{
"name" : "Emoji Ninja",
"targets" : [
"emoji"
],
"type" : {
"executable" : null
}
}
],
"targets" : [
{
"c99name" : "ninjalib",
"module_type" : "SwiftTarget",
"name" : "ninjalib",
"path" : "Sources/ninjalib",
"product_memberships" : [
"ninjalib",
"Emoji Ninja"
],
"resources" : [
{
"path" : "/Users/admin/builder/spi-builder-workspace/Sources/ninjalib/emoji_data.json",
"rule" : {
"process" : {
}
}
},
{
"path" : "/Users/admin/builder/spi-builder-workspace/Sources/ninjalib/search_index.json",
"rule" : {
"process" : {
}
}
}
],
"sources" : [
"EmojiData.swift",
"EmojiNavigationReducer.swift",
"EmojiSearchKit.swift",
"SkinTone.swift"
],
"type" : "library"
},
{
"c99name" : "emoji",
"module_type" : "SwiftTarget",
"name" : "emoji",
"path" : "Sources/emojininja",
"product_memberships" : [
"Emoji Ninja"
],
"resources" : [
{
"path" : "/Users/admin/builder/spi-builder-workspace/Sources/emojininja/Assets.xcassets",
"rule" : {
"process" : {
}
}
}
],
"sources" : [
"App.swift",
"Domain/EmojiDataSource.swift",
"Domain/EmojiNavigator.swift",
"Domain/EmojiRepository.swift",
"Extensions/EmojiGroupExtensions.swift",
"Generated/BuildVersion.swift",
"Managers/AppEmojiManager.swift",
"Managers/EmojiManager.swift",
"Managers/FrequentlyUsedEmojiManager.swift",
"Models/AppState.swift",
"Models/CategoryType.swift",
"Utils/EmojiSupportChecker.swift",
"Views/Components/AccessibilityPermissionDialog.swift",
"Views/Components/CategoryFilterView.swift",
"Views/Components/CategoryPill.swift",
"Views/Components/EmojiButton.swift",
"Views/Components/SearchBar.swift",
"Views/Components/TooltipManager.swift",
"Views/EmojiPicker/EmojiGridView.swift",
"Views/EmojiPicker/EmojiPickerView.swift",
"Views/EmojiPicker/SearchResultsView.swift",
"Views/Extensions/ScrollViewExtensions.swift",
"Views/MenuBar/MenuBarView.swift",
"Views/Styling/Modifiers/EmojiStyling.swift",
"Views/Styling/Modifiers/ViewExtensions.swift",
"Views/Styling/Themes/Theme.swift",
"Views/Styling/Themes/ThemeManager.swift",
"Views/Styling/Themes/ThemeSettingsView.swift",
"Views/Utils/EmojiLayout.swift",
"Views/ViewModels/EmojiPickerViewModel.swift",
"Views/ViewModels/MenuBarViewModel.swift"
],
"target_dependencies" : [
"ninjalib"
],
"type" : "executable"
},
{
"c99name" : "EmojiNinjaTests",
"module_type" : "SwiftTarget",
"name" : "EmojiNinjaTests",
"path" : "Tests/EmojiNinjaTests",
"sources" : [
"DataValidationTests.swift",
"EmojiDataTests.swift",
"EmojiModelTests.swift",
"EmojiNavigationReducerTests.swift",
"ResourceLoadingTests.swift",
"Search/CowboyEmojiTest.swift",
"Search/EdgeCaseTests.swift",
"Search/EmojiPickerViewModelSearchSyncTests.swift",
"Search/EmojiSearchKitTests.swift",
"Search/EmojiSearchTests.swift",
"Search/SearchPerformanceTests.swift",
"Search/SearchSmokeTests.swift",
"SkinToneTests.swift"
],
"target_dependencies" : [
"ninjalib",
"emoji"
],
"type" : "test"
}
],
"tools_version" : "6.0"
}
{
"workspace" : {
"name" : "spi-builder-workspace",
"schemes" : [
"Emoji Ninja",
"Emoji Ninja-Package",
"ninjalib"
]
}
}
Running build ...
env DEVELOPER_DIR=/Applications/Xcode-16.3.0.app xcrun xcodebuild -IDEClonedSourcePackagesDirPathOverride=$PWD/.dependencies -skipMacroValidation -skipPackagePluginValidation -derivedDataPath $PWD/.derivedData build -scheme Emoji Ninja-Package -destination generic/platform=watchOS
Command line invocation:
/Applications/Xcode-16.3.0.app/Contents/Developer/usr/bin/xcodebuild -IDEClonedSourcePackagesDirPathOverride=/Users/admin/builder/spi-builder-workspace/.dependencies -skipMacroValidation -skipPackagePluginValidation -derivedDataPath /Users/admin/builder/spi-builder-workspace/.derivedData build -scheme "Emoji Ninja-Package" -destination generic/platform=watchOS
Resolve Package Graph
Resolved source packages:
Emoji Ninja: /Users/admin/builder/spi-builder-workspace
ComputePackagePrebuildTargetDependencyGraph
Prepare packages
CreateBuildRequest
SendProjectDescription
CreateBuildOperation
ComputeTargetDependencyGraph
note: Building targets in dependency order
note: Target dependency graph (5 targets)
Target 'Emoji Ninja' in project 'Emoji Ninja'
➜ Explicit dependency on target 'Emoji Ninja_emoji' in project 'Emoji Ninja'
➜ Explicit dependency on target 'ninjalib' in project 'Emoji Ninja'
Target 'Emoji Ninja_emoji' in project 'Emoji Ninja' (no dependencies)
Target 'ninjalib' in project 'Emoji Ninja'
➜ Explicit dependency on target 'ninjalib' in project 'Emoji Ninja'
➜ Explicit dependency on target 'Emoji Ninja_ninjalib' in project 'Emoji Ninja'
Target 'ninjalib' in project 'Emoji Ninja'
➜ Explicit dependency on target 'Emoji Ninja_ninjalib' in project 'Emoji Ninja'
Target 'Emoji Ninja_ninjalib' in project 'Emoji Ninja' (no dependencies)
GatherProvisioningInputs
CreateBuildDescription
ExecuteExternalTool /Applications/Xcode-16.3.0.app/Contents/Developer/Toolchains/XcodeDefault.xctoolchain/usr/bin/swiftc --version
ExecuteExternalTool /Applications/Xcode-16.3.0.app/Contents/Developer/Toolchains/XcodeDefault.xctoolchain/usr/bin/clang -v -E -dM -isysroot /Applications/Xcode-16.3.0.app/Contents/Developer/Platforms/WatchOS.platform/Developer/SDKs/WatchOS11.4.sdk -x c -c /dev/null
ExecuteExternalTool /Applications/Xcode-16.3.0.app/Contents/Developer/usr/bin/actool --version --output-format xml1
ExecuteExternalTool /Applications/Xcode-16.3.0.app/Contents/Developer/Toolchains/XcodeDefault.xctoolchain/usr/bin/ld -version_details
Build description signature: 1d686c145cc665ad9201839cfc0e9c38
Build description path: /Users/admin/builder/spi-builder-workspace/.derivedData/Build/Intermediates.noindex/XCBuildData/1d686c145cc665ad9201839cfc0e9c38.xcbuilddata
ClangStatCache /Applications/Xcode-16.3.0.app/Contents/Developer/Toolchains/XcodeDefault.xctoolchain/usr/bin/clang-stat-cache /Applications/Xcode-16.3.0.app/Contents/Developer/Platforms/WatchOS.platform/Developer/SDKs/WatchOS11.4.sdk /Users/admin/builder/spi-builder-workspace/.derivedData/SDKStatCaches.noindex/watchos11.4-22T246-43efb940ff07ba2497b70ec94253f576.sdkstatcache
cd /Users/admin/builder/spi-builder-workspace/.swiftpm/xcode
/Applications/Xcode-16.3.0.app/Contents/Developer/Toolchains/XcodeDefault.xctoolchain/usr/bin/clang-stat-cache /Applications/Xcode-16.3.0.app/Contents/Developer/Platforms/WatchOS.platform/Developer/SDKs/WatchOS11.4.sdk -o /Users/admin/builder/spi-builder-workspace/.derivedData/SDKStatCaches.noindex/watchos11.4-22T246-43efb940ff07ba2497b70ec94253f576.sdkstatcache
ProcessInfoPlistFile /Users/admin/builder/spi-builder-workspace/.derivedData/Build/Products/Debug-watchos/Emoji\ Ninja_ninjalib.bundle/Info.plist /Users/admin/builder/spi-builder-workspace/.derivedData/Build/Intermediates.noindex/Emoji\ Ninja.build/Debug-watchos/Emoji\ Ninja_ninjalib.build/empty-Emoji\ Ninja_ninjalib.plist (in target 'Emoji Ninja_ninjalib' from project 'Emoji Ninja')
cd /Users/admin/builder/spi-builder-workspace
builtin-infoPlistUtility /Users/admin/builder/spi-builder-workspace/.derivedData/Build/Intermediates.noindex/Emoji\ Ninja.build/Debug-watchos/Emoji\ Ninja_ninjalib.build/empty-Emoji\ Ninja_ninjalib.plist -producttype com.apple.product-type.bundle -expandbuildsettings -format binary -platform watchos -o /Users/admin/builder/spi-builder-workspace/.derivedData/Build/Products/Debug-watchos/Emoji\ Ninja_ninjalib.bundle/Info.plist
ProcessInfoPlistFile /Users/admin/builder/spi-builder-workspace/.derivedData/Build/Products/Debug-watchos/Emoji\ Ninja_emoji.bundle/Info.plist /Users/admin/builder/spi-builder-workspace/.derivedData/Build/Intermediates.noindex/Emoji\ Ninja.build/Debug-watchos/Emoji\ Ninja_emoji.build/empty-Emoji\ Ninja_emoji.plist (in target 'Emoji Ninja_emoji' from project 'Emoji Ninja')
cd /Users/admin/builder/spi-builder-workspace
builtin-infoPlistUtility /Users/admin/builder/spi-builder-workspace/.derivedData/Build/Intermediates.noindex/Emoji\ Ninja.build/Debug-watchos/Emoji\ Ninja_emoji.build/empty-Emoji\ Ninja_emoji.plist -producttype com.apple.product-type.bundle -expandbuildsettings -format binary -platform watchos -additionalcontentfile /Users/admin/builder/spi-builder-workspace/.derivedData/Build/Intermediates.noindex/Emoji\ Ninja.build/Debug-watchos/Emoji\ Ninja_emoji.build/assetcatalog_generated_info.plist -o /Users/admin/builder/spi-builder-workspace/.derivedData/Build/Products/Debug-watchos/Emoji\ Ninja_emoji.bundle/Info.plist
SwiftDriver ninjalib normal armv7k com.apple.xcode.tools.swift.compiler (in target 'ninjalib' from project 'Emoji Ninja')
cd /Users/admin/builder/spi-builder-workspace/.swiftpm/xcode
builtin-SwiftDriver -- /Applications/Xcode-16.3.0.app/Contents/Developer/Toolchains/XcodeDefault.xctoolchain/usr/bin/swiftc -module-name ninjalib -Onone -enforce-exclusivity\=checked @/Users/admin/builder/spi-builder-workspace/.derivedData/Build/Intermediates.noindex/Emoji\ Ninja.build/Debug-watchos/ninjalib.build/Objects-normal/armv7k/ninjalib.SwiftFileList -DSWIFT_PACKAGE -DDEBUG -DXcode -plugin-path /Applications/Xcode-16.3.0.app/Contents/Developer/Toolchains/XcodeDefault.xctoolchain/usr/lib/swift/host/plugins/testing -enable-experimental-feature DebugDescriptionMacro -sdk /Applications/Xcode-16.3.0.app/Contents/Developer/Platforms/WatchOS.platform/Developer/SDKs/WatchOS11.4.sdk -target armv7k-apple-watchos5.0 -g -module-cache-path /Users/admin/builder/spi-builder-workspace/.derivedData/ModuleCache.noindex -Xfrontend -serialize-debugging-options -profile-coverage-mapping -profile-generate -enable-testing -index-store-path /Users/admin/builder/spi-builder-workspace/.derivedData/Index.noindex/DataStore -swift-version 6 -I /Users/admin/builder/spi-builder-workspace/.derivedData/Build/Products/Debug-watchos -I /Applications/Xcode-16.3.0.app/Contents/Developer/Platforms/WatchOS.platform/Developer/usr/lib -F /Users/admin/builder/spi-builder-workspace/.derivedData/Build/Products/Debug-watchos -F /Applications/Xcode-16.3.0.app/Contents/Developer/Platforms/WatchOS.platform/Developer/Library/Frameworks -F /Applications/Xcode-16.3.0.app/Contents/Developer/Platforms/WatchOS.platform/Developer/SDKs/WatchOS11.4.sdk/Developer/Library/Frameworks -c -j10 -enable-batch-mode -incremental -Xcc -ivfsstatcache -Xcc /Users/admin/builder/spi-builder-workspace/.derivedData/SDKStatCaches.noindex/watchos11.4-22T246-43efb940ff07ba2497b70ec94253f576.sdkstatcache -output-file-map /Users/admin/builder/spi-builder-workspace/.derivedData/Build/Intermediates.noindex/Emoji\ Ninja.build/Debug-watchos/ninjalib.build/Objects-normal/armv7k/ninjalib-OutputFileMap.json -use-frontend-parseable-output -save-temps -no-color-diagnostics -serialize-diagnostics -emit-dependencies -emit-module -emit-module-path /Users/admin/builder/spi-builder-workspace/.derivedData/Build/Intermediates.noindex/Emoji\ Ninja.build/Debug-watchos/ninjalib.build/Objects-normal/armv7k/ninjalib.swiftmodule -validate-clang-modules-once -clang-build-session-file /Users/admin/builder/spi-builder-workspace/.derivedData/ModuleCache.noindex/Session.modulevalidation -package-name spi_builder_workspace -Xcc -I/Users/admin/builder/spi-builder-workspace/.derivedData/Build/Intermediates.noindex/Emoji\ Ninja.build/Debug-watchos/ninjalib.build/swift-overrides.hmap -emit-const-values -Xfrontend -const-gather-protocols-file -Xfrontend /Users/admin/builder/spi-builder-workspace/.derivedData/Build/Intermediates.noindex/Emoji\ Ninja.build/Debug-watchos/ninjalib.build/Objects-normal/armv7k/ninjalib_const_extract_protocols.json -Xcc -I/Users/admin/builder/spi-builder-workspace/.derivedData/Build/Products/Debug-watchos/include -Xcc -I/Users/admin/builder/spi-builder-workspace/.derivedData/Build/Intermediates.noindex/Emoji\ Ninja.build/Debug-watchos/ninjalib.build/DerivedSources-normal/armv7k -Xcc -I/Users/admin/builder/spi-builder-workspace/.derivedData/Build/Intermediates.noindex/Emoji\ Ninja.build/Debug-watchos/ninjalib.build/DerivedSources/armv7k -Xcc -I/Users/admin/builder/spi-builder-workspace/.derivedData/Build/Intermediates.noindex/Emoji\ Ninja.build/Debug-watchos/ninjalib.build/DerivedSources -Xcc -DSWIFT_PACKAGE -Xcc -DDEBUG\=1 -emit-objc-header -emit-objc-header-path /Users/admin/builder/spi-builder-workspace/.derivedData/Build/Intermediates.noindex/Emoji\ Ninja.build/Debug-watchos/ninjalib.build/Objects-normal/armv7k/ninjalib-Swift.h -working-directory /Users/admin/builder/spi-builder-workspace/.swiftpm/xcode -experimental-emit-module-separately -disable-cmo
SwiftDriver ninjalib normal arm64_32 com.apple.xcode.tools.swift.compiler (in target 'ninjalib' from project 'Emoji Ninja')
cd /Users/admin/builder/spi-builder-workspace/.swiftpm/xcode
builtin-SwiftDriver -- /Applications/Xcode-16.3.0.app/Contents/Developer/Toolchains/XcodeDefault.xctoolchain/usr/bin/swiftc -module-name ninjalib -Onone -enforce-exclusivity\=checked @/Users/admin/builder/spi-builder-workspace/.derivedData/Build/Intermediates.noindex/Emoji\ Ninja.build/Debug-watchos/ninjalib.build/Objects-normal/arm64_32/ninjalib.SwiftFileList -DSWIFT_PACKAGE -DDEBUG -DXcode -plugin-path /Applications/Xcode-16.3.0.app/Contents/Developer/Toolchains/XcodeDefault.xctoolchain/usr/lib/swift/host/plugins/testing -enable-experimental-feature DebugDescriptionMacro -sdk /Applications/Xcode-16.3.0.app/Contents/Developer/Platforms/WatchOS.platform/Developer/SDKs/WatchOS11.4.sdk -target arm64_32-apple-watchos5.0 -g -module-cache-path /Users/admin/builder/spi-builder-workspace/.derivedData/ModuleCache.noindex -Xfrontend -serialize-debugging-options -profile-coverage-mapping -profile-generate -enable-testing -index-store-path /Users/admin/builder/spi-builder-workspace/.derivedData/Index.noindex/DataStore -swift-version 6 -I /Users/admin/builder/spi-builder-workspace/.derivedData/Build/Products/Debug-watchos -I /Applications/Xcode-16.3.0.app/Contents/Developer/Platforms/WatchOS.platform/Developer/usr/lib -F /Users/admin/builder/spi-builder-workspace/.derivedData/Build/Products/Debug-watchos -F /Applications/Xcode-16.3.0.app/Contents/Developer/Platforms/WatchOS.platform/Developer/Library/Frameworks -F /Applications/Xcode-16.3.0.app/Contents/Developer/Platforms/WatchOS.platform/Developer/SDKs/WatchOS11.4.sdk/Developer/Library/Frameworks -c -j10 -enable-batch-mode -incremental -Xcc -ivfsstatcache -Xcc /Users/admin/builder/spi-builder-workspace/.derivedData/SDKStatCaches.noindex/watchos11.4-22T246-43efb940ff07ba2497b70ec94253f576.sdkstatcache -output-file-map /Users/admin/builder/spi-builder-workspace/.derivedData/Build/Intermediates.noindex/Emoji\ Ninja.build/Debug-watchos/ninjalib.build/Objects-normal/arm64_32/ninjalib-OutputFileMap.json -use-frontend-parseable-output -save-temps -no-color-diagnostics -serialize-diagnostics -emit-dependencies -emit-module -emit-module-path /Users/admin/builder/spi-builder-workspace/.derivedData/Build/Intermediates.noindex/Emoji\ Ninja.build/Debug-watchos/ninjalib.build/Objects-normal/arm64_32/ninjalib.swiftmodule -validate-clang-modules-once -clang-build-session-file /Users/admin/builder/spi-builder-workspace/.derivedData/ModuleCache.noindex/Session.modulevalidation -package-name spi_builder_workspace -Xcc -I/Users/admin/builder/spi-builder-workspace/.derivedData/Build/Intermediates.noindex/Emoji\ Ninja.build/Debug-watchos/ninjalib.build/swift-overrides.hmap -emit-const-values -Xfrontend -const-gather-protocols-file -Xfrontend /Users/admin/builder/spi-builder-workspace/.derivedData/Build/Intermediates.noindex/Emoji\ Ninja.build/Debug-watchos/ninjalib.build/Objects-normal/arm64_32/ninjalib_const_extract_protocols.json -Xcc -I/Users/admin/builder/spi-builder-workspace/.derivedData/Build/Products/Debug-watchos/include -Xcc -I/Users/admin/builder/spi-builder-workspace/.derivedData/Build/Intermediates.noindex/Emoji\ Ninja.build/Debug-watchos/ninjalib.build/DerivedSources-normal/arm64_32 -Xcc -I/Users/admin/builder/spi-builder-workspace/.derivedData/Build/Intermediates.noindex/Emoji\ Ninja.build/Debug-watchos/ninjalib.build/DerivedSources/arm64_32 -Xcc -I/Users/admin/builder/spi-builder-workspace/.derivedData/Build/Intermediates.noindex/Emoji\ Ninja.build/Debug-watchos/ninjalib.build/DerivedSources -Xcc -DSWIFT_PACKAGE -Xcc -DDEBUG\=1 -emit-objc-header -emit-objc-header-path /Users/admin/builder/spi-builder-workspace/.derivedData/Build/Intermediates.noindex/Emoji\ Ninja.build/Debug-watchos/ninjalib.build/Objects-normal/arm64_32/ninjalib-Swift.h -working-directory /Users/admin/builder/spi-builder-workspace/.swiftpm/xcode -experimental-emit-module-separately -disable-cmo
SwiftDriver ninjalib normal arm64 com.apple.xcode.tools.swift.compiler (in target 'ninjalib' from project 'Emoji Ninja')
cd /Users/admin/builder/spi-builder-workspace/.swiftpm/xcode
builtin-SwiftDriver -- /Applications/Xcode-16.3.0.app/Contents/Developer/Toolchains/XcodeDefault.xctoolchain/usr/bin/swiftc -module-name ninjalib -Onone -enforce-exclusivity\=checked @/Users/admin/builder/spi-builder-workspace/.derivedData/Build/Intermediates.noindex/Emoji\ Ninja.build/Debug-watchos/ninjalib.build/Objects-normal/arm64/ninjalib.SwiftFileList -DSWIFT_PACKAGE -DDEBUG -DXcode -plugin-path /Applications/Xcode-16.3.0.app/Contents/Developer/Toolchains/XcodeDefault.xctoolchain/usr/lib/swift/host/plugins/testing -enable-experimental-feature DebugDescriptionMacro -sdk /Applications/Xcode-16.3.0.app/Contents/Developer/Platforms/WatchOS.platform/Developer/SDKs/WatchOS11.4.sdk -target arm64-apple-watchos5.0 -g -module-cache-path /Users/admin/builder/spi-builder-workspace/.derivedData/ModuleCache.noindex -Xfrontend -serialize-debugging-options -profile-coverage-mapping -profile-generate -enable-testing -index-store-path /Users/admin/builder/spi-builder-workspace/.derivedData/Index.noindex/DataStore -swift-version 6 -I /Users/admin/builder/spi-builder-workspace/.derivedData/Build/Products/Debug-watchos -I /Applications/Xcode-16.3.0.app/Contents/Developer/Platforms/WatchOS.platform/Developer/usr/lib -F /Users/admin/builder/spi-builder-workspace/.derivedData/Build/Products/Debug-watchos -F /Applications/Xcode-16.3.0.app/Contents/Developer/Platforms/WatchOS.platform/Developer/Library/Frameworks -F /Applications/Xcode-16.3.0.app/Contents/Developer/Platforms/WatchOS.platform/Developer/SDKs/WatchOS11.4.sdk/Developer/Library/Frameworks -c -j10 -enable-batch-mode -incremental -Xcc -ivfsstatcache -Xcc /Users/admin/builder/spi-builder-workspace/.derivedData/SDKStatCaches.noindex/watchos11.4-22T246-43efb940ff07ba2497b70ec94253f576.sdkstatcache -output-file-map /Users/admin/builder/spi-builder-workspace/.derivedData/Build/Intermediates.noindex/Emoji\ Ninja.build/Debug-watchos/ninjalib.build/Objects-normal/arm64/ninjalib-OutputFileMap.json -use-frontend-parseable-output -save-temps -no-color-diagnostics -serialize-diagnostics -emit-dependencies -emit-module -emit-module-path /Users/admin/builder/spi-builder-workspace/.derivedData/Build/Intermediates.noindex/Emoji\ Ninja.build/Debug-watchos/ninjalib.build/Objects-normal/arm64/ninjalib.swiftmodule -validate-clang-modules-once -clang-build-session-file /Users/admin/builder/spi-builder-workspace/.derivedData/ModuleCache.noindex/Session.modulevalidation -package-name spi_builder_workspace -Xcc -I/Users/admin/builder/spi-builder-workspace/.derivedData/Build/Intermediates.noindex/Emoji\ Ninja.build/Debug-watchos/ninjalib.build/swift-overrides.hmap -emit-const-values -Xfrontend -const-gather-protocols-file -Xfrontend /Users/admin/builder/spi-builder-workspace/.derivedData/Build/Intermediates.noindex/Emoji\ Ninja.build/Debug-watchos/ninjalib.build/Objects-normal/arm64/ninjalib_const_extract_protocols.json -Xcc -I/Users/admin/builder/spi-builder-workspace/.derivedData/Build/Products/Debug-watchos/include -Xcc -I/Users/admin/builder/spi-builder-workspace/.derivedData/Build/Intermediates.noindex/Emoji\ Ninja.build/Debug-watchos/ninjalib.build/DerivedSources-normal/arm64 -Xcc -I/Users/admin/builder/spi-builder-workspace/.derivedData/Build/Intermediates.noindex/Emoji\ Ninja.build/Debug-watchos/ninjalib.build/DerivedSources/arm64 -Xcc -I/Users/admin/builder/spi-builder-workspace/.derivedData/Build/Intermediates.noindex/Emoji\ Ninja.build/Debug-watchos/ninjalib.build/DerivedSources -Xcc -DSWIFT_PACKAGE -Xcc -DDEBUG\=1 -emit-objc-header -emit-objc-header-path /Users/admin/builder/spi-builder-workspace/.derivedData/Build/Intermediates.noindex/Emoji\ Ninja.build/Debug-watchos/ninjalib.build/Objects-normal/arm64/ninjalib-Swift.h -working-directory /Users/admin/builder/spi-builder-workspace/.swiftpm/xcode -experimental-emit-module-separately -disable-cmo
SwiftCompile normal arm64 Compiling\ EmojiData.swift /Users/admin/builder/spi-builder-workspace/Sources/ninjalib/EmojiData.swift (in target 'ninjalib' from project 'Emoji Ninja')
SwiftCompile normal arm64 /Users/admin/builder/spi-builder-workspace/Sources/ninjalib/EmojiData.swift (in target 'ninjalib' from project 'Emoji Ninja')
cd /Users/admin/builder/spi-builder-workspace/.swiftpm/xcode
SwiftCompile normal arm64 Compiling\ EmojiSearchKit.swift /Users/admin/builder/spi-builder-workspace/Sources/ninjalib/EmojiSearchKit.swift (in target 'ninjalib' from project 'Emoji Ninja')
SwiftCompile normal arm64 /Users/admin/builder/spi-builder-workspace/Sources/ninjalib/EmojiSearchKit.swift (in target 'ninjalib' from project 'Emoji Ninja')
cd /Users/admin/builder/spi-builder-workspace/.swiftpm/xcode
SwiftCompile normal arm64 Compiling\ EmojiNavigationReducer.swift /Users/admin/builder/spi-builder-workspace/Sources/ninjalib/EmojiNavigationReducer.swift (in target 'ninjalib' from project 'Emoji Ninja')
SwiftCompile normal arm64 /Users/admin/builder/spi-builder-workspace/Sources/ninjalib/EmojiNavigationReducer.swift (in target 'ninjalib' from project 'Emoji Ninja')
cd /Users/admin/builder/spi-builder-workspace/.swiftpm/xcode
SwiftEmitModule normal arm64 Emitting\ module\ for\ ninjalib (in target 'ninjalib' from project 'Emoji Ninja')
EmitSwiftModule normal arm64 (in target 'ninjalib' from project 'Emoji Ninja')
cd /Users/admin/builder/spi-builder-workspace/.swiftpm/xcode
SwiftCompile normal arm64 Compiling\ resource_bundle_accessor.swift /Users/admin/builder/spi-builder-workspace/.derivedData/Build/Intermediates.noindex/Emoji\ Ninja.build/Debug-watchos/ninjalib.build/DerivedSources/resource_bundle_accessor.swift (in target 'ninjalib' from project 'Emoji Ninja')
SwiftCompile normal arm64 /Users/admin/builder/spi-builder-workspace/.derivedData/Build/Intermediates.noindex/Emoji\ Ninja.build/Debug-watchos/ninjalib.build/DerivedSources/resource_bundle_accessor.swift (in target 'ninjalib' from project 'Emoji Ninja')
cd /Users/admin/builder/spi-builder-workspace/.swiftpm/xcode
SwiftCompile normal arm64 Compiling\ SkinTone.swift /Users/admin/builder/spi-builder-workspace/Sources/ninjalib/SkinTone.swift (in target 'ninjalib' from project 'Emoji Ninja')
SwiftCompile normal arm64 /Users/admin/builder/spi-builder-workspace/Sources/ninjalib/SkinTone.swift (in target 'ninjalib' from project 'Emoji Ninja')
cd /Users/admin/builder/spi-builder-workspace/.swiftpm/xcode
SwiftCompile normal armv7k Compiling\ resource_bundle_accessor.swift /Users/admin/builder/spi-builder-workspace/.derivedData/Build/Intermediates.noindex/Emoji\ Ninja.build/Debug-watchos/ninjalib.build/DerivedSources/resource_bundle_accessor.swift (in target 'ninjalib' from project 'Emoji Ninja')
SwiftCompile normal armv7k /Users/admin/builder/spi-builder-workspace/.derivedData/Build/Intermediates.noindex/Emoji\ Ninja.build/Debug-watchos/ninjalib.build/DerivedSources/resource_bundle_accessor.swift (in target 'ninjalib' from project 'Emoji Ninja')
cd /Users/admin/builder/spi-builder-workspace/.swiftpm/xcode
SwiftCompile normal armv7k Compiling\ EmojiData.swift /Users/admin/builder/spi-builder-workspace/Sources/ninjalib/EmojiData.swift (in target 'ninjalib' from project 'Emoji Ninja')
SwiftCompile normal armv7k /Users/admin/builder/spi-builder-workspace/Sources/ninjalib/EmojiData.swift (in target 'ninjalib' from project 'Emoji Ninja')
cd /Users/admin/builder/spi-builder-workspace/.swiftpm/xcode
SwiftCompile normal armv7k Compiling\ EmojiNavigationReducer.swift /Users/admin/builder/spi-builder-workspace/Sources/ninjalib/EmojiNavigationReducer.swift (in target 'ninjalib' from project 'Emoji Ninja')
SwiftCompile normal armv7k /Users/admin/builder/spi-builder-workspace/Sources/ninjalib/EmojiNavigationReducer.swift (in target 'ninjalib' from project 'Emoji Ninja')
cd /Users/admin/builder/spi-builder-workspace/.swiftpm/xcode
SwiftEmitModule normal armv7k Emitting\ module\ for\ ninjalib (in target 'ninjalib' from project 'Emoji Ninja')
EmitSwiftModule normal armv7k (in target 'ninjalib' from project 'Emoji Ninja')
cd /Users/admin/builder/spi-builder-workspace/.swiftpm/xcode
SwiftCompile normal arm64_32 Compiling\ EmojiData.swift /Users/admin/builder/spi-builder-workspace/Sources/ninjalib/EmojiData.swift (in target 'ninjalib' from project 'Emoji Ninja')
SwiftCompile normal arm64_32 /Users/admin/builder/spi-builder-workspace/Sources/ninjalib/EmojiData.swift (in target 'ninjalib' from project 'Emoji Ninja')
cd /Users/admin/builder/spi-builder-workspace/.swiftpm/xcode
SwiftEmitModule normal arm64_32 Emitting\ module\ for\ ninjalib (in target 'ninjalib' from project 'Emoji Ninja')
EmitSwiftModule normal arm64_32 (in target 'ninjalib' from project 'Emoji Ninja')
cd /Users/admin/builder/spi-builder-workspace/.swiftpm/xcode
SwiftDriverJobDiscovery normal arm64 Compiling SkinTone.swift (in target 'ninjalib' from project 'Emoji Ninja')
SwiftDriverJobDiscovery normal arm64 Compiling resource_bundle_accessor.swift (in target 'ninjalib' from project 'Emoji Ninja')
SwiftCompile normal arm64_32 Compiling\ SkinTone.swift /Users/admin/builder/spi-builder-workspace/Sources/ninjalib/SkinTone.swift (in target 'ninjalib' from project 'Emoji Ninja')
SwiftCompile normal arm64_32 /Users/admin/builder/spi-builder-workspace/Sources/ninjalib/SkinTone.swift (in target 'ninjalib' from project 'Emoji Ninja')
cd /Users/admin/builder/spi-builder-workspace/.swiftpm/xcode
SwiftDriverJobDiscovery normal arm64 Compiling EmojiNavigationReducer.swift (in target 'ninjalib' from project 'Emoji Ninja')
SwiftCompile normal armv7k Compiling\ EmojiSearchKit.swift /Users/admin/builder/spi-builder-workspace/Sources/ninjalib/EmojiSearchKit.swift (in target 'ninjalib' from project 'Emoji Ninja')
SwiftCompile normal armv7k /Users/admin/builder/spi-builder-workspace/Sources/ninjalib/EmojiSearchKit.swift (in target 'ninjalib' from project 'Emoji Ninja')
cd /Users/admin/builder/spi-builder-workspace/.swiftpm/xcode
SwiftDriverJobDiscovery normal armv7k Compiling resource_bundle_accessor.swift (in target 'ninjalib' from project 'Emoji Ninja')
SwiftCompile normal arm64_32 Compiling\ resource_bundle_accessor.swift /Users/admin/builder/spi-builder-workspace/.derivedData/Build/Intermediates.noindex/Emoji\ Ninja.build/Debug-watchos/ninjalib.build/DerivedSources/resource_bundle_accessor.swift (in target 'ninjalib' from project 'Emoji Ninja')
SwiftCompile normal arm64_32 /Users/admin/builder/spi-builder-workspace/.derivedData/Build/Intermediates.noindex/Emoji\ Ninja.build/Debug-watchos/ninjalib.build/DerivedSources/resource_bundle_accessor.swift (in target 'ninjalib' from project 'Emoji Ninja')
cd /Users/admin/builder/spi-builder-workspace/.swiftpm/xcode
SwiftDriverJobDiscovery normal arm64 Emitting module for ninjalib (in target 'ninjalib' from project 'Emoji Ninja')
SwiftDriver\ Compilation\ Requirements ninjalib normal arm64 com.apple.xcode.tools.swift.compiler (in target 'ninjalib' from project 'Emoji Ninja')
cd /Users/admin/builder/spi-builder-workspace/.swiftpm/xcode
builtin-Swift-Compilation-Requirements -- /Applications/Xcode-16.3.0.app/Contents/Developer/Toolchains/XcodeDefault.xctoolchain/usr/bin/swiftc -module-name ninjalib -Onone -enforce-exclusivity\=checked @/Users/admin/builder/spi-builder-workspace/.derivedData/Build/Intermediates.noindex/Emoji\ Ninja.build/Debug-watchos/ninjalib.build/Objects-normal/arm64/ninjalib.SwiftFileList -DSWIFT_PACKAGE -DDEBUG -DXcode -plugin-path /Applications/Xcode-16.3.0.app/Contents/Developer/Toolchains/XcodeDefault.xctoolchain/usr/lib/swift/host/plugins/testing -enable-experimental-feature DebugDescriptionMacro -sdk /Applications/Xcode-16.3.0.app/Contents/Developer/Platforms/WatchOS.platform/Developer/SDKs/WatchOS11.4.sdk -target arm64-apple-watchos5.0 -g -module-cache-path /Users/admin/builder/spi-builder-workspace/.derivedData/ModuleCache.noindex -Xfrontend -serialize-debugging-options -profile-coverage-mapping -profile-generate -enable-testing -index-store-path /Users/admin/builder/spi-builder-workspace/.derivedData/Index.noindex/DataStore -swift-version 6 -I /Users/admin/builder/spi-builder-workspace/.derivedData/Build/Products/Debug-watchos -I /Applications/Xcode-16.3.0.app/Contents/Developer/Platforms/WatchOS.platform/Developer/usr/lib -F /Users/admin/builder/spi-builder-workspace/.derivedData/Build/Products/Debug-watchos -F /Applications/Xcode-16.3.0.app/Contents/Developer/Platforms/WatchOS.platform/Developer/Library/Frameworks -F /Applications/Xcode-16.3.0.app/Contents/Developer/Platforms/WatchOS.platform/Developer/SDKs/WatchOS11.4.sdk/Developer/Library/Frameworks -c -j10 -enable-batch-mode -incremental -Xcc -ivfsstatcache -Xcc /Users/admin/builder/spi-builder-workspace/.derivedData/SDKStatCaches.noindex/watchos11.4-22T246-43efb940ff07ba2497b70ec94253f576.sdkstatcache -output-file-map /Users/admin/builder/spi-builder-workspace/.derivedData/Build/Intermediates.noindex/Emoji\ Ninja.build/Debug-watchos/ninjalib.build/Objects-normal/arm64/ninjalib-OutputFileMap.json -use-frontend-parseable-output -save-temps -no-color-diagnostics -serialize-diagnostics -emit-dependencies -emit-module -emit-module-path /Users/admin/builder/spi-builder-workspace/.derivedData/Build/Intermediates.noindex/Emoji\ Ninja.build/Debug-watchos/ninjalib.build/Objects-normal/arm64/ninjalib.swiftmodule -validate-clang-modules-once -clang-build-session-file /Users/admin/builder/spi-builder-workspace/.derivedData/ModuleCache.noindex/Session.modulevalidation -package-name spi_builder_workspace -Xcc -I/Users/admin/builder/spi-builder-workspace/.derivedData/Build/Intermediates.noindex/Emoji\ Ninja.build/Debug-watchos/ninjalib.build/swift-overrides.hmap -emit-const-values -Xfrontend -const-gather-protocols-file -Xfrontend /Users/admin/builder/spi-builder-workspace/.derivedData/Build/Intermediates.noindex/Emoji\ Ninja.build/Debug-watchos/ninjalib.build/Objects-normal/arm64/ninjalib_const_extract_protocols.json -Xcc -I/Users/admin/builder/spi-builder-workspace/.derivedData/Build/Products/Debug-watchos/include -Xcc -I/Users/admin/builder/spi-builder-workspace/.derivedData/Build/Intermediates.noindex/Emoji\ Ninja.build/Debug-watchos/ninjalib.build/DerivedSources-normal/arm64 -Xcc -I/Users/admin/builder/spi-builder-workspace/.derivedData/Build/Intermediates.noindex/Emoji\ Ninja.build/Debug-watchos/ninjalib.build/DerivedSources/arm64 -Xcc -I/Users/admin/builder/spi-builder-workspace/.derivedData/Build/Intermediates.noindex/Emoji\ Ninja.build/Debug-watchos/ninjalib.build/DerivedSources -Xcc -DSWIFT_PACKAGE -Xcc -DDEBUG\=1 -emit-objc-header -emit-objc-header-path /Users/admin/builder/spi-builder-workspace/.derivedData/Build/Intermediates.noindex/Emoji\ Ninja.build/Debug-watchos/ninjalib.build/Objects-normal/arm64/ninjalib-Swift.h -working-directory /Users/admin/builder/spi-builder-workspace/.swiftpm/xcode -experimental-emit-module-separately -disable-cmo
SwiftDriverJobDiscovery normal armv7k Compiling EmojiNavigationReducer.swift (in target 'ninjalib' from project 'Emoji Ninja')
SwiftCompile normal arm64_32 Compiling\ EmojiSearchKit.swift /Users/admin/builder/spi-builder-workspace/Sources/ninjalib/EmojiSearchKit.swift (in target 'ninjalib' from project 'Emoji Ninja')
SwiftCompile normal arm64_32 /Users/admin/builder/spi-builder-workspace/Sources/ninjalib/EmojiSearchKit.swift (in target 'ninjalib' from project 'Emoji Ninja')
cd /Users/admin/builder/spi-builder-workspace/.swiftpm/xcode
Copy /Users/admin/builder/spi-builder-workspace/.derivedData/Build/Products/Debug-watchos/ninjalib.swiftmodule/arm64-apple-watchos.abi.json /Users/admin/builder/spi-builder-workspace/.derivedData/Build/Intermediates.noindex/Emoji\ Ninja.build/Debug-watchos/ninjalib.build/Objects-normal/arm64/ninjalib.abi.json (in target 'ninjalib' from project 'Emoji Ninja')
cd /Users/admin/builder/spi-builder-workspace
builtin-copy -exclude .DS_Store -exclude CVS -exclude .svn -exclude .git -exclude .hg -resolve-src-symlinks -rename /Users/admin/builder/spi-builder-workspace/.derivedData/Build/Intermediates.noindex/Emoji\ Ninja.build/Debug-watchos/ninjalib.build/Objects-normal/arm64/ninjalib.abi.json /Users/admin/builder/spi-builder-workspace/.derivedData/Build/Products/Debug-watchos/ninjalib.swiftmodule/arm64-apple-watchos.abi.json
SwiftDriverJobDiscovery normal armv7k Emitting module for ninjalib (in target 'ninjalib' from project 'Emoji Ninja')
SwiftDriver\ Compilation\ Requirements ninjalib normal armv7k com.apple.xcode.tools.swift.compiler (in target 'ninjalib' from project 'Emoji Ninja')
cd /Users/admin/builder/spi-builder-workspace/.swiftpm/xcode
builtin-Swift-Compilation-Requirements -- /Applications/Xcode-16.3.0.app/Contents/Developer/Toolchains/XcodeDefault.xctoolchain/usr/bin/swiftc -module-name ninjalib -Onone -enforce-exclusivity\=checked @/Users/admin/builder/spi-builder-workspace/.derivedData/Build/Intermediates.noindex/Emoji\ Ninja.build/Debug-watchos/ninjalib.build/Objects-normal/armv7k/ninjalib.SwiftFileList -DSWIFT_PACKAGE -DDEBUG -DXcode -plugin-path /Applications/Xcode-16.3.0.app/Contents/Developer/Toolchains/XcodeDefault.xctoolchain/usr/lib/swift/host/plugins/testing -enable-experimental-feature DebugDescriptionMacro -sdk /Applications/Xcode-16.3.0.app/Contents/Developer/Platforms/WatchOS.platform/Developer/SDKs/WatchOS11.4.sdk -target armv7k-apple-watchos5.0 -g -module-cache-path /Users/admin/builder/spi-builder-workspace/.derivedData/ModuleCache.noindex -Xfrontend -serialize-debugging-options -profile-coverage-mapping -profile-generate -enable-testing -index-store-path /Users/admin/builder/spi-builder-workspace/.derivedData/Index.noindex/DataStore -swift-version 6 -I /Users/admin/builder/spi-builder-workspace/.derivedData/Build/Products/Debug-watchos -I /Applications/Xcode-16.3.0.app/Contents/Developer/Platforms/WatchOS.platform/Developer/usr/lib -F /Users/admin/builder/spi-builder-workspace/.derivedData/Build/Products/Debug-watchos -F /Applications/Xcode-16.3.0.app/Contents/Developer/Platforms/WatchOS.platform/Developer/Library/Frameworks -F /Applications/Xcode-16.3.0.app/Contents/Developer/Platforms/WatchOS.platform/Developer/SDKs/WatchOS11.4.sdk/Developer/Library/Frameworks -c -j10 -enable-batch-mode -incremental -Xcc -ivfsstatcache -Xcc /Users/admin/builder/spi-builder-workspace/.derivedData/SDKStatCaches.noindex/watchos11.4-22T246-43efb940ff07ba2497b70ec94253f576.sdkstatcache -output-file-map /Users/admin/builder/spi-builder-workspace/.derivedData/Build/Intermediates.noindex/Emoji\ Ninja.build/Debug-watchos/ninjalib.build/Objects-normal/armv7k/ninjalib-OutputFileMap.json -use-frontend-parseable-output -save-temps -no-color-diagnostics -serialize-diagnostics -emit-dependencies -emit-module -emit-module-path /Users/admin/builder/spi-builder-workspace/.derivedData/Build/Intermediates.noindex/Emoji\ Ninja.build/Debug-watchos/ninjalib.build/Objects-normal/armv7k/ninjalib.swiftmodule -validate-clang-modules-once -clang-build-session-file /Users/admin/builder/spi-builder-workspace/.derivedData/ModuleCache.noindex/Session.modulevalidation -package-name spi_builder_workspace -Xcc -I/Users/admin/builder/spi-builder-workspace/.derivedData/Build/Intermediates.noindex/Emoji\ Ninja.build/Debug-watchos/ninjalib.build/swift-overrides.hmap -emit-const-values -Xfrontend -const-gather-protocols-file -Xfrontend /Users/admin/builder/spi-builder-workspace/.derivedData/Build/Intermediates.noindex/Emoji\ Ninja.build/Debug-watchos/ninjalib.build/Objects-normal/armv7k/ninjalib_const_extract_protocols.json -Xcc -I/Users/admin/builder/spi-builder-workspace/.derivedData/Build/Products/Debug-watchos/include -Xcc -I/Users/admin/builder/spi-builder-workspace/.derivedData/Build/Intermediates.noindex/Emoji\ Ninja.build/Debug-watchos/ninjalib.build/DerivedSources-normal/armv7k -Xcc -I/Users/admin/builder/spi-builder-workspace/.derivedData/Build/Intermediates.noindex/Emoji\ Ninja.build/Debug-watchos/ninjalib.build/DerivedSources/armv7k -Xcc -I/Users/admin/builder/spi-builder-workspace/.derivedData/Build/Intermediates.noindex/Emoji\ Ninja.build/Debug-watchos/ninjalib.build/DerivedSources -Xcc -DSWIFT_PACKAGE -Xcc -DDEBUG\=1 -emit-objc-header -emit-objc-header-path /Users/admin/builder/spi-builder-workspace/.derivedData/Build/Intermediates.noindex/Emoji\ Ninja.build/Debug-watchos/ninjalib.build/Objects-normal/armv7k/ninjalib-Swift.h -working-directory /Users/admin/builder/spi-builder-workspace/.swiftpm/xcode -experimental-emit-module-separately -disable-cmo
SwiftCompile normal armv7k Compiling\ SkinTone.swift /Users/admin/builder/spi-builder-workspace/Sources/ninjalib/SkinTone.swift (in target 'ninjalib' from project 'Emoji Ninja')
SwiftCompile normal armv7k /Users/admin/builder/spi-builder-workspace/Sources/ninjalib/SkinTone.swift (in target 'ninjalib' from project 'Emoji Ninja')
cd /Users/admin/builder/spi-builder-workspace/.swiftpm/xcode
Copy /Users/admin/builder/spi-builder-workspace/.derivedData/Build/Products/Debug-watchos/ninjalib.swiftmodule/armv7k-apple-watchos.abi.json /Users/admin/builder/spi-builder-workspace/.derivedData/Build/Intermediates.noindex/Emoji\ Ninja.build/Debug-watchos/ninjalib.build/Objects-normal/armv7k/ninjalib.abi.json (in target 'ninjalib' from project 'Emoji Ninja')
cd /Users/admin/builder/spi-builder-workspace
builtin-copy -exclude .DS_Store -exclude CVS -exclude .svn -exclude .git -exclude .hg -resolve-src-symlinks -rename /Users/admin/builder/spi-builder-workspace/.derivedData/Build/Intermediates.noindex/Emoji\ Ninja.build/Debug-watchos/ninjalib.build/Objects-normal/armv7k/ninjalib.abi.json /Users/admin/builder/spi-builder-workspace/.derivedData/Build/Products/Debug-watchos/ninjalib.swiftmodule/armv7k-apple-watchos.abi.json
SwiftDriverJobDiscovery normal arm64 Compiling EmojiData.swift (in target 'ninjalib' from project 'Emoji Ninja')
SwiftCompile normal arm64_32 Compiling\ EmojiNavigationReducer.swift /Users/admin/builder/spi-builder-workspace/Sources/ninjalib/EmojiNavigationReducer.swift (in target 'ninjalib' from project 'Emoji Ninja')
SwiftCompile normal arm64_32 /Users/admin/builder/spi-builder-workspace/Sources/ninjalib/EmojiNavigationReducer.swift (in target 'ninjalib' from project 'Emoji Ninja')
cd /Users/admin/builder/spi-builder-workspace/.swiftpm/xcode
SwiftDriverJobDiscovery normal armv7k Compiling EmojiData.swift (in target 'ninjalib' from project 'Emoji Ninja')
SwiftDriverJobDiscovery normal arm64 Compiling EmojiSearchKit.swift (in target 'ninjalib' from project 'Emoji Ninja')
SwiftDriver\ Compilation ninjalib normal arm64 com.apple.xcode.tools.swift.compiler (in target 'ninjalib' from project 'Emoji Ninja')
cd /Users/admin/builder/spi-builder-workspace/.swiftpm/xcode
builtin-Swift-Compilation -- /Applications/Xcode-16.3.0.app/Contents/Developer/Toolchains/XcodeDefault.xctoolchain/usr/bin/swiftc -module-name ninjalib -Onone -enforce-exclusivity\=checked @/Users/admin/builder/spi-builder-workspace/.derivedData/Build/Intermediates.noindex/Emoji\ Ninja.build/Debug-watchos/ninjalib.build/Objects-normal/arm64/ninjalib.SwiftFileList -DSWIFT_PACKAGE -DDEBUG -DXcode -plugin-path /Applications/Xcode-16.3.0.app/Contents/Developer/Toolchains/XcodeDefault.xctoolchain/usr/lib/swift/host/plugins/testing -enable-experimental-feature DebugDescriptionMacro -sdk /Applications/Xcode-16.3.0.app/Contents/Developer/Platforms/WatchOS.platform/Developer/SDKs/WatchOS11.4.sdk -target arm64-apple-watchos5.0 -g -module-cache-path /Users/admin/builder/spi-builder-workspace/.derivedData/ModuleCache.noindex -Xfrontend -serialize-debugging-options -profile-coverage-mapping -profile-generate -enable-testing -index-store-path /Users/admin/builder/spi-builder-workspace/.derivedData/Index.noindex/DataStore -swift-version 6 -I /Users/admin/builder/spi-builder-workspace/.derivedData/Build/Products/Debug-watchos -I /Applications/Xcode-16.3.0.app/Contents/Developer/Platforms/WatchOS.platform/Developer/usr/lib -F /Users/admin/builder/spi-builder-workspace/.derivedData/Build/Products/Debug-watchos -F /Applications/Xcode-16.3.0.app/Contents/Developer/Platforms/WatchOS.platform/Developer/Library/Frameworks -F /Applications/Xcode-16.3.0.app/Contents/Developer/Platforms/WatchOS.platform/Developer/SDKs/WatchOS11.4.sdk/Developer/Library/Frameworks -c -j10 -enable-batch-mode -incremental -Xcc -ivfsstatcache -Xcc /Users/admin/builder/spi-builder-workspace/.derivedData/SDKStatCaches.noindex/watchos11.4-22T246-43efb940ff07ba2497b70ec94253f576.sdkstatcache -output-file-map /Users/admin/builder/spi-builder-workspace/.derivedData/Build/Intermediates.noindex/Emoji\ Ninja.build/Debug-watchos/ninjalib.build/Objects-normal/arm64/ninjalib-OutputFileMap.json -use-frontend-parseable-output -save-temps -no-color-diagnostics -serialize-diagnostics -emit-dependencies -emit-module -emit-module-path /Users/admin/builder/spi-builder-workspace/.derivedData/Build/Intermediates.noindex/Emoji\ Ninja.build/Debug-watchos/ninjalib.build/Objects-normal/arm64/ninjalib.swiftmodule -validate-clang-modules-once -clang-build-session-file /Users/admin/builder/spi-builder-workspace/.derivedData/ModuleCache.noindex/Session.modulevalidation -package-name spi_builder_workspace -Xcc -I/Users/admin/builder/spi-builder-workspace/.derivedData/Build/Intermediates.noindex/Emoji\ Ninja.build/Debug-watchos/ninjalib.build/swift-overrides.hmap -emit-const-values -Xfrontend -const-gather-protocols-file -Xfrontend /Users/admin/builder/spi-builder-workspace/.derivedData/Build/Intermediates.noindex/Emoji\ Ninja.build/Debug-watchos/ninjalib.build/Objects-normal/arm64/ninjalib_const_extract_protocols.json -Xcc -I/Users/admin/builder/spi-builder-workspace/.derivedData/Build/Products/Debug-watchos/include -Xcc -I/Users/admin/builder/spi-builder-workspace/.derivedData/Build/Intermediates.noindex/Emoji\ Ninja.build/Debug-watchos/ninjalib.build/DerivedSources-normal/arm64 -Xcc -I/Users/admin/builder/spi-builder-workspace/.derivedData/Build/Intermediates.noindex/Emoji\ Ninja.build/Debug-watchos/ninjalib.build/DerivedSources/arm64 -Xcc -I/Users/admin/builder/spi-builder-workspace/.derivedData/Build/Intermediates.noindex/Emoji\ Ninja.build/Debug-watchos/ninjalib.build/DerivedSources -Xcc -DSWIFT_PACKAGE -Xcc -DDEBUG\=1 -emit-objc-header -emit-objc-header-path /Users/admin/builder/spi-builder-workspace/.derivedData/Build/Intermediates.noindex/Emoji\ Ninja.build/Debug-watchos/ninjalib.build/Objects-normal/arm64/ninjalib-Swift.h -working-directory /Users/admin/builder/spi-builder-workspace/.swiftpm/xcode -experimental-emit-module-separately -disable-cmo
SwiftDriverJobDiscovery normal arm64_32 Compiling SkinTone.swift (in target 'ninjalib' from project 'Emoji Ninja')
SwiftDriverJobDiscovery normal armv7k Compiling SkinTone.swift (in target 'ninjalib' from project 'Emoji Ninja')
SwiftDriverJobDiscovery normal arm64_32 Compiling resource_bundle_accessor.swift (in target 'ninjalib' from project 'Emoji Ninja')
SwiftDriverJobDiscovery normal arm64_32 Emitting module for ninjalib (in target 'ninjalib' from project 'Emoji Ninja')
SwiftDriver\ Compilation\ Requirements ninjalib normal arm64_32 com.apple.xcode.tools.swift.compiler (in target 'ninjalib' from project 'Emoji Ninja')
cd /Users/admin/builder/spi-builder-workspace/.swiftpm/xcode
builtin-Swift-Compilation-Requirements -- /Applications/Xcode-16.3.0.app/Contents/Developer/Toolchains/XcodeDefault.xctoolchain/usr/bin/swiftc -module-name ninjalib -Onone -enforce-exclusivity\=checked @/Users/admin/builder/spi-builder-workspace/.derivedData/Build/Intermediates.noindex/Emoji\ Ninja.build/Debug-watchos/ninjalib.build/Objects-normal/arm64_32/ninjalib.SwiftFileList -DSWIFT_PACKAGE -DDEBUG -DXcode -plugin-path /Applications/Xcode-16.3.0.app/Contents/Developer/Toolchains/XcodeDefault.xctoolchain/usr/lib/swift/host/plugins/testing -enable-experimental-feature DebugDescriptionMacro -sdk /Applications/Xcode-16.3.0.app/Contents/Developer/Platforms/WatchOS.platform/Developer/SDKs/WatchOS11.4.sdk -target arm64_32-apple-watchos5.0 -g -module-cache-path /Users/admin/builder/spi-builder-workspace/.derivedData/ModuleCache.noindex -Xfrontend -serialize-debugging-options -profile-coverage-mapping -profile-generate -enable-testing -index-store-path /Users/admin/builder/spi-builder-workspace/.derivedData/Index.noindex/DataStore -swift-version 6 -I /Users/admin/builder/spi-builder-workspace/.derivedData/Build/Products/Debug-watchos -I /Applications/Xcode-16.3.0.app/Contents/Developer/Platforms/WatchOS.platform/Developer/usr/lib -F /Users/admin/builder/spi-builder-workspace/.derivedData/Build/Products/Debug-watchos -F /Applications/Xcode-16.3.0.app/Contents/Developer/Platforms/WatchOS.platform/Developer/Library/Frameworks -F /Applications/Xcode-16.3.0.app/Contents/Developer/Platforms/WatchOS.platform/Developer/SDKs/WatchOS11.4.sdk/Developer/Library/Frameworks -c -j10 -enable-batch-mode -incremental -Xcc -ivfsstatcache -Xcc /Users/admin/builder/spi-builder-workspace/.derivedData/SDKStatCaches.noindex/watchos11.4-22T246-43efb940ff07ba2497b70ec94253f576.sdkstatcache -output-file-map /Users/admin/builder/spi-builder-workspace/.derivedData/Build/Intermediates.noindex/Emoji\ Ninja.build/Debug-watchos/ninjalib.build/Objects-normal/arm64_32/ninjalib-OutputFileMap.json -use-frontend-parseable-output -save-temps -no-color-diagnostics -serialize-diagnostics -emit-dependencies -emit-module -emit-module-path /Users/admin/builder/spi-builder-workspace/.derivedData/Build/Intermediates.noindex/Emoji\ Ninja.build/Debug-watchos/ninjalib.build/Objects-normal/arm64_32/ninjalib.swiftmodule -validate-clang-modules-once -clang-build-session-file /Users/admin/builder/spi-builder-workspace/.derivedData/ModuleCache.noindex/Session.modulevalidation -package-name spi_builder_workspace -Xcc -I/Users/admin/builder/spi-builder-workspace/.derivedData/Build/Intermediates.noindex/Emoji\ Ninja.build/Debug-watchos/ninjalib.build/swift-overrides.hmap -emit-const-values -Xfrontend -const-gather-protocols-file -Xfrontend /Users/admin/builder/spi-builder-workspace/.derivedData/Build/Intermediates.noindex/Emoji\ Ninja.build/Debug-watchos/ninjalib.build/Objects-normal/arm64_32/ninjalib_const_extract_protocols.json -Xcc -I/Users/admin/builder/spi-builder-workspace/.derivedData/Build/Products/Debug-watchos/include -Xcc -I/Users/admin/builder/spi-builder-workspace/.derivedData/Build/Intermediates.noindex/Emoji\ Ninja.build/Debug-watchos/ninjalib.build/DerivedSources-normal/arm64_32 -Xcc -I/Users/admin/builder/spi-builder-workspace/.derivedData/Build/Intermediates.noindex/Emoji\ Ninja.build/Debug-watchos/ninjalib.build/DerivedSources/arm64_32 -Xcc -I/Users/admin/builder/spi-builder-workspace/.derivedData/Build/Intermediates.noindex/Emoji\ Ninja.build/Debug-watchos/ninjalib.build/DerivedSources -Xcc -DSWIFT_PACKAGE -Xcc -DDEBUG\=1 -emit-objc-header -emit-objc-header-path /Users/admin/builder/spi-builder-workspace/.derivedData/Build/Intermediates.noindex/Emoji\ Ninja.build/Debug-watchos/ninjalib.build/Objects-normal/arm64_32/ninjalib-Swift.h -working-directory /Users/admin/builder/spi-builder-workspace/.swiftpm/xcode -experimental-emit-module-separately -disable-cmo
Copy /Users/admin/builder/spi-builder-workspace/.derivedData/Build/Products/Debug-watchos/ninjalib.swiftmodule/arm64_32-apple-watchos.abi.json /Users/admin/builder/spi-builder-workspace/.derivedData/Build/Intermediates.noindex/Emoji\ Ninja.build/Debug-watchos/ninjalib.build/Objects-normal/arm64_32/ninjalib.abi.json (in target 'ninjalib' from project 'Emoji Ninja')
cd /Users/admin/builder/spi-builder-workspace
builtin-copy -exclude .DS_Store -exclude CVS -exclude .svn -exclude .git -exclude .hg -resolve-src-symlinks -rename /Users/admin/builder/spi-builder-workspace/.derivedData/Build/Intermediates.noindex/Emoji\ Ninja.build/Debug-watchos/ninjalib.build/Objects-normal/arm64_32/ninjalib.abi.json /Users/admin/builder/spi-builder-workspace/.derivedData/Build/Products/Debug-watchos/ninjalib.swiftmodule/arm64_32-apple-watchos.abi.json
SwiftDriver Emoji\ Ninja normal arm64_32 com.apple.xcode.tools.swift.compiler (in target 'Emoji Ninja' from project 'Emoji Ninja')
cd /Users/admin/builder/spi-builder-workspace/.swiftpm/xcode
builtin-SwiftDriver -- /Applications/Xcode-16.3.0.app/Contents/Developer/Toolchains/XcodeDefault.xctoolchain/usr/bin/swiftc -module-name Emoji_Ninja -Onone -enforce-exclusivity\=checked @/Users/admin/builder/spi-builder-workspace/.derivedData/Build/Intermediates.noindex/Emoji\ Ninja.build/Debug-watchos/Emoji\ Ninja.build/Objects-normal/arm64_32/Emoji\ Ninja.SwiftFileList -DSWIFT_PACKAGE -DDEBUG -DXcode -plugin-path /Applications/Xcode-16.3.0.app/Contents/Developer/Toolchains/XcodeDefault.xctoolchain/usr/lib/swift/host/plugins/testing -enable-experimental-feature DebugDescriptionMacro -sdk /Applications/Xcode-16.3.0.app/Contents/Developer/Platforms/WatchOS.platform/Developer/SDKs/WatchOS11.4.sdk -target arm64_32-apple-watchos5.0 -g -module-cache-path /Users/admin/builder/spi-builder-workspace/.derivedData/ModuleCache.noindex -Xfrontend -serialize-debugging-options -profile-coverage-mapping -profile-generate -enable-testing -index-store-path /Users/admin/builder/spi-builder-workspace/.derivedData/Index.noindex/DataStore -swift-version 6 -I /Users/admin/builder/spi-builder-workspace/.derivedData/Build/Products/Debug-watchos -I /Applications/Xcode-16.3.0.app/Contents/Developer/Platforms/WatchOS.platform/Developer/usr/lib -F /Users/admin/builder/spi-builder-workspace/.derivedData/Build/Products/Debug-watchos/PackageFrameworks -F /Users/admin/builder/spi-builder-workspace/.derivedData/Build/Products/Debug-watchos -F /Applications/Xcode-16.3.0.app/Contents/Developer/Platforms/WatchOS.platform/Developer/Library/Frameworks -F /Applications/Xcode-16.3.0.app/Contents/Developer/Platforms/WatchOS.platform/Developer/SDKs/WatchOS11.4.sdk/Developer/Library/Frameworks -c -j10 -enable-batch-mode -incremental -Xcc -ivfsstatcache -Xcc /Users/admin/builder/spi-builder-workspace/.derivedData/SDKStatCaches.noindex/watchos11.4-22T246-43efb940ff07ba2497b70ec94253f576.sdkstatcache -output-file-map /Users/admin/builder/spi-builder-workspace/.derivedData/Build/Intermediates.noindex/Emoji\ Ninja.build/Debug-watchos/Emoji\ Ninja.build/Objects-normal/arm64_32/Emoji\ Ninja-OutputFileMap.json -use-frontend-parseable-output -save-temps -no-color-diagnostics -serialize-diagnostics -emit-dependencies -emit-module -emit-module-path /Users/admin/builder/spi-builder-workspace/.derivedData/Build/Intermediates.noindex/Emoji\ Ninja.build/Debug-watchos/Emoji\ Ninja.build/Objects-normal/arm64_32/Emoji_Ninja.swiftmodule -validate-clang-modules-once -clang-build-session-file /Users/admin/builder/spi-builder-workspace/.derivedData/ModuleCache.noindex/Session.modulevalidation -package-name spi_builder_workspace -emit-const-values -Xfrontend -const-gather-protocols-file -Xfrontend /Users/admin/builder/spi-builder-workspace/.derivedData/Build/Intermediates.noindex/Emoji\ Ninja.build/Debug-watchos/Emoji\ Ninja.build/Objects-normal/arm64_32/Emoji\ Ninja_const_extract_protocols.json -Xcc -I/Users/admin/builder/spi-builder-workspace/.derivedData/Build/Products/Debug-watchos/include -Xcc -I/Users/admin/builder/spi-builder-workspace/.derivedData/Build/Intermediates.noindex/Emoji\ Ninja.build/Debug-watchos/Emoji\ Ninja.build/DerivedSources-normal/arm64_32 -Xcc -I/Users/admin/builder/spi-builder-workspace/.derivedData/Build/Intermediates.noindex/Emoji\ Ninja.build/Debug-watchos/Emoji\ Ninja.build/DerivedSources/arm64_32 -Xcc -I/Users/admin/builder/spi-builder-workspace/.derivedData/Build/Intermediates.noindex/Emoji\ Ninja.build/Debug-watchos/Emoji\ Ninja.build/DerivedSources -Xcc -DSWIFT_PACKAGE -Xcc -DDEBUG\=1 -working-directory /Users/admin/builder/spi-builder-workspace/.swiftpm/xcode -experimental-emit-module-separately -disable-cmo
SwiftDriver Emoji\ Ninja normal armv7k com.apple.xcode.tools.swift.compiler (in target 'Emoji Ninja' from project 'Emoji Ninja')
cd /Users/admin/builder/spi-builder-workspace/.swiftpm/xcode
builtin-SwiftDriver -- /Applications/Xcode-16.3.0.app/Contents/Developer/Toolchains/XcodeDefault.xctoolchain/usr/bin/swiftc -module-name Emoji_Ninja -Onone -enforce-exclusivity\=checked @/Users/admin/builder/spi-builder-workspace/.derivedData/Build/Intermediates.noindex/Emoji\ Ninja.build/Debug-watchos/Emoji\ Ninja.build/Objects-normal/armv7k/Emoji\ Ninja.SwiftFileList -DSWIFT_PACKAGE -DDEBUG -DXcode -plugin-path /Applications/Xcode-16.3.0.app/Contents/Developer/Toolchains/XcodeDefault.xctoolchain/usr/lib/swift/host/plugins/testing -enable-experimental-feature DebugDescriptionMacro -sdk /Applications/Xcode-16.3.0.app/Contents/Developer/Platforms/WatchOS.platform/Developer/SDKs/WatchOS11.4.sdk -target armv7k-apple-watchos5.0 -g -module-cache-path /Users/admin/builder/spi-builder-workspace/.derivedData/ModuleCache.noindex -Xfrontend -serialize-debugging-options -profile-coverage-mapping -profile-generate -enable-testing -index-store-path /Users/admin/builder/spi-builder-workspace/.derivedData/Index.noindex/DataStore -swift-version 6 -I /Users/admin/builder/spi-builder-workspace/.derivedData/Build/Products/Debug-watchos -I /Applications/Xcode-16.3.0.app/Contents/Developer/Platforms/WatchOS.platform/Developer/usr/lib -F /Users/admin/builder/spi-builder-workspace/.derivedData/Build/Products/Debug-watchos/PackageFrameworks -F /Users/admin/builder/spi-builder-workspace/.derivedData/Build/Products/Debug-watchos -F /Applications/Xcode-16.3.0.app/Contents/Developer/Platforms/WatchOS.platform/Developer/Library/Frameworks -F /Applications/Xcode-16.3.0.app/Contents/Developer/Platforms/WatchOS.platform/Developer/SDKs/WatchOS11.4.sdk/Developer/Library/Frameworks -c -j10 -enable-batch-mode -incremental -Xcc -ivfsstatcache -Xcc /Users/admin/builder/spi-builder-workspace/.derivedData/SDKStatCaches.noindex/watchos11.4-22T246-43efb940ff07ba2497b70ec94253f576.sdkstatcache -output-file-map /Users/admin/builder/spi-builder-workspace/.derivedData/Build/Intermediates.noindex/Emoji\ Ninja.build/Debug-watchos/Emoji\ Ninja.build/Objects-normal/armv7k/Emoji\ Ninja-OutputFileMap.json -use-frontend-parseable-output -save-temps -no-color-diagnostics -serialize-diagnostics -emit-dependencies -emit-module -emit-module-path /Users/admin/builder/spi-builder-workspace/.derivedData/Build/Intermediates.noindex/Emoji\ Ninja.build/Debug-watchos/Emoji\ Ninja.build/Objects-normal/armv7k/Emoji_Ninja.swiftmodule -validate-clang-modules-once -clang-build-session-file /Users/admin/builder/spi-builder-workspace/.derivedData/ModuleCache.noindex/Session.modulevalidation -package-name spi_builder_workspace -emit-const-values -Xfrontend -const-gather-protocols-file -Xfrontend /Users/admin/builder/spi-builder-workspace/.derivedData/Build/Intermediates.noindex/Emoji\ Ninja.build/Debug-watchos/Emoji\ Ninja.build/Objects-normal/armv7k/Emoji\ Ninja_const_extract_protocols.json -Xcc -I/Users/admin/builder/spi-builder-workspace/.derivedData/Build/Products/Debug-watchos/include -Xcc -I/Users/admin/builder/spi-builder-workspace/.derivedData/Build/Intermediates.noindex/Emoji\ Ninja.build/Debug-watchos/Emoji\ Ninja.build/DerivedSources-normal/armv7k -Xcc -I/Users/admin/builder/spi-builder-workspace/.derivedData/Build/Intermediates.noindex/Emoji\ Ninja.build/Debug-watchos/Emoji\ Ninja.build/DerivedSources/armv7k -Xcc -I/Users/admin/builder/spi-builder-workspace/.derivedData/Build/Intermediates.noindex/Emoji\ Ninja.build/Debug-watchos/Emoji\ Ninja.build/DerivedSources -Xcc -DSWIFT_PACKAGE -Xcc -DDEBUG\=1 -working-directory /Users/admin/builder/spi-builder-workspace/.swiftpm/xcode -experimental-emit-module-separately -disable-cmo
SwiftDriver Emoji\ Ninja normal arm64 com.apple.xcode.tools.swift.compiler (in target 'Emoji Ninja' from project 'Emoji Ninja')
cd /Users/admin/builder/spi-builder-workspace/.swiftpm/xcode
builtin-SwiftDriver -- /Applications/Xcode-16.3.0.app/Contents/Developer/Toolchains/XcodeDefault.xctoolchain/usr/bin/swiftc -module-name Emoji_Ninja -Onone -enforce-exclusivity\=checked @/Users/admin/builder/spi-builder-workspace/.derivedData/Build/Intermediates.noindex/Emoji\ Ninja.build/Debug-watchos/Emoji\ Ninja.build/Objects-normal/arm64/Emoji\ Ninja.SwiftFileList -DSWIFT_PACKAGE -DDEBUG -DXcode -plugin-path /Applications/Xcode-16.3.0.app/Contents/Developer/Toolchains/XcodeDefault.xctoolchain/usr/lib/swift/host/plugins/testing -enable-experimental-feature DebugDescriptionMacro -sdk /Applications/Xcode-16.3.0.app/Contents/Developer/Platforms/WatchOS.platform/Developer/SDKs/WatchOS11.4.sdk -target arm64-apple-watchos5.0 -g -module-cache-path /Users/admin/builder/spi-builder-workspace/.derivedData/ModuleCache.noindex -Xfrontend -serialize-debugging-options -profile-coverage-mapping -profile-generate -enable-testing -index-store-path /Users/admin/builder/spi-builder-workspace/.derivedData/Index.noindex/DataStore -swift-version 6 -I /Users/admin/builder/spi-builder-workspace/.derivedData/Build/Products/Debug-watchos -I /Applications/Xcode-16.3.0.app/Contents/Developer/Platforms/WatchOS.platform/Developer/usr/lib -F /Users/admin/builder/spi-builder-workspace/.derivedData/Build/Products/Debug-watchos/PackageFrameworks -F /Users/admin/builder/spi-builder-workspace/.derivedData/Build/Products/Debug-watchos -F /Applications/Xcode-16.3.0.app/Contents/Developer/Platforms/WatchOS.platform/Developer/Library/Frameworks -F /Applications/Xcode-16.3.0.app/Contents/Developer/Platforms/WatchOS.platform/Developer/SDKs/WatchOS11.4.sdk/Developer/Library/Frameworks -c -j10 -enable-batch-mode -incremental -Xcc -ivfsstatcache -Xcc /Users/admin/builder/spi-builder-workspace/.derivedData/SDKStatCaches.noindex/watchos11.4-22T246-43efb940ff07ba2497b70ec94253f576.sdkstatcache -output-file-map /Users/admin/builder/spi-builder-workspace/.derivedData/Build/Intermediates.noindex/Emoji\ Ninja.build/Debug-watchos/Emoji\ Ninja.build/Objects-normal/arm64/Emoji\ Ninja-OutputFileMap.json -use-frontend-parseable-output -save-temps -no-color-diagnostics -serialize-diagnostics -emit-dependencies -emit-module -emit-module-path /Users/admin/builder/spi-builder-workspace/.derivedData/Build/Intermediates.noindex/Emoji\ Ninja.build/Debug-watchos/Emoji\ Ninja.build/Objects-normal/arm64/Emoji_Ninja.swiftmodule -validate-clang-modules-once -clang-build-session-file /Users/admin/builder/spi-builder-workspace/.derivedData/ModuleCache.noindex/Session.modulevalidation -package-name spi_builder_workspace -emit-const-values -Xfrontend -const-gather-protocols-file -Xfrontend /Users/admin/builder/spi-builder-workspace/.derivedData/Build/Intermediates.noindex/Emoji\ Ninja.build/Debug-watchos/Emoji\ Ninja.build/Objects-normal/arm64/Emoji\ Ninja_const_extract_protocols.json -Xcc -I/Users/admin/builder/spi-builder-workspace/.derivedData/Build/Products/Debug-watchos/include -Xcc -I/Users/admin/builder/spi-builder-workspace/.derivedData/Build/Intermediates.noindex/Emoji\ Ninja.build/Debug-watchos/Emoji\ Ninja.build/DerivedSources-normal/arm64 -Xcc -I/Users/admin/builder/spi-builder-workspace/.derivedData/Build/Intermediates.noindex/Emoji\ Ninja.build/Debug-watchos/Emoji\ Ninja.build/DerivedSources/arm64 -Xcc -I/Users/admin/builder/spi-builder-workspace/.derivedData/Build/Intermediates.noindex/Emoji\ Ninja.build/Debug-watchos/Emoji\ Ninja.build/DerivedSources -Xcc -DSWIFT_PACKAGE -Xcc -DDEBUG\=1 -working-directory /Users/admin/builder/spi-builder-workspace/.swiftpm/xcode -experimental-emit-module-separately -disable-cmo
SwiftDriverJobDiscovery normal arm64_32 Compiling EmojiNavigationReducer.swift (in target 'ninjalib' from project 'Emoji Ninja')
SwiftDriverJobDiscovery normal arm64_32 Compiling EmojiData.swift (in target 'ninjalib' from project 'Emoji Ninja')
SwiftCompile normal arm64 Compiling\ resource_bundle_accessor.swift,\ App.swift,\ EmojiDataSource.swift,\ EmojiNavigator.swift /Users/admin/builder/spi-builder-workspace/.derivedData/Build/Intermediates.noindex/Emoji\ Ninja.build/Debug-watchos/Emoji\ Ninja.build/DerivedSources/resource_bundle_accessor.swift /Users/admin/builder/spi-builder-workspace/Sources/emojininja/App.swift /Users/admin/builder/spi-builder-workspace/Sources/emojininja/Domain/EmojiDataSource.swift /Users/admin/builder/spi-builder-workspace/Sources/emojininja/Domain/EmojiNavigator.swift (in target 'Emoji Ninja' from project 'Emoji Ninja')
SwiftCompile normal arm64 /Users/admin/builder/spi-builder-workspace/.derivedData/Build/Intermediates.noindex/Emoji\ Ninja.build/Debug-watchos/Emoji\ Ninja.build/DerivedSources/resource_bundle_accessor.swift (in target 'Emoji Ninja' from project 'Emoji Ninja')
cd /Users/admin/builder/spi-builder-workspace/.swiftpm/xcode
SwiftCompile normal arm64 /Users/admin/builder/spi-builder-workspace/Sources/emojininja/App.swift (in target 'Emoji Ninja' from project 'Emoji Ninja')
cd /Users/admin/builder/spi-builder-workspace/.swiftpm/xcode
SwiftCompile normal arm64 /Users/admin/builder/spi-builder-workspace/Sources/emojininja/Domain/EmojiDataSource.swift (in target 'Emoji Ninja' from project 'Emoji Ninja')
cd /Users/admin/builder/spi-builder-workspace/.swiftpm/xcode
SwiftCompile normal arm64 /Users/admin/builder/spi-builder-workspace/Sources/emojininja/Domain/EmojiNavigator.swift (in target 'Emoji Ninja' from project 'Emoji Ninja')
cd /Users/admin/builder/spi-builder-workspace/.swiftpm/xcode
SwiftCompile normal arm64 Compiling\ TooltipManager.swift,\ EmojiGridView.swift,\ EmojiPickerView.swift /Users/admin/builder/spi-builder-workspace/Sources/emojininja/Views/Components/TooltipManager.swift /Users/admin/builder/spi-builder-workspace/Sources/emojininja/Views/EmojiPicker/EmojiGridView.swift /Users/admin/builder/spi-builder-workspace/Sources/emojininja/Views/EmojiPicker/EmojiPickerView.swift (in target 'Emoji Ninja' from project 'Emoji Ninja')
SwiftCompile normal arm64 /Users/admin/builder/spi-builder-workspace/Sources/emojininja/Views/Components/TooltipManager.swift (in target 'Emoji Ninja' from project 'Emoji Ninja')
cd /Users/admin/builder/spi-builder-workspace/.swiftpm/xcode
SwiftCompile normal arm64 /Users/admin/builder/spi-builder-workspace/Sources/emojininja/Views/EmojiPicker/EmojiGridView.swift (in target 'Emoji Ninja' from project 'Emoji Ninja')
cd /Users/admin/builder/spi-builder-workspace/.swiftpm/xcode
SwiftCompile normal arm64 /Users/admin/builder/spi-builder-workspace/Sources/emojininja/Views/EmojiPicker/EmojiPickerView.swift (in target 'Emoji Ninja' from project 'Emoji Ninja')
cd /Users/admin/builder/spi-builder-workspace/.swiftpm/xcode
SwiftCompile normal arm64 Compiling\ EmojiSupportChecker.swift,\ AccessibilityPermissionDialog.swift,\ CategoryFilterView.swift /Users/admin/builder/spi-builder-workspace/Sources/emojininja/Utils/EmojiSupportChecker.swift /Users/admin/builder/spi-builder-workspace/Sources/emojininja/Views/Components/AccessibilityPermissionDialog.swift /Users/admin/builder/spi-builder-workspace/Sources/emojininja/Views/Components/CategoryFilterView.swift (in target 'Emoji Ninja' from project 'Emoji Ninja')
SwiftCompile normal arm64 /Users/admin/builder/spi-builder-workspace/Sources/emojininja/Utils/EmojiSupportChecker.swift (in target 'Emoji Ninja' from project 'Emoji Ninja')
cd /Users/admin/builder/spi-builder-workspace/.swiftpm/xcode
SwiftCompile normal arm64 /Users/admin/builder/spi-builder-workspace/Sources/emojininja/Views/Components/AccessibilityPermissionDialog.swift (in target 'Emoji Ninja' from project 'Emoji Ninja')
cd /Users/admin/builder/spi-builder-workspace/.swiftpm/xcode
SwiftCompile normal arm64 /Users/admin/builder/spi-builder-workspace/Sources/emojininja/Views/Components/CategoryFilterView.swift (in target 'Emoji Ninja' from project 'Emoji Ninja')
cd /Users/admin/builder/spi-builder-workspace/.swiftpm/xcode
SwiftCompile normal arm64 Compiling\ SearchResultsView.swift,\ ScrollViewExtensions.swift,\ MenuBarView.swift /Users/admin/builder/spi-builder-workspace/Sources/emojininja/Views/EmojiPicker/SearchResultsView.swift /Users/admin/builder/spi-builder-workspace/Sources/emojininja/Views/Extensions/ScrollViewExtensions.swift /Users/admin/builder/spi-builder-workspace/Sources/emojininja/Views/MenuBar/MenuBarView.swift (in target 'Emoji Ninja' from project 'Emoji Ninja')
SwiftCompile normal arm64 /Users/admin/builder/spi-builder-workspace/Sources/emojininja/Views/EmojiPicker/SearchResultsView.swift (in target 'Emoji Ninja' from project 'Emoji Ninja')
cd /Users/admin/builder/spi-builder-workspace/.swiftpm/xcode
SwiftCompile normal arm64 /Users/admin/builder/spi-builder-workspace/Sources/emojininja/Views/Extensions/ScrollViewExtensions.swift (in target 'Emoji Ninja' from project 'Emoji Ninja')
cd /Users/admin/builder/spi-builder-workspace/.swiftpm/xcode
SwiftCompile normal arm64 /Users/admin/builder/spi-builder-workspace/Sources/emojininja/Views/MenuBar/MenuBarView.swift (in target 'Emoji Ninja' from project 'Emoji Ninja')
cd /Users/admin/builder/spi-builder-workspace/.swiftpm/xcode
SwiftCompile normal arm64 Compiling\ EmojiManager.swift,\ FrequentlyUsedEmojiManager.swift,\ AppState.swift,\ CategoryType.swift /Users/admin/builder/spi-builder-workspace/Sources/emojininja/Managers/EmojiManager.swift /Users/admin/builder/spi-builder-workspace/Sources/emojininja/Managers/FrequentlyUsedEmojiManager.swift /Users/admin/builder/spi-builder-workspace/Sources/emojininja/Models/AppState.swift /Users/admin/builder/spi-builder-workspace/Sources/emojininja/Models/CategoryType.swift (in target 'Emoji Ninja' from project 'Emoji Ninja')
SwiftCompile normal arm64 /Users/admin/builder/spi-builder-workspace/Sources/emojininja/Managers/EmojiManager.swift (in target 'Emoji Ninja' from project 'Emoji Ninja')
cd /Users/admin/builder/spi-builder-workspace/.swiftpm/xcode
SwiftCompile normal arm64 /Users/admin/builder/spi-builder-workspace/Sources/emojininja/Managers/FrequentlyUsedEmojiManager.swift (in target 'Emoji Ninja' from project 'Emoji Ninja')
cd /Users/admin/builder/spi-builder-workspace/.swiftpm/xcode
SwiftCompile normal arm64 /Users/admin/builder/spi-builder-workspace/Sources/emojininja/Models/AppState.swift (in target 'Emoji Ninja' from project 'Emoji Ninja')
cd /Users/admin/builder/spi-builder-workspace/.swiftpm/xcode
SwiftCompile normal arm64 /Users/admin/builder/spi-builder-workspace/Sources/emojininja/Models/CategoryType.swift (in target 'Emoji Ninja' from project 'Emoji Ninja')
cd /Users/admin/builder/spi-builder-workspace/.swiftpm/xcode
SwiftCompile normal arm64 Compiling\ ThemeManager.swift,\ ThemeSettingsView.swift,\ EmojiLayout.swift /Users/admin/builder/spi-builder-workspace/Sources/emojininja/Views/Styling/Themes/ThemeManager.swift /Users/admin/builder/spi-builder-workspace/Sources/emojininja/Views/Styling/Themes/ThemeSettingsView.swift /Users/admin/builder/spi-builder-workspace/Sources/emojininja/Views/Utils/EmojiLayout.swift (in target 'Emoji Ninja' from project 'Emoji Ninja')
SwiftCompile normal arm64 /Users/admin/builder/spi-builder-workspace/Sources/emojininja/Views/Styling/Themes/ThemeManager.swift (in target 'Emoji Ninja' from project 'Emoji Ninja')
cd /Users/admin/builder/spi-builder-workspace/.swiftpm/xcode
SwiftCompile normal arm64 /Users/admin/builder/spi-builder-workspace/Sources/emojininja/Views/Styling/Themes/ThemeSettingsView.swift (in target 'Emoji Ninja' from project 'Emoji Ninja')
cd /Users/admin/builder/spi-builder-workspace/.swiftpm/xcode
SwiftCompile normal arm64 /Users/admin/builder/spi-builder-workspace/Sources/emojininja/Views/Utils/EmojiLayout.swift (in target 'Emoji Ninja' from project 'Emoji Ninja')
cd /Users/admin/builder/spi-builder-workspace/.swiftpm/xcode
SwiftCompile normal arm64 Compiling\ EmojiRepository.swift,\ EmojiGroupExtensions.swift,\ BuildVersion.swift,\ AppEmojiManager.swift /Users/admin/builder/spi-builder-workspace/Sources/emojininja/Domain/EmojiRepository.swift /Users/admin/builder/spi-builder-workspace/Sources/emojininja/Extensions/EmojiGroupExtensions.swift /Users/admin/builder/spi-builder-workspace/Sources/emojininja/Generated/BuildVersion.swift /Users/admin/builder/spi-builder-workspace/Sources/emojininja/Managers/AppEmojiManager.swift (in target 'Emoji Ninja' from project 'Emoji Ninja')
Failed frontend command:
/Applications/Xcode-16.3.0.app/Contents/Developer/Toolchains/XcodeDefault.xctoolchain/usr/bin/swift-frontend -frontend -c /Users/admin/builder/spi-builder-workspace/.derivedData/Build/Intermediates.noindex/Emoji\ Ninja.build/Debug-watchos/Emoji\ Ninja.build/DerivedSources/resource_bundle_accessor.swift /Users/admin/builder/spi-builder-workspace/Sources/emojininja/App.swift /Users/admin/builder/spi-builder-workspace/Sources/emojininja/Domain/EmojiDataSource.swift /Users/admin/builder/spi-builder-workspace/Sources/emojininja/Domain/EmojiNavigator.swift -primary-file /Users/admin/builder/spi-builder-workspace/Sources/emojininja/Domain/EmojiRepository.swift -primary-file /Users/admin/builder/spi-builder-workspace/Sources/emojininja/Extensions/EmojiGroupExtensions.swift -primary-file /Users/admin/builder/spi-builder-workspace/Sources/emojininja/Generated/BuildVersion.swift -primary-file /Users/admin/builder/spi-builder-workspace/Sources/emojininja/Managers/AppEmojiManager.swift /Users/admin/builder/spi-builder-workspace/Sources/emojininja/Managers/EmojiManager.swift /Users/admin/builder/spi-builder-workspace/Sources/emojininja/Managers/FrequentlyUsedEmojiManager.swift /Users/admin/builder/spi-builder-workspace/Sources/emojininja/Models/AppState.swift /Users/admin/builder/spi-builder-workspace/Sources/emojininja/Models/CategoryType.swift /Users/admin/builder/spi-builder-workspace/Sources/emojininja/Utils/EmojiSupportChecker.swift /Users/admin/builder/spi-builder-workspace/Sources/emojininja/Views/Components/AccessibilityPermissionDialog.swift /Users/admin/builder/spi-builder-workspace/Sources/emojininja/Views/Components/CategoryFilterView.swift /Users/admin/builder/spi-builder-workspace/Sources/emojininja/Views/Components/CategoryPill.swift /Users/admin/builder/spi-builder-workspace/Sources/emojininja/Views/Components/EmojiButton.swift /Users/admin/builder/spi-builder-workspace/Sources/emojininja/Views/Components/SearchBar.swift /Users/admin/builder/spi-builder-workspace/Sources/emojininja/Views/Components/TooltipManager.swift /Users/admin/builder/spi-builder-workspace/Sources/emojininja/Views/EmojiPicker/EmojiGridView.swift /Users/admin/builder/spi-builder-workspace/Sources/emojininja/Views/EmojiPicker/EmojiPickerView.swift /Users/admin/builder/spi-builder-workspace/Sources/emojininja/Views/EmojiPicker/SearchResultsView.swift /Users/admin/builder/spi-builder-workspace/Sources/emojininja/Views/Extensions/ScrollViewExtensions.swift /Users/admin/builder/spi-builder-workspace/Sources/emojininja/Views/MenuBar/MenuBarView.swift /Users/admin/builder/spi-builder-workspace/Sources/emojininja/Views/Styling/Modifiers/EmojiStyling.swift /Users/admin/builder/spi-builder-workspace/Sources/emojininja/Views/Styling/Modifiers/ViewExtensions.swift /Users/admin/builder/spi-builder-workspace/Sources/emojininja/Views/Styling/Themes/Theme.swift /Users/admin/builder/spi-builder-workspace/Sources/emojininja/Views/Styling/Themes/ThemeManager.swift /Users/admin/builder/spi-builder-workspace/Sources/emojininja/Views/Styling/Themes/ThemeSettingsView.swift /Users/admin/builder/spi-builder-workspace/Sources/emojininja/Views/Utils/EmojiLayout.swift /Users/admin/builder/spi-builder-workspace/Sources/emojininja/Views/ViewModels/EmojiPickerViewModel.swift /Users/admin/builder/spi-builder-workspace/Sources/emojininja/Views/ViewModels/MenuBarViewModel.swift /Users/admin/builder/spi-builder-workspace/.derivedData/Build/Intermediates.noindex/Emoji\ Ninja.build/Debug-watchos/Emoji\ Ninja.build/DerivedSources/GeneratedAssetSymbols.swift -supplementary-output-file-map /Users/admin/builder/spi-builder-workspace/.derivedData/Build/Intermediates.noindex/Emoji\ Ninja.build/Debug-watchos/Emoji\ Ninja.build/Objects-normal/arm64/supplementaryOutputs-4 -target arm64-apple-watchos5.0 -Xllvm -aarch64-use-tbi -enable-objc-interop -sdk /Applications/Xcode-16.3.0.app/Contents/Developer/Platforms/WatchOS.platform/Developer/SDKs/WatchOS11.4.sdk -I /Users/admin/builder/spi-builder-workspace/.derivedData/Build/Products/Debug-watchos -I /Applications/Xcode-16.3.0.app/Contents/Developer/Platforms/WatchOS.platform/Developer/usr/lib -F /Users/admin/builder/spi-builder-workspace/.derivedData/Build/Products/Debug-watchos/PackageFrameworks -F /Users/admin/builder/spi-builder-workspace/.derivedData/Build/Products/Debug-watchos -F /Applications/Xcode-16.3.0.app/Contents/Developer/Platforms/WatchOS.platform/Developer/Library/Frameworks -F /Applications/Xcode-16.3.0.app/Contents/Developer/Platforms/WatchOS.platform/Developer/SDKs/WatchOS11.4.sdk/Developer/Library/Frameworks -no-color-diagnostics -enable-testing -g -debug-info-format\=dwarf -dwarf-version\=4 -module-cache-path /Users/admin/builder/spi-builder-workspace/.derivedData/ModuleCache.noindex -profile-generate -profile-coverage-mapping -swift-version 6 -enforce-exclusivity\=checked -Onone -D SWIFT_PACKAGE -D DEBUG -D Xcode -serialize-debugging-options -const-gather-protocols-file /Users/admin/builder/spi-builder-workspace/.derivedData/Build/Intermediates.noindex/Emoji\ Ninja.build/Debug-watchos/Emoji\ Ninja.build/Objects-normal/arm64/Emoji\ Ninja_const_extract_protocols.json -enable-experimental-feature DebugDescriptionMacro -empty-abi-descriptor -plugin-path /Applications/Xcode-16.3.0.app/Contents/Developer/Toolchains/XcodeDefault.xctoolchain/usr/lib/swift/host/plugins/testing -validate-clang-modules-once -clang-build-session-file /Users/admin/builder/spi-builder-workspace/.derivedData/ModuleCache.noindex/Session.modulevalidation -Xcc -working-directory -Xcc /Users/admin/builder/spi-builder-workspace/.swiftpm/xcode -resource-dir /Applications/Xcode-16.3.0.app/Contents/Developer/Toolchains/XcodeDefault.xctoolchain/usr/lib/swift -enable-anonymous-context-mangled-names -file-compilation-dir /Users/admin/builder/spi-builder-workspace/.swiftpm/xcode -Xcc -ivfsstatcache -Xcc /Users/admin/builder/spi-builder-workspace/.derivedData/SDKStatCaches.noindex/watchos11.4-22T246-43efb940ff07ba2497b70ec94253f576.sdkstatcache -Xcc -I/Users/admin/builder/spi-builder-workspace/.derivedData/Build/Products/Debug-watchos/include -Xcc -I/Users/admin/builder/spi-builder-workspace/.derivedData/Build/Intermediates.noindex/Emoji\ Ninja.build/Debug-watchos/Emoji\ Ninja.build/DerivedSources-normal/arm64 -Xcc -I/Users/admin/builder/spi-builder-workspace/.derivedData/Build/Intermediates.noindex/Emoji\ Ninja.build/Debug-watchos/Emoji\ Ninja.build/DerivedSources/arm64 -Xcc -I/Users/admin/builder/spi-builder-workspace/.derivedData/Build/Intermediates.noindex/Emoji\ Ninja.build/Debug-watchos/Emoji\ Ninja.build/DerivedSources -Xcc -DSWIFT_PACKAGE -Xcc -DDEBUG\=1 -module-name Emoji_Ninja -package-name spi_builder_workspace -frontend-parseable-output -disable-clang-spi -target-sdk-version 11.4 -target-sdk-name watchos11.4 -external-plugin-path /Applications/Xcode-16.3.0.app/Contents/Developer/Platforms/WatchOS.platform/Developer/usr/lib/swift/host/plugins\#/Applications/Xcode-16.3.0.app/Contents/Developer/Platforms/WatchOS.platform/Developer/usr/bin/swift-plugin-server -external-plugin-path /Applications/Xcode-16.3.0.app/Contents/Developer/Platforms/WatchOS.platform/Developer/usr/local/lib/swift/host/plugins\#/Applications/Xcode-16.3.0.app/Contents/Developer/Platforms/WatchOS.platform/Developer/usr/bin/swift-plugin-server -in-process-plugin-server-path /Applications/Xcode-16.3.0.app/Contents/Developer/Toolchains/XcodeDefault.xctoolchain/usr/lib/swift/host/libSwiftInProcPluginServer.dylib -plugin-path /Applications/Xcode-16.3.0.app/Contents/Developer/Toolchains/XcodeDefault.xctoolchain/usr/lib/swift/host/plugins -plugin-path /Applications/Xcode-16.3.0.app/Contents/Developer/Toolchains/XcodeDefault.xctoolchain/usr/local/lib/swift/host/plugins -o /Users/admin/builder/spi-builder-workspace/.derivedData/Build/Intermediates.noindex/Emoji\ Ninja.build/Debug-watchos/Emoji\ Ninja.build/Objects-normal/arm64/EmojiRepository.o -o /Users/admin/builder/spi-builder-workspace/.derivedData/Build/Intermediates.noindex/Emoji\ Ninja.build/Debug-watchos/Emoji\ Ninja.build/Objects-normal/arm64/EmojiGroupExtensions.o -o /Users/admin/builder/spi-builder-workspace/.derivedData/Build/Intermediates.noindex/Emoji\ Ninja.build/Debug-watchos/Emoji\ Ninja.build/Objects-normal/arm64/BuildVersion.o -o /Users/admin/builder/spi-builder-workspace/.derivedData/Build/Intermediates.noindex/Emoji\ Ninja.build/Debug-watchos/Emoji\ Ninja.build/Objects-normal/arm64/AppEmojiManager.o -index-unit-output-path /Emoji\ Ninja.build/Debug-watchos/Emoji\ Ninja.build/Objects-normal/arm64/EmojiRepository.o -index-unit-output-path /Emoji\ Ninja.build/Debug-watchos/Emoji\ Ninja.build/Objects-normal/arm64/EmojiGroupExtensions.o -index-unit-output-path /Emoji\ Ninja.build/Debug-watchos/Emoji\ Ninja.build/Objects-normal/arm64/BuildVersion.o -index-unit-output-path /Emoji\ Ninja.build/Debug-watchos/Emoji\ Ninja.build/Objects-normal/arm64/AppEmojiManager.o -index-store-path /Users/admin/builder/spi-builder-workspace/.derivedData/Index.noindex/DataStore -index-system-modules
SwiftCompile normal arm64 /Users/admin/builder/spi-builder-workspace/Sources/emojininja/Domain/EmojiRepository.swift (in target 'Emoji Ninja' from project 'Emoji Ninja')
cd /Users/admin/builder/spi-builder-workspace/.swiftpm/xcode
/Users/admin/builder/spi-builder-workspace/Sources/emojininja/App.swift:1:8: error: no such module 'AppKit'
import AppKit
^
SwiftCompile normal arm64 /Users/admin/builder/spi-builder-workspace/Sources/emojininja/Extensions/EmojiGroupExtensions.swift (in target 'Emoji Ninja' from project 'Emoji Ninja')
cd /Users/admin/builder/spi-builder-workspace/.swiftpm/xcode
/Users/admin/builder/spi-builder-workspace/Sources/emojininja/App.swift:1:8: error: no such module 'AppKit'
import AppKit
^
SwiftCompile normal arm64 /Users/admin/builder/spi-builder-workspace/Sources/emojininja/Generated/BuildVersion.swift (in target 'Emoji Ninja' from project 'Emoji Ninja')
cd /Users/admin/builder/spi-builder-workspace/.swiftpm/xcode
/Users/admin/builder/spi-builder-workspace/Sources/emojininja/App.swift:1:8: error: no such module 'AppKit'
import AppKit
^
SwiftCompile normal arm64 /Users/admin/builder/spi-builder-workspace/Sources/emojininja/Managers/AppEmojiManager.swift (in target 'Emoji Ninja' from project 'Emoji Ninja')
cd /Users/admin/builder/spi-builder-workspace/.swiftpm/xcode
/Users/admin/builder/spi-builder-workspace/Sources/emojininja/App.swift:1:8: error: no such module 'AppKit'
import AppKit
^
SwiftCompile normal arm64 Compiling\ EmojiStyling.swift,\ ViewExtensions.swift,\ Theme.swift /Users/admin/builder/spi-builder-workspace/Sources/emojininja/Views/Styling/Modifiers/EmojiStyling.swift /Users/admin/builder/spi-builder-workspace/Sources/emojininja/Views/Styling/Modifiers/ViewExtensions.swift /Users/admin/builder/spi-builder-workspace/Sources/emojininja/Views/Styling/Themes/Theme.swift (in target 'Emoji Ninja' from project 'Emoji Ninja')
SwiftCompile normal arm64 /Users/admin/builder/spi-builder-workspace/Sources/emojininja/Views/Styling/Modifiers/EmojiStyling.swift (in target 'Emoji Ninja' from project 'Emoji Ninja')
cd /Users/admin/builder/spi-builder-workspace/.swiftpm/xcode
SwiftCompile normal arm64 /Users/admin/builder/spi-builder-workspace/Sources/emojininja/Views/Styling/Modifiers/ViewExtensions.swift (in target 'Emoji Ninja' from project 'Emoji Ninja')
cd /Users/admin/builder/spi-builder-workspace/.swiftpm/xcode
SwiftCompile normal arm64 /Users/admin/builder/spi-builder-workspace/Sources/emojininja/Views/Styling/Themes/Theme.swift (in target 'Emoji Ninja' from project 'Emoji Ninja')
cd /Users/admin/builder/spi-builder-workspace/.swiftpm/xcode
SwiftEmitModule normal arm64_32 Emitting\ module\ for\ Emoji_Ninja (in target 'Emoji Ninja' from project 'Emoji Ninja')
EmitSwiftModule normal arm64_32 (in target 'Emoji Ninja' from project 'Emoji Ninja')
cd /Users/admin/builder/spi-builder-workspace/.swiftpm/xcode
SwiftDriverJobDiscovery normal armv7k Compiling EmojiSearchKit.swift (in target 'ninjalib' from project 'Emoji Ninja')
SwiftEmitModule normal arm64 Emitting\ module\ for\ Emoji_Ninja (in target 'Emoji Ninja' from project 'Emoji Ninja')
EmitSwiftModule normal arm64 (in target 'Emoji Ninja' from project 'Emoji Ninja')
cd /Users/admin/builder/spi-builder-workspace/.swiftpm/xcode
SwiftDriverJobDiscovery normal arm64_32 Compiling EmojiSearchKit.swift (in target 'ninjalib' from project 'Emoji Ninja')
SwiftEmitModule normal armv7k Emitting\ module\ for\ Emoji_Ninja (in target 'Emoji Ninja' from project 'Emoji Ninja')
Command SwiftEmitModule failed with a nonzero exit code
** BUILD FAILED **
The following build commands failed:
SwiftCompile normal arm64 Compiling\ EmojiRepository.swift,\ EmojiGroupExtensions.swift,\ BuildVersion.swift,\ AppEmojiManager.swift /Users/admin/builder/spi-builder-workspace/Sources/emojininja/Domain/EmojiRepository.swift /Users/admin/builder/spi-builder-workspace/Sources/emojininja/Extensions/EmojiGroupExtensions.swift /Users/admin/builder/spi-builder-workspace/Sources/emojininja/Generated/BuildVersion.swift /Users/admin/builder/spi-builder-workspace/Sources/emojininja/Managers/AppEmojiManager.swift (in target 'Emoji Ninja' from project 'Emoji Ninja')
SwiftCompile normal arm64 /Users/admin/builder/spi-builder-workspace/Sources/emojininja/Domain/EmojiRepository.swift (in target 'Emoji Ninja' from project 'Emoji Ninja')
SwiftCompile normal arm64 /Users/admin/builder/spi-builder-workspace/Sources/emojininja/Extensions/EmojiGroupExtensions.swift (in target 'Emoji Ninja' from project 'Emoji Ninja')
SwiftCompile normal arm64 /Users/admin/builder/spi-builder-workspace/Sources/emojininja/Generated/BuildVersion.swift (in target 'Emoji Ninja' from project 'Emoji Ninja')
SwiftCompile normal arm64 /Users/admin/builder/spi-builder-workspace/Sources/emojininja/Managers/AppEmojiManager.swift (in target 'Emoji Ninja' from project 'Emoji Ninja')
SwiftEmitModule normal armv7k Emitting\ module\ for\ Emoji_Ninja (in target 'Emoji Ninja' from project 'Emoji Ninja')
Building workspace spi-builder-workspace with scheme Emoji Ninja-Package
(7 failures)
BUILD FAILURE 6.1 watchOS