Build Information
Failed to build BCTestExpectation, reference 1.0.2 (05bdc7), with Swift 6.2 for tvOS using Xcode 26.3 on 23 Sep 2026 14:25:51 UTC.
Build Command
No build command. This typically means the build failed at an early stage where we determine the build command.Build Log
========================================
RunAll
========================================
Builder version: 5.1.0
Interrupt handler set up.
========================================
Checkout
========================================
Clone URL: https://github.com/bernoulliconvergenator/BCTestExpectation.git
Reference: 1.0.2
Initialized empty Git repository in /Users/admin/builder/spi-builder-workspace/.git/
From https://github.com/bernoulliconvergenator/BCTestExpectation
* tag 1.0.2 -> FETCH_HEAD
HEAD is now at 05bdc78 Swift 6.4
Cloned https://github.com/bernoulliconvergenator/BCTestExpectation.git
Revision (git rev-parse @):
05bdc78014f8f763e63d5587fba05df29e4a81fd
SPI manifest file found: $PWD/.spi.yml
SUCCESS checkout https://github.com/bernoulliconvergenator/BCTestExpectation.git at 1.0.2
========================================
Build
========================================
Selected platform: tvOS
Swift version: 6.2
Building package at path: $PWD
https://github.com/bernoulliconvergenator/BCTestExpectation.git
Command line invocation:
/Applications/Xcode-26.3.0.app/Contents/Developer/usr/bin/xcodebuild -IDEClonedSourcePackagesDirPathOverride=/Users/admin/builder/spi-builder-workspace/.dependencies -resolvePackageDependencies
Resolve Package Graph
package 'spi-builder-workspace' is using Swift tools version 6.4.0 but the installed version is 6.2.4
Resolved source packages:
spi-builder-workspace: (null)
2026-09-23 10:25:50.440 xcodebuild[538:3077] Writing error result bundle to /var/folders/xq/y_g06wb113726d38xsyx71_h0000gn/T/ResultBundle_2026-23-09_10-25-0050.xcresult
xcodebuild: error: Could not resolve package dependencies:
package 'spi-builder-workspace' is using Swift tools version 6.4.0 but the installed version is 6.2.4
Command line invocation:
/Applications/Xcode-26.3.0.app/Contents/Developer/usr/bin/xcodebuild -IDEClonedSourcePackagesDirPathOverride=/Users/admin/builder/spi-builder-workspace/.dependencies -resolvePackageDependencies
Resolve Package Graph
package 'spi-builder-workspace' is using Swift tools version 6.4.0 but the installed version is 6.2.4
Resolved source packages:
spi-builder-workspace: (null)
2026-09-23 10:25:51.308 xcodebuild[600:3614] Writing error result bundle to /var/folders/xq/y_g06wb113726d38xsyx71_h0000gn/T/ResultBundle_2026-23-09_10-25-0051.xcresult
xcodebuild: error: Could not resolve package dependencies:
package 'spi-builder-workspace' is using Swift tools version 6.4.0 but the installed version is 6.2.4
BUILD FAILURE 6.2 tvOS