The Swift Package Index logo.Swift Package Index

Build Information

Failed to build IBeam, reference main (30d2fa), with Swift 6.4 for Wasm on 28 Sep 2026 12:16:57 UTC.

Build Command

bash -c docker run --pull=always --rm -v "checkouts-54344843-1":/host -w "$PWD" -e JAVA_HOME="/root/.sdkman/candidates/java/current" -e SPI_BUILD="1" -e SPI_PROCESSING="1" registry.gitlab.com/saguaro1/spi-images:wasm-6.4-latest swift build --swift-sdk swift-6.4.x-DEVELOPMENT-SNAPSHOT-2026-09-04-a_wasm 2>&1

Build Log

========================================
RunAll
========================================
Builder version: 5.1.0
Interrupt handler set up.
========================================
Checkout
========================================
Clone URL: https://github.com/ChimeHQ/IBeam.git
Reference: main
Initialized empty Git repository in /host/spi-builder-workspace/.git/
hint: Using 'master' as the name for the initial branch. This default branch name
hint: is subject to change. To configure the initial branch name to use in all
hint: of your new repositories, which will suppress this warning, call:
hint:
hint: 	git config --global init.defaultBranch <name>
hint:
hint: Names commonly chosen instead of 'master' are 'main', 'trunk' and
hint: 'development'. The just-created branch can be renamed via this command:
hint:
hint: 	git branch -m <name>
From https://github.com/ChimeHQ/IBeam
 * branch            main       -> FETCH_HEAD
 * [new branch]      main       -> origin/main
HEAD is now at 30d2fab Remove chat, funding
Cloned https://github.com/ChimeHQ/IBeam.git
Revision (git rev-parse @):
30d2fab3454c10e84cb569fd589f419e64cce4ab
SUCCESS checkout https://github.com/ChimeHQ/IBeam.git at main
========================================
Build
========================================
Selected platform:         wasm
Swift version:             6.4
Building package at path:  $PWD
https://github.com/ChimeHQ/IBeam.git
Running build ...
bash -c docker run --pull=always --rm -v "checkouts-54344843-1":/host -w "$PWD" -e JAVA_HOME="/root/.sdkman/candidates/java/current" -e SPI_BUILD="1" -e SPI_PROCESSING="1" registry.gitlab.com/saguaro1/spi-images:wasm-6.4-latest swift build --swift-sdk swift-6.4.x-DEVELOPMENT-SNAPSHOT-2026-09-04-a_wasm 2>&1
wasm-6.4-latest: Pulling from saguaro1/spi-images
Digest: sha256:4328fdb43c680d205c1d6761b1e3267aa38277eefdda9ddfb17b6a0f1a77857a
Status: Image is up to date for registry.gitlab.com/saguaro1/spi-images:wasm-6.4-latest
Fetching https://github.com/ChimeHQ/Ligature
Fetching https://github.com/ChimeHQ/Rearrange
[1/609] Fetching rearrange
Fetched https://github.com/ChimeHQ/Rearrange (0.49s)
[1/284] Fetching ligature
Fetched https://github.com/ChimeHQ/Ligature (0.53s)
Computing version for https://github.com/ChimeHQ/Ligature
Computed https://github.com/ChimeHQ/Ligature at 0.1.1 (0.69s)
Fetching https://github.com/ChimeHQ/Glyph
[1/294] Fetching glyph
Fetched https://github.com/ChimeHQ/Glyph (0.67s)
Computing version for https://github.com/ChimeHQ/Rearrange
Computed https://github.com/ChimeHQ/Rearrange at 2.1.1 (0.88s)
Computing version for https://github.com/ChimeHQ/Glyph
Computed https://github.com/ChimeHQ/Glyph at 0.1.1 (0.15s)
Creating working copy for https://github.com/ChimeHQ/Glyph
Working copy of https://github.com/ChimeHQ/Glyph resolved at 0.1.1
Creating working copy for https://github.com/ChimeHQ/Rearrange
Working copy of https://github.com/ChimeHQ/Rearrange resolved at 2.1.1
Creating working copy for https://github.com/ChimeHQ/Ligature
Working copy of https://github.com/ChimeHQ/Ligature resolved at 0.1.1
Building for debugging...
[Computing dependencies]
[Pre-planning 1 / 156]
[Creating build graph]
[43 / 79] Rearrange
[44 / 79] Glyph
[46 / 79] Glyph
[60 / 79] Rearrange
[63 / 89] Ligature
[64 / 90] Ligature
error: SwiftCompile normal wasm32 /host/spi-builder-workspace/.build/checkouts/Ligature/Sources/Ligature/TextDirection+Extensions.swift failed with a nonzero exit code. Command line:     cd /host
    builtin-SwiftPerFileCompile TextDirection+Extensions.swift
/host/spi-builder-workspace/.build/checkouts/Ligature/Sources/Ligature/TextDirection+Extensions.swift:1:11: error: cannot find type 'TextLayoutDirection' in scope
 1 | extension TextLayoutDirection {
   |           `- error: cannot find type 'TextLayoutDirection' in scope
 2 | 	public func textStorageDirection(with layout: UserInterfaceLayoutDirection) -> TextStorageDirection? {
 3 | 		switch (self, layout) {
/host/spi-builder-workspace/.build/checkouts/Ligature/Sources/Ligature/TextDirection+Extensions.swift:16:11: error: cannot find type 'TextDirection' in scope
14 | }
15 |
16 | extension TextDirection {
   |           `- error: cannot find type 'TextDirection' in scope
17 | 	public func textStorageDirection(with layout: UserInterfaceLayoutDirection) -> TextStorageDirection? {
18 | 		switch rawValue {
/host/spi-builder-workspace/.build/checkouts/Ligature/Sources/Ligature/TextDirection+Extensions.swift:2:81: error: cannot find type 'TextStorageDirection' in scope
 1 | extension TextLayoutDirection {
 2 | 	public func textStorageDirection(with layout: UserInterfaceLayoutDirection) -> TextStorageDirection? {
   |                                                                                 `- error: cannot find type 'TextStorageDirection' in scope
 3 | 		switch (self, layout) {
 4 | 		case (.left, .leftToRight), (.right, .rightToLeft):
/host/spi-builder-workspace/.build/checkouts/Ligature/Sources/Ligature/TextDirection+Extensions.swift:2:48: error: cannot find type 'UserInterfaceLayoutDirection' in scope
 1 | extension TextLayoutDirection {
 2 | 	public func textStorageDirection(with layout: UserInterfaceLayoutDirection) -> TextStorageDirection? {
   |                                                `- error: cannot find type 'UserInterfaceLayoutDirection' in scope
 3 | 		switch (self, layout) {
 4 | 		case (.left, .leftToRight), (.right, .rightToLeft):
/host/spi-builder-workspace/.build/checkouts/Ligature/Sources/Ligature/TextDirection+Extensions.swift:17:81: error: cannot find type 'TextStorageDirection' in scope
15 |
16 | extension TextDirection {
17 | 	public func textStorageDirection(with layout: UserInterfaceLayoutDirection) -> TextStorageDirection? {
   |                                                                                 `- error: cannot find type 'TextStorageDirection' in scope
18 | 		switch rawValue {
19 | 		case TextStorageDirection.forward.rawValue:
/host/spi-builder-workspace/.build/checkouts/Ligature/Sources/Ligature/TextDirection+Extensions.swift:17:48: error: cannot find type 'UserInterfaceLayoutDirection' in scope
15 |
16 | extension TextDirection {
17 | 	public func textStorageDirection(with layout: UserInterfaceLayoutDirection) -> TextStorageDirection? {
   |                                                `- error: cannot find type 'UserInterfaceLayoutDirection' in scope
18 | 		switch rawValue {
19 | 		case TextStorageDirection.forward.rawValue:
Failed frontend command:
/usr/bin/swift-frontend -frontend -c /host/spi-builder-workspace/.build/checkouts/Ligature/Sources/Ligature/MockTextTokenizer.swift /host/spi-builder-workspace/.build/checkouts/Ligature/Sources/Ligature/NSTextSelection+Extensions.swift /host/spi-builder-workspace/.build/checkouts/Ligature/Sources/Ligature/Platform.swift /host/spi-builder-workspace/.build/checkouts/Ligature/Sources/Ligature/SourceTokenizer.swift -primary-file /host/spi-builder-workspace/.build/checkouts/Ligature/Sources/Ligature/TextDirection+Extensions.swift /host/spi-builder-workspace/.build/checkouts/Ligature/Sources/Ligature/TextInputStringTokenizer.swift /host/spi-builder-workspace/.build/checkouts/Ligature/Sources/Ligature/TextRange+Bounded.swift /host/spi-builder-workspace/.build/checkouts/Ligature/Sources/Ligature/TextTokenizer.swift /host/spi-builder-workspace/.build/checkouts/Ligature/Sources/Ligature/TextView+TextRangeCalculating.swift /host/spi-builder-workspace/.build/checkouts/Ligature/Sources/Ligature/UTF16CodePointTextViewTextTokenizer.swift -emit-dependencies-path /host/spi-builder-workspace/.build/out/Intermediates.noindex/Ligature.build/Debug-webassembly-wasm32/Ligature-t.build/Objects-normal/wasm32/TextDirection+Extensions.d -emit-const-values-path /host/spi-builder-workspace/.build/out/Intermediates.noindex/Ligature.build/Debug-webassembly-wasm32/Ligature-t.build/Objects-normal/wasm32/TextDirection+Extensions.swiftconstvalues -emit-reference-dependencies-path /host/spi-builder-workspace/.build/out/Intermediates.noindex/Ligature.build/Debug-webassembly-wasm32/Ligature-t.build/Objects-normal/wasm32/TextDirection+Extensions.swiftdeps -serialize-diagnostics-path /host/spi-builder-workspace/.build/out/Intermediates.noindex/Ligature.build/Debug-webassembly-wasm32/Ligature-t.build/Objects-normal/wasm32/TextDirection+Extensions.dia -target wasm32-unknown-wasip1 -disable-objc-interop -sdk /root/.swiftpm/swift-sdks/swift-6.4.x-DEVELOPMENT-SNAPSHOT-2026-09-04-a_wasm.artifactbundle/swift-6.4.x-DEVELOPMENT-SNAPSHOT-2026-09-04-a_wasm/wasm32-unknown-wasip1/WASI.sdk -sysroot /root/.swiftpm/swift-sdks/swift-6.4.x-DEVELOPMENT-SNAPSHOT-2026-09-04-a_wasm.artifactbundle/swift-6.4.x-DEVELOPMENT-SNAPSHOT-2026-09-04-a_wasm/wasm32-unknown-wasip1/WASI.sdk -I /host/spi-builder-workspace/.build/out/Products/Debug-webassembly-wasm32 -module-cache-path /host/spi-builder-workspace/.build/out/ModuleCache.noindex -color-diagnostics -Xcc -fcolor-diagnostics -enable-testing -g -debug-info-format\=dwarf -dwarf-version\=4 -suppress-warnings -swift-version 6 -Onone -D SWIFT_PACKAGE -D DEBUG -D SWIFT_MODULE_RESOURCE_BUNDLE_UNAVAILABLE -D Xcode -serialize-debugging-options -enable-experimental-feature DebugDescriptionMacro -empty-abi-descriptor -external-plugin-path /usr/lib/swift/host/plugins/testing\#/usr/bin/swift-plugin-server -user-module-version 0.1.1 -validate-clang-modules-once -clang-build-session-file /host/spi-builder-workspace/.build/out/ModuleCache.noindex/Session.modulevalidation -Xcc -working-directory -Xcc /host -resource-dir /root/.swiftpm/swift-sdks/swift-6.4.x-DEVELOPMENT-SNAPSHOT-2026-09-04-a_wasm.artifactbundle/swift-6.4.x-DEVELOPMENT-SNAPSHOT-2026-09-04-a_wasm/wasm32-unknown-wasip1/swift.xctoolchain/usr/lib/swift_static -use-static-resource-dir -enable-anonymous-context-mangled-names -file-compilation-dir /host -Xcc -resource-dir -Xcc /root/.swiftpm/swift-sdks/swift-6.4.x-DEVELOPMENT-SNAPSHOT-2026-09-04-a_wasm.artifactbundle/swift-6.4.x-DEVELOPMENT-SNAPSHOT-2026-09-04-a_wasm/wasm32-unknown-wasip1/swift.xctoolchain/usr/lib/swift_static/clang -Xcc -D_LIBCPP_HARDENING_MODE\=_LIBCPP_HARDENING_MODE_DEBUG -Xcc -fmodules-prune-interval\=86400 -Xcc -fmodules-prune-after\=345600 -Xcc -I/host/spi-builder-workspace/.build/out/Products/Debug-webassembly-wasm32/include -Xcc -I/host/spi-builder-workspace/.build/out/Intermediates.noindex/Ligature.build/Debug-webassembly-wasm32/Ligature-t.build/DerivedSources-normal/wasm32 -Xcc -I/host/spi-builder-workspace/.build/out/Intermediates.noindex/Ligature.build/Debug-webassembly-wasm32/Ligature-t.build/DerivedSources/wasm32 -Xcc -I/host/spi-builder-workspace/.build/out/Intermediates.noindex/Ligature.build/Debug-webassembly-wasm32/Ligature-t.build/DerivedSources -Xcc -DSWIFT_PACKAGE -Xcc -DDEBUG\=1 -no-auto-bridging-header-chaining -module-name Ligature -package-name ligature -const-gather-protocols-file /host/spi-builder-workspace/.build/out/Intermediates.noindex/Ligature.build/Debug-webassembly-wasm32/Ligature-t.build/Objects-normal/wasm32/Ligature_const_extract_protocols.json -in-process-plugin-server-path /usr/lib/swift/host/libSwiftInProcPluginServer.so -plugin-path /usr/lib/swift/host/plugins -plugin-path /usr/local/lib/swift/host/plugins -parse-as-library -o /host/spi-builder-workspace/.build/out/Intermediates.noindex/Ligature.build/Debug-webassembly-wasm32/Ligature-t.build/Objects-normal/wasm32/TextDirection+Extensions.o -index-unit-output-path /Ligature.build/Debug-webassembly-wasm32/Ligature-t.build/Objects-normal/wasm32/TextDirection+Extensions.o -index-store-path /host/spi-builder-workspace/.build/out -index-system-modules
error: Build failed
BUILD FAILURE 6.4 wasm