Build Information
Failed to build StringsLint, reference master (b398a5), with Swift 6.1 for Android on 28 Sep 2026 18:08:51 UTC.
Build Command
bash -c docker run --pull=always --rm -v "checkouts-54344844-2":/host -w "$PWD" -e JAVA_HOME="/root/.sdkman/candidates/java/current" -e SPI_BUILD="1" -e SPI_PROCESSING="1" registry.gitlab.com/saguaro1/spi-images:android-6.1-latest swift build --swift-sdk aarch64-unknown-linux-android24 2>&1Build Log
========================================
RunAll
========================================
Builder version: 5.1.0
Interrupt handler set up.
========================================
Checkout
========================================
Clone URL: https://github.com/dral3x/stringslint.git
Reference: master
Initialized empty Git repository in /host/spi-builder-workspace/.git/
hint: Using 'master' as the name for the initial branch. This default branch name
hint: is subject to change. To configure the initial branch name to use in all
hint: of your new repositories, which will suppress this warning, call:
hint:
hint: git config --global init.defaultBranch <name>
hint:
hint: Names commonly chosen instead of 'master' are 'main', 'trunk' and
hint: 'development'. The just-created branch can be renamed via this command:
hint:
hint: git branch -m <name>
From https://github.com/dral3x/stringslint
* branch master -> FETCH_HEAD
* [new branch] master -> origin/master
HEAD is now at b398a55 release 0.1.11
Cloned https://github.com/dral3x/stringslint.git
Revision (git rev-parse @):
b398a55a99bdba928fcfb654529a6896e40327ce
SUCCESS checkout https://github.com/dral3x/stringslint.git at master
========================================
Build
========================================
Selected platform: android
Swift version: 6.1
Building package at path: $PWD
https://github.com/dral3x/stringslint.git
https://github.com/dral3x/stringslint.git
WARNING: environment variable SUPPRESS_SWIFT_6_FLAGS is not set
Running build ...
bash -c docker run --pull=always --rm -v "checkouts-54344844-2":/host -w "$PWD" -e JAVA_HOME="/root/.sdkman/candidates/java/current" -e SPI_BUILD="1" -e SPI_PROCESSING="1" registry.gitlab.com/saguaro1/spi-images:android-6.1-latest swift build --swift-sdk aarch64-unknown-linux-android24 -Xswiftc -Xfrontend -Xswiftc -stats-output-dir -Xswiftc -Xfrontend -Xswiftc .stats -Xswiftc -strict-concurrency=complete -Xswiftc -enable-upcoming-feature -Xswiftc StrictConcurrency -Xswiftc -enable-upcoming-feature -Xswiftc DisableOutwardActorInference -Xswiftc -enable-upcoming-feature -Xswiftc GlobalActorIsolatedTypesUsability -Xswiftc -enable-upcoming-feature -Xswiftc InferSendableFromCaptures 2>&1
android-6.1-latest: Pulling from saguaro1/spi-images
Digest: sha256:a7f4f752e160f6cbd9e0c26490aa43ccd5312d524c4c6d77f8b144559b526afa
Status: Image is up to date for registry.gitlab.com/saguaro1/spi-images:android-6.1-latest
Fetching https://github.com/jpsim/Yams.git
Fetching https://github.com/apple/swift-argument-parser.git
[1/11861] Fetching yams
[476/30809] Fetching yams, swift-argument-parser
Fetched https://github.com/apple/swift-argument-parser.git from cache (1.16s)
[10201/11861] Fetching yams
Fetched https://github.com/jpsim/Yams.git from cache (1.49s)
Computing version for https://github.com/jpsim/Yams.git
Computed https://github.com/jpsim/Yams.git at 5.0.6 (3.16s)
Computing version for https://github.com/apple/swift-argument-parser.git
Computed https://github.com/apple/swift-argument-parser.git at 1.5.0 (0.39s)
Creating working copy for https://github.com/apple/swift-argument-parser.git
Working copy of https://github.com/apple/swift-argument-parser.git resolved at 1.5.0
Creating working copy for https://github.com/jpsim/Yams.git
Working copy of https://github.com/jpsim/Yams.git resolved at 5.0.6
warning: 'spi-builder-workspace': found 1 file(s) which are unhandled; explicitly declare them as resources or exclude from the target
/host/spi-builder-workspace/Sources/stringslint/Supporting Files/Info.plist
warning: 'spi-builder-workspace': found 1 file(s) which are unhandled; explicitly declare them as resources or exclude from the target
/host/spi-builder-workspace/Sources/StringsLintFramework/Supporting Files/Info.plist
[1/1] Compiling plugin GenerateManual
Building for debugging...
[1/20] Write sources
[6/20] Compiling reader.c
[7/20] Compiling writer.c
[8/20] Compiling parser.c
[9/20] Compiling api.c
[10/20] Compiling emitter.c
[11/20] Write swift-version-24593BA9C3E375BF.txt
[12/20] Compiling scanner.c
[14/37] Compiling ArgumentParserToolInfo ToolInfo.swift
[15/37] Emitting module ArgumentParserToolInfo
[16/38] Wrapping AST for ArgumentParserToolInfo for debugging
[18/76] Compiling ArgumentParser NameSpecification.swift
/host/spi-builder-workspace/.build/checkouts/Yams/Sources/Yams/Representer.swift:19:8: error: no such module 'Glibc'
17 | #else
18 | import CoreFoundation
19 | import Glibc
| `- error: no such module 'Glibc'
20 | private let cpow: (_: Double, _: Double) -> Double = Glibc.pow
21 | #endif
[19/76] Compiling ArgumentParser Option.swift
/host/spi-builder-workspace/.build/checkouts/Yams/Sources/Yams/Representer.swift:19:8: error: no such module 'Glibc'
17 | #else
18 | import CoreFoundation
19 | import Glibc
| `- error: no such module 'Glibc'
20 | private let cpow: (_: Double, _: Double) -> Double = Glibc.pow
21 | #endif
[20/77] Compiling ArgumentParser BashCompletionsGenerator.swift
[21/77] Compiling ArgumentParser CompletionsGenerator.swift
[22/77] Compiling ArgumentParser FishCompletionsGenerator.swift
[23/77] Compiling ArgumentParser ZshCompletionsGenerator.swift
[24/77] Compiling ArgumentParser Argument.swift
[25/77] Compiling ArgumentParser ArgumentHelp.swift
[26/82] Compiling ArgumentParser ArgumentVisibility.swift
[27/82] Compiling ArgumentParser CompletionKind.swift
[28/82] Compiling ArgumentParser Errors.swift
[29/82] Compiling ArgumentParser Flag.swift
[32/82] Emitting module ArgumentParser
[33/82] Compiling ArgumentParser ExpressibleByArgument.swift
[34/82] Compiling ArgumentParser ParsableArguments.swift
[35/82] Compiling ArgumentParser ParsableArgumentsValidation.swift
[36/82] Compiling ArgumentParser ParsableCommand.swift
[37/82] Compiling ArgumentParser ArgumentDecoder.swift
[38/82] Compiling ArgumentParser ArgumentDefinition.swift
[39/82] Compiling ArgumentParser ArgumentSet.swift
[40/82] Compiling ArgumentParser CommandParser.swift
[41/82] Compiling ArgumentParser InputKey.swift
[42/82] Compiling ArgumentParser InputOrigin.swift
[43/82] Compiling ArgumentParser CollectionExtensions.swift
[44/82] Compiling ArgumentParser Platform.swift
[45/82] Compiling ArgumentParser SequenceExtensions.swift
[46/82] Compiling ArgumentParser StringExtensions.swift
[47/82] Compiling ArgumentParser Tree.swift
[48/82] Compiling Yams YamlError.swift
/host/spi-builder-workspace/.build/checkouts/Yams/Sources/Yams/Representer.swift:19:8: error: no such module 'Glibc'
17 | #else
18 | import CoreFoundation
19 | import Glibc
| `- error: no such module 'Glibc'
20 | private let cpow: (_: Double, _: Double) -> Double = Glibc.pow
21 | #endif
/host/spi-builder-workspace/.build/checkouts/Yams/Sources/Yams/Representer.swift:19:8: error: no such module 'Glibc'
17 | #else
18 | import CoreFoundation
19 | import Glibc
| `- error: no such module 'Glibc'
20 | private let cpow: (_: Double, _: Double) -> Double = Glibc.pow
21 | #endif
/host/spi-builder-workspace/.build/checkouts/Yams/Sources/Yams/Representer.swift:19:8: error: no such module 'Glibc'
17 | #else
18 | import CoreFoundation
19 | import Glibc
| `- error: no such module 'Glibc'
20 | private let cpow: (_: Double, _: Double) -> Double = Glibc.pow
21 | #endif
/host/spi-builder-workspace/.build/checkouts/Yams/Sources/Yams/Representer.swift:19:8: error: no such module 'Glibc'
17 | #else
18 | import CoreFoundation
19 | import Glibc
| `- error: no such module 'Glibc'
20 | private let cpow: (_: Double, _: Double) -> Double = Glibc.pow
21 | #endif
/host/spi-builder-workspace/.build/checkouts/Yams/Sources/Yams/Representer.swift:19:8: error: no such module 'Glibc'
17 | #else
18 | import CoreFoundation
19 | import Glibc
| `- error: no such module 'Glibc'
20 | private let cpow: (_: Double, _: Double) -> Double = Glibc.pow
21 | #endif
error: emit-module command failed with exit code 1 (use -v to see invocation)
[53/82] Emitting module Yams
/host/spi-builder-workspace/.build/checkouts/Yams/Sources/Yams/Representer.swift:19:8: error: no such module 'Glibc'
17 | #else
18 | import CoreFoundation
19 | import Glibc
| `- error: no such module 'Glibc'
20 | private let cpow: (_: Double, _: Double) -> Double = Glibc.pow
21 | #endif
/host/spi-builder-workspace/.build/checkouts/Yams/Sources/Yams/Representer.swift:19:8: error: no such module 'Glibc'
17 | #else
18 | import CoreFoundation
19 | import Glibc
| `- error: no such module 'Glibc'
20 | private let cpow: (_: Double, _: Double) -> Double = Glibc.pow
21 | #endif
/host/spi-builder-workspace/.build/checkouts/Yams/Sources/Yams/Representer.swift:19:8: error: no such module 'Glibc'
17 | #else
18 | import CoreFoundation
19 | import Glibc
| `- error: no such module 'Glibc'
20 | private let cpow: (_: Double, _: Double) -> Double = Glibc.pow
21 | #endif
/host/spi-builder-workspace/.build/checkouts/Yams/Sources/Yams/Representer.swift:19:8: error: no such module 'Glibc'
17 | #else
18 | import CoreFoundation
19 | import Glibc
| `- error: no such module 'Glibc'
20 | private let cpow: (_: Double, _: Double) -> Double = Glibc.pow
21 | #endif
/host/spi-builder-workspace/.build/checkouts/Yams/Sources/Yams/Representer.swift:19:8: error: no such module 'Glibc'
17 | #else
18 | import CoreFoundation
19 | import Glibc
| `- error: no such module 'Glibc'
20 | private let cpow: (_: Double, _: Double) -> Double = Glibc.pow
21 | #endif
[58/82] Compiling ArgumentParser Name.swift
[59/82] Compiling ArgumentParser Parsed.swift
[60/82] Compiling ArgumentParser ParsedValues.swift
[61/82] Compiling ArgumentParser ParserError.swift
[62/82] Compiling ArgumentParser SplitArguments.swift
[63/82] Compiling ArgumentParser DumpHelpGenerator.swift
[64/82] Compiling ArgumentParser HelpCommand.swift
[65/82] Compiling ArgumentParser HelpGenerator.swift
[66/82] Compiling ArgumentParser MessageInfo.swift
[67/82] Compiling ArgumentParser UsageGenerator.swift
[68/82] Compiling ArgumentParser OptionGroup.swift
[69/82] Compiling ArgumentParser AsyncParsableCommand.swift
[70/82] Compiling ArgumentParser CommandConfiguration.swift
[71/82] Compiling ArgumentParser CommandGroup.swift
[72/82] Compiling ArgumentParser EnumerableFlag.swift
/host/spi-builder-workspace/.build/checkouts/Yams/Sources/Yams/Representer.swift:19:8: error: no such module 'Glibc'
17 | #else
18 | import CoreFoundation
19 | import Glibc
| `- error: no such module 'Glibc'
20 | private let cpow: (_: Double, _: Double) -> Double = Glibc.pow
21 | #endif
/host/spi-builder-workspace/.build/checkouts/Yams/Sources/Yams/Representer.swift:19:8: error: no such module 'Glibc'
17 | #else
18 | import CoreFoundation
19 | import Glibc
| `- error: no such module 'Glibc'
20 | private let cpow: (_: Double, _: Double) -> Double = Glibc.pow
21 | #endif
/host/spi-builder-workspace/.build/checkouts/Yams/Sources/Yams/Representer.swift:19:8: error: no such module 'Glibc'
17 | #else
18 | import CoreFoundation
19 | import Glibc
| `- error: no such module 'Glibc'
20 | private let cpow: (_: Double, _: Double) -> Double = Glibc.pow
21 | #endif
/host/spi-builder-workspace/.build/checkouts/Yams/Sources/Yams/Representer.swift:19:8: error: no such module 'Glibc'
17 | #else
18 | import CoreFoundation
19 | import Glibc
| `- error: no such module 'Glibc'
20 | private let cpow: (_: Double, _: Double) -> Double = Glibc.pow
21 | #endif
Running build ...
bash -c docker run --pull=always --rm -v "checkouts-54344844-2":/host -w "$PWD" -e JAVA_HOME="/root/.sdkman/candidates/java/current" -e SPI_BUILD="1" -e SPI_PROCESSING="1" registry.gitlab.com/saguaro1/spi-images:android-6.1-latest swift build --swift-sdk aarch64-unknown-linux-android24 2>&1
android-6.1-latest: Pulling from saguaro1/spi-images
Digest: sha256:a7f4f752e160f6cbd9e0c26490aa43ccd5312d524c4c6d77f8b144559b526afa
Status: Image is up to date for registry.gitlab.com/saguaro1/spi-images:android-6.1-latest
warning: 'spi-builder-workspace': found 3 file(s) which are unhandled; explicitly declare them as resources or exclude from the target
/host/spi-builder-workspace/Tests/StringsLintFrameworkTests/Fixtures/LocalizedStringsdict.stringsdict
/host/spi-builder-workspace/Tests/StringsLintFrameworkTests/Supporting Files/Info.plist
/host/spi-builder-workspace/Tests/StringsLintFrameworkTests/Fixtures/LocalizedStrings.strings
warning: 'spi-builder-workspace': found 1 file(s) which are unhandled; explicitly declare them as resources or exclude from the target
/host/spi-builder-workspace/Sources/stringslint/Supporting Files/Info.plist
warning: 'spi-builder-workspace': found 1 file(s) which are unhandled; explicitly declare them as resources or exclude from the target
/host/spi-builder-workspace/Sources/StringsLintFramework/Supporting Files/Info.plist
[0/1] Planning build
[1/1] Compiling plugin GenerateManual
Building for debugging...
[1/9] Write swift-version-24593BA9C3E375BF.txt
[3/26] Emitting module ArgumentParserToolInfo
[4/26] Compiling Yams String+Yams.swift
/host/spi-builder-workspace/.build/checkouts/Yams/Sources/Yams/Representer.swift:19:8: error: no such module 'Glibc'
17 | #else
18 | import CoreFoundation
19 | import Glibc
| `- error: no such module 'Glibc'
20 | private let cpow: (_: Double, _: Double) -> Double = Glibc.pow
21 | #endif
[5/26] Compiling Yams Tag.swift
/host/spi-builder-workspace/.build/checkouts/Yams/Sources/Yams/Representer.swift:19:8: error: no such module 'Glibc'
17 | #else
18 | import CoreFoundation
19 | import Glibc
| `- error: no such module 'Glibc'
20 | private let cpow: (_: Double, _: Double) -> Double = Glibc.pow
21 | #endif
[6/27] Compiling Yams Node.Scalar.swift
/host/spi-builder-workspace/.build/checkouts/Yams/Sources/Yams/Representer.swift:19:8: error: no such module 'Glibc'
17 | #else
18 | import CoreFoundation
19 | import Glibc
| `- error: no such module 'Glibc'
20 | private let cpow: (_: Double, _: Double) -> Double = Glibc.pow
21 | #endif
[7/27] Compiling Yams Node.Sequence.swift
/host/spi-builder-workspace/.build/checkouts/Yams/Sources/Yams/Representer.swift:19:8: error: no such module 'Glibc'
17 | #else
18 | import CoreFoundation
19 | import Glibc
| `- error: no such module 'Glibc'
20 | private let cpow: (_: Double, _: Double) -> Double = Glibc.pow
21 | #endif
[8/27] Compiling Yams Node.swift
/host/spi-builder-workspace/.build/checkouts/Yams/Sources/Yams/Representer.swift:19:8: error: no such module 'Glibc'
17 | #else
18 | import CoreFoundation
19 | import Glibc
| `- error: no such module 'Glibc'
20 | private let cpow: (_: Double, _: Double) -> Double = Glibc.pow
21 | #endif
[9/27] Compiling Yams Parser.swift
/host/spi-builder-workspace/.build/checkouts/Yams/Sources/Yams/Representer.swift:19:8: error: no such module 'Glibc'
17 | #else
18 | import CoreFoundation
19 | import Glibc
| `- error: no such module 'Glibc'
20 | private let cpow: (_: Double, _: Double) -> Double = Glibc.pow
21 | #endif
[10/27] Compiling Yams Representer.swift
/host/spi-builder-workspace/.build/checkouts/Yams/Sources/Yams/Representer.swift:19:8: error: no such module 'Glibc'
17 | #else
18 | import CoreFoundation
19 | import Glibc
| `- error: no such module 'Glibc'
20 | private let cpow: (_: Double, _: Double) -> Double = Glibc.pow
21 | #endif
[11/27] Compiling Yams Resolver.swift
/host/spi-builder-workspace/.build/checkouts/Yams/Sources/Yams/Representer.swift:19:8: error: no such module 'Glibc'
17 | #else
18 | import CoreFoundation
19 | import Glibc
| `- error: no such module 'Glibc'
20 | private let cpow: (_: Double, _: Double) -> Double = Glibc.pow
21 | #endif
[12/27] Compiling Yams Mark.swift
/host/spi-builder-workspace/.build/checkouts/Yams/Sources/Yams/Representer.swift:19:8: error: no such module 'Glibc'
17 | #else
18 | import CoreFoundation
19 | import Glibc
| `- error: no such module 'Glibc'
20 | private let cpow: (_: Double, _: Double) -> Double = Glibc.pow
21 | #endif
[13/27] Compiling Yams Node.Mapping.swift
/host/spi-builder-workspace/.build/checkouts/Yams/Sources/Yams/Representer.swift:19:8: error: no such module 'Glibc'
17 | #else
18 | import CoreFoundation
19 | import Glibc
| `- error: no such module 'Glibc'
20 | private let cpow: (_: Double, _: Double) -> Double = Glibc.pow
21 | #endif
[14/27] Compiling Yams Emitter.swift
/host/spi-builder-workspace/.build/checkouts/Yams/Sources/Yams/Representer.swift:19:8: error: no such module 'Glibc'
17 | #else
18 | import CoreFoundation
19 | import Glibc
| `- error: no such module 'Glibc'
20 | private let cpow: (_: Double, _: Double) -> Double = Glibc.pow
21 | #endif
[15/27] Compiling Yams Encoder.swift
/host/spi-builder-workspace/.build/checkouts/Yams/Sources/Yams/Representer.swift:19:8: error: no such module 'Glibc'
17 | #else
18 | import CoreFoundation
19 | import Glibc
| `- error: no such module 'Glibc'
20 | private let cpow: (_: Double, _: Double) -> Double = Glibc.pow
21 | #endif
[16/27] Compiling Yams YamlError.swift
/host/spi-builder-workspace/.build/checkouts/Yams/Sources/Yams/Representer.swift:19:8: error: no such module 'Glibc'
17 | #else
18 | import CoreFoundation
19 | import Glibc
| `- error: no such module 'Glibc'
20 | private let cpow: (_: Double, _: Double) -> Double = Glibc.pow
21 | #endif
error: emit-module command failed with exit code 1 (use -v to see invocation)
[17/27] Emitting module Yams
/host/spi-builder-workspace/.build/checkouts/Yams/Sources/Yams/Representer.swift:19:8: error: no such module 'Glibc'
17 | #else
18 | import CoreFoundation
19 | import Glibc
| `- error: no such module 'Glibc'
20 | private let cpow: (_: Double, _: Double) -> Double = Glibc.pow
21 | #endif
[18/27] Compiling Yams Constructor.swift
/host/spi-builder-workspace/.build/checkouts/Yams/Sources/Yams/Representer.swift:19:8: error: no such module 'Glibc'
17 | #else
18 | import CoreFoundation
19 | import Glibc
| `- error: no such module 'Glibc'
20 | private let cpow: (_: Double, _: Double) -> Double = Glibc.pow
21 | #endif
[19/27] Compiling Yams Decoder.swift
/host/spi-builder-workspace/.build/checkouts/Yams/Sources/Yams/Representer.swift:19:8: error: no such module 'Glibc'
17 | #else
18 | import CoreFoundation
19 | import Glibc
| `- error: no such module 'Glibc'
20 | private let cpow: (_: Double, _: Double) -> Double = Glibc.pow
21 | #endif
BUILD FAILURE 6.1 android